217.147.30.80 - - [11/Jul/2009:19:48:56 -0700] "GET /skin/zero_vote/error.php?dir=http://www.solmae.co.kr///receipt/lib/_private/id1.txt?? HTTP/1.1" 404 275 "-" "Mozilla/5.0" "houstonbikeshop.com"
217.147.30.80 - - [11/Jul/2009:19:48:56 -0700] "GET /logs/access.log//skin/zero_vote/error.php?dir=http://www.solmae.co.kr///receipt/lib/_private/id1.txt?? HTTP/1.1" 404 275 "-" "Mozilla/5.0" "houstonbikeshop.com"
217.147.30.80 - - [11/Jul/2009:19:48:56 -0700] "GET /logs//skin/zero_vote/error.php?dir=http://www.solmae.co.kr///receipt/lib/_private/id1.txt?? HTTP/1.1" 404 275 "-" "Mozilla/5.0" "houstonbikeshop.com"
64.191.102.117 - - [11/Jul/2009:19:49:06 -0700] "GET /logs//skin/zero_vote/error.php?dir=http://www.solmae.co.kr///receipt/lib/_private/id1.txt?? HTTP/1.1" 404 275 "-" "Mozilla/5.0" "houstonbikeshop.com"
64.191.102.117 - - [11/Jul/2009:19:49:07 -0700] "GET /logs/access.log//skin/zero_vote/error.php?dir=http://www.solmae.co.kr///receipt/lib/_private/id1.txt?? HTTP/1.1" 404 275 "-" "Mozilla/5.0" "houstonbikeshop.com"
64.191.102.117 - - [11/Jul/2009:19:49:07 -0700] "GET /skin/zero_vote/error.php?dir=http://www.solmae.co.kr///receipt/lib/_private/id1.txt?? HTTP/1.1" 404 275 "-" "Mozilla/5.0" "houstonbikeshop.com"
64.191.102.117 - - [11/Jul/2009:19:49:13 -0700] "GET /logs/access.log//skin/zero_vote/error.php?dir=http://www.solmae.co.kr///receipt/lib/_private/id1.txt?? HTTP/1.1" 404 275 "-" "Mozilla/5.0" "houstonbikeshop.com"
64.191.102.117 - - [11/Jul/2009:19:49:13 -0700] "GET /skin/zero_vote/error.php?dir=http://www.solmae.co.kr///receipt/lib/_private/id1.txt?? HTTP/1.1" 404 275 "-" "Mozilla/5.0" "houstonbikeshop.com"
64.191.102.117 - - [11/Jul/2009:19:49:13 -0700] "GET /logs//skin/zero_vote/error.php?dir=http://www.solmae.co.kr///receipt/lib/_private/id1.txt?? HTTP/1.1" 404 275 "-" "Mozilla/5.0" "houstonbikeshop.com"
64.191.102.117 - - [11/Jul/2009:19:54:15 -0700] "GET /logs/access.log%20%20//skin/zero_vote/error.php?dir=http://www.solmae.co.kr///receipt/lib/_private/id1.txt?? HTTP/1.1" 404 275 "-" "Mozilla/5.0" "houstonbikeshop.com"
64.191.102.117 - - [11/Jul/2009:19:54:16 -0700] "GET /logs/access.log%20%20//skin/zero_vote/error.php?dir=http://www.solmae.co.kr///receipt/lib/_private/id1.txt?? HTTP/1.1" 404 275 "-" "Mozilla/5.0" "houstonbikeshop.com"
217.147.30.80 - - [11/Jul/2009:19:55:24 -0700] "GET /logs/access.log%20%20//skin/zero_vote/error.php?dir=http://www.solmae.co.kr///receipt/lib/_private/id1.txt?? HTTP/1.1" 404 275 "-" "Mozilla/5.0" "houstonbikeshop.com"
217.147.30.80 - - [11/Jul/2009:19:56:31 -0700] "GET /logs/access.log%20%20//skin/zero_vote/error.php?dir=http://www.solmae.co.kr///receipt/lib/_private/id1.txt?? HTTP/1.1" 404 275 "-" "Mozilla/5.0" "houstonbikeshop.com"
81.19.66.38 - - [11/Jul/2009:20:06:04 -0700] "GET /bullitinboard/viewtopic.php?p=1624 HTTP/1.1" 200 533 "-" "StackRambler/2.0 (MSIE incompatible)" "houstonbikeshop.com"
81.19.66.38 - - [11/Jul/2009:20:06:05 -0700] "GET /bullitinboard/viewtopic.php?p=1625 HTTP/1.1" 200 533 "-" "StackRambler/2.0 (MSIE incompatible)" "houstonbikeshop.com"
81.19.66.38 - - [11/Jul/2009:20:06:05 -0700] "GET /bullitinboard/viewtopic.php?p=1661 HTTP/1.1" 200 533 "-" "StackRambler/2.0 (MSIE incompatible)" "houstonbikeshop.com"
81.19.66.38 - - [11/Jul/2009:20:06:06 -0700] "GET /bullitinboard/viewtopic.php?p=1663 HTTP/1.1" 200 533 "-" "StackRambler/2.0 (MSIE incompatible)" "houstonbikeshop.com"
81.19.66.38 - - [11/Jul/2009:20:06:06 -0700] "GET /bullitinboard/viewtopic.php?p=1968 HTTP/1.1" 200 533 "-" "StackRambler/2.0 (MSIE incompatible)" "houstonbikeshop.com"
208.80.195.121 - - [11/Jul/2009:20:07:40 -0700] "GET / HTTP/1.0" 200 1748 "-" "Mozilla/4.0 (compatible; MSIE 7.0; Windows NT 5.1; (R1 1.3); .NET CLR 1.1.4322; InfoPath.1; .NET CLR 2.0.50727)" "svbikes.com"
59.22.140.17 - - [11/Jul/2009:20:38:12 -0700] "GET /tools/send_reminders.php?includedir=http://badmintonblog.net/blog/img/5.jpg?? HTTP/1.1" 404 275 "-" "Mozilla/5.0" "houstonbikeshop.com"
59.22.140.17 - - [11/Jul/2009:20:38:12 -0700] "GET /translations/English-US.txt%20%20//tools/send_reminders.php?includedir=http://badmintonblog.net/blog/img/5.jpg?? HTTP/1.1" 404 275 "-" "Mozilla/5.0" "houstonbikeshop.com"
59.22.140.17 - - [11/Jul/2009:20:38:12 -0700] "GET /translations//tools/send_reminders.php?includedir=http://badmintonblog.net/blog/img/5.jpg?? HTTP/1.1" 404 275 "-" "Mozilla/5.0" "houstonbikeshop.com"
59.22.140.17 - - [11/Jul/2009:20:39:01 -0700] "GET /translations/Swedish.txt%20%20//tools/send_reminders.php?includedir=http://badmintonblog.net/blog/img/5.jpg?? HTTP/1.1" 404 275 "-" "Mozilla/5.0" "houstonbikeshop.com"
59.22.140.17 - - [11/Jul/2009:20:46:09 -0700] "GET /tools/send_reminders.php?noSet=0&includedir=http://badmintonblog.net/blog/img/5.jpg?? HTTP/1.1" 404 275 "-" "Mozilla/5.0" "houstonbikeshop.com"
59.22.140.17 - - [11/Jul/2009:20:46:09 -0700] "GET /translations//tools/send_reminders.php?noSet=0&includedir=http://badmintonblog.net/blog/img/5.jpg?? HTTP/1.1" 404 275 "-" "Mozilla/5.0" "houstonbikeshop.com"
59.22.140.17 - - [11/Jul/2009:20:46:09 -0700] "GET /translations/Czech.txt%20%20//tools/send_reminders.php?noSet=0&includedir=http://badmintonblog.net/blog/img/5.jpg?? HTTP/1.1" 404 275 "-" "Mozilla/5.0" "houstonbikeshop.com"
59.22.140.17 - - [11/Jul/2009:20:46:09 -0700] "GET /translations/Polish.txt%20%20//tools/send_reminders.php?noSet=0&includedir=http://badmintonblog.net/blog/img/5.jpg?? HTTP/1.1" 404 275 "-" "Mozilla/5.0" "houstonbikeshop.com"
208.80.195.54 - - [11/Jul/2009:20:55:47 -0700] "GET / HTTP/1.0" 200 1748 "-" "Mozilla/4.0 (compatible; MSIE 6.0; Windows NT 5.1; SV1; .NET CLR 2.0.50928)" "www.svbikes.com"
65.55.108.194 - - [11/Jul/2009:21:06:45 -0700] "GET /robots.txt HTTP/1.1" 404 275 "-" "msnbot-media/1.1 (+http://search.msn.com/msnbot.htm)" "www.svbikes.com"
65.55.108.194 - - [11/Jul/2009:21:06:45 -0700] "GET /tmp/?N=A HTTP/1.1" 200 659 "-" "msnbot-media/1.1 (+http://search.msn.com/msnbot.htm)" "www.svbikes.com"
91.121.150.170 - - [11/Jul/2009:21:16:53 -0700] "POST /bullitinboard/posting.php?mode=newtopic&f=1 HTTP/1.1" 200 534 "-" "Mozilla/4.0 (compatible; MSIE 5.01; Windows NT 5.0)" "www.svbikes.com"
91.121.150.170 - - [11/Jul/2009:21:25:31 -0700] "POST /bullitinboard/posting.php?mode=newtopic&f=1 HTTP/1.1" 200 534 "-" "Mozilla/4.0 (compatible; MSIE 5.01; Windows NT 5.0)" "bicyclestoreshouston.com"
91.121.150.170 - - [11/Jul/2009:21:31:06 -0700] "POST /bullitinboard/posting.php?mode=newtopic&f=1 HTTP/1.1" 200 534 "-" "Mozilla/4.0 (compatible; MSIE 5.01; Windows NT 5.0)" "houstonbikeshop.com"
92.115.80.197 - - [11/Jul/2009:21:41:51 -0700] "GET / HTTP/1.1" 200 1764 "http://locator.trekbikes.com/locator/search" "Mozilla/5.0 (Windows; U; Windows NT 5.1; en-US; rv:1.9.1) Gecko/20090624 Firefox/3.5" "www.svbikes.com"
92.115.80.197 - - [11/Jul/2009:21:41:52 -0700] "GET /favicon.ico HTTP/1.1" 404 275 "-" "Mozilla/5.0 (Windows; U; Windows NT 5.1; en-US; rv:1.9.1) Gecko/20090624 Firefox/3.5" "www.svbikes.com"
92.115.80.197 - - [11/Jul/2009:21:41:55 -0700] "GET /favicon.ico HTTP/1.1" 404 275 "-" "Mozilla/5.0 (Windows; U; Windows NT 5.1; en-US; rv:1.9.1) Gecko/20090624 Firefox/3.5" "www.svbikes.com"
67.205.85.53 - - [11/Jul/2009:21:45:28 -0700] "GET / HTTP/1.0" 200 1748 "BICYCLESTORESHOUSTON.COM/" "Mozilla/4.0 (compatible; MSIE 6.0; Windows 98; Win 9x 4.90)" "bicyclestoreshouston.com"
119.63.193.75 - - [11/Jul/2009:21:46:40 -0700] "GET /bullitinboard/viewtopic.php HTTP/1.1" 200 128 "-" "Baiduspider+(+http://www.baidu.jp/spider/)" "houstonbikeshop.com"
119.63.193.75 - - [11/Jul/2009:21:48:43 -0700] "GET /bullitinboard/viewtopic.php?p=4307 HTTP/1.1" 200 533 "-" "Baiduspider+(+http://www.baidu.jp/spider/)" "houstonbikeshop.com"
65.55.211.72 - - [11/Jul/2009:21:59:49 -0700] "GET /robots.txt HTTP/1.1" 404 275 "-" "msnbot/1.1 (+http://search.msn.com/msnbot.htm)" "www.svbikes.com"
65.55.211.72 - - [11/Jul/2009:21:59:52 -0700] "GET /tmp/?D=D HTTP/1.1" 200 659 "-" "msnbot/1.1 (+http://search.msn.com/msnbot.htm)" "www.svbikes.com"
81.19.66.38 - - [11/Jul/2009:22:03:25 -0700] "GET /bullitinboard/viewtopic.php?p=1624 HTTP/1.1" 200 533 "-" "StackRambler/2.0 (MSIE incompatible)" "houstonbikeshop.com"
81.19.66.38 - - [11/Jul/2009:22:03:26 -0700] "GET /bullitinboard/viewtopic.php?p=1625 HTTP/1.1" 200 533 "-" "StackRambler/2.0 (MSIE incompatible)" "houstonbikeshop.com"
81.19.66.38 - - [11/Jul/2009:22:03:26 -0700] "GET /bullitinboard/viewtopic.php?p=1661 HTTP/1.1" 200 533 "-" "StackRambler/2.0 (MSIE incompatible)" "houstonbikeshop.com"
81.19.66.38 - - [11/Jul/2009:22:03:27 -0700] "GET /bullitinboard/viewtopic.php?p=1968 HTTP/1.1" 200 533 "-" "StackRambler/2.0 (MSIE incompatible)" "houstonbikeshop.com"
81.19.66.38 - - [11/Jul/2009:22:03:27 -0700] "GET /bullitinboard/viewtopic.php?p=1972 HTTP/1.1" 200 533 "-" "StackRambler/2.0 (MSIE incompatible)" "houstonbikeshop.com"
83.143.81.26 - - [11/Jul/2009:22:03:31 -0700] "GET /translations/German.txt/Safe-mode:? HTTP/1.1" 404 275 "-" "libwww-perl/5.805" "houstonbikeshop.com"
83.143.81.26 - - [11/Jul/2009:22:03:32 -0700] "GET /Safe-mode:? HTTP/1.1" 404 275 "-" "libwww-perl/5.805" "houstonbikeshop.com"
83.143.81.26 - - [11/Jul/2009:22:03:32 -0700] "GET /translations/Safe-mode:? HTTP/1.1" 404 275 "-" "libwww-perl/5.805" "houstonbikeshop.com"
94.23.2.21 - - [11/Jul/2009:22:09:08 -0700] "GET /logs/access.log//components/com_virtuemart/show_image_in_imgtag.php?mosConfig_absolute_path=? HTTP/1.1" 404 275 "-" "libwww-perl/5.826" "houstonbikeshop.com"
94.23.2.21 - - [11/Jul/2009:22:09:08 -0700] "GET /components/com_virtuemart/show_image_in_imgtag.php?mosConfig_absolute_path=? HTTP/1.1" 404 275 "-" "libwww-perl/5.826" "houstonbikeshop.com"
94.23.2.21 - - [11/Jul/2009:22:09:08 -0700] "GET /logs//components/com_virtuemart/show_image_in_imgtag.php?mosConfig_absolute_path=? HTTP/1.1" 404 275 "-" "libwww-perl/5.826" "houstonbikeshop.com"
72.30.142.168 - - [11/Jul/2009:22:38:48 -0700] "GET /logs/access_081010.log HTTP/1.0" 200 16806774 "-" "Mozilla/5.0 (compatible; Yahoo! Slurp/3.0; http://help.yahoo.com/help/us/ysearch/slurp)" "svbikes.com"
77.88.43.25 - - [11/Jul/2009:22:40:39 -0700] "GET / HTTP/1.1" 200 1764 "-" "Yandex/1.01.001 (compatible; Win16; I)" "www.svbikes.com"
211.189.39.159 - - [11/Jul/2009:22:42:19 -0700] "GET /skin_shop/standard/3_plugin_twindow/twindow_notice.php?shop_this_skin_path=http://bangsat1.fileave.com/id.txt?? HTTP/1.1" 404 275 "-" "Mozilla/5.0" "houstonbikeshop.com"
211.189.39.159 - - [11/Jul/2009:22:42:19 -0700] "GET /logs/access.log//skin_shop/standard/3_plugin_twindow/twindow_notice.php?shop_this_skin_path=http://bangsat1.fileave.com/id.txt?? HTTP/1.1" 404 275 "-" "Mozilla/5.0" "houstonbikeshop.com"
211.189.39.159 - - [11/Jul/2009:22:42:19 -0700] "GET /logs//skin_shop/standard/3_plugin_twindow/twindow_notice.php?shop_this_skin_path=http://bangsat1.fileave.com/id.txt?? HTTP/1.1" 404 275 "-" "Mozilla/5.0" "houstonbikeshop.com"
200.107.29.25 - - [11/Jul/2009:22:46:00 -0700] "GET /logs//skin/zero_vote/error.php?dir=http://www.mops.krakow.pl/mambots/search/copyright.txt??? HTTP/1.1" 404 275 "-" "Mozilla/5.0" "houstonbikeshop.com"
200.107.29.25 - - [11/Jul/2009:22:46:03 -0700] "GET /skin/zero_vote/error.php?dir=http://www.mops.krakow.pl/mambots/search/copyright.txt??? HTTP/1.1" 404 275 "-" "Mozilla/5.0" "houstonbikeshop.com"
200.107.29.25 - - [11/Jul/2009:22:46:03 -0700] "GET /logs/access.log%20%20//skin/zero_vote/error.php?dir=http://www.mops.krakow.pl/mambots/search/copyright.txt??? HTTP/1.1" 404 275 "-" "Mozilla/5.0" "houstonbikeshop.com"
72.30.79.62 - - [11/Jul/2009:23:00:13 -0700] "GET /bullitinboard/ HTTP/1.0" 200 517 "-" "Mozilla/5.0 (compatible; Yahoo! Slurp/3.0; http://help.yahoo.com/help/us/ysearch/slurp)" "bicyclestoreshouston.com"
91.121.150.170 - - [11/Jul/2009:23:03:05 -0700] "POST /bullitinboard/posting.php?mode=newtopic&f=1 HTTP/1.1" 200 534 "-" "Mozilla/4.0 (compatible; MSIE 5.01; Windows NT 5.0)" "www.svbikes.com"
91.121.150.170 - - [11/Jul/2009:23:03:05 -0700] "POST /bullitinboard/posting.php?mode=newtopic&f=1 HTTP/1.1" 200 534 "-" "Mozilla/4.0 (compatible; MSIE 5.01; Windows NT 5.0)" "www.svbikes.com"
91.121.150.170 - - [11/Jul/2009:23:10:56 -0700] "POST /bullitinboard/posting.php?mode=newtopic&f=1 HTTP/1.1" 200 534 "-" "Mozilla/4.0 (compatible; MSIE 5.01; Windows NT 5.0)" "bicyclestoreshouston.com"
91.121.150.170 - - [11/Jul/2009:23:11:23 -0700] "POST /bullitinboard/posting.php?mode=newtopic&f=1 HTTP/1.1" 200 534 "-" "Mozilla/4.0 (compatible; MSIE 5.01; Windows NT 5.0)" "bicyclestoreshouston.com"
91.121.150.170 - - [11/Jul/2009:23:17:08 -0700] "POST /bullitinboard/posting.php?mode=newtopic&f=1 HTTP/1.1" 200 534 "-" "Mozilla/4.0 (compatible; MSIE 5.01; Windows NT 5.0)" "houstonbikeshop.com"
195.88.112.18 - - [11/Jul/2009:23:21:21 -0700] "GET /bullitinboard/index.php HTTP/1.0" 200 517 "http://bicyclestoreshouston.com/bullitinboard/index.php" "Mozilla/4.0 (compatible; MSIE 6.0; Windows NT 5.1; SV1)" "bicyclestoreshouston.com"
195.88.112.18 - - [11/Jul/2009:23:21:21 -0700] "GET / HTTP/1.0" 200 1748 "http://bicyclestoreshouston.com/" "Mozilla/4.0 (compatible; MSIE 6.0; Windows NT 5.1; SV1)" "bicyclestoreshouston.com"
195.88.112.18 - - [11/Jul/2009:23:21:23 -0700] "GET /bullitinboard/ HTTP/1.0" 200 517 "http://bicyclestoreshouston.com/bullitinboard/" "Mozilla/4.0 (compatible; MSIE 6.0; Windows NT 5.1; SV1)" "bicyclestoreshouston.com"
91.121.150.170 - - [11/Jul/2009:23:22:09 -0700] "POST /bullitinboard/posting.php?mode=newtopic&f=1 HTTP/1.1" 200 534 "-" "Mozilla/4.0 (compatible; MSIE 5.01; Windows NT 5.0)" "houstonbikeshop.com"
58.61.164.39 - - [11/Jul/2009:23:23:50 -0700] "GET / HTTP/1.1" 200 1764 "http://www.svbikes.com/" "Mozilla/4.0 (compatible; MSIE 6.0; Windows NT 5.1)" "www.svbikes.com"
209.107.217.11 - - [11/Jul/2009:23:26:32 -0700] "GET /logs/access_080910.log HTTP/1.1" 200 786432 "-" "-" "houstonbikeshop.com"
91.121.150.170 - - [11/Jul/2009:23:31:30 -0700] "POST /bullitinboard/posting.php?mode=newtopic&f=1 HTTP/1.1" 200 534 "-" "Mozilla/4.0 (compatible; MSIE 5.01; Windows NT 5.0)" "www.svbikes.com"
81.19.66.38 - - [11/Jul/2009:23:32:58 -0700] "GET /bullitinboard/viewtopic.php?p=1663 HTTP/1.1" 200 533 "-" "StackRambler/2.0 (MSIE incompatible)" "houstonbikeshop.com"
81.19.66.38 - - [11/Jul/2009:23:32:58 -0700] "GET /bullitinboard/viewtopic.php?p=1968 HTTP/1.1" 200 533 "-" "StackRambler/2.0 (MSIE incompatible)" "houstonbikeshop.com"
81.19.66.38 - - [11/Jul/2009:23:32:59 -0700] "GET /bullitinboard/viewtopic.php?p=1972 HTTP/1.1" 200 533 "-" "StackRambler/2.0 (MSIE incompatible)" "houstonbikeshop.com"
81.19.66.38 - - [11/Jul/2009:23:32:59 -0700] "GET /bullitinboard/viewtopic.php?p=2005 HTTP/1.1" 200 533 "-" "StackRambler/2.0 (MSIE incompatible)" "houstonbikeshop.com"
81.19.66.38 - - [11/Jul/2009:23:33:00 -0700] "GET /bullitinboard/viewtopic.php?p=1625 HTTP/1.1" 200 533 "-" "StackRambler/2.0 (MSIE incompatible)" "houstonbikeshop.com"
195.88.112.18 - - [11/Jul/2009:23:34:08 -0700] "GET /bullitinboard/index.php HTTP/1.0" 200 517 "http://houstonbikeshop.com/bullitinboard/index.php" "Mozilla/4.0 (compatible; MSIE 6.0; Windows NT 5.1; MRA 4.6 (build 01425))" "houstonbikeshop.com"
195.88.112.18 - - [11/Jul/2009:23:34:09 -0700] "GET / HTTP/1.0" 200 1748 "http://houstonbikeshop.com/" "Mozilla/4.0 (compatible; MSIE 6.0; Windows NT 5.1; MRA 4.6 (build 01425))" "houstonbikeshop.com"
195.88.112.18 - - [11/Jul/2009:23:34:10 -0700] "GET /bullitinboard/ HTTP/1.0" 200 517 "http://houstonbikeshop.com/bullitinboard/" "Mozilla/4.0 (compatible; MSIE 6.0; Windows NT 5.1; MRA 4.6 (build 01425))" "houstonbikeshop.com"
91.121.150.170 - - [11/Jul/2009:23:40:39 -0700] "POST /bullitinboard/posting.php?mode=newtopic&f=1 HTTP/1.1" 200 534 "-" "Mozilla/4.0 (compatible; MSIE 5.01; Windows NT 5.0)" "bicyclestoreshouston.com"
91.121.150.170 - - [11/Jul/2009:23:47:15 -0700] "POST /bullitinboard/posting.php?mode=newtopic&f=1 HTTP/1.1" 200 534 "-" "Mozilla/4.0 (compatible; MSIE 5.01; Windows NT 5.0)" "houstonbikeshop.com"
58.61.164.141 - - [11/Jul/2009:23:57:42 -0700] "GET / HTTP/1.1" 200 1764 "http://www.svbikes.com/" "Mozilla/4.0 (compatible; MSIE 6.0; Windows NT 5.1)" "www.svbikes.com"
91.121.150.170 - - [12/Jul/2009:00:20:49 -0700] "POST /bullitinboard/posting.php?mode=newtopic&f=1 HTTP/1.1" 200 534 "-" "Mozilla/4.0 (compatible; MSIE 5.01; Windows NT 5.0)" "www.svbikes.com"
91.121.150.170 - - [12/Jul/2009:00:30:57 -0700] "POST /bullitinboard/posting.php?mode=newtopic&f=1 HTTP/1.1" 200 534 "-" "Mozilla/4.0 (compatible; MSIE 5.01; Windows NT 5.0)" "bicyclestoreshouston.com"
65.55.106.120 - - [12/Jul/2009:00:36:48 -0700] "GET /robots.txt HTTP/1.1" 404 275 "-" "msnbot/2.0b (+http://search.msn.com/msnbot.htm)" "bicyclestoreshouston.com"
91.121.150.170 - - [12/Jul/2009:00:36:59 -0700] "POST /bullitinboard/posting.php?mode=newtopic&f=1 HTTP/1.0" 200 518 "-" "Mozilla/4.0 (compatible; MSIE 5.01; Windows NT 5.0)" "houstonbikeshop.com"
84.207.17.120 - - [12/Jul/2009:00:46:17 -0700] "GET /skin/zero_vote/error.php?dir=http://www.mops.krakow.pl/mambots/search/copyright.txt?? HTTP/1.1" 404 275 "-" "Mozilla/5.0" "houstonbikeshop.com"
84.207.17.120 - - [12/Jul/2009:00:46:17 -0700] "GET /logs//skin/zero_vote/error.php?dir=http://www.mops.krakow.pl/mambots/search/copyright.txt?? HTTP/1.1" 404 275 "-" "Mozilla/5.0" "houstonbikeshop.com"
84.207.17.120 - - [12/Jul/2009:00:46:17 -0700] "GET /logs/access.log//skin/zero_vote/error.php?dir=http://www.mops.krakow.pl/mambots/search/copyright.txt?? HTTP/1.1" 404 275 "-" "Mozilla/5.0" "houstonbikeshop.com"
84.207.17.120 - - [12/Jul/2009:00:46:19 -0700] "GET /skin/zero_vote/error.php?dir=http://www.mops.krakow.pl/mambots/search/copyright.txt?? HTTP/1.1" 404 275 "-" "Mozilla/5.0" "houstonbikeshop.com"
84.207.17.120 - - [12/Jul/2009:00:46:19 -0700] "GET /logs/access.log//skin/zero_vote/error.php?dir=http://www.mops.krakow.pl/mambots/search/copyright.txt?? HTTP/1.1" 404 275 "-" "Mozilla/5.0" "houstonbikeshop.com"
84.207.17.120 - - [12/Jul/2009:00:46:19 -0700] "GET /logs//skin/zero_vote/error.php?dir=http://www.mops.krakow.pl/mambots/search/copyright.txt?? HTTP/1.1" 404 275 "-" "Mozilla/5.0" "houstonbikeshop.com"
84.207.17.120 - - [12/Jul/2009:00:46:34 -0700] "GET /skin/zero_vote/error.php?dir=http://www.mops.krakow.pl/mambots/search/copyright.txt?? HTTP/1.1" 404 275 "-" "Mozilla/5.0" "houstonbikeshop.com"
84.207.17.120 - - [12/Jul/2009:00:46:34 -0700] "GET /logs/access.log//skin/zero_vote/error.php?dir=http://www.mops.krakow.pl/mambots/search/copyright.txt?? HTTP/1.1" 404 275 "-" "Mozilla/5.0" "houstonbikeshop.com"
84.207.17.120 - - [12/Jul/2009:00:46:34 -0700] "GET /logs//skin/zero_vote/error.php?dir=http://www.mops.krakow.pl/mambots/search/copyright.txt?? HTTP/1.1" 404 275 "-" "Mozilla/5.0" "houstonbikeshop.com"
84.207.17.120 - - [12/Jul/2009:00:46:36 -0700] "GET /logs//skin/zero_vote/error.php?dir=http://www.mops.krakow.pl/mambots/search/copyright.txt?? HTTP/1.1" 404 275 "-" "Mozilla/5.0" "houstonbikeshop.com"
84.207.17.120 - - [12/Jul/2009:00:46:36 -0700] "GET /skin/zero_vote/error.php?dir=http://www.mops.krakow.pl/mambots/search/copyright.txt?? HTTP/1.1" 404 275 "-" "Mozilla/5.0" "houstonbikeshop.com"
84.207.17.120 - - [12/Jul/2009:00:46:36 -0700] "GET /logs/access.log//skin/zero_vote/error.php?dir=http://www.mops.krakow.pl/mambots/search/copyright.txt?? HTTP/1.1" 404 275 "-" "Mozilla/5.0" "houstonbikeshop.com"
84.207.17.120 - - [12/Jul/2009:00:52:45 -0700] "GET /skin/zero_vote/error.php?dir=http://www.cerao-aceao.org//cerao/images/idste.txt? HTTP/1.1" 404 275 "-" "libwww-perl/5.813" "houstonbikeshop.com"
81.92.219.219 - - [12/Jul/2009:00:54:59 -0700] "GET /skin/zero_vote/error.php?dir=http://intranet.esc-clermont.fr///components/com_login/idste.txt? HTTP/1.1" 404 275 "-" "libwww-perl/5.823" "houstonbikeshop.com"
77.221.130.22 - - [12/Jul/2009:01:13:16 -0700] "GET /logs/access_081010.log/index.php?includedir=../../../../../../../../../../../../../etc/passwd%00 HTTP/1.1" 404 275 "-" "libwww-perl/5.805" "houstonbikeshop.com"
77.221.130.22 - - [12/Jul/2009:01:13:16 -0700] "GET /index.php?includedir=../../../../../../../../../../../../../etc/passwd%00 HTTP/1.1" 404 275 "-" "libwww-perl/5.805" "houstonbikeshop.com"
77.221.130.22 - - [12/Jul/2009:01:13:16 -0700] "GET /logs/index.php?includedir=../../../../../../../../../../../../../etc/passwd%00 HTTP/1.1" 404 275 "-" "libwww-perl/5.805" "houstonbikeshop.com"
77.221.130.22 - - [12/Jul/2009:01:13:20 -0700] "GET /index.php?includedir=../../../../../../../../../../../../../etc/passwd%00 HTTP/1.1" 404 275 "-" "libwww-perl/5.805" "houstonbikeshop.com"
77.221.130.22 - - [12/Jul/2009:01:13:20 -0700] "GET /logs/access_081010.log/index.php?includedir=../../../../../../../../../../../../../etc/passwd%00 HTTP/1.1" 404 275 "-" "libwww-perl/5.805" "houstonbikeshop.com"
77.221.130.22 - - [12/Jul/2009:01:13:20 -0700] "GET /logs/index.php?includedir=../../../../../../../../../../../../../etc/passwd%00 HTTP/1.1" 404 275 "-" "libwww-perl/5.805" "houstonbikeshop.com"
119.63.193.75 - - [12/Jul/2009:01:18:43 -0700] "GET /bullitinboard/viewtopic.php HTTP/1.1" 200 128 "-" "Baiduspider+(+http://www.baidu.jp/spider/)" "www.svbikes.com"
195.88.112.18 - - [12/Jul/2009:01:20:10 -0700] "GET /bullitinboard/index.php HTTP/1.0" 200 517 "http://www.svbikes.com/bullitinboard/index.php" "Mozilla/4.0 (compatible; MSIE 6.0; Windows NT 5.2; SV1; .NET CLR 1.1.4322; .NET CLR 2.0.50727)" "www.svbikes.com"
195.88.112.18 - - [12/Jul/2009:01:20:11 -0700] "GET / HTTP/1.0" 200 1748 "http://www.svbikes.com/" "Mozilla/4.0 (compatible; MSIE 6.0; Windows NT 5.2; SV1; .NET CLR 1.1.4322; .NET CLR 2.0.50727)" "www.svbikes.com"
195.88.112.18 - - [12/Jul/2009:01:20:12 -0700] "GET /bullitinboard/ HTTP/1.0" 200 517 "http://www.svbikes.com/bullitinboard/" "Mozilla/4.0 (compatible; MSIE 6.0; Windows NT 5.2; SV1; .NET CLR 1.1.4322; .NET CLR 2.0.50727)" "www.svbikes.com"
119.63.193.75 - - [12/Jul/2009:01:20:49 -0700] "GET /bullitinboard/viewtopic.php?p=4429 HTTP/1.1" 200 533 "-" "Baiduspider+(+http://www.baidu.jp/spider/)" "www.svbikes.com"
81.92.219.219 - - [12/Jul/2009:01:24:03 -0700] "GET /logs/access.log//skin/zero_vote/error.php?dir=http://intranet.esc-clermont.fr///components/com_login/idste.txt? HTTP/1.1" 404 275 "-" "libwww-perl/5.823" "houstonbikeshop.com"
81.92.219.219 - - [12/Jul/2009:01:24:03 -0700] "GET /skin/zero_vote/error.php?dir=http://intranet.esc-clermont.fr///components/com_login/idste.txt? HTTP/1.1" 404 275 "-" "libwww-perl/5.823" "houstonbikeshop.com"
81.92.219.219 - - [12/Jul/2009:01:24:04 -0700] "GET /logs//skin/zero_vote/error.php?dir=http://intranet.esc-clermont.fr///components/com_login/idste.txt? HTTP/1.1" 404 275 "-" "libwww-perl/5.823" "houstonbikeshop.com"
81.19.66.38 - - [12/Jul/2009:01:32:09 -0700] "GET /bullitinboard/viewtopic.php?p=1625 HTTP/1.1" 200 533 "-" "StackRambler/2.0 (MSIE incompatible)" "houstonbikeshop.com"
81.19.66.38 - - [12/Jul/2009:01:32:11 -0700] "GET /bullitinboard/viewtopic.php?p=1661 HTTP/1.1" 200 533 "-" "StackRambler/2.0 (MSIE incompatible)" "houstonbikeshop.com"
81.19.66.38 - - [12/Jul/2009:01:32:12 -0700] "GET /bullitinboard/viewtopic.php?p=1663 HTTP/1.1" 200 533 "-" "StackRambler/2.0 (MSIE incompatible)" "houstonbikeshop.com"
81.19.66.38 - - [12/Jul/2009:01:32:12 -0700] "GET /bullitinboard/viewtopic.php?p=1968 HTTP/1.1" 200 533 "-" "StackRambler/2.0 (MSIE incompatible)" "houstonbikeshop.com"
81.19.66.38 - - [12/Jul/2009:01:32:12 -0700] "GET /bullitinboard/viewtopic.php?p=1972 HTTP/1.1" 200 533 "-" "StackRambler/2.0 (MSIE incompatible)" "houstonbikeshop.com"
72.30.142.217 - - [12/Jul/2009:01:37:34 -0700] "GET /logs/ HTTP/1.0" 200 2352 "-" "Mozilla/5.0 (compatible; Yahoo! Slurp/3.0; http://help.yahoo.com/help/us/ysearch/slurp)" "houstonbikeshop.com"
216.129.119.14 - - [12/Jul/2009:01:43:01 -0700] "GET /robots.txt HTTP/1.0" 404 275 "-" "Mozilla/5.0 (Twiceler-0.9 http://www.cuil.com/twiceler/robot.html)" "bicyclestoreshouston.com"
58.61.164.140 - - [12/Jul/2009:01:53:18 -0700] "GET / HTTP/1.1" 200 1764 "http://www.svbikes.com/" "Mozilla/4.0 (compatible; MSIE 6.0; Windows NT 5.1)" "www.svbikes.com"
65.55.106.204 - - [12/Jul/2009:02:13:26 -0700] "GET /robots.txt HTTP/1.1" 404 275 "-" "msnbot/2.0b (+http://search.msn.com/msnbot.htm)" "www.svbikes.com"
124.115.1.7 - - [12/Jul/2009:02:20:23 -0700] "GET / HTTP/1.1" 200 1764 "http://www.svbikes.com/" "Mozilla/4.0 (compatible; MSIE 6.0; Windows NT 5.1)" "www.svbikes.com"
65.55.211.75 - - [12/Jul/2009:02:23:07 -0700] "GET /robots.txt HTTP/1.1" 404 275 "-" "msnbot/1.1 (+http://search.msn.com/msnbot.htm)" "www.svbikes.com"
65.55.211.75 - - [12/Jul/2009:02:23:07 -0700] "GET /tmp/?M=A HTTP/1.1" 200 659 "-" "msnbot/1.1 (+http://search.msn.com/msnbot.htm)" "www.svbikes.com"
65.55.211.74 - - [12/Jul/2009:02:39:01 -0700] "GET /robots.txt HTTP/1.1" 404 275 "-" "msnbot/1.1 (+http://search.msn.com/msnbot.htm)" "www.svbikes.com"
65.55.211.74 - - [12/Jul/2009:02:39:01 -0700] "GET /translations/?N=D HTTP/1.1" 200 3847 "-" "msnbot/1.1 (+http://search.msn.com/msnbot.htm)" "www.svbikes.com"
81.19.66.38 - - [12/Jul/2009:02:51:26 -0700] "GET /bullitinboard/viewtopic.php?p=1624 HTTP/1.1" 200 533 "-" "StackRambler/2.0 (MSIE incompatible)" "houstonbikeshop.com"
81.19.66.38 - - [12/Jul/2009:02:51:27 -0700] "GET /bullitinboard/viewtopic.php?p=1625 HTTP/1.1" 200 533 "-" "StackRambler/2.0 (MSIE incompatible)" "houstonbikeshop.com"
81.19.66.38 - - [12/Jul/2009:02:51:27 -0700] "GET /bullitinboard/viewtopic.php?p=1661 HTTP/1.1" 200 533 "-" "StackRambler/2.0 (MSIE incompatible)" "houstonbikeshop.com"
81.19.66.38 - - [12/Jul/2009:02:51:28 -0700] "GET /bullitinboard/viewtopic.php?p=1968 HTTP/1.1" 200 533 "-" "StackRambler/2.0 (MSIE incompatible)" "houstonbikeshop.com"
81.19.66.38 - - [12/Jul/2009:02:51:28 -0700] "GET /bullitinboard/viewtopic.php?p=1972 HTTP/1.1" 200 533 "-" "StackRambler/2.0 (MSIE incompatible)" "houstonbikeshop.com"
222.236.47.192 - - [12/Jul/2009:02:53:17 -0700] "GET /logs/access.log%20%20/?_SERVER[DOCUMENT_ROOT]=http://web-master.kiev.ua/rubmsubmitter/rubmsubmitter/style/pts/idade1.txt??? HTTP/1.1" 404 275 "-" "Mozilla/5.0" "houstonbikeshop.com"
222.236.47.192 - - [12/Jul/2009:02:53:17 -0700] "GET /?_SERVER[DOCUMENT_ROOT]=http://web-master.kiev.ua/rubmsubmitter/rubmsubmitter/style/pts/idade1.txt??? HTTP/1.1" 200 1764 "-" "Mozilla/5.0" "houstonbikeshop.com"
222.236.47.192 - - [12/Jul/2009:02:53:17 -0700] "GET /logs/?_SERVER[DOCUMENT_ROOT]=http://web-master.kiev.ua/rubmsubmitter/rubmsubmitter/style/pts/idade1.txt??? HTTP/1.1" 200 2368 "-" "Mozilla/5.0" "houstonbikeshop.com"
222.236.47.192 - - [12/Jul/2009:02:55:31 -0700] "GET /?_SERVER[DOCUMENT_ROOT]=http://ohmyflash.com/bbs/data/text/idade1.txt??? HTTP/1.1" 200 1764 "-" "Mozilla/5.0" "houstonbikeshop.com"
222.236.47.192 - - [12/Jul/2009:02:55:31 -0700] "GET /logs/?_SERVER[DOCUMENT_ROOT]=http://ohmyflash.com/bbs/data/text/idade1.txt??? HTTP/1.1" 200 2368 "-" "Mozilla/5.0" "houstonbikeshop.com"
222.236.47.192 - - [12/Jul/2009:02:55:31 -0700] "GET /logs/access.log%20%20/?_SERVER[DOCUMENT_ROOT]=http://ohmyflash.com/bbs/data/text/idade1.txt??? HTTP/1.1" 404 275 "-" "Mozilla/5.0" "houstonbikeshop.com"
91.121.150.170 - - [12/Jul/2009:02:59:50 -0700] "POST /bullitinboard/posting.php?mode=newtopic&f=1 HTTP/1.1" 200 534 "-" "Mozilla/4.0 (compatible; MSIE 5.01; Windows NT 5.0)" "www.svbikes.com"
91.121.150.170 - - [12/Jul/2009:03:00:51 -0700] "POST /bullitinboard/posting.php?mode=newtopic&f=1 HTTP/1.1" 200 534 "-" "Mozilla/4.0 (compatible; MSIE 5.01; Windows NT 5.0)" "www.svbikes.com"
124.115.1.8 - - [12/Jul/2009:03:02:25 -0700] "GET / HTTP/1.1" 200 1764 "http://www.svbikes.com/" "Mozilla/4.0 (compatible; MSIE 6.0; Windows NT 5.1)" "www.svbikes.com"
91.121.150.170 - - [12/Jul/2009:03:11:55 -0700] "POST /bullitinboard/posting.php?mode=newtopic&f=1 HTTP/1.1" 200 534 "-" "Mozilla/4.0 (compatible; MSIE 5.01; Windows NT 5.0)" "bicyclestoreshouston.com"
91.121.150.170 - - [12/Jul/2009:03:12:51 -0700] "POST /bullitinboard/posting.php?mode=newtopic&f=1 HTTP/1.1" 200 534 "-" "Mozilla/4.0 (compatible; MSIE 5.01; Windows NT 5.0)" "bicyclestoreshouston.com"
91.121.150.170 - - [12/Jul/2009:03:17:04 -0700] "POST /bullitinboard/posting.php?mode=newtopic&f=1 HTTP/1.1" 200 534 "-" "Mozilla/4.0 (compatible; MSIE 5.01; Windows NT 5.0)" "www.svbikes.com"
91.121.150.170 - - [12/Jul/2009:03:19:13 -0700] "POST /bullitinboard/posting.php?mode=newtopic&f=1 HTTP/1.1" 200 534 "-" "Mozilla/4.0 (compatible; MSIE 5.01; Windows NT 5.0)" "houstonbikeshop.com"
91.121.150.170 - - [12/Jul/2009:03:20:53 -0700] "POST /bullitinboard/posting.php?mode=newtopic&f=1 HTTP/1.1" 200 534 "-" "Mozilla/4.0 (compatible; MSIE 5.01; Windows NT 5.0)" "houstonbikeshop.com"
91.121.150.170 - - [12/Jul/2009:03:27:26 -0700] "POST /bullitinboard/posting.php?mode=newtopic&f=1 HTTP/1.1" 200 534 "-" "Mozilla/4.0 (compatible; MSIE 5.01; Windows NT 5.0)" "www.svbikes.com"
91.121.150.170 - - [12/Jul/2009:03:31:40 -0700] "POST /bullitinboard/posting.php?mode=newtopic&f=1 HTTP/1.1" 200 534 "-" "Mozilla/4.0 (compatible; MSIE 5.01; Windows NT 5.0)" "bicyclestoreshouston.com"
91.121.150.170 - - [12/Jul/2009:03:37:23 -0700] "POST /bullitinboard/posting.php?mode=newtopic&f=1 HTTP/1.1" 200 534 "-" "Mozilla/4.0 (compatible; MSIE 5.01; Windows NT 5.0)" "houstonbikeshop.com"
91.121.150.170 - - [12/Jul/2009:03:39:40 -0700] "POST /bullitinboard/posting.php?mode=newtopic&f=1 HTTP/1.1" 200 534 "-" "Mozilla/4.0 (compatible; MSIE 5.01; Windows NT 5.0)" "bicyclestoreshouston.com"
65.55.106.157 - - [12/Jul/2009:03:42:44 -0700] "GET /robots.txt HTTP/1.1" 404 275 "-" "msnbot/2.0b (+http://search.msn.com/msnbot.htm)" "bicyclestoreshouston.com"
91.121.150.170 - - [12/Jul/2009:03:45:49 -0700] "POST /bullitinboard/posting.php?mode=newtopic&f=1 HTTP/1.1" 200 534 "-" "Mozilla/4.0 (compatible; MSIE 5.01; Windows NT 5.0)" "houstonbikeshop.com"
218.27.203.107 - - [12/Jul/2009:03:46:33 -0700] "GET /send_reminders.php?includedir=http://www.sanagustin.edu.bo/modules/copyright.txt??? HTTP/1.1" 404 275 "-" "Mozilla/5.0" "houstonbikeshop.com"
218.27.203.107 - - [12/Jul/2009:03:46:33 -0700] "GET /logs/send_reminders.php?includedir=http://www.sanagustin.edu.bo/modules/copyright.txt??? HTTP/1.1" 404 275 "-" "Mozilla/5.0" "houstonbikeshop.com"
218.27.203.107 - - [12/Jul/2009:03:46:33 -0700] "GET /logs/access.log/send_reminders.php?includedir=http://www.sanagustin.edu.bo/modules/copyright.txt??? HTTP/1.1" 404 275 "-" "Mozilla/5.0" "houstonbikeshop.com"
213.162.66.176 - - [12/Jul/2009:03:47:07 -0700] "GET / HTTP/1.1" 200 1764 "http://locator.trekbikes.com/locator/search" "Mozilla/4.0 (compatible; MSIE 6.0; Windows NT 5.1; SV1; .NET CLR 1.1.4322; .NET CLR 2.0.50727)" "www.svbikes.com"
213.162.66.176 - - [12/Jul/2009:03:49:55 -0700] "GET / HTTP/1.1" 200 1764 "http://locator.trekbikes.com/locator/search" "Mozilla/4.0 (compatible; MSIE 6.0; Windows NT 5.1; SV1; .NET CLR 1.1.4322; .NET CLR 2.0.50727)" "www.svbikes.com"
114.80.93.71 - - [12/Jul/2009:03:52:11 -0700] "GET / HTTP/1.1" 200 1764 "http://www.svbikes.com/" "Mozilla/4.0 (compatible; MSIE 6.0; Windows NT 5.1)" "www.svbikes.com"
211.245.23.158 - - [12/Jul/2009:03:59:18 -0700] "GET /components/com_virtuemart/show_image_in_imgtag.php?mosConfig_absolute_path=http://www.sayphoto.net/~jtbl/zb//skin/ggambo7002_board/copy/id1.txt?? HTTP/1.1" 404 275 "-" "Mozilla/5.0" "houstonbikeshop.com"
211.245.23.158 - - [12/Jul/2009:03:59:18 -0700] "GET /logs/access.log//components/com_virtuemart/show_image_in_imgtag.php?mosConfig_absolute_path=http://www.sayphoto.net/~jtbl/zb//skin/ggambo7002_board/copy/id1.txt?? HTTP/1.1" 404 275 "-" "Mozilla/5.0" "houstonbikeshop.com"
211.245.23.158 - - [12/Jul/2009:03:59:19 -0700] "GET /logs//components/com_virtuemart/show_image_in_imgtag.php?mosConfig_absolute_path=http://www.sayphoto.net/~jtbl/zb//skin/ggambo7002_board/copy/id1.txt?? HTTP/1.1" 404 275 "-" "Mozilla/5.0" "houstonbikeshop.com"
211.245.23.158 - - [12/Jul/2009:03:59:39 -0700] "GET /components/com_virtuemart/show_image_in_imgtag.php?mosConfig_absolute_path=http://www.sayphoto.net/~jtbl/zb//skin/ggambo7002_board/copy/id1.txt?? HTTP/1.1" 404 275 "-" "Mozilla/5.0" "houstonbikeshop.com"
211.245.23.158 - - [12/Jul/2009:03:59:39 -0700] "GET /logs/access.log//components/com_virtuemart/show_image_in_imgtag.php?mosConfig_absolute_path=http://www.sayphoto.net/~jtbl/zb//skin/ggambo7002_board/copy/id1.txt?? HTTP/1.1" 404 275 "-" "Mozilla/5.0" "houstonbikeshop.com"
211.245.23.158 - - [12/Jul/2009:03:59:39 -0700] "GET /logs//components/com_virtuemart/show_image_in_imgtag.php?mosConfig_absolute_path=http://www.sayphoto.net/~jtbl/zb//skin/ggambo7002_board/copy/id1.txt?? HTTP/1.1" 404 275 "-" "Mozilla/5.0" "houstonbikeshop.com"
211.245.23.158 - - [12/Jul/2009:04:01:01 -0700] "GET /logs/access.log%20%20//components/com_virtuemart/show_image_in_imgtag.php?mosConfig_absolute_path=http://www.sayphoto.net/~jtbl/zb//skin/ggambo7002_board/copy/id1.txt?? HTTP/1.1" 404 275 "-" "Mozilla/5.0" "houstonbikeshop.com"
211.245.23.158 - - [12/Jul/2009:04:02:04 -0700] "GET /logs/access.log%20%20//components/com_virtuemart/show_image_in_imgtag.php?mosConfig_absolute_path=http://www.sayphoto.net/~jtbl/zb//skin/ggambo7002_board/copy/id1.txt?? HTTP/1.1" 404 275 "-" "Mozilla/5.0" "houstonbikeshop.com"
218.27.203.107 - - [12/Jul/2009:04:26:51 -0700] "GET /translations/Korean.txt////tools/send_reminders.php?noSet=0&includedir=http://www.sanagustin.edu.bo/modules/copyright.txt? HTTP/1.1" 404 275 "-" "Mozilla/5.0" "www.svbikes.com"
218.27.203.107 - - [12/Jul/2009:04:26:51 -0700] "GET /translations////tools/send_reminders.php?noSet=0&includedir=http://www.sanagustin.edu.bo/modules/copyright.txt? HTTP/1.1" 404 275 "-" "Mozilla/5.0" "www.svbikes.com"
218.27.203.107 - - [12/Jul/2009:04:26:51 -0700] "GET /translations/Italian.txt////tools/send_reminders.php?noSet=0&includedir=http://www.sanagustin.edu.bo/modules/copyright.txt? HTTP/1.1" 404 275 "-" "Mozilla/5.0" "www.svbikes.com"
218.27.203.107 - - [12/Jul/2009:04:27:32 -0700] "GET /translations/Hungarian.txt////tools/send_reminders.php?noSet=0&includedir=http://www.sanagustin.edu.bo/modules/copyright.txt? HTTP/1.1" 404 275 "-" "Mozilla/5.0" "houstonbikeshop.com"
218.27.203.107 - - [12/Jul/2009:04:27:32 -0700] "GET /translations////tools/send_reminders.php?noSet=0&includedir=http://www.sanagustin.edu.bo/modules/copyright.txt? HTTP/1.1" 404 275 "-" "Mozilla/5.0" "houstonbikeshop.com"
65.55.211.75 - - [12/Jul/2009:04:41:37 -0700] "GET /logs/?S=A HTTP/1.1" 200 2368 "-" "msnbot/1.1 (+http://search.msn.com/msnbot.htm)" "www.svbikes.com"
58.61.164.139 - - [12/Jul/2009:04:53:25 -0700] "GET / HTTP/1.1" 200 1764 "http://www.svbikes.com/" "Mozilla/4.0 (compatible; MSIE 6.0; Windows NT 5.1)" "www.svbikes.com"
217.70.32.2 - - [12/Jul/2009:05:12:28 -0700] "GET /skin_shop/standard/3_plugin_twindow/twindow_notice.php?shop_this_skin_path=http://crenshawdesignz.com/themes/ability/css/lolid1.txt?? HTTP/1.1" 404 275 "-" "Mozilla/5.0" "houstonbikeshop.com"
217.70.32.2 - - [12/Jul/2009:05:12:28 -0700] "GET /logs//skin_shop/standard/3_plugin_twindow/twindow_notice.php?shop_this_skin_path=http://crenshawdesignz.com/themes/ability/css/lolid1.txt?? HTTP/1.1" 404 275 "-" "Mozilla/5.0" "houstonbikeshop.com"
217.70.32.2 - - [12/Jul/2009:05:12:28 -0700] "GET /logs/access.log%20%20//skin_shop/standard/3_plugin_twindow/twindow_notice.php?shop_this_skin_path=http://crenshawdesignz.com/themes/ability/css/lolid1.txt?? HTTP/1.1" 404 275 "-" "Mozilla/5.0" "houstonbikeshop.com"
217.70.32.2 - - [12/Jul/2009:05:12:44 -0700] "GET /skin_shop/standard/3_plugin_twindow/twindow_notice.php?shop_this_skin_path=http://crenshawdesignz.com/themes/ability/css/lolid1.txt?? HTTP/1.1" 404 275 "-" "Mozilla/5.0" "houstonbikeshop.com"
217.70.32.2 - - [12/Jul/2009:05:12:44 -0700] "GET /logs//skin_shop/standard/3_plugin_twindow/twindow_notice.php?shop_this_skin_path=http://crenshawdesignz.com/themes/ability/css/lolid1.txt?? HTTP/1.1" 404 275 "-" "Mozilla/5.0" "houstonbikeshop.com"
217.70.32.2 - - [12/Jul/2009:05:12:44 -0700] "GET /logs/access.log%20%20//skin_shop/standard/3_plugin_twindow/twindow_notice.php?shop_this_skin_path=http://crenshawdesignz.com/themes/ability/css/lolid1.txt?? HTTP/1.1" 404 275 "-" "Mozilla/5.0" "houstonbikeshop.com"
92.48.127.79 - - [12/Jul/2009:05:31:00 -0700] "GET /components/com_virtuemart/show_image_in_imgtag.php?mosConfig_absolute_path=http://www.layoutscene.com/Games/thumbs/fx29id.txt?? HTTP/1.1" 404 275 "-" "Mozilla/5.0" "houstonbikeshop.com"
92.48.127.79 - - [12/Jul/2009:05:31:00 -0700] "GET /logs/access.log//components/com_virtuemart/show_image_in_imgtag.php?mosConfig_absolute_path=http://www.layoutscene.com/Games/thumbs/fx29id.txt?? HTTP/1.1" 404 275 "-" "Mozilla/5.0" "houstonbikeshop.com"
92.48.127.79 - - [12/Jul/2009:05:31:00 -0700] "GET /logs//components/com_virtuemart/show_image_in_imgtag.php?mosConfig_absolute_path=http://www.layoutscene.com/Games/thumbs/fx29id.txt?? HTTP/1.1" 404 275 "-" "Mozilla/5.0" "houstonbikeshop.com"
92.48.127.79 - - [12/Jul/2009:05:31:01 -0700] "GET /components/com_virtuemart/show_image_in_imgtag.php?mosConfig_absolute_path=http://www.layoutscene.com/Games/thumbs/fx29id.txt?? HTTP/1.1" 404 275 "-" "Mozilla/5.0" "houstonbikeshop.com"
92.48.127.79 - - [12/Jul/2009:05:31:01 -0700] "GET /logs/access.log//components/com_virtuemart/show_image_in_imgtag.php?mosConfig_absolute_path=http://www.layoutscene.com/Games/thumbs/fx29id.txt?? HTTP/1.1" 404 275 "-" "Mozilla/5.0" "houstonbikeshop.com"
92.48.127.79 - - [12/Jul/2009:05:31:01 -0700] "GET /logs//components/com_virtuemart/show_image_in_imgtag.php?mosConfig_absolute_path=http://www.layoutscene.com/Games/thumbs/fx29id.txt?? HTTP/1.1" 404 275 "-" "Mozilla/5.0" "houstonbikeshop.com"
65.55.106.196 - - [12/Jul/2009:05:47:07 -0700] "GET /robots.txt HTTP/1.1" 404 275 "-" "msnbot/2.0b (+http://search.msn.com/msnbot.htm)" "bicyclestoreshouston.com"
61.78.62.84 - - [12/Jul/2009:05:49:07 -0700] "GET /components/com_virtuemart/show_image_in_imgtag.php?mosConfig_absolute_path=http://www.assa.co.kr/taijin76/bbs//skin/ggambo7002_board/copy/bjork.txt?? HTTP/1.1" 404 275 "-" "Mozilla/4.0 (compatible; MSIE 6.0; America Online Browser 1.1; rev1.2; Windows NT 5.1;)" "houstonbikeshop.com"
61.78.62.84 - - [12/Jul/2009:05:49:08 -0700] "GET /logs//components/com_virtuemart/show_image_in_imgtag.php?mosConfig_absolute_path=http://www.assa.co.kr/taijin76/bbs//skin/ggambo7002_board/copy/bjork.txt?? HTTP/1.1" 404 275 "-" "Mozilla/4.0 (compatible; MSIE 6.0; America Online Browser 1.1; rev1.2; Windows NT 5.1;)" "houstonbikeshop.com"
81.19.66.38 - - [12/Jul/2009:05:52:11 -0700] "GET /bullitinboard/viewtopic.php?p=1624 HTTP/1.1" 200 533 "-" "StackRambler/2.0 (MSIE incompatible)" "houstonbikeshop.com"
81.19.66.38 - - [12/Jul/2009:05:52:12 -0700] "GET /bullitinboard/viewtopic.php?p=1625 HTTP/1.1" 200 533 "-" "StackRambler/2.0 (MSIE incompatible)" "houstonbikeshop.com"
81.19.66.38 - - [12/Jul/2009:05:52:12 -0700] "GET /bullitinboard/viewtopic.php?p=1663 HTTP/1.1" 200 533 "-" "StackRambler/2.0 (MSIE incompatible)" "houstonbikeshop.com"
81.19.66.38 - - [12/Jul/2009:05:52:14 -0700] "GET /bullitinboard/viewtopic.php?p=1968 HTTP/1.0" 200 517 "-" "StackRambler/2.0 (MSIE incompatible)" "houstonbikeshop.com"
81.19.66.38 - - [12/Jul/2009:05:52:14 -0700] "GET /bullitinboard/viewtopic.php?p=1972 HTTP/1.1" 200 533 "-" "StackRambler/2.0 (MSIE incompatible)" "houstonbikeshop.com"
72.30.142.217 - - [12/Jul/2009:06:01:12 -0700] "GET /logs/ HTTP/1.0" 200 2352 "-" "Mozilla/5.0 (compatible; Yahoo! Slurp/3.0; http://help.yahoo.com/help/us/ysearch/slurp)" "houstonbikeshop.com"
61.78.62.84 - - [12/Jul/2009:06:03:04 -0700] "GET /components/com_virtuemart/show_image_in_imgtag.php?mosConfig_absolute_path=http://www.assa.co.kr/taijin76/bbs//skin/ggambo7002_board/copy/bjork.txt?? HTTP/1.1" 404 275 "-" "Mozilla/5.0 (BeOS; U; BeOS BePC; en-US; rv:1.9a1) Gecko/20051002 Firefox/1.6a1" "houstonbikeshop.com"
61.78.62.84 - - [12/Jul/2009:06:03:04 -0700] "GET /logs//components/com_virtuemart/show_image_in_imgtag.php?mosConfig_absolute_path=http://www.assa.co.kr/taijin76/bbs//skin/ggambo7002_board/copy/bjork.txt?? HTTP/1.1" 404 275 "-" "Mozilla/5.0 (BeOS; U; BeOS BePC; en-US; rv:1.9a1) Gecko/20051002 Firefox/1.6a1" "houstonbikeshop.com"
61.78.62.84 - - [12/Jul/2009:06:03:05 -0700] "GET /components/com_virtuemart/show_image_in_imgtag.php?mosConfig_absolute_path=http://www.eusun.net/zboard//skin/ggambo7002_board/config/test.txt?? HTTP/1.1" 404 275 "-" "Mozilla/4.0 (compatible; MSIE 7.0b; Win32)" "houstonbikeshop.com"
61.78.62.84 - - [12/Jul/2009:06:03:05 -0700] "GET /logs//components/com_virtuemart/show_image_in_imgtag.php?mosConfig_absolute_path=http://www.eusun.net/zboard//skin/ggambo7002_board/config/test.txt?? HTTP/1.1" 404 275 "-" "Mozilla/4.0 (compatible; MSIE 7.0b; Win32)" "houstonbikeshop.com"
91.121.150.170 - - [12/Jul/2009:06:18:11 -0700] "POST /bullitinboard/posting.php?mode=newtopic&f=1 HTTP/1.1" 200 534 "-" "Mozilla/4.0 (compatible; MSIE 5.01; Windows NT 5.0)" "www.svbikes.com"
59.22.140.17 - - [12/Jul/2009:06:22:40 -0700] "GET /vwar/convert/mvcw.php?step=1&vwar_root=http://badmintonblog.net/blog/img/5.jpg?? HTTP/1.1" 404 275 "-" "Mozilla/5.0" "houstonbikeshop.com"
59.22.140.17 - - [12/Jul/2009:06:22:40 -0700] "GET /logs//vwar/convert/mvcw.php?step=1&vwar_root=http://badmintonblog.net/blog/img/5.jpg?? HTTP/1.1" 404 275 "-" "Mozilla/5.0" "houstonbikeshop.com"
59.22.140.17 - - [12/Jul/2009:06:22:40 -0700] "GET /logs/access.log%20%20//vwar/convert/mvcw.php?step=1&vwar_root=http://badmintonblog.net/blog/img/5.jpg?? HTTP/1.1" 404 275 "-" "Mozilla/5.0" "houstonbikeshop.com"
91.121.150.170 - - [12/Jul/2009:06:27:16 -0700] "POST /bullitinboard/posting.php?mode=newtopic&f=1 HTTP/1.1" 200 534 "-" "Mozilla/4.0 (compatible; MSIE 5.01; Windows NT 5.0)" "bicyclestoreshouston.com"
91.121.150.170 - - [12/Jul/2009:06:33:01 -0700] "POST /bullitinboard/posting.php?mode=newtopic&f=1 HTTP/1.1" 200 534 "-" "Mozilla/4.0 (compatible; MSIE 5.01; Windows NT 5.0)" "houstonbikeshop.com"
91.121.150.170 - - [12/Jul/2009:07:01:51 -0700] "POST /bullitinboard/posting.php?mode=newtopic&f=1 HTTP/1.1" 200 534 "-" "Mozilla/4.0 (compatible; MSIE 5.01; Windows NT 5.0)" "www.svbikes.com"
91.121.150.170 - - [12/Jul/2009:07:01:51 -0700] "POST /bullitinboard/posting.php?mode=newtopic&f=1 HTTP/1.1" 200 534 "-" "Mozilla/4.0 (compatible; MSIE 5.01; Windows NT 5.0)" "www.svbikes.com"
70.244.43.68 - - [12/Jul/2009:07:04:45 -0700] "GET / HTTP/1.1" 200 1764 "-" "Mozilla/4.0 (compatible; MSIE 8.0; Windows NT 6.0; Trident/4.0; GTB6; SLCC1; .NET CLR 2.0.50727; Media Center PC 5.0; .NET CLR 3.5.30729; InfoPath.1; .NET CLR 3.0.30729)" "www.svbikes.com"
70.244.43.68 - - [12/Jul/2009:07:04:48 -0700] "GET /favicon.ico HTTP/1.1" 404 275 "-" "Mozilla/4.0 (compatible; MSIE 8.0; Windows NT 6.0; Trident/4.0; GTB6; SLCC1; .NET CLR 2.0.50727; Media Center PC 5.0; .NET CLR 3.5.30729; InfoPath.1; .NET CLR 3.0.30729)" "www.svbikes.com"
125.245.146.253 - - [12/Jul/2009:07:04:55 -0700] "GET /translations/Hungarian.txt//tools/errors.php?error=http://www.solmae.co.kr///receipt/lib/_private/id1.txt?? HTTP/1.1" 404 275 "-" "Mozilla/5.0" "houstonbikeshop.com"
125.245.146.253 - - [12/Jul/2009:07:04:55 -0700] "GET /tools/errors.php?error=http://www.solmae.co.kr///receipt/lib/_private/id1.txt?? HTTP/1.1" 404 275 "-" "Mozilla/5.0" "houstonbikeshop.com"
125.245.146.253 - - [12/Jul/2009:07:04:55 -0700] "GET /translations/English-US.txt//tools/errors.php?error=http://www.solmae.co.kr///receipt/lib/_private/id1.txt?? HTTP/1.1" 404 275 "-" "Mozilla/5.0" "houstonbikeshop.com"
125.245.146.253 - - [12/Jul/2009:07:05:00 -0700] "GET /translations//tools/errors.php?error=http://www.solmae.co.kr///receipt/lib/_private/id1.txt?? HTTP/1.1" 404 275 "-" "Mozilla/5.0" "houstonbikeshop.com"
125.245.146.253 - - [12/Jul/2009:07:06:32 -0700] "GET /translations//tools/errors.php?error=http://www.solmae.co.kr///receipt/lib/_private/id1.txt?? HTTP/1.1" 404 275 "-" "Mozilla/5.0" "www.svbikes.com"
125.245.146.253 - - [12/Jul/2009:07:06:32 -0700] "GET /translations/Italian.txt//tools/errors.php?error=http://www.solmae.co.kr///receipt/lib/_private/id1.txt?? HTTP/1.1" 404 275 "-" "Mozilla/5.0" "www.svbikes.com"
125.245.146.253 - - [12/Jul/2009:07:06:32 -0700] "GET /tools/errors.php?error=http://www.solmae.co.kr///receipt/lib/_private/id1.txt?? HTTP/1.1" 404 275 "-" "Mozilla/5.0" "www.svbikes.com"
125.245.146.253 - - [12/Jul/2009:07:06:32 -0700] "GET /translations/Korean.txt//tools/errors.php?error=http://www.solmae.co.kr///receipt/lib/_private/id1.txt?? HTTP/1.1" 404 275 "-" "Mozilla/5.0" "www.svbikes.com"
81.19.66.38 - - [12/Jul/2009:07:13:37 -0700] "GET /bullitinboard/viewtopic.php?p=1624 HTTP/1.1" 200 533 "-" "StackRambler/2.0 (MSIE incompatible)" "houstonbikeshop.com"
81.19.66.38 - - [12/Jul/2009:07:13:37 -0700] "GET /bullitinboard/viewtopic.php?p=1625 HTTP/1.1" 200 533 "-" "StackRambler/2.0 (MSIE incompatible)" "houstonbikeshop.com"
81.19.66.38 - - [12/Jul/2009:07:13:38 -0700] "GET /bullitinboard/viewtopic.php?p=1661 HTTP/1.1" 200 533 "-" "StackRambler/2.0 (MSIE incompatible)" "houstonbikeshop.com"
81.19.66.38 - - [12/Jul/2009:07:13:39 -0700] "GET /bullitinboard/viewtopic.php?p=1663 HTTP/1.1" 200 533 "-" "StackRambler/2.0 (MSIE incompatible)" "houstonbikeshop.com"
81.19.66.38 - - [12/Jul/2009:07:13:39 -0700] "GET /bullitinboard/viewtopic.php?p=1968 HTTP/1.1" 200 533 "-" "StackRambler/2.0 (MSIE incompatible)" "houstonbikeshop.com"
91.121.150.170 - - [12/Jul/2009:07:13:57 -0700] "POST /bullitinboard/posting.php?mode=newtopic&f=1 HTTP/1.1" 200 534 "-" "Mozilla/4.0 (compatible; MSIE 5.01; Windows NT 5.0)" "bicyclestoreshouston.com"
91.121.150.170 - - [12/Jul/2009:07:14:08 -0700] "POST /bullitinboard/posting.php?mode=newtopic&f=1 HTTP/1.1" 200 534 "-" "Mozilla/4.0 (compatible; MSIE 5.01; Windows NT 5.0)" "bicyclestoreshouston.com"
58.61.164.139 - - [12/Jul/2009:07:20:19 -0700] "GET /robots.txt HTTP/1.1" 404 275 "http://bicyclestoreshouston.com/robots.txt" "Sosospider+(+http://help.soso.com/webspider.htm)" "bicyclestoreshouston.com"
91.121.150.170 - - [12/Jul/2009:07:23:00 -0700] "POST /bullitinboard/posting.php?mode=newtopic&f=1 HTTP/1.1" 200 534 "-" "Mozilla/4.0 (compatible; MSIE 5.01; Windows NT 5.0)" "houstonbikeshop.com"
91.121.150.170 - - [12/Jul/2009:07:23:06 -0700] "POST /bullitinboard/posting.php?mode=newtopic&f=1 HTTP/1.1" 200 534 "-" "Mozilla/4.0 (compatible; MSIE 5.01; Windows NT 5.0)" "houstonbikeshop.com"
91.121.150.170 - - [12/Jul/2009:07:31:08 -0700] "POST /bullitinboard/posting.php?mode=newtopic&f=1 HTTP/1.1" 200 534 "-" "Mozilla/4.0 (compatible; MSIE 5.01; Windows NT 5.0)" "www.svbikes.com"
91.121.150.170 - - [12/Jul/2009:07:43:09 -0700] "POST /bullitinboard/posting.php?mode=newtopic&f=1 HTTP/1.1" 200 534 "-" "Mozilla/4.0 (compatible; MSIE 5.01; Windows NT 5.0)" "bicyclestoreshouston.com"
99.32.78.188 - - [12/Jul/2009:07:48:41 -0700] "GET / HTTP/1.1" 200 1764 "http://locator.trekbikes.com/locator/search" "Mozilla/4.0 (compatible; MSIE 7.0; Windows NT 6.0; SLCC1; .NET CLR 2.0.50727; Media Center PC 5.0; .NET CLR 3.0.04506)" "www.svbikes.com"
99.32.78.188 - - [12/Jul/2009:07:48:42 -0700] "GET /favicon.ico HTTP/1.1" 404 275 "-" "Mozilla/4.0 (compatible; MSIE 7.0; Windows NT 6.0; SLCC1; .NET CLR 2.0.50727; Media Center PC 5.0; .NET CLR 3.0.04506)" "www.svbikes.com"
99.32.78.188 - - [12/Jul/2009:07:48:50 -0700] "GET / HTTP/1.1" 200 1764 "http://locator.trekbikes.com/locator/search" "Mozilla/4.0 (compatible; MSIE 7.0; Windows NT 6.0; SLCC1; .NET CLR 2.0.50727; Media Center PC 5.0; .NET CLR 3.0.04506)" "www.svbikes.com"
91.121.150.170 - - [12/Jul/2009:07:52:28 -0700] "POST /bullitinboard/posting.php?mode=newtopic&f=1 HTTP/1.1" 200 534 "-" "Mozilla/4.0 (compatible; MSIE 5.01; Windows NT 5.0)" "houstonbikeshop.com"
66.235.124.132 - - [12/Jul/2009:08:08:15 -0700] "GET /translations/Chinese-GB2312.txt HTTP/1.1" 200 26834 "-" "Mozilla/5.0 (X11; U; Linux i686; en-US; rv:1.9a1) Gecko/20070308 Minefield/3.0a1" "www.svbikes.com"
81.19.66.38 - - [12/Jul/2009:08:20:02 -0700] "GET /bullitinboard/viewtopic.php?p=1624 HTTP/1.1" 200 533 "-" "StackRambler/2.0 (MSIE incompatible)" "houstonbikeshop.com"
81.19.66.38 - - [12/Jul/2009:08:20:02 -0700] "GET /bullitinboard/viewtopic.php?p=1625 HTTP/1.1" 200 533 "-" "StackRambler/2.0 (MSIE incompatible)" "houstonbikeshop.com"
81.19.66.38 - - [12/Jul/2009:08:20:03 -0700] "GET /bullitinboard/viewtopic.php?p=1661 HTTP/1.1" 200 533 "-" "StackRambler/2.0 (MSIE incompatible)" "houstonbikeshop.com"
81.19.66.38 - - [12/Jul/2009:08:20:03 -0700] "GET /bullitinboard/viewtopic.php?p=1968 HTTP/1.1" 200 533 "-" "StackRambler/2.0 (MSIE incompatible)" "houstonbikeshop.com"
81.19.66.38 - - [12/Jul/2009:08:20:04 -0700] "GET /bullitinboard/viewtopic.php?p=1972 HTTP/1.1" 200 533 "-" "StackRambler/2.0 (MSIE incompatible)" "houstonbikeshop.com"
211.203.180.144 - - [12/Jul/2009:08:31:27 -0700] "GET /tools/send_reminders.php?noSet=0&includedir=http://shanghaisisa.com/skin/rfi.txt??? HTTP/1.1" 404 275 "-" "libwww-perl/5.79" "houstonbikeshop.com"
211.203.180.144 - - [12/Jul/2009:08:31:27 -0700] "GET /translations/Polish.txt//tools/send_reminders.php?noSet=0&includedir=http://shanghaisisa.com/skin/rfi.txt??? HTTP/1.1" 404 275 "-" "libwww-perl/5.79" "houstonbikeshop.com"
119.63.198.24 - - [12/Jul/2009:08:31:28 -0700] "GET /bullitinboard/viewtopic.php?p=15890 HTTP/1.1" 200 533 "-" "Baiduspider+(+http://www.baidu.jp/spider/)" "bicyclestoreshouston.com"
211.203.180.144 - - [12/Jul/2009:08:31:30 -0700] "GET /translations//tools/send_reminders.php?noSet=0&includedir=http://shanghaisisa.com/skin/rfi.txt??? HTTP/1.1" 404 275 "-" "libwww-perl/5.79" "houstonbikeshop.com"
211.203.180.144 - - [12/Jul/2009:08:31:30 -0700] "GET /translations/Czech.txt//tools/send_reminders.php?noSet=0&includedir=http://shanghaisisa.com/skin/rfi.txt??? HTTP/1.1" 404 275 "-" "libwww-perl/5.79" "houstonbikeshop.com"
