81.19.66.38 - - [11/May/2009:14:59:55 -0700] "GET /bullitinboard/viewtopic.php?p=1625 HTTP/1.1" 200 533 "-" "StackRambler/2.0 (MSIE incompatible)" "houstonbikeshop.com"
119.63.194.59 - - [11/May/2009:15:00:50 -0700] "GET /bullitinboard/viewtopic.php?p=13426 HTTP/1.1" 200 533 "-" "Baiduspider+(+http://www.baidu.jp/spider/)" "www.svbikes.com"
91.121.150.170 - - [11/May/2009:15:04:52 -0700] "POST /bullitinboard/posting.php?mode=newtopic&f=1 HTTP/1.1" 200 534 "-" "Mozilla/4.0 (compatible; MSIE 5.01; Windows NT 5.0)" "www.svbikes.com"
91.121.150.170 - - [11/May/2009:15:09:46 -0700] "POST /bullitinboard/posting.php?mode=newtopic&f=1 HTTP/1.1" 200 534 "-" "Mozilla/4.0 (compatible; MSIE 5.01; Windows NT 5.0)" "www.svbikes.com"
91.121.150.170 - - [11/May/2009:15:20:46 -0700] "POST /bullitinboard/posting.php?mode=newtopic&f=1 HTTP/1.1" 200 534 "-" "Mozilla/4.0 (compatible; MSIE 5.01; Windows NT 5.0)" "bicyclestoreshouston.com"
91.121.150.170 - - [11/May/2009:15:24:01 -0700] "POST /bullitinboard/posting.php?mode=newtopic&f=1 HTTP/1.1" 200 534 "-" "Mozilla/4.0 (compatible; MSIE 5.01; Windows NT 5.0)" "bicyclestoreshouston.com"
63.223.85.28 - - [11/May/2009:15:25:09 -0700] "GET /index.php?ir=http://www.nw.or.kr/bbs/icon/idxx.txt?? HTTP/1.1" 404 275 "-" "Mozilla/5.0" "houstonbikeshop.com"
63.223.85.28 - - [11/May/2009:15:25:09 -0700] "GET /logs/index.php?ir=http://www.nw.or.kr/bbs/icon/idxx.txt?? HTTP/1.1" 404 275 "-" "Mozilla/5.0" "houstonbikeshop.com"
63.223.85.28 - - [11/May/2009:15:25:10 -0700] "GET /logs/access.log/index.php?ir=http://www.nw.or.kr/bbs/icon/idxx.txt?? HTTP/1.1" 404 275 "-" "Mozilla/5.0" "houstonbikeshop.com"
123.143.98.5 - - [11/May/2009:15:25:56 -0700] "GET /logs/access.log/errors.php?error=http://www.stormpages.com/arieee/fx29id.txt?? HTTP/1.1" 404 275 "-" "Mozilla/5.0" "houstonbikeshop.com"
123.143.98.5 - - [11/May/2009:15:25:56 -0700] "GET /logs/errors.php?error=http://www.stormpages.com/arieee/fx29id.txt?? HTTP/1.1" 404 275 "-" "Mozilla/5.0" "houstonbikeshop.com"
123.143.98.5 - - [11/May/2009:15:25:57 -0700] "GET /errors.php?error=http://www.stormpages.com/arieee/fx29id.txt?? HTTP/1.1" 404 275 "-" "Mozilla/5.0" "houstonbikeshop.com"
91.121.150.170 - - [11/May/2009:15:27:05 -0700] "POST /bullitinboard/posting.php?mode=newtopic&f=1 HTTP/1.1" 200 534 "-" "Mozilla/4.0 (compatible; MSIE 5.01; Windows NT 5.0)" "www.svbikes.com"
91.121.150.170 - - [11/May/2009:15:28:56 -0700] "POST /bullitinboard/posting.php?mode=newtopic&f=1 HTTP/1.1" 200 534 "-" "Mozilla/4.0 (compatible; MSIE 5.01; Windows NT 5.0)" "houstonbikeshop.com"
91.121.150.170 - - [11/May/2009:15:29:57 -0700] "POST /bullitinboard/posting.php?mode=newtopic&f=1 HTTP/1.1" 200 534 "-" "Mozilla/4.0 (compatible; MSIE 5.01; Windows NT 5.0)" "houstonbikeshop.com"
123.143.98.5 - - [11/May/2009:15:32:26 -0700] "GET /logs/errors.php?error=http://www.stormpages.com/arieee/fx29id.txt?? HTTP/1.1" 404 275 "-" "Mozilla/5.0" "houstonbikeshop.com"
123.143.98.5 - - [11/May/2009:15:32:26 -0700] "GET /logs/access.log/errors.php?error=http://www.stormpages.com/arieee/fx29id.txt?? HTTP/1.1" 404 275 "-" "Mozilla/5.0" "houstonbikeshop.com"
123.143.98.5 - - [11/May/2009:15:32:26 -0700] "GET /errors.php?error=http://www.stormpages.com/arieee/fx29id.txt?? HTTP/1.1" 404 275 "-" "Mozilla/5.0" "houstonbikeshop.com"
91.121.150.170 - - [11/May/2009:15:34:37 -0700] "POST /bullitinboard/posting.php?mode=newtopic&f=1 HTTP/1.1" 200 534 "-" "Mozilla/4.0 (compatible; MSIE 5.01; Windows NT 5.0)" "www.svbikes.com"
74.6.22.99 - - [11/May/2009:15:35:02 -0700] "GET /logs/access.log HTTP/1.0" 200 253165 "-" "Mozilla/5.0 (compatible; Yahoo! Slurp/3.0; http://help.yahoo.com/help/us/ysearch/slurp)" "svbikes.com"
91.121.150.170 - - [11/May/2009:15:41:23 -0700] "POST /bullitinboard/posting.php?mode=newtopic&f=1 HTTP/1.1" 200 534 "-" "Mozilla/4.0 (compatible; MSIE 5.01; Windows NT 5.0)" "bicyclestoreshouston.com"
91.121.150.170 - - [11/May/2009:15:48:46 -0700] "POST /bullitinboard/posting.php?mode=newtopic&f=1 HTTP/1.1" 200 534 "-" "Mozilla/4.0 (compatible; MSIE 5.01; Windows NT 5.0)" "bicyclestoreshouston.com"
91.121.150.170 - - [11/May/2009:15:55:13 -0700] "POST /bullitinboard/posting.php?mode=newtopic&f=1 HTTP/1.1" 200 534 "-" "Mozilla/4.0 (compatible; MSIE 5.01; Windows NT 5.0)" "houstonbikeshop.com"
206.188.209.31 - - [11/May/2009:16:37:01 -0700] "GET /errors.php?error=http://212.227.74.68/catalog/fx29id.txt?? HTTP/1.1" 404 275 "-" "Mozilla/5.0" "houstonbikeshop.com"
206.188.209.31 - - [11/May/2009:16:37:01 -0700] "GET /logs/access.log/errors.php?error=http://212.227.74.68/catalog/fx29id.txt?? HTTP/1.1" 404 275 "-" "Mozilla/5.0" "houstonbikeshop.com"
206.188.209.31 - - [11/May/2009:16:37:01 -0700] "GET /logs/errors.php?error=http://212.227.74.68/catalog/fx29id.txt?? HTTP/1.1" 404 275 "-" "Mozilla/5.0" "houstonbikeshop.com"
206.188.209.31 - - [11/May/2009:16:37:20 -0700] "GET /errors.php?error=http://212.227.74.68/catalog/fx29id.txt?? HTTP/1.1" 404 275 "-" "Mozilla/5.0" "houstonbikeshop.com"
206.188.209.31 - - [11/May/2009:16:37:20 -0700] "GET /logs/errors.php?error=http://212.227.74.68/catalog/fx29id.txt?? HTTP/1.1" 404 275 "-" "Mozilla/5.0" "houstonbikeshop.com"
206.188.209.31 - - [11/May/2009:16:37:21 -0700] "GET /logs/access.log/errors.php?error=http://212.227.74.68/catalog/fx29id.txt?? HTTP/1.1" 404 275 "-" "Mozilla/5.0" "houstonbikeshop.com"
189.168.115.171 - - [11/May/2009:16:51:54 -0700] "GET /favicon.ico HTTP/1.1" 404 275 "-" "Mozilla/5.0 (compatible; Google Desktop)" "www.svbikes.com"
189.168.115.171 - - [11/May/2009:16:52:08 -0700] "GET / HTTP/1.1" 200 1764 "http://locator.trekbikes.com/locator/search" "Mozilla/4.0 (compatible; MSIE 6.0; Windows NT 5.1; SV1; GTB6; .NET CLR 1.1.4322)" "www.svbikes.com"
189.168.115.171 - - [11/May/2009:16:52:23 -0700] "GET / HTTP/1.1" 200 1764 "http://locator.trekbikes.com/locator/profile/1742501?searchterm=Houston, TX 77027, USA" "Mozilla/4.0 (compatible; MSIE 6.0; Windows NT 5.1; SV1; GTB6; .NET CLR 1.1.4322)" "www.svbikes.com"
98.198.26.217 - - [11/May/2009:17:07:40 -0700] "GET / HTTP/1.1" 200 1764 "http://locator.fisherbikes.com/locator/search" "Mozilla/5.0 (Macintosh; U; Intel Mac OS X 10_5_6; en-us) AppleWebKit/525.27.1 (KHTML, like Gecko) Version/3.2.1 Safari/525.27.1" "www.svbikes.com"
98.198.26.217 - - [11/May/2009:17:07:40 -0700] "GET /favicon.ico HTTP/1.1" 404 275 "http://www.svbikes.com/" "Mozilla/5.0 (Macintosh; U; Intel Mac OS X 10_5_6; en-us) AppleWebKit/525.27.1 (KHTML, like Gecko) Version/3.2.1 Safari/525.27.1" "www.svbikes.com"
98.198.26.217 - - [11/May/2009:17:07:47 -0700] "GET /Employeesite/ HTTP/1.1" 401 395 "http://www.svbikes.com/" "Mozilla/5.0 (Macintosh; U; Intel Mac OS X 10_5_6; en-us) AppleWebKit/525.27.1 (KHTML, like Gecko) Version/3.2.1 Safari/525.27.1" "www.svbikes.com"
98.198.26.217 - - [11/May/2009:17:11:22 -0700] "GET / HTTP/1.1" 200 1764 "http://locator.fisherbikes.com/locator/search" "Mozilla/5.0 (Macintosh; U; Intel Mac OS X 10_5_6; en-us) AppleWebKit/525.27.1 (KHTML, like Gecko) Version/3.2.1 Safari/525.27.1" "www.svbikes.com"
81.19.66.38 - - [11/May/2009:17:24:01 -0700] "GET /bullitinboard/viewtopic.php?p=1662 HTTP/1.1" 200 533 "-" "StackRambler/2.0 (MSIE incompatible)" "houstonbikeshop.com"
81.19.66.38 - - [11/May/2009:17:24:02 -0700] "GET /bullitinboard/viewtopic.php?p=1663 HTTP/1.1" 200 533 "-" "StackRambler/2.0 (MSIE incompatible)" "houstonbikeshop.com"
81.19.66.38 - - [11/May/2009:17:24:03 -0700] "GET /bullitinboard/viewtopic.php?p=1972 HTTP/1.1" 200 533 "-" "StackRambler/2.0 (MSIE incompatible)" "houstonbikeshop.com"
81.19.66.38 - - [11/May/2009:17:24:04 -0700] "GET /bullitinboard/viewtopic.php?p=2005 HTTP/1.1" 200 533 "-" "StackRambler/2.0 (MSIE incompatible)" "houstonbikeshop.com"
81.19.66.38 - - [11/May/2009:17:24:04 -0700] "GET /bullitinboard/posting.php?mode=newtopic&f=1 HTTP/1.1" 200 534 "-" "StackRambler/2.0 (MSIE incompatible)" "houstonbikeshop.com"
208.80.195.31 - - [11/May/2009:17:54:44 -0700] "GET / HTTP/1.0" 200 1748 "-" "Mozilla/4.0 (compatible; MSIE 7.0; Windows NT 5.1; {83454FDB-3DA5-4954-8959-03427DFD28F7}; .NET CLR 1.1.4322)" "svbikes.com"
91.121.150.170 - - [11/May/2009:18:22:10 -0700] "POST /bullitinboard/posting.php?mode=newtopic&f=1 HTTP/1.1" 200 534 "-" "Mozilla/4.0 (compatible; MSIE 5.01; Windows NT 5.0)" "www.svbikes.com"
93.158.148.31 - - [11/May/2009:18:22:48 -0700] "GET /robots.txt HTTP/1.1" 404 275 "-" "Yandex/1.01.001 (compatible; Win16; I)" "www.svbikes.com"
93.158.148.31 - - [11/May/2009:18:22:49 -0700] "GET / HTTP/1.1" 200 1764 "-" "Yandex/1.01.001 (compatible; Win16; I)" "www.svbikes.com"
91.121.150.170 - - [11/May/2009:18:35:30 -0700] "POST /bullitinboard/posting.php?mode=newtopic&f=1 HTTP/1.1" 200 534 "-" "Mozilla/4.0 (compatible; MSIE 5.01; Windows NT 5.0)" "bicyclestoreshouston.com"
218.150.79.146 - - [11/May/2009:18:36:09 -0700] "GET /index.php?mosConfig=http://www.powerledshop.com/tst//data/fx1?? HTTP/1.1" 404 275 "-" "Mozilla/5.0" "houstonbikeshop.com"
218.150.79.146 - - [11/May/2009:18:36:09 -0700] "GET /translations/Russian.txt%20%20//index.php?mosConfig=http://www.powerledshop.com/tst//data/fx1?? HTTP/1.1" 404 275 "-" "Mozilla/5.0" "houstonbikeshop.com"
218.150.79.146 - - [11/May/2009:18:36:10 -0700] "GET /translations//index.php?mosConfig=http://www.powerledshop.com/tst//data/fx1?? HTTP/1.1" 404 275 "-" "Mozilla/5.0" "houstonbikeshop.com"
218.150.79.146 - - [11/May/2009:18:36:41 -0700] "GET /translations//index.php?mosConfig=http://www.powerledshop.com/tst//data/fx1?? HTTP/1.1" 404 275 "-" "Mozilla/5.0" "houstonbikeshop.com"
218.150.79.146 - - [11/May/2009:18:36:41 -0700] "GET /index.php?mosConfig=http://www.powerledshop.com/tst//data/fx1?? HTTP/1.1" 404 275 "-" "Mozilla/5.0" "houstonbikeshop.com"
218.150.79.146 - - [11/May/2009:18:36:41 -0700] "GET /translations/Russian.txt%20%20//index.php?mosConfig=http://www.powerledshop.com/tst//data/fx1?? HTTP/1.1" 404 275 "-" "Mozilla/5.0" "houstonbikeshop.com"
61.247.222.44 - - [11/May/2009:18:42:45 -0700] "GET /robots.txt HTTP/1.1" 404 275 "-" "Yeti/1.0 (NHN Corp.; http://help.naver.com/robots/)" "bicyclestoreshouston.com"
61.247.222.44 - - [11/May/2009:18:42:46 -0700] "GET /bullitinboard/viewtopic.php?p=15872 HTTP/1.1" 200 533 "-" "Yeti/1.0 (NHN Corp.; http://help.naver.com/robots/)" "bicyclestoreshouston.com"
91.121.150.170 - - [11/May/2009:18:44:07 -0700] "POST /bullitinboard/posting.php?mode=newtopic&f=1 HTTP/1.1" 200 534 "-" "Mozilla/4.0 (compatible; MSIE 5.01; Windows NT 5.0)" "houstonbikeshop.com"
98.194.124.131 - - [11/May/2009:18:49:59 -0700] "GET /favicon.ico HTTP/1.1" 404 275 "-" "Mozilla/4.0 (compatible; MSIE 7.0; Windows NT 6.0; WOW64; SLCC1; .NET CLR 2.0.50727; .NET CLR 3.0.04506; Media Center PC 5.0)" "www.svbikes.com"
98.194.124.131 - - [11/May/2009:18:49:59 -0700] "GET / HTTP/1.1" 200 1764 "http://locator.trekbikes.com/locator/search" "Mozilla/4.0 (compatible; MSIE 7.0; Windows NT 6.0; WOW64; SLCC1; .NET CLR 2.0.50727; .NET CLR 3.0.04506; Media Center PC 5.0)" "www.svbikes.com"
208.80.195.34 - - [11/May/2009:18:58:36 -0700] "GET / HTTP/1.0" 200 1748 "-" "Mozilla/4.0 (compatible; MSIE 7.0; Windows NT 5.1; TrustyHound IE-TB(4.6); (R1 1.5); .NET CLR 1.1.4322; Windows-Media-Player/10.00.00.3990)" "www.svbikes.com"
91.121.150.170 - - [11/May/2009:19:01:17 -0700] "POST /bullitinboard/posting.php?mode=newtopic&f=1 HTTP/1.1" 200 534 "-" "Mozilla/4.0 (compatible; MSIE 5.01; Windows NT 5.0)" "www.svbikes.com"
91.121.150.170 - - [11/May/2009:19:04:17 -0700] "POST /bullitinboard/posting.php?mode=newtopic&f=1 HTTP/1.1" 200 534 "-" "Mozilla/4.0 (compatible; MSIE 5.01; Windows NT 5.0)" "www.svbikes.com"
67.10.137.111 - - [11/May/2009:19:08:12 -0700] "GET / HTTP/1.1" 200 1764 "http://locator.trekbikes.com/locator/search" "Mozilla/4.0 (compatible; MSIE 8.0; Windows NT 6.0; Trident/4.0; SLCC1; .NET CLR 2.0.50727; Media Center PC 5.0; Tablet PC 2.0; .NET CLR 3.5.30729; .NET CLR 3.0.04506; yie8)" "www.svbikes.com"
67.10.137.111 - - [11/May/2009:19:08:13 -0700] "GET /favicon.ico HTTP/1.1" 404 275 "-" "Mozilla/4.0 (compatible; MSIE 8.0; Windows NT 6.0; Trident/4.0; SLCC1; .NET CLR 2.0.50727; Media Center PC 5.0; Tablet PC 2.0; .NET CLR 3.5.30729; .NET CLR 3.0.04506; yie8)" "www.svbikes.com"
74.6.8.114 - - [11/May/2009:19:09:10 -0700] "GET /logs/access_081210.log HTTP/1.0" 200 9802065 "-" "Mozilla/5.0 (compatible; Yahoo! Slurp/3.0; http://help.yahoo.com/help/us/ysearch/slurp)" "houstonbikeshop.com"
61.247.222.55 - - [11/May/2009:19:09:44 -0700] "GET /bullitinboard/viewtopic.php?p=15192 HTTP/1.1" 200 533 "-" "Yeti/1.0 (NHN Corp.; http://help.naver.com/robots/)" "bicyclestoreshouston.com"
91.121.150.170 - - [11/May/2009:19:15:24 -0700] "POST /bullitinboard/posting.php?mode=newtopic&f=1 HTTP/1.1" 200 534 "-" "Mozilla/4.0 (compatible; MSIE 5.01; Windows NT 5.0)" "bicyclestoreshouston.com"
72.30.78.244 - - [11/May/2009:19:16:51 -0700] "GET /bullitinboard/viewtopic.php?p=16948 HTTP/1.0" 200 517 "-" "Mozilla/5.0 (compatible; Yahoo! Slurp/3.0; http://help.yahoo.com/help/us/ysearch/slurp)" "bicyclestoreshouston.com"
91.121.150.170 - - [11/May/2009:19:21:33 -0700] "POST /bullitinboard/posting.php?mode=newtopic&f=1 HTTP/1.1" 200 534 "-" "Mozilla/4.0 (compatible; MSIE 5.01; Windows NT 5.0)" "houstonbikeshop.com"
91.121.150.170 - - [11/May/2009:19:23:32 -0700] "POST /bullitinboard/posting.php?mode=newtopic&f=1 HTTP/1.1" 200 534 "-" "Mozilla/4.0 (compatible; MSIE 5.01; Windows NT 5.0)" "bicyclestoreshouston.com"
61.247.222.44 - - [11/May/2009:19:27:05 -0700] "GET /bullitinboard/viewtopic.php?p=15761 HTTP/1.1" 200 533 "-" "Yeti/1.0 (NHN Corp.; http://help.naver.com/robots/)" "bicyclestoreshouston.com"
91.121.150.170 - - [11/May/2009:19:30:28 -0700] "POST /bullitinboard/posting.php?mode=newtopic&f=1 HTTP/1.1" 200 534 "-" "Mozilla/4.0 (compatible; MSIE 5.01; Windows NT 5.0)" "houstonbikeshop.com"
91.121.150.170 - - [11/May/2009:19:35:36 -0700] "POST /bullitinboard/posting.php?mode=newtopic&f=1 HTTP/1.1" 200 534 "-" "Mozilla/4.0 (compatible; MSIE 5.01; Windows NT 5.0)" "www.svbikes.com"
61.247.222.45 - - [11/May/2009:19:35:43 -0700] "GET /bullitinboard/viewtopic.php?p=15924 HTTP/1.1" 200 533 "-" "Yeti/1.0 (NHN Corp.; http://help.naver.com/robots/)" "bicyclestoreshouston.com"
61.247.222.56 - - [11/May/2009:19:35:53 -0700] "GET /bullitinboard/viewtopic.php?p=15887 HTTP/1.1" 200 533 "-" "Yeti/1.0 (NHN Corp.; http://help.naver.com/robots/)" "bicyclestoreshouston.com"
61.247.222.44 - - [11/May/2009:19:36:13 -0700] "GET /bullitinboard/viewtopic.php?p=15331 HTTP/1.1" 200 533 "-" "Yeti/1.0 (NHN Corp.; http://help.naver.com/robots/)" "bicyclestoreshouston.com"
61.247.222.45 - - [11/May/2009:19:47:45 -0700] "GET /bullitinboard/viewtopic.php?p=15905 HTTP/1.1" 200 533 "-" "Yeti/1.0 (NHN Corp.; http://help.naver.com/robots/)" "www.svbikes.com"
91.121.150.170 - - [11/May/2009:19:49:33 -0700] "POST /bullitinboard/posting.php?mode=newtopic&f=1 HTTP/1.1" 200 534 "-" "Mozilla/4.0 (compatible; MSIE 5.01; Windows NT 5.0)" "bicyclestoreshouston.com"
67.65.164.119 - - [11/May/2009:19:52:25 -0700] "GET / HTTP/1.1" 200 1764 "http://maps.google.com/maps?hl=en&ie=UTF8&q=Bicycle+Repair+Houston&fb=1&split=1&gl=us&view=text&ei=tuMISt3JF4qwNv3w-AU&cd=17&attrid=&sll=29.808327,-95.483553&sspn=0.318685,0.290446&latlng=29785238,-95513165,15700537663651033245&dtab=7" "Mozilla/4.0 (compatible; MSIE 7.0; Windows NT 5.1; .NET CLR 2.0.50727)" "www.svbikes.com"
67.65.164.119 - - [11/May/2009:19:52:26 -0700] "GET /favicon.ico HTTP/1.1" 404 275 "-" "Mozilla/4.0 (compatible; MSIE 7.0; Windows NT 5.1; .NET CLR 2.0.50727)" "www.svbikes.com"
91.121.150.170 - - [11/May/2009:19:56:45 -0700] "POST /bullitinboard/posting.php?mode=newtopic&f=1 HTTP/1.1" 200 534 "-" "Mozilla/4.0 (compatible; MSIE 5.01; Windows NT 5.0)" "houstonbikeshop.com"
74.6.8.114 - - [11/May/2009:20:02:13 -0700] "GET /bullitinboard/viewtopic.php?p=3507 HTTP/1.0" 200 517 "-" "Mozilla/5.0 (compatible; Yahoo! Slurp/3.0; http://help.yahoo.com/help/us/ysearch/slurp)" "houstonbikeshop.com"
61.247.222.55 - - [11/May/2009:20:05:08 -0700] "GET /bullitinboard/viewtopic.php?p=15364 HTTP/1.1" 200 533 "-" "Yeti/1.0 (NHN Corp.; http://help.naver.com/robots/)" "bicyclestoreshouston.com"
72.30.79.45 - - [11/May/2009:20:33:52 -0700] "GET /tmp/?N=D HTTP/1.0" 200 643 "-" "Mozilla/5.0 (compatible; Yahoo! Slurp/3.0; http://help.yahoo.com/help/us/ysearch/slurp)" "www.svbikes.com"
61.247.222.56 - - [11/May/2009:20:56:00 -0700] "GET /bullitinboard/viewtopic.php?p=4431 HTTP/1.1" 200 533 "-" "Yeti/1.0 (NHN Corp.; http://help.naver.com/robots/)" "www.svbikes.com"
91.121.150.170 - - [11/May/2009:21:18:50 -0700] "POST /bullitinboard/posting.php?mode=newtopic&f=1 HTTP/1.1" 200 534 "-" "Mozilla/4.0 (compatible; MSIE 5.01; Windows NT 5.0)" "www.svbikes.com"
91.121.150.170 - - [11/May/2009:21:31:37 -0700] "POST /bullitinboard/posting.php?mode=newtopic&f=1 HTTP/1.1" 200 534 "-" "Mozilla/4.0 (compatible; MSIE 5.01; Windows NT 5.0)" "bicyclestoreshouston.com"
91.121.150.170 - - [11/May/2009:21:37:42 -0700] "POST /bullitinboard/posting.php?mode=newtopic&f=1 HTTP/1.1" 200 534 "-" "Mozilla/4.0 (compatible; MSIE 5.01; Windows NT 5.0)" "houstonbikeshop.com"
61.247.222.45 - - [11/May/2009:21:41:01 -0700] "GET /bullitinboard/viewtopic.php?p=15931 HTTP/1.1" 200 533 "-" "Yeti/1.0 (NHN Corp.; http://help.naver.com/robots/)" "bicyclestoreshouston.com"
210.109.108.146 - - [11/May/2009:21:56:11 -0700] "GET /translations/Hungarian.txt/admin.php?submit=submit&form_include_template=http://www.infoage.co.kr/upload/ec.txt? HTTP/1.1" 404 275 "-" "libwww-perl/5.79" "houstonbikeshop.com"
210.109.108.146 - - [11/May/2009:21:56:11 -0700] "GET /admin.php?submit=submit&form_include_template=http://www.infoage.co.kr/upload/ec.txt? HTTP/1.1" 404 275 "-" "libwww-perl/5.79" "houstonbikeshop.com"
210.109.108.146 - - [11/May/2009:21:56:12 -0700] "GET /translations/admin.php?submit=submit&form_include_template=http://www.infoage.co.kr/upload/ec.txt? HTTP/1.1" 404 275 "-" "libwww-perl/5.79" "houstonbikeshop.com"
210.109.108.146 - - [11/May/2009:21:57:49 -0700] "GET /translations/Russian.txt/admin.php?submit=submit&form_include_template=http://www.infoage.co.kr/upload/ec.txt? HTTP/1.1" 404 275 "-" "libwww-perl/5.79" "houstonbikeshop.com"
217.199.222.19 - - [11/May/2009:22:41:26 -0700] "GET /logs/access_090410.log//?_SERVER[DOCUMENT_ROOT]=http://www.xgamex.org/xgamex/id.txt?? HTTP/1.1" 404 275 "-" "Mozilla/5.0" "houstonbikeshop.com"
217.199.222.19 - - [11/May/2009:22:41:26 -0700] "GET /?_SERVER[DOCUMENT_ROOT]=http://www.xgamex.org/xgamex/id.txt?? HTTP/1.1" 200 1764 "-" "Mozilla/5.0" "houstonbikeshop.com"
217.199.222.19 - - [11/May/2009:22:41:26 -0700] "GET /logs//?_SERVER[DOCUMENT_ROOT]=http://www.xgamex.org/xgamex/id.txt?? HTTP/1.1" 200 2373 "-" "Mozilla/5.0" "houstonbikeshop.com"
91.121.150.170 - - [11/May/2009:23:07:59 -0700] "POST /bullitinboard/posting.php?mode=newtopic&f=1 HTTP/1.1" 200 534 "-" "Mozilla/4.0 (compatible; MSIE 5.01; Windows NT 5.0)" "www.svbikes.com"
91.121.150.170 - - [11/May/2009:23:08:38 -0700] "POST /bullitinboard/posting.php?mode=newtopic&f=1 HTTP/1.1" 200 534 "-" "Mozilla/4.0 (compatible; MSIE 5.01; Windows NT 5.0)" "www.svbikes.com"
121.165.73.157 - - [11/May/2009:23:10:05 -0700] "GET /tools/send_reminders.php?noSet=0&includedir=http://auralmoon.com/oldJoomlashell/mambots/system/idomila.txt? HTTP/1.1" 404 275 "-" "libwww-perl/5.805" "bicyclestoreshouston.com"
121.165.73.157 - - [11/May/2009:23:10:07 -0700] "GET /tools/send_reminders.php?noSet=0&includedir=http://auralmoon.com/oldJoomlashell/mambots/system/idomila.txt? HTTP/1.1" 404 275 "-" "libwww-perl/5.805" "houstonbikeshop.com"
117.110.58.66 - - [11/May/2009:23:10:46 -0700] "GET /tools/send_reminders.php?noSet=0&includedir=http://auralmoon.com/oldJoomlashell/mambots/system/idomila.txt? HTTP/1.1" 404 275 "-" "libwww-perl/5.79" "bicyclestoreshouston.com"
117.110.58.66 - - [11/May/2009:23:10:46 -0700] "GET /tools/send_reminders.php?noSet=0&includedir=http://auralmoon.com/oldJoomlashell/mambots/system/idomila.txt? HTTP/1.1" 404 275 "-" "libwww-perl/5.79" "bicyclestoreshouston.com"
117.110.58.66 - - [11/May/2009:23:10:47 -0700] "GET /tools/send_reminders.php?noSet=0&includedir=http://auralmoon.com/oldJoomlashell/mambots/system/idomila.txt? HTTP/1.1" 404 275 "-" "libwww-perl/5.79" "houstonbikeshop.com"
117.110.58.66 - - [11/May/2009:23:10:47 -0700] "GET /tools/send_reminders.php?noSet=0&includedir=http://auralmoon.com/oldJoomlashell/mambots/system/idomila.txt? HTTP/1.1" 404 275 "-" "libwww-perl/5.79" "houstonbikeshop.com"
121.165.73.157 - - [11/May/2009:23:20:41 -0700] "GET /translations/Italian.txt//tools/send_reminders.php?noSet=0&includedir=http://auralmoon.com/oldJoomlashell/mambots/system/idomila.txt? HTTP/1.1" 404 275 "-" "libwww-perl/5.805" "houstonbikeshop.com"
121.165.73.157 - - [11/May/2009:23:20:42 -0700] "GET /tools/send_reminders.php?noSet=0&includedir=http://auralmoon.com/oldJoomlashell/mambots/system/idomila.txt? HTTP/1.1" 404 275 "-" "libwww-perl/5.805" "houstonbikeshop.com"
121.165.73.157 - - [11/May/2009:23:20:42 -0700] "GET /translations//tools/send_reminders.php?noSet=0&includedir=http://auralmoon.com/oldJoomlashell/mambots/system/idomila.txt? HTTP/1.1" 404 275 "-" "libwww-perl/5.805" "houstonbikeshop.com"
121.165.73.157 - - [11/May/2009:23:20:46 -0700] "GET /translations/Danish.txt//tools/send_reminders.php?noSet=0&includedir=http://auralmoon.com/oldJoomlashell/mambots/system/idomila.txt? HTTP/1.1" 404 275 "-" "libwww-perl/5.805" "houstonbikeshop.com"
121.165.73.157 - - [11/May/2009:23:20:52 -0700] "GET /translations/Swedish.txt//tools/send_reminders.php?noSet=0&includedir=http://auralmoon.com/oldJoomlashell/mambots/system/idomila.txt? HTTP/1.1" 404 275 "-" "libwww-perl/5.805" "bicyclestoreshouston.com"
121.165.73.157 - - [11/May/2009:23:20:52 -0700] "GET /tools/send_reminders.php?noSet=0&includedir=http://auralmoon.com/oldJoomlashell/mambots/system/idomila.txt? HTTP/1.1" 404 275 "-" "libwww-perl/5.805" "bicyclestoreshouston.com"
121.165.73.157 - - [11/May/2009:23:20:53 -0700] "GET /translations//tools/send_reminders.php?noSet=0&includedir=http://auralmoon.com/oldJoomlashell/mambots/system/idomila.txt? HTTP/1.1" 404 275 "-" "libwww-perl/5.805" "bicyclestoreshouston.com"
121.165.73.157 - - [11/May/2009:23:22:04 -0700] "GET /translations/Turkish.txt//tools/send_reminders.php?noSet=0&includedir=http://auralmoon.com/oldJoomlashell/mambots/system/idomila.txt? HTTP/1.1" 404 275 "-" "libwww-perl/5.805" "bicyclestoreshouston.com"
117.110.58.66 - - [11/May/2009:23:22:54 -0700] "GET /translations/Italian.txt//tools/send_reminders.php?noSet=0&includedir=http://auralmoon.com/oldJoomlashell/mambots/system/idomila.txt? HTTP/1.1" 404 275 "-" "libwww-perl/5.79" "houstonbikeshop.com"
117.110.58.66 - - [11/May/2009:23:22:55 -0700] "GET /tools/send_reminders.php?noSet=0&includedir=http://auralmoon.com/oldJoomlashell/mambots/system/idomila.txt? HTTP/1.1" 404 275 "-" "libwww-perl/5.79" "houstonbikeshop.com"
117.110.58.66 - - [11/May/2009:23:22:56 -0700] "GET /translations//tools/send_reminders.php?noSet=0&includedir=http://auralmoon.com/oldJoomlashell/mambots/system/idomila.txt? HTTP/1.1" 404 275 "-" "libwww-perl/5.79" "houstonbikeshop.com"
117.110.58.66 - - [11/May/2009:23:22:59 -0700] "GET /translations/Danish.txt//tools/send_reminders.php?noSet=0&includedir=http://auralmoon.com/oldJoomlashell/mambots/system/idomila.txt? HTTP/1.1" 404 275 "-" "libwww-perl/5.79" "houstonbikeshop.com"
117.110.58.66 - - [11/May/2009:23:23:04 -0700] "GET /translations/Italian.txt//tools/send_reminders.php?noSet=0&includedir=http://auralmoon.com/oldJoomlashell/mambots/system/idomila.txt? HTTP/1.1" 404 275 "-" "libwww-perl/5.79" "houstonbikeshop.com"
117.110.58.66 - - [11/May/2009:23:23:05 -0700] "GET /tools/send_reminders.php?noSet=0&includedir=http://auralmoon.com/oldJoomlashell/mambots/system/idomila.txt? HTTP/1.1" 404 275 "-" "libwww-perl/5.79" "houstonbikeshop.com"
117.110.58.66 - - [11/May/2009:23:23:05 -0700] "GET /translations//tools/send_reminders.php?noSet=0&includedir=http://auralmoon.com/oldJoomlashell/mambots/system/idomila.txt? HTTP/1.1" 404 275 "-" "libwww-perl/5.79" "houstonbikeshop.com"
117.110.58.66 - - [11/May/2009:23:23:07 -0700] "GET /translations/Swedish.txt//tools/send_reminders.php?noSet=0&includedir=http://auralmoon.com/oldJoomlashell/mambots/system/idomila.txt? HTTP/1.1" 404 275 "-" "libwww-perl/5.79" "bicyclestoreshouston.com"
117.110.58.66 - - [11/May/2009:23:23:08 -0700] "GET /tools/send_reminders.php?noSet=0&includedir=http://auralmoon.com/oldJoomlashell/mambots/system/idomila.txt? HTTP/1.1" 404 275 "-" "libwww-perl/5.79" "bicyclestoreshouston.com"
117.110.58.66 - - [11/May/2009:23:23:08 -0700] "GET /translations//tools/send_reminders.php?noSet=0&includedir=http://auralmoon.com/oldJoomlashell/mambots/system/idomila.txt? HTTP/1.1" 404 275 "-" "libwww-perl/5.79" "bicyclestoreshouston.com"
117.110.58.66 - - [11/May/2009:23:23:08 -0700] "GET /translations/Danish.txt//tools/send_reminders.php?noSet=0&includedir=http://auralmoon.com/oldJoomlashell/mambots/system/idomila.txt? HTTP/1.1" 404 275 "-" "libwww-perl/5.79" "houstonbikeshop.com"
117.110.58.66 - - [11/May/2009:23:23:15 -0700] "GET /translations/Swedish.txt//tools/send_reminders.php?noSet=0&includedir=http://auralmoon.com/oldJoomlashell/mambots/system/idomila.txt? HTTP/1.1" 404 275 "-" "libwww-perl/5.79" "bicyclestoreshouston.com"
117.110.58.66 - - [11/May/2009:23:23:15 -0700] "GET /tools/send_reminders.php?noSet=0&includedir=http://auralmoon.com/oldJoomlashell/mambots/system/idomila.txt? HTTP/1.1" 404 275 "-" "libwww-perl/5.79" "bicyclestoreshouston.com"
117.110.58.66 - - [11/May/2009:23:23:15 -0700] "GET /translations//tools/send_reminders.php?noSet=0&includedir=http://auralmoon.com/oldJoomlashell/mambots/system/idomila.txt? HTTP/1.1" 404 275 "-" "libwww-perl/5.79" "bicyclestoreshouston.com"
91.121.150.170 - - [11/May/2009:23:23:23 -0700] "POST /bullitinboard/posting.php?mode=newtopic&f=1 HTTP/1.1" 200 534 "-" "Mozilla/4.0 (compatible; MSIE 5.01; Windows NT 5.0)" "bicyclestoreshouston.com"
91.121.150.170 - - [11/May/2009:23:23:29 -0700] "POST /bullitinboard/posting.php?mode=newtopic&f=1 HTTP/1.1" 200 534 "-" "Mozilla/4.0 (compatible; MSIE 5.01; Windows NT 5.0)" "bicyclestoreshouston.com"
117.110.58.66 - - [11/May/2009:23:24:21 -0700] "GET /translations/Turkish.txt//tools/send_reminders.php?noSet=0&includedir=http://auralmoon.com/oldJoomlashell/mambots/system/idomila.txt? HTTP/1.1" 404 275 "-" "libwww-perl/5.79" "bicyclestoreshouston.com"
117.110.58.66 - - [11/May/2009:23:24:24 -0700] "GET /translations/Turkish.txt//tools/send_reminders.php?noSet=0&includedir=http://auralmoon.com/oldJoomlashell/mambots/system/idomila.txt? HTTP/1.1" 404 275 "-" "libwww-perl/5.79" "bicyclestoreshouston.com"
81.19.66.38 - - [11/May/2009:23:28:19 -0700] "GET /bullitinboard/viewtopic.php?p=1662 HTTP/1.1" 200 533 "-" "StackRambler/2.0 (MSIE incompatible)" "houstonbikeshop.com"
81.19.66.38 - - [11/May/2009:23:28:20 -0700] "GET /bullitinboard/viewtopic.php?p=1663 HTTP/1.1" 200 533 "-" "StackRambler/2.0 (MSIE incompatible)" "houstonbikeshop.com"
81.19.66.38 - - [11/May/2009:23:28:20 -0700] "GET /bullitinboard/viewtopic.php?p=1968 HTTP/1.1" 200 533 "-" "StackRambler/2.0 (MSIE incompatible)" "houstonbikeshop.com"
81.19.66.38 - - [11/May/2009:23:28:21 -0700] "GET /bullitinboard/viewtopic.php?p=1972 HTTP/1.1" 200 533 "-" "StackRambler/2.0 (MSIE incompatible)" "houstonbikeshop.com"
81.19.66.38 - - [11/May/2009:23:28:21 -0700] "GET /bullitinboard/viewtopic.php?p=2005 HTTP/1.1" 200 533 "-" "StackRambler/2.0 (MSIE incompatible)" "houstonbikeshop.com"
91.121.150.170 - - [11/May/2009:23:29:31 -0700] "POST /bullitinboard/posting.php?mode=newtopic&f=1 HTTP/1.1" 200 534 "-" "Mozilla/4.0 (compatible; MSIE 5.01; Windows NT 5.0)" "houstonbikeshop.com"
91.121.150.170 - - [11/May/2009:23:30:27 -0700] "POST /bullitinboard/posting.php?mode=newtopic&f=1 HTTP/1.1" 200 534 "-" "Mozilla/4.0 (compatible; MSIE 5.01; Windows NT 5.0)" "houstonbikeshop.com"
91.121.150.170 - - [11/May/2009:23:33:16 -0700] "POST /bullitinboard/posting.php?mode=newtopic&f=1 HTTP/1.1" 200 534 "-" "Mozilla/4.0 (compatible; MSIE 5.01; Windows NT 5.0)" "www.svbikes.com"
91.121.150.170 - - [11/May/2009:23:53:15 -0700] "POST /bullitinboard/posting.php?mode=newtopic&f=1 HTTP/1.1" 200 534 "-" "Mozilla/4.0 (compatible; MSIE 5.01; Windows NT 5.0)" "bicyclestoreshouston.com"
91.121.150.170 - - [12/May/2009:00:00:24 -0700] "POST /bullitinboard/posting.php?mode=newtopic&f=1 HTTP/1.1" 200 534 "-" "Mozilla/4.0 (compatible; MSIE 5.01; Windows NT 5.0)" "houstonbikeshop.com"
91.121.150.170 - - [12/May/2009:00:27:57 -0700] "POST /bullitinboard/posting.php?mode=newtopic&f=1 HTTP/1.1" 200 534 "-" "Mozilla/4.0 (compatible; MSIE 5.01; Windows NT 5.0)" "www.svbikes.com"
61.247.222.54 - - [12/May/2009:00:32:15 -0700] "GET /bullitinboard/viewtopic.php?p=15679 HTTP/1.1" 200 533 "-" "Yeti/1.0 (NHN Corp.; http://help.naver.com/robots/)" "bicyclestoreshouston.com"
74.6.8.114 - - [12/May/2009:00:36:39 -0700] "GET /tmp/?D=D HTTP/1.0" 200 643 "-" "Mozilla/5.0 (compatible; Yahoo! Slurp/3.0; http://help.yahoo.com/help/us/ysearch/slurp)" "houstonbikeshop.com"
91.121.150.170 - - [12/May/2009:00:42:27 -0700] "POST /bullitinboard/posting.php?mode=newtopic&f=1 HTTP/1.1" 200 534 "-" "Mozilla/4.0 (compatible; MSIE 5.01; Windows NT 5.0)" "bicyclestoreshouston.com"
61.247.222.44 - - [12/May/2009:00:42:30 -0700] "GET /bullitinboard/viewtopic.php?p=15742 HTTP/1.1" 200 533 "-" "Yeti/1.0 (NHN Corp.; http://help.naver.com/robots/)" "bicyclestoreshouston.com"
91.121.150.170 - - [12/May/2009:00:49:21 -0700] "POST /bullitinboard/posting.php?mode=newtopic&f=1 HTTP/1.1" 200 534 "-" "Mozilla/4.0 (compatible; MSIE 5.01; Windows NT 5.0)" "houstonbikeshop.com"
218.146.231.207 - - [12/May/2009:01:00:31 -0700] "GET /logs/index.php?ir=http://www.nw.or.kr/bbs/icon/idxx.txt?? HTTP/1.1" 404 275 "-" "Mozilla/5.0" "houstonbikeshop.com"
218.150.79.146 - - [12/May/2009:01:24:48 -0700] "GET /administrator/components/com_extcalendar/admin_settings.php?CONFIG_EXT[ADMIN_PATH]=http://www.powerledshop.com/tst//data/fx1?? HTTP/1.1" 404 275 "-" "Mozilla/5.0" "houstonbikeshop.com"
218.150.79.146 - - [12/May/2009:01:24:48 -0700] "GET /logs/access.log/administrator/components/com_extcalendar/admin_settings.php?CONFIG_EXT[ADMIN_PATH]=http://www.powerledshop.com/tst//data/fx1?? HTTP/1.1" 404 275 "-" "Mozilla/5.0" "houstonbikeshop.com"
218.150.79.146 - - [12/May/2009:01:24:48 -0700] "GET /logs/administrator/components/com_extcalendar/admin_settings.php?CONFIG_EXT[ADMIN_PATH]=http://www.powerledshop.com/tst//data/fx1?? HTTP/1.1" 404 275 "-" "Mozilla/5.0" "houstonbikeshop.com"
218.150.79.146 - - [12/May/2009:01:24:56 -0700] "GET /administrator/components/com_extcalendar/admin_settings.php?CONFIG_EXT[ADMIN_PATH]=http://www.powerledshop.com/tst//data/fx1?? HTTP/1.1" 404 275 "-" "Mozilla/5.0" "houstonbikeshop.com"
218.150.79.146 - - [12/May/2009:01:24:56 -0700] "GET /logs/administrator/components/com_extcalendar/admin_settings.php?CONFIG_EXT[ADMIN_PATH]=http://www.powerledshop.com/tst//data/fx1?? HTTP/1.1" 404 275 "-" "Mozilla/5.0" "houstonbikeshop.com"
218.150.79.146 - - [12/May/2009:01:24:56 -0700] "GET /logs/access.log/administrator/components/com_extcalendar/admin_settings.php?CONFIG_EXT[ADMIN_PATH]=http://www.powerledshop.com/tst//data/fx1?? HTTP/1.1" 404 275 "-" "Mozilla/5.0" "houstonbikeshop.com"
189.54.47.73 - - [12/May/2009:01:27:16 -0700] "GET /http://felips1.webcindario.com/pBot.php HTTP/1.1" 404 275 "-" "Mozilla/3.0 (compatible; Indy Library)" "houstonbikeshop.com"
189.54.47.73 - - [12/May/2009:01:27:16 -0700] "GET /http://felips1.webcindario.com/pBot.php HTTP/1.1" 404 275 "-" "Mozilla/3.0 (compatible; Indy Library)" "houstonbikeshop.com"
189.54.47.73 - - [12/May/2009:01:27:17 -0700] "GET /http://felips1.webcindario.com/pBot.php HTTP/1.1" 404 275 "-" "Mozilla/3.0 (compatible; Indy Library)" "bicyclestoreshouston.com"
189.54.47.73 - - [12/May/2009:01:27:19 -0700] "GET /translations/http://felips1.webcindario.com/pBot.php HTTP/1.1" 404 275 "-" "Mozilla/3.0 (compatible; Indy Library)" "bicyclestoreshouston.com"
110.45.144.106 - - [12/May/2009:01:33:05 -0700] "GET /logs/access.log/administrator/components/com_extcalendar/admin_settings.php?CONFIG_EXT[ADMIN_PATH]=http://shw.or.kr/bbs/bbs_public/06notice/id1.txt? HTTP/1.1" 404 275 "-" "Mozilla/5.0" "houstonbikeshop.com"
110.45.144.106 - - [12/May/2009:01:33:05 -0700] "GET /logs/administrator/components/com_extcalendar/admin_settings.php?CONFIG_EXT[ADMIN_PATH]=http://shw.or.kr/bbs/bbs_public/06notice/id1.txt? HTTP/1.1" 404 275 "-" "Mozilla/5.0" "houstonbikeshop.com"
110.45.144.106 - - [12/May/2009:01:33:05 -0700] "GET /administrator/components/com_extcalendar/admin_settings.php?CONFIG_EXT[ADMIN_PATH]=http://shw.or.kr/bbs/bbs_public/06notice/id1.txt? HTTP/1.1" 404 275 "-" "Mozilla/5.0" "houstonbikeshop.com"
110.45.144.106 - - [12/May/2009:01:33:21 -0700] "GET /logs/administrator/components/com_extcalendar/admin_settings.php?CONFIG_EXT[ADMIN_PATH]=http://shw.or.kr/bbs/bbs_public/06notice/id1.txt? HTTP/1.1" 404 275 "-" "Mozilla/5.0" "houstonbikeshop.com"
110.45.144.106 - - [12/May/2009:01:33:21 -0700] "GET /administrator/components/com_extcalendar/admin_settings.php?CONFIG_EXT[ADMIN_PATH]=http://shw.or.kr/bbs/bbs_public/06notice/id1.txt? HTTP/1.1" 404 275 "-" "Mozilla/5.0" "houstonbikeshop.com"
110.45.144.106 - - [12/May/2009:01:33:21 -0700] "GET /logs/access.log/administrator/components/com_extcalendar/admin_settings.php?CONFIG_EXT[ADMIN_PATH]=http://shw.or.kr/bbs/bbs_public/06notice/id1.txt? HTTP/1.1" 404 275 "-" "Mozilla/5.0" "houstonbikeshop.com"
110.45.144.106 - - [12/May/2009:01:33:21 -0700] "GET /logs/access.log/administrator/components/com_extcalendar/admin_settings.php?CONFIG_EXT[ADMIN_PATH]=http://shw.or.kr/bbs/bbs_public/06notice/id1.txt? HTTP/1.1" 404 275 "-" "Mozilla/5.0" "houstonbikeshop.com"
110.45.144.106 - - [12/May/2009:01:33:21 -0700] "GET /logs/administrator/components/com_extcalendar/admin_settings.php?CONFIG_EXT[ADMIN_PATH]=http://shw.or.kr/bbs/bbs_public/06notice/id1.txt? HTTP/1.1" 404 275 "-" "Mozilla/5.0" "houstonbikeshop.com"
110.45.144.106 - - [12/May/2009:01:33:21 -0700] "GET /administrator/components/com_extcalendar/admin_settings.php?CONFIG_EXT[ADMIN_PATH]=http://shw.or.kr/bbs/bbs_public/06notice/id1.txt? HTTP/1.1" 404 275 "-" "Mozilla/5.0" "houstonbikeshop.com"
222.239.76.25 - - [12/May/2009:01:34:41 -0700] "GET /logs/administrator/components/com_extcalendar/admin_settings.php?=http://isportion.co.kr/kboard/lang/fatal1.txt???? HTTP/1.1" 404 275 "-" "Mozilla/5.0" "houstonbikeshop.com"
222.239.76.25 - - [12/May/2009:01:34:41 -0700] "GET /administrator/components/com_extcalendar/admin_settings.php?=http://isportion.co.kr/kboard/lang/fatal1.txt???? HTTP/1.1" 404 275 "-" "Mozilla/5.0" "houstonbikeshop.com"
222.239.76.25 - - [12/May/2009:01:34:41 -0700] "GET /logs/access.log/administrator/components/com_extcalendar/admin_settings.php?=http://isportion.co.kr/kboard/lang/fatal1.txt???? HTTP/1.1" 404 275 "-" "Mozilla/5.0" "houstonbikeshop.com"
189.54.47.73 - - [12/May/2009:01:48:42 -0700] "GET /http://felips1.webcindario.com/pBot.php HTTP/1.1" 404 275 "-" "Mozilla/3.0 (compatible; Indy Library)" "houstonbikeshop.com"
189.54.47.73 - - [12/May/2009:01:48:42 -0700] "GET /translations/http://felips1.webcindario.com/pBot.php HTTP/1.1" 404 275 "-" "Mozilla/3.0 (compatible; Indy Library)" "houstonbikeshop.com"
189.54.47.73 - - [12/May/2009:01:48:42 -0700] "GET /translations/Italian.txt/http://felips1.webcindario.com/pBot.php HTTP/1.1" 404 275 "-" "Mozilla/3.0 (compatible; Indy Library)" "houstonbikeshop.com"
189.54.47.73 - - [12/May/2009:01:48:42 -0700] "GET /http://felips1.webcindario.com/pBot.php HTTP/1.1" 404 275 "-" "Mozilla/3.0 (compatible; Indy Library)" "houstonbikeshop.com"
189.54.47.73 - - [12/May/2009:01:48:42 -0700] "GET /translations/http://felips1.webcindario.com/pBot.php HTTP/1.1" 404 275 "-" "Mozilla/3.0 (compatible; Indy Library)" "houstonbikeshop.com"
189.54.47.73 - - [12/May/2009:01:48:42 -0700] "GET /translations/Danish.txt/http://felips1.webcindario.com/pBot.php HTTP/1.1" 404 275 "-" "Mozilla/3.0 (compatible; Indy Library)" "houstonbikeshop.com"
189.54.47.73 - - [12/May/2009:01:48:42 -0700] "GET /translations/http://felips1.webcindario.com/pBot.php HTTP/1.1" 404 275 "-" "Mozilla/3.0 (compatible; Indy Library)" "bicyclestoreshouston.com"
189.54.47.73 - - [12/May/2009:01:48:42 -0700] "GET /translations/Swedish.txt/http://felips1.webcindario.com/pBot.php HTTP/1.1" 404 275 "-" "Mozilla/3.0 (compatible; Indy Library)" "bicyclestoreshouston.com"
189.54.47.73 - - [12/May/2009:01:48:42 -0700] "GET /http://felips1.webcindario.com/pBot.php HTTP/1.1" 404 275 "-" "Mozilla/3.0 (compatible; Indy Library)" "bicyclestoreshouston.com"
208.64.202.135 - - [12/May/2009:01:50:20 -0700] "GET /technote7/skin_shop/standard/3_plugin_twindow/twindow_notice.php?shop_this_skin_path=http://theblythes.net/cal/mydb?? HTTP/1.1" 404 275 "-" "Mozilla/5.0" "houstonbikeshop.com"
208.64.202.135 - - [12/May/2009:01:50:20 -0700] "GET /logs//technote7/skin_shop/standard/3_plugin_twindow/twindow_notice.php?shop_this_skin_path=http://theblythes.net/cal/mydb?? HTTP/1.1" 404 275 "-" "Mozilla/5.0" "houstonbikeshop.com"
208.64.202.135 - - [12/May/2009:01:50:20 -0700] "GET /logs/access.log//technote7/skin_shop/standard/3_plugin_twindow/twindow_notice.php?shop_this_skin_path=http://theblythes.net/cal/mydb?? HTTP/1.1" 404 275 "-" "Mozilla/5.0" "houstonbikeshop.com"
208.64.202.135 - - [12/May/2009:01:51:29 -0700] "GET /technote7/skin_shop/standard/3_plugin_twindow/twindow_notice.php?shop_this_skin_path=http://theblythes.net/cal/mydb?? HTTP/1.1" 404 275 "-" "Mozilla/5.0" "houstonbikeshop.com"
208.64.202.135 - - [12/May/2009:01:51:29 -0700] "GET /logs//technote7/skin_shop/standard/3_plugin_twindow/twindow_notice.php?shop_this_skin_path=http://theblythes.net/cal/mydb?? HTTP/1.1" 404 275 "-" "Mozilla/5.0" "houstonbikeshop.com"
208.64.202.135 - - [12/May/2009:01:51:29 -0700] "GET /logs/access.log//technote7/skin_shop/standard/3_plugin_twindow/twindow_notice.php?shop_this_skin_path=http://theblythes.net/cal/mydb?? HTTP/1.1" 404 275 "-" "Mozilla/5.0" "houstonbikeshop.com"
81.19.66.38 - - [12/May/2009:01:52:19 -0700] "GET /bullitinboard/viewtopic.php?p=1624 HTTP/1.1" 200 533 "-" "StackRambler/2.0 (MSIE incompatible)" "houstonbikeshop.com"
81.19.66.38 - - [12/May/2009:01:52:20 -0700] "GET /bullitinboard/viewtopic.php?p=1625 HTTP/1.1" 200 533 "-" "StackRambler/2.0 (MSIE incompatible)" "houstonbikeshop.com"
81.19.66.38 - - [12/May/2009:01:52:21 -0700] "GET /bullitinboard/viewtopic.php?p=1662 HTTP/1.1" 200 533 "-" "StackRambler/2.0 (MSIE incompatible)" "houstonbikeshop.com"
81.19.66.38 - - [12/May/2009:01:52:22 -0700] "GET /bullitinboard/viewtopic.php?p=1663 HTTP/1.1" 200 533 "-" "StackRambler/2.0 (MSIE incompatible)" "houstonbikeshop.com"
81.19.66.38 - - [12/May/2009:01:52:23 -0700] "GET /bullitinboard/viewtopic.php?p=1968 HTTP/1.1" 200 533 "-" "StackRambler/2.0 (MSIE incompatible)" "houstonbikeshop.com"
212.150.52.114 - - [12/May/2009:01:55:04 -0700] "GET /logs/skin/zero_vote/error.php?dir=http://theblythes.net/cal/mydb?? HTTP/1.1" 404 275 "-" "Mozilla/5.0" "houstonbikeshop.com"
212.150.52.114 - - [12/May/2009:01:55:04 -0700] "GET /skin/zero_vote/error.php?dir=http://theblythes.net/cal/mydb?? HTTP/1.1" 404 275 "-" "Mozilla/5.0" "houstonbikeshop.com"
212.150.52.114 - - [12/May/2009:01:55:04 -0700] "GET /logs/access_090410.log/skin/zero_vote/error.php?dir=http://theblythes.net/cal/mydb?? HTTP/1.1" 404 275 "-" "Mozilla/5.0" "houstonbikeshop.com"
93.187.232.189 - - [12/May/2009:02:09:36 -0700] "GET /translations/Italian.txt//tools/send_reminders.php?noSet=0&includedir=http://www.ambient-arts.co.uk/us/id.txt??? HTTP/1.1" 404 275 "-" "libwww-perl/5.808" "houstonbikeshop.com"
93.187.232.189 - - [12/May/2009:02:09:36 -0700] "GET /tools/send_reminders.php?noSet=0&includedir=http://www.ambient-arts.co.uk/us/id.txt??? HTTP/1.1" 404 275 "-" "libwww-perl/5.808" "houstonbikeshop.com"
93.187.232.189 - - [12/May/2009:02:09:36 -0700] "GET /translations//tools/send_reminders.php?noSet=0&includedir=http://www.ambient-arts.co.uk/us/id.txt??? HTTP/1.1" 404 275 "-" "libwww-perl/5.808" "houstonbikeshop.com"
93.187.232.189 - - [12/May/2009:02:09:36 -0700] "GET /translations/Danish.txt//tools/send_reminders.php?noSet=0&includedir=http://www.ambient-arts.co.uk/us/id.txt??? HTTP/1.1" 404 275 "-" "libwww-perl/5.808" "houstonbikeshop.com"
93.187.232.189 - - [12/May/2009:02:09:41 -0700] "GET /translations/Swedish.txt//tools/send_reminders.php?noSet=0&includedir=http://www.ambient-arts.co.uk/us/id.txt??? HTTP/1.1" 404 275 "-" "libwww-perl/5.808" "bicyclestoreshouston.com"
93.187.232.189 - - [12/May/2009:02:09:41 -0700] "GET /tools/send_reminders.php?noSet=0&includedir=http://www.ambient-arts.co.uk/us/id.txt??? HTTP/1.1" 404 275 "-" "libwww-perl/5.808" "bicyclestoreshouston.com"
93.187.232.189 - - [12/May/2009:02:09:41 -0700] "GET /translations//tools/send_reminders.php?noSet=0&includedir=http://www.ambient-arts.co.uk/us/id.txt??? HTTP/1.1" 404 275 "-" "libwww-perl/5.808" "bicyclestoreshouston.com"
93.187.232.189 - - [12/May/2009:02:10:31 -0700] "GET /translations/Spanish.txt//tools/send_reminders.php?noSet=0&includedir=http://www.ambient-arts.co.uk/us/id.txt??? HTTP/1.1" 404 275 "-" "libwww-perl/5.808" "bicyclestoreshouston.com"
91.121.150.170 - - [12/May/2009:03:04:09 -0700] "POST /bullitinboard/posting.php?mode=newtopic&f=1 HTTP/1.1" 200 534 "-" "Mozilla/4.0 (compatible; MSIE 5.01; Windows NT 5.0)" "www.svbikes.com"
91.121.150.170 - - [12/May/2009:03:04:09 -0700] "POST /bullitinboard/posting.php?mode=newtopic&f=1 HTTP/1.1" 200 534 "-" "Mozilla/4.0 (compatible; MSIE 5.01; Windows NT 5.0)" "www.svbikes.com"
91.121.150.170 - - [12/May/2009:03:17:07 -0700] "POST /bullitinboard/posting.php?mode=newtopic&f=1 HTTP/1.1" 200 534 "-" "Mozilla/4.0 (compatible; MSIE 5.01; Windows NT 5.0)" "bicyclestoreshouston.com"
91.121.150.170 - - [12/May/2009:03:17:07 -0700] "POST /bullitinboard/posting.php?mode=newtopic&f=1 HTTP/1.1" 200 534 "-" "Mozilla/4.0 (compatible; MSIE 5.01; Windows NT 5.0)" "bicyclestoreshouston.com"
91.121.150.170 - - [12/May/2009:03:21:50 -0700] "POST /bullitinboard/posting.php?mode=newtopic&f=1 HTTP/1.1" 200 534 "-" "Mozilla/4.0 (compatible; MSIE 5.01; Windows NT 5.0)" "www.svbikes.com"
91.121.150.170 - - [12/May/2009:03:23:06 -0700] "POST /bullitinboard/posting.php?mode=newtopic&f=1 HTTP/1.1" 200 534 "-" "Mozilla/4.0 (compatible; MSIE 5.01; Windows NT 5.0)" "houstonbikeshop.com"
194.8.75.214 - - [12/May/2009:03:23:12 -0700] "GET /bullitinboard/index.php HTTP/1.0" 200 517 "http://bicyclestoreshouston.com/bullitinboard/index.php" "Mozilla/4.0 (compatible; MSIE 6.0; Windows 98; Win 9x 4.90)" "bicyclestoreshouston.com"
91.121.150.170 - - [12/May/2009:03:23:13 -0700] "POST /bullitinboard/posting.php?mode=newtopic&f=1 HTTP/1.1" 200 534 "-" "Mozilla/4.0 (compatible; MSIE 5.01; Windows NT 5.0)" "houstonbikeshop.com"
81.19.66.38 - - [12/May/2009:03:29:05 -0700] "GET /bullitinboard/viewtopic.php?p=1625 HTTP/1.1" 200 533 "-" "StackRambler/2.0 (MSIE incompatible)" "houstonbikeshop.com"
81.19.66.38 - - [12/May/2009:03:29:06 -0700] "GET /bullitinboard/viewtopic.php?p=1662 HTTP/1.1" 200 533 "-" "StackRambler/2.0 (MSIE incompatible)" "houstonbikeshop.com"
81.19.66.38 - - [12/May/2009:03:29:06 -0700] "GET /bullitinboard/viewtopic.php?p=2036 HTTP/1.1" 200 533 "-" "StackRambler/2.0 (MSIE incompatible)" "houstonbikeshop.com"
81.19.66.38 - - [12/May/2009:03:29:07 -0700] "GET /bullitinboard/posting.php?mode=newtopic&f=1 HTTP/1.1" 200 534 "-" "StackRambler/2.0 (MSIE incompatible)" "houstonbikeshop.com"
91.121.150.170 - - [12/May/2009:03:33:25 -0700] "POST /bullitinboard/posting.php?mode=newtopic&f=1 HTTP/1.1" 200 534 "-" "Mozilla/4.0 (compatible; MSIE 5.01; Windows NT 5.0)" "www.svbikes.com"
91.121.150.170 - - [12/May/2009:03:34:54 -0700] "POST /bullitinboard/posting.php?mode=newtopic&f=1 HTTP/1.1" 200 534 "-" "Mozilla/4.0 (compatible; MSIE 5.01; Windows NT 5.0)" "bicyclestoreshouston.com"
91.121.150.170 - - [12/May/2009:03:41:44 -0700] "POST /bullitinboard/posting.php?mode=newtopic&f=1 HTTP/1.1" 200 534 "-" "Mozilla/4.0 (compatible; MSIE 5.01; Windows NT 5.0)" "houstonbikeshop.com"
69.94.56.98 - - [12/May/2009:03:47:09 -0700] "GET /tools/send_reminders.php?noSet=0&includedir=http://www.depo.org.pk/images/21/ts?? HTTP/1.0" 404 275 "-" "Mozilla/5.0 (Windows; U; Windows NT 6.0; en-US; rv:1.8.0.1) Gecko/20060111 Firefox/1.5.0.1" "houstonbikeshop.com"
69.94.56.98 - - [12/May/2009:03:47:09 -0700] "GET /translations//tools/send_reminders.php?noSet=0&includedir=http://www.depo.org.pk/images/21/ts?? HTTP/1.0" 404 275 "-" "Mozilla/5.0 (Windows; U; Windows NT 6.0; en-US; rv:1.8.0.1) Gecko/20060111 Firefox/1.5.0.1" "houstonbikeshop.com"
69.94.56.98 - - [12/May/2009:03:47:09 -0700] "GET /translations//tools/send_reminders.php?noSet=0&includedir=http://www.depo.org.pk/images/21/ts?? HTTP/1.0" 404 275 "-" "Mozilla/5.0 (Windows; U; Windows NT 6.0; en-US; rv:1.8.0.1) Gecko/20060111 Firefox/1.5.0.1" "bicyclestoreshouston.com"
69.94.56.98 - - [12/May/2009:03:47:09 -0700] "GET /tools/send_reminders.php?noSet=0&includedir=http://www.depo.org.pk/images/21/ts?? HTTP/1.0" 404 275 "-" "Mozilla/5.0 (Windows; U; Windows NT 6.0; en-US; rv:1.8.0.1) Gecko/20060111 Firefox/1.5.0.1" "bicyclestoreshouston.com"
91.121.150.170 - - [12/May/2009:03:47:11 -0700] "POST /bullitinboard/posting.php?mode=newtopic&f=1 HTTP/1.1" 200 534 "-" "Mozilla/4.0 (compatible; MSIE 5.01; Windows NT 5.0)" "bicyclestoreshouston.com"
91.121.150.170 - - [12/May/2009:03:53:55 -0700] "POST /bullitinboard/posting.php?mode=newtopic&f=1 HTTP/1.1" 200 534 "-" "Mozilla/4.0 (compatible; MSIE 5.01; Windows NT 5.0)" "houstonbikeshop.com"
74.6.8.114 - - [12/May/2009:04:03:00 -0700] "GET /tmp/?D=D HTTP/1.0" 200 643 "-" "Mozilla/5.0 (compatible; Yahoo! Slurp/3.0; http://help.yahoo.com/help/us/ysearch/slurp)" "houstonbikeshop.com"
91.195.124.10 - - [12/May/2009:04:05:52 -0700] "GET /translations/Danish.txt%20%20//tools/send_reminders.php?noSet=0&includedir=http://theblythes.net/cal/db/log?? HTTP/1.1" 404 275 "-" "Mozilla/5.0" "houstonbikeshop.com"
91.195.124.10 - - [12/May/2009:04:05:52 -0700] "GET /translations/Italian.txt%20%20//tools/send_reminders.php?noSet=0&includedir=http://theblythes.net/cal/db/log?? HTTP/1.1" 404 275 "-" "Mozilla/5.0" "houstonbikeshop.com"
91.195.124.10 - - [12/May/2009:04:05:52 -0700] "GET /translations//tools/send_reminders.php?noSet=0&includedir=http://theblythes.net/cal/db/log?? HTTP/1.1" 404 275 "-" "Mozilla/5.0" "houstonbikeshop.com"
91.195.124.10 - - [12/May/2009:04:05:52 -0700] "GET /tools/send_reminders.php?noSet=0&includedir=http://theblythes.net/cal/db/log?? HTTP/1.1" 404 275 "-" "Mozilla/5.0" "houstonbikeshop.com"
91.195.124.10 - - [12/May/2009:04:05:52 -0700] "GET /tools/send_reminders.php?noSet=0&includedir=http://theblythes.net/cal/db/log?? HTTP/1.1" 404 275 "-" "Mozilla/5.0" "bicyclestoreshouston.com"
91.195.124.10 - - [12/May/2009:04:06:07 -0700] "GET /translations/Swedish.txt%20%20//tools/send_reminders.php?noSet=0&includedir=http://theblythes.net/cal/db/log?? HTTP/1.1" 404 275 "-" "Mozilla/5.0" "bicyclestoreshouston.com"
91.195.124.10 - - [12/May/2009:04:06:07 -0700] "GET /translations//tools/send_reminders.php?noSet=0&includedir=http://theblythes.net/cal/db/log?? HTTP/1.1" 404 275 "-" "Mozilla/5.0" "bicyclestoreshouston.com"
91.195.124.10 - - [12/May/2009:04:06:12 -0700] "GET /translations/Turkish.txt%20%20//tools/send_reminders.php?noSet=0&includedir=http://theblythes.net/cal/db/log?? HTTP/1.1" 404 275 "-" "Mozilla/5.0" "bicyclestoreshouston.com"
69.94.30.156 - - [12/May/2009:04:06:41 -0700] "GET /tools/send_reminders.php?noSet=0&includedir=http://theblythes.net/cal/db/log?? HTTP/1.1" 404 275 "-" "Mozilla/5.0" "houstonbikeshop.com"
69.94.30.156 - - [12/May/2009:04:06:45 -0700] "GET /tools/send_reminders.php?noSet=0&includedir=http://theblythes.net/cal/db/log?? HTTP/1.1" 404 275 "-" "Mozilla/5.0" "houstonbikeshop.com"
69.94.30.156 - - [12/May/2009:04:06:45 -0700] "GET /translations/Italian.txt%20%20//tools/send_reminders.php?noSet=0&includedir=http://theblythes.net/cal/db/log?? HTTP/1.1" 404 275 "-" "Mozilla/5.0" "houstonbikeshop.com"
69.94.30.156 - - [12/May/2009:04:06:45 -0700] "GET /translations/Danish.txt%20%20//tools/send_reminders.php?noSet=0&includedir=http://theblythes.net/cal/db/log?? HTTP/1.1" 404 275 "-" "Mozilla/5.0" "houstonbikeshop.com"
69.94.30.156 - - [12/May/2009:04:06:45 -0700] "GET /translations//tools/send_reminders.php?noSet=0&includedir=http://theblythes.net/cal/db/log?? HTTP/1.1" 404 275 "-" "Mozilla/5.0" "houstonbikeshop.com"
69.94.30.156 - - [12/May/2009:04:06:45 -0700] "GET /tools/send_reminders.php?noSet=0&includedir=http://theblythes.net/cal/db/log?? HTTP/1.1" 404 275 "-" "Mozilla/5.0" "bicyclestoreshouston.com"
91.195.124.10 - - [12/May/2009:04:06:48 -0700] "GET /tools/send_reminders.php?noSet=0&includedir=http://theblythes.net/cal/db/log?? HTTP/1.1" 404 275 "-" "Mozilla/5.0" "houstonbikeshop.com"
91.195.124.10 - - [12/May/2009:04:06:48 -0700] "GET /translations//tools/send_reminders.php?noSet=0&includedir=http://theblythes.net/cal/db/log?? HTTP/1.1" 404 275 "-" "Mozilla/5.0" "houstonbikeshop.com"
91.195.124.10 - - [12/May/2009:04:06:48 -0700] "GET /translations/Italian.txt//tools/send_reminders.php?noSet=0&includedir=http://theblythes.net/cal/db/log?? HTTP/1.1" 404 275 "-" "Mozilla/5.0" "houstonbikeshop.com"
91.195.124.10 - - [12/May/2009:04:06:48 -0700] "GET /translations/Danish.txt//tools/send_reminders.php?noSet=0&includedir=http://theblythes.net/cal/db/log?? HTTP/1.1" 404 275 "-" "Mozilla/5.0" "houstonbikeshop.com"
91.195.124.10 - - [12/May/2009:04:06:48 -0700] "GET /tools/send_reminders.php?noSet=0&includedir=http://theblythes.net/cal/db/log?? HTTP/1.1" 404 275 "-" "Mozilla/5.0" "bicyclestoreshouston.com"
